May 13 08:40:28.323169 np0000000675 nova-conductor[97951]: DEBUG cotyledon.oslo_config_glue [-] oslo_messaging_rabbit.ssl_version = {{(pid=97951) log_opt_values /opt/stack/data/venv/lib/python3.12/site-packages/oslo_config/cfg.py:3006}}
May 13 08:40:28.323169 np0000000675 nova-conductor[97951]: DEBUG cotyledon.oslo_config_glue [-] oslo_messaging_rabbit.use_queue_manager = False {{(pid=97951) log_opt_values /opt/stack/data/venv/lib/python3.12/site-packages/oslo_config/cfg.py:3006}}
May 13 08:40:28.323169 np0000000675 nova-conductor[97951]: DEBUG cotyledon.oslo_config_glue [-] oslo_messaging_notifications.driver = ['messagingv2'] {{(pid=97951) log_opt_values /opt/stack/data/venv/lib/python3.12/site-packages/oslo_config/cfg.py:3006}}
May 13 08:40:28.323169 np0000000675 nova-conductor[97951]: DEBUG cotyledon.oslo_config_glue [-] oslo_messaging_notifications.retry = -1 {{(pid=97951) log_opt_values /opt/stack/data/venv/lib/python3.12/site-packages/oslo_config/cfg.py:3006}}
May 13 08:40:28.323169 np0000000675 nova-conductor[97951]: DEBUG cotyledon.oslo_config_glue [-] oslo_messaging_notifications.topics = ['notifications'] {{(pid=97951) log_opt_values /opt/stack/data/venv/lib/python3.12/site-packages/oslo_config/cfg.py:3006}}
May 13 08:40:28.323169 np0000000675 nova-conductor[97951]: DEBUG cotyledon.oslo_config_glue [-] oslo_messaging_notifications.transport_url = **** {{(pid=97951) log_opt_values /opt/stack/data/venv/lib/python3.12/site-packages/oslo_config/cfg.py:3006}}
May 13 08:40:28.323169 np0000000675 nova-conductor[97951]: DEBUG cotyledon.oslo_config_glue [-] oslo_limit.auth_section = None {{(pid=97951) log_opt_values /opt/stack/data/venv/lib/python3.12/site-packages/oslo_config/cfg.py:3006}}
May 13 08:40:28.323169 np0000000675 nova-conductor[97951]: DEBUG cotyledon.oslo_config_glue [-] oslo_limit.auth_type = None {{(pid=97951) log_opt_values /opt/stack/data/venv/lib/python3.12/site-packages/oslo_config/cfg.py:3006}}
May 13 08:40:28.323169 np0000000675 nova-conductor[97951]: DEBUG cotyledon.oslo_config_glue [-] oslo_limit.cafile = None {{(pid=97951) log_opt_values /opt/stack/data/venv/lib/python3.12/site-packages/oslo_config/cfg.py:3006}}
May 13 08:40:28.323347 np0000000675 nova-conductor[97951]: DEBUG cotyledon.oslo_config_glue [-] oslo_limit.certfile = None {{(pid=97951) log_opt_values /opt/stack/data/venv/lib/python3.12/site-packages/oslo_config/cfg.py:3006}}
May 13 08:40:28.323347 np0000000675 nova-conductor[97951]: DEBUG cotyledon.oslo_config_glue [-] oslo_limit.collect_timing = False {{(pid=97951) log_opt_values /opt/stack/data/venv/lib/python3.12/site-packages/oslo_config/cfg.py:3006}}
May 13 08:40:28.323347 np0000000675 nova-conductor[97951]: DEBUG cotyledon.oslo_config_glue [-] oslo_limit.connect_retries = None {{(pid=97951) log_opt_values /opt/stack/data/venv/lib/python3.12/site-packages/oslo_config/cfg.py:3006}}
May 13 08:40:28.323347 np0000000675 nova-conductor[97951]: DEBUG cotyledon.oslo_config_glue [-] oslo_limit.connect_retry_delay = None {{(pid=97951) log_opt_values /opt/stack/data/venv/lib/python3.12/site-packages/oslo_config/cfg.py:3006}}
May 13 08:40:28.323347 np0000000675 nova-conductor[97951]: DEBUG cotyledon.oslo_config_glue [-] oslo_limit.endpoint_id = None {{(pid=97951) log_opt_values /opt/stack/data/venv/lib/python3.12/site-packages/oslo_config/cfg.py:3006}}
May 13 08:40:28.323347 np0000000675 nova-conductor[97951]: DEBUG cotyledon.oslo_config_glue [-] oslo_limit.endpoint_interface = public {{(pid=97951) log_opt_values /opt/stack/data/venv/lib/python3.12/site-packages/oslo_config/cfg.py:3006}}
May 13 08:40:28.323347 np0000000675 nova-conductor[97951]: DEBUG cotyledon.oslo_config_glue [-] oslo_limit.endpoint_override = None {{(pid=97951) log_opt_values /opt/stack/data/venv/lib/python3.12/site-packages/oslo_config/cfg.py:3006}}
May 13 08:40:28.323347 np0000000675 nova-conductor[97951]: DEBUG cotyledon.oslo_config_glue [-] oslo_limit.endpoint_region_name = None {{(pid=97951) log_opt_values /opt/stack/data/venv/lib/python3.12/site-packages/oslo_config/cfg.py:3006}}
May 13 08:40:28.323347 np0000000675 nova-conductor[97951]: DEBUG cotyledon.oslo_config_glue [-] oslo_limit.endpoint_service_name = None {{(pid=97951) log_opt_values /opt/stack/data/venv/lib/python3.12/site-packages/oslo_config/cfg.py:3006}}
May 13 08:40:28.323565 np0000000675 nova-conductor[97946]: DEBUG dbcounter [-] [97946] Writer thread running {{(pid=97946) stat_writer /opt/stack/data/venv/lib/python3.12/site-packages/dbcounter.py:102}}
May 13 08:40:28.323595 np0000000675 nova-conductor[97951]: DEBUG cotyledon.oslo_config_glue [-] oslo_limit.endpoint_service_type = None {{(pid=97951) log_opt_values /opt/stack/data/venv/lib/python3.12/site-packages/oslo_config/cfg.py:3006}}
May 13 08:40:28.323595 np0000000675 nova-conductor[97951]: DEBUG cotyledon.oslo_config_glue [-] oslo_limit.insecure = False {{(pid=97951) log_opt_values /opt/stack/data/venv/lib/python3.12/site-packages/oslo_config/cfg.py:3006}}
May 13 08:40:28.323595 np0000000675 nova-conductor[97951]: DEBUG cotyledon.oslo_config_glue [-] oslo_limit.keyfile = None {{(pid=97951) log_opt_values /opt/stack/data/venv/lib/python3.12/site-packages/oslo_config/cfg.py:3006}}
May 13 08:40:28.323595 np0000000675 nova-conductor[97951]: DEBUG cotyledon.oslo_config_glue [-] oslo_limit.max_version = None {{(pid=97951) log_opt_values /opt/stack/data/venv/lib/python3.12/site-packages/oslo_config/cfg.py:3006}}
May 13 08:40:28.323595 np0000000675 nova-conductor[97951]: DEBUG cotyledon.oslo_config_glue [-] oslo_limit.min_version = None {{(pid=97951) log_opt_values /opt/stack/data/venv/lib/python3.12/site-packages/oslo_config/cfg.py:3006}}
May 13 08:40:28.323595 np0000000675 nova-conductor[97951]: DEBUG cotyledon.oslo_config_glue [-] oslo_limit.region_name = None {{(pid=97951) log_opt_values /opt/stack/data/venv/lib/python3.12/site-packages/oslo_config/cfg.py:3006}}
May 13 08:40:28.323595 np0000000675 nova-conductor[97951]: DEBUG cotyledon.oslo_config_glue [-] oslo_limit.retriable_status_codes = None {{(pid=97951) log_opt_values /opt/stack/data/venv/lib/python3.12/site-packages/oslo_config/cfg.py:3006}}
May 13 08:40:28.323595 np0000000675 nova-conductor[97951]: DEBUG cotyledon.oslo_config_glue [-] oslo_limit.service_name = None {{(pid=97951) log_opt_values /opt/stack/data/venv/lib/python3.12/site-packages/oslo_config/cfg.py:3006}}
May 13 08:40:28.323595 np0000000675 nova-conductor[97951]: DEBUG cotyledon.oslo_config_glue [-] oslo_limit.service_type = None {{(pid=97951) log_opt_values /opt/stack/data/venv/lib/python3.12/site-packages/oslo_config/cfg.py:3006}}
May 13 08:40:28.323780 np0000000675 nova-conductor[97951]: DEBUG cotyledon.oslo_config_glue [-] oslo_limit.split_loggers = False {{(pid=97951) log_opt_values /opt/stack/data/venv/lib/python3.12/site-packages/oslo_config/cfg.py:3006}}
May 13 08:40:28.323780 np0000000675 nova-conductor[97951]: DEBUG cotyledon.oslo_config_glue [-] oslo_limit.status_code_retries = None {{(pid=97951) log_opt_values /opt/stack/data/venv/lib/python3.12/site-packages/oslo_config/cfg.py:3006}}
May 13 08:40:28.323780 np0000000675 nova-conductor[97951]: DEBUG cotyledon.oslo_config_glue [-] oslo_limit.status_code_retry_delay = None {{(pid=97951) log_opt_values /opt/stack/data/venv/lib/python3.12/site-packages/oslo_config/cfg.py:3006}}
May 13 08:40:28.323780 np0000000675 nova-conductor[97951]: DEBUG cotyledon.oslo_config_glue [-] oslo_limit.timeout = None {{(pid=97951) log_opt_values /opt/stack/data/venv/lib/python3.12/site-packages/oslo_config/cfg.py:3006}}
May 13 08:40:28.323780 np0000000675 nova-conductor[97951]: DEBUG cotyledon.oslo_config_glue [-] oslo_limit.valid_interfaces = None {{(pid=97951) log_opt_values /opt/stack/data/venv/lib/python3.12/site-packages/oslo_config/cfg.py:3006}}
May 13 08:40:28.323780 np0000000675 nova-conductor[97951]: DEBUG cotyledon.oslo_config_glue [-] oslo_limit.version = None {{(pid=97951) log_opt_values /opt/stack/data/venv/lib/python3.12/site-packages/oslo_config/cfg.py:3006}}
May 13 08:40:28.323780 np0000000675 nova-conductor[97951]: DEBUG cotyledon.oslo_config_glue [-] oslo_reports.file_event_handler = None {{(pid=97951) log_opt_values /opt/stack/data/venv/lib/python3.12/site-packages/oslo_config/cfg.py:3006}}
May 13 08:40:28.323780 np0000000675 nova-conductor[97951]: DEBUG cotyledon.oslo_config_glue [-] oslo_reports.file_event_handler_interval = 1 {{(pid=97951) log_opt_values /opt/stack/data/venv/lib/python3.12/site-packages/oslo_config/cfg.py:3006}}
May 13 08:40:28.323780 np0000000675 nova-conductor[97951]: DEBUG cotyledon.oslo_config_glue [-] oslo_reports.log_dir = None {{(pid=97951) log_opt_values /opt/stack/data/venv/lib/python3.12/site-packages/oslo_config/cfg.py:3006}}
May 13 08:40:28.323968 np0000000675 nova-conductor[97951]: DEBUG cotyledon.oslo_config_glue [-] ******************************************************************************** {{(pid=97951) log_opt_values /opt/stack/data/venv/lib/python3.12/site-packages/oslo_config/cfg.py:3013}}
May 13 08:40:28.323968 np0000000675 nova-conductor[97951]: DEBUG cotyledon._service_worker [-] Run service ServiceWrapper(2) [97951] {{(pid=97951) wait_forever /opt/stack/data/venv/lib/python3.12/site-packages/cotyledon/_service_worker.py:218}}
May 13 08:40:28.323968 np0000000675 nova-conductor[97951]: INFO nova.service [-] Starting conductor node (version 33.1.0)
May 13 08:40:28.324032 np0000000675 nova-conductor[97938]: DEBUG nova.service [None req-82e844a8-8790-40a9-89e2-e4dd5ee772d0 None None] Creating RPC server for service: nova-conductor on topic: conductor {{(pid=97938) start /opt/stack/nova/nova/service.py:195}}
May 13 08:40:28.324114 np0000000675 nova-conductor[97951]: INFO dbcounter [None req-3ee3e1e0-8c3b-4a64-87e4-7fd381a1e4ba None None] Registered counter for database nova_cell0
May 13 08:40:28.324425 np0000000675 nova-conductor[97951]: DEBUG oslo_db.sqlalchemy.engines [None req-3ee3e1e0-8c3b-4a64-87e4-7fd381a1e4ba None None] MySQL server mode set to STRICT_TRANS_TABLES,STRICT_ALL_TABLES,NO_ZERO_IN_DATE,NO_ZERO_DATE,ERROR_FOR_DIVISION_BY_ZERO,TRADITIONAL,NO_ENGINE_SUBSTITUTION {{(pid=97951) _check_effective_sql_mode /opt/stack/data/venv/lib/python3.12/site-packages/oslo_db/sqlalchemy/engines.py:325}}
May 13 08:40:28.338457 np0000000675 nova-conductor[97946]: DEBUG nova.service [None req-a1adaa2a-6e13-4b28-a93d-54341b8cef5c None None] Creating RPC server for service: nova-conductor on topic: conductor {{(pid=97946) start /opt/stack/nova/nova/service.py:195}}
May 13 08:40:28.346114 np0000000675 nova-conductor[97938]: DEBUG nova.service [None req-82e844a8-8790-40a9-89e2-e4dd5ee772d0 None None] Join ServiceGroup membership for this service conductor {{(pid=97938) start /opt/stack/nova/nova/service.py:221}}
May 13 08:40:28.346247 np0000000675 nova-conductor[97951]: DEBUG dbcounter [-] [97951] Writer thread running {{(pid=97951) stat_writer /opt/stack/data/venv/lib/python3.12/site-packages/dbcounter.py:102}}
May 13 08:40:28.346425 np0000000675 nova-conductor[97938]: DEBUG nova.servicegroup.drivers.db [None req-82e844a8-8790-40a9-89e2-e4dd5ee772d0 None None] DB_Driver: join new ServiceGroup member np0000000675 to the conductor group, service = {{(pid=97938) join /opt/stack/nova/nova/servicegroup/drivers/db.py:44}}
May 13 08:40:28.349001 np0000000675 nova-conductor[97951]: DEBUG nova.service [None req-3ee3e1e0-8c3b-4a64-87e4-7fd381a1e4ba None None] Creating RPC server for service: nova-conductor on topic: conductor {{(pid=97951) start /opt/stack/nova/nova/service.py:195}}
May 13 08:40:28.359368 np0000000675 nova-conductor[97946]: DEBUG nova.service [None req-a1adaa2a-6e13-4b28-a93d-54341b8cef5c None None] Join ServiceGroup membership for this service conductor {{(pid=97946) start /opt/stack/nova/nova/service.py:221}}
May 13 08:40:28.359368 np0000000675 nova-conductor[97946]: DEBUG nova.servicegroup.drivers.db [None req-a1adaa2a-6e13-4b28-a93d-54341b8cef5c None None] DB_Driver: join new ServiceGroup member np0000000675 to the conductor group, service = {{(pid=97946) join /opt/stack/nova/nova/servicegroup/drivers/db.py:44}}
May 13 08:40:28.372335 np0000000675 nova-conductor[97951]: DEBUG nova.service [None req-3ee3e1e0-8c3b-4a64-87e4-7fd381a1e4ba None None] Join ServiceGroup membership for this service conductor {{(pid=97951) start /opt/stack/nova/nova/service.py:221}}
May 13 08:40:28.372752 np0000000675 nova-conductor[97951]: DEBUG nova.servicegroup.drivers.db [None req-3ee3e1e0-8c3b-4a64-87e4-7fd381a1e4ba None None] DB_Driver: join new ServiceGroup member np0000000675 to the conductor group, service = {{(pid=97951) join /opt/stack/nova/nova/servicegroup/drivers/db.py:44}}
May 13 08:40:33.358293 np0000000675 nova-conductor[97938]: DEBUG oslo.service.backend._threading.loopingcall [-] Fixed interval looping call 'nova.servicegroup.drivers.db.DbDriver._report_state' sleeping for 119.99 seconds {{(pid=97938) _run_loop /opt/stack/data/venv/lib/python3.12/site-packages/oslo_service/backend/_threading/loopingcall.py:125}}
May 13 08:40:33.369858 np0000000675 nova-conductor[97946]: DEBUG oslo.service.backend._threading.loopingcall [-] Fixed interval looping call 'nova.servicegroup.drivers.db.DbDriver._report_state' sleeping for 119.99 seconds {{(pid=97946) _run_loop /opt/stack/data/venv/lib/python3.12/site-packages/oslo_service/backend/_threading/loopingcall.py:125}}
May 13 08:40:33.383929 np0000000675 nova-conductor[97951]: DEBUG oslo.service.backend._threading.loopingcall [-] Fixed interval looping call 'nova.servicegroup.drivers.db.DbDriver._report_state' sleeping for 119.99 seconds {{(pid=97951) _run_loop /opt/stack/data/venv/lib/python3.12/site-packages/oslo_service/backend/_threading/loopingcall.py:125}}
May 13 08:40:37.034826 np0000000675 nova-conductor[96430]: DEBUG dbcounter [-] [96430] Writing DB stats nova_api:SELECT=1 {{(pid=96430) stat_writer /opt/stack/data/venv/lib/python3.12/site-packages/dbcounter.py:115}}
May 13 08:40:37.115761 np0000000675 nova-conductor[96430]: DEBUG dbcounter [-] [96430] Writing DB stats nova_cell0:SELECT=1 {{(pid=96430) stat_writer /opt/stack/data/venv/lib/python3.12/site-packages/dbcounter.py:115}}
May 13 08:40:37.116236 np0000000675 nova-conductor[96430]: DEBUG dbcounter [-] [96430] Writing DB stats nova_cell1:SELECT=1 {{(pid=96430) stat_writer /opt/stack/data/venv/lib/python3.12/site-packages/dbcounter.py:115}}
May 13 08:40:43.355454 np0000000675 nova-conductor[97938]: DEBUG dbcounter [-] [97938] Writing DB stats nova_cell0:SELECT=4,nova_cell0:INSERT=1,nova_cell0:UPDATE=1 {{(pid=97938) stat_writer /opt/stack/data/venv/lib/python3.12/site-packages/dbcounter.py:115}}
May 13 08:40:43.367523 np0000000675 nova-conductor[97946]: DEBUG dbcounter [-] [97946] Writing DB stats nova_cell0:SELECT=4,nova_cell0:INSERT=1 {{(pid=97946) stat_writer /opt/stack/data/venv/lib/python3.12/site-packages/dbcounter.py:115}}
May 13 08:40:43.381561 np0000000675 nova-conductor[97951]: DEBUG dbcounter [-] [97951] Writing DB stats nova_cell0:SELECT=3 {{(pid=97951) stat_writer /opt/stack/data/venv/lib/python3.12/site-packages/dbcounter.py:115}}
May 13 08:40:58.374950 np0000000675 nova-conductor[97951]: DEBUG oslo.service.backend._threading.loopingcall [None req-d2ceb6e3-cec9-4b68-b3e6-2bdd2cbe5003 None None] Dynamic interval looping call 'nova.service.Service.periodic_tasks' sleeping for 60.00 seconds {{(pid=97951) _run_loop /opt/stack/data/venv/lib/python3.12/site-packages/oslo_service/backend/_threading/loopingcall.py:125}}
May 13 08:40:59.364348 np0000000675 nova-conductor[97946]: DEBUG oslo.service.backend._threading.loopingcall [None req-764eecd0-cf1b-41d7-89a7-e281c9f7c5c7 None None] Dynamic interval looping call 'nova.service.Service.periodic_tasks' sleeping for 60.00 seconds {{(pid=97946) _run_loop /opt/stack/data/venv/lib/python3.12/site-packages/oslo_service/backend/_threading/loopingcall.py:125}}
May 13 08:41:24.348900 np0000000675 nova-conductor[97938]: DEBUG oslo.service.backend._threading.loopingcall [None req-ea1a2142-6618-4aab-8fc2-dfd0c3e37d09 None None] Dynamic interval looping call 'nova.service.Service.periodic_tasks' sleeping for 60.00 seconds {{(pid=97938) _run_loop /opt/stack/data/venv/lib/python3.12/site-packages/oslo_service/backend/_threading/loopingcall.py:125}}
May 13 08:41:58.375421 np0000000675 nova-conductor[97951]: DEBUG oslo.service.backend._threading.loopingcall [None req-d2ceb6e3-cec9-4b68-b3e6-2bdd2cbe5003 None None] Dynamic interval looping call 'nova.service.Service.periodic_tasks' sleeping for 60.00 seconds {{(pid=97951) _run_loop /opt/stack/data/venv/lib/python3.12/site-packages/oslo_service/backend/_threading/loopingcall.py:125}}
May 13 08:41:59.364807 np0000000675 nova-conductor[97946]: DEBUG oslo.service.backend._threading.loopingcall [None req-764eecd0-cf1b-41d7-89a7-e281c9f7c5c7 None None] Dynamic interval looping call 'nova.service.Service.periodic_tasks' sleeping for 60.00 seconds {{(pid=97946) _run_loop /opt/stack/data/venv/lib/python3.12/site-packages/oslo_service/backend/_threading/loopingcall.py:125}}
May 13 08:42:24.349503 np0000000675 nova-conductor[97938]: DEBUG oslo.service.backend._threading.loopingcall [None req-ea1a2142-6618-4aab-8fc2-dfd0c3e37d09 None None] Dynamic interval looping call 'nova.service.Service.periodic_tasks' sleeping for 60.00 seconds {{(pid=97938) _run_loop /opt/stack/data/venv/lib/python3.12/site-packages/oslo_service/backend/_threading/loopingcall.py:125}}
May 13 08:42:33.354747 np0000000675 nova-conductor[97938]: DEBUG oslo.service.backend._threading.loopingcall [-] Fixed interval looping call 'nova.servicegroup.drivers.db.DbDriver._report_state' sleeping for 119.99 seconds {{(pid=97938) _run_loop /opt/stack/data/venv/lib/python3.12/site-packages/oslo_service/backend/_threading/loopingcall.py:125}}
May 13 08:42:33.363938 np0000000675 nova-conductor[97946]: DEBUG oslo.service.backend._threading.loopingcall [-] Fixed interval looping call 'nova.servicegroup.drivers.db.DbDriver._report_state' sleeping for 120.00 seconds {{(pid=97946) _run_loop /opt/stack/data/venv/lib/python3.12/site-packages/oslo_service/backend/_threading/loopingcall.py:125}}
May 13 08:42:33.377859 np0000000675 nova-conductor[97951]: DEBUG oslo.service.backend._threading.loopingcall [-] Fixed interval looping call 'nova.servicegroup.drivers.db.DbDriver._report_state' sleeping for 120.00 seconds {{(pid=97951) _run_loop /opt/stack/data/venv/lib/python3.12/site-packages/oslo_service/backend/_threading/loopingcall.py:125}}
May 13 08:42:43.351645 np0000000675 nova-conductor[97938]: DEBUG dbcounter [-] [97938] Writing DB stats nova_cell0:SELECT=1,nova_cell0:UPDATE=1 {{(pid=97938) stat_writer /opt/stack/data/venv/lib/python3.12/site-packages/dbcounter.py:115}}
May 13 08:42:43.361990 np0000000675 nova-conductor[97946]: DEBUG dbcounter [-] [97946] Writing DB stats nova_cell0:SELECT=1 {{(pid=97946) stat_writer /opt/stack/data/venv/lib/python3.12/site-packages/dbcounter.py:115}}
May 13 08:42:43.376112 np0000000675 nova-conductor[97951]: DEBUG dbcounter [-] [97951] Writing DB stats nova_cell0:SELECT=1 {{(pid=97951) stat_writer /opt/stack/data/venv/lib/python3.12/site-packages/dbcounter.py:115}}
May 13 08:42:58.375801 np0000000675 nova-conductor[97951]: DEBUG oslo.service.backend._threading.loopingcall [None req-d2ceb6e3-cec9-4b68-b3e6-2bdd2cbe5003 None None] Dynamic interval looping call 'nova.service.Service.periodic_tasks' sleeping for 60.00 seconds {{(pid=97951) _run_loop /opt/stack/data/venv/lib/python3.12/site-packages/oslo_service/backend/_threading/loopingcall.py:125}}
May 13 08:42:59.367908 np0000000675 nova-conductor[97946]: DEBUG oslo.service.backend._threading.loopingcall [None req-764eecd0-cf1b-41d7-89a7-e281c9f7c5c7 None None] Dynamic interval looping call 'nova.service.Service.periodic_tasks' sleeping for 60.00 seconds {{(pid=97946) _run_loop /opt/stack/data/venv/lib/python3.12/site-packages/oslo_service/backend/_threading/loopingcall.py:125}}
May 13 08:43:04.973299 np0000000675 nova-conductor[97938]: DEBUG oslo_db.sqlalchemy.engines [None req-51527d9d-1e6f-4a8f-905c-ccd8145207b9 tempest-ServerBootFromVolumeStableRescueTest-574675859 tempest-ServerBootFromVolumeStableRescueTest-574675859-project-member] Parent process 96430 forked (97938) with an open database connection, which is being discarded and recreated. {{(pid=97938) checkout /opt/stack/data/venv/lib/python3.12/site-packages/oslo_db/sqlalchemy/engines.py:402}}
May 13 08:43:04.980865 np0000000675 nova-conductor[97938]: DEBUG dbcounter [-] [97938] Writer thread running {{(pid=97938) stat_writer /opt/stack/data/venv/lib/python3.12/site-packages/dbcounter.py:102}}
May 13 08:43:06.125572 np0000000675 nova-conductor[97946]: DEBUG dbcounter [-] [97946] Writer thread running {{(pid=97946) stat_writer /opt/stack/data/venv/lib/python3.12/site-packages/dbcounter.py:102}}
May 13 08:43:06.520540 np0000000675 nova-conductor[97938]: DEBUG nova.conductor.manager [None req-51527d9d-1e6f-4a8f-905c-ccd8145207b9 tempest-ServerBootFromVolumeStableRescueTest-574675859 tempest-ServerBootFromVolumeStableRescueTest-574675859-project-member] Took 1.54 seconds to select destinations for 1 instance(s). {{(pid=97938) _schedule_instances /opt/stack/nova/nova/conductor/manager.py:968}}
May 13 08:43:06.550213 np0000000675 nova-conductor[97938]: DEBUG oslo_concurrency.lockutils [None req-51527d9d-1e6f-4a8f-905c-ccd8145207b9 tempest-ServerBootFromVolumeStableRescueTest-574675859 tempest-ServerBootFromVolumeStableRescueTest-574675859-project-member] Acquiring lock "73ee609b-d58d-49af-ba8a-b39908bb0bfb" by "nova.context.set_target_cell..get_or_set_cached_cell_and_set_connections" {{(pid=97938) inner /opt/stack/data/venv/lib/python3.12/site-packages/oslo_concurrency/lockutils.py:506}}
May 13 08:43:06.550304 np0000000675 nova-conductor[97938]: DEBUG oslo_concurrency.lockutils [None req-51527d9d-1e6f-4a8f-905c-ccd8145207b9 tempest-ServerBootFromVolumeStableRescueTest-574675859 tempest-ServerBootFromVolumeStableRescueTest-574675859-project-member] Lock "73ee609b-d58d-49af-ba8a-b39908bb0bfb" acquired by "nova.context.set_target_cell..get_or_set_cached_cell_and_set_connections" :: waited 0.000s {{(pid=97938) inner /opt/stack/data/venv/lib/python3.12/site-packages/oslo_concurrency/lockutils.py:519}}
May 13 08:43:06.551743 np0000000675 nova-conductor[97938]: DEBUG oslo_concurrency.lockutils [None req-51527d9d-1e6f-4a8f-905c-ccd8145207b9 tempest-ServerBootFromVolumeStableRescueTest-574675859 tempest-ServerBootFromVolumeStableRescueTest-574675859-project-member] Lock "73ee609b-d58d-49af-ba8a-b39908bb0bfb" "released" by "nova.context.set_target_cell..get_or_set_cached_cell_and_set_connections" :: held 0.001s {{(pid=97938) inner /opt/stack/data/venv/lib/python3.12/site-packages/oslo_concurrency/lockutils.py:538}}
May 13 08:43:06.553843 np0000000675 nova-conductor[97938]: INFO dbcounter [None req-51527d9d-1e6f-4a8f-905c-ccd8145207b9 tempest-ServerBootFromVolumeStableRescueTest-574675859 tempest-ServerBootFromVolumeStableRescueTest-574675859-project-member] Registered counter for database nova_cell1
May 13 08:43:06.561122 np0000000675 nova-conductor[97938]: DEBUG oslo_db.sqlalchemy.engines [None req-51527d9d-1e6f-4a8f-905c-ccd8145207b9 tempest-ServerBootFromVolumeStableRescueTest-574675859 tempest-ServerBootFromVolumeStableRescueTest-574675859-project-member] MySQL server mode set to STRICT_TRANS_TABLES,STRICT_ALL_TABLES,NO_ZERO_IN_DATE,NO_ZERO_DATE,ERROR_FOR_DIVISION_BY_ZERO,TRADITIONAL,NO_ENGINE_SUBSTITUTION {{(pid=97938) _check_effective_sql_mode /opt/stack/data/venv/lib/python3.12/site-packages/oslo_db/sqlalchemy/engines.py:325}}
May 13 08:43:06.567583 np0000000675 nova-conductor[97938]: DEBUG dbcounter [-] [97938] Writer thread running {{(pid=97938) stat_writer /opt/stack/data/venv/lib/python3.12/site-packages/dbcounter.py:102}}
May 13 08:43:06.657563 np0000000675 nova-conductor[97946]: DEBUG nova.conductor.manager [None req-27c1f895-d382-417d-a2f6-7e48bc6784d4 tempest-DeleteServersTestJSON-1980918156 tempest-DeleteServersTestJSON-1980918156-project-member] Took 0.53 seconds to select destinations for 1 instance(s). {{(pid=97946) _schedule_instances /opt/stack/nova/nova/conductor/manager.py:968}}
May 13 08:43:06.658018 np0000000675 nova-conductor[97938]: INFO nova.utils [None req-51527d9d-1e6f-4a8f-905c-ccd8145207b9 tempest-ServerBootFromVolumeStableRescueTest-574675859 tempest-ServerBootFromVolumeStableRescueTest-574675859-project-member] The cell worker thread pool ForkProcess-1.cell_worker is initialized
May 13 08:43:06.658453 np0000000675 nova-conductor[97938]: DEBUG oslo_concurrency.lockutils [None req-51527d9d-1e6f-4a8f-905c-ccd8145207b9 tempest-ServerBootFromVolumeStableRescueTest-574675859 tempest-ServerBootFromVolumeStableRescueTest-574675859-project-member] Acquiring lock "00000000-0000-0000-0000-000000000000" by "nova.context.set_target_cell..get_or_set_cached_cell_and_set_connections" {{(pid=97938) inner /opt/stack/data/venv/lib/python3.12/site-packages/oslo_concurrency/lockutils.py:506}}
May 13 08:43:06.658634 np0000000675 nova-conductor[97938]: DEBUG oslo_concurrency.lockutils [None req-51527d9d-1e6f-4a8f-905c-ccd8145207b9 tempest-ServerBootFromVolumeStableRescueTest-574675859 tempest-ServerBootFromVolumeStableRescueTest-574675859-project-member] Lock "00000000-0000-0000-0000-000000000000" acquired by "nova.context.set_target_cell..get_or_set_cached_cell_and_set_connections" :: waited 0.000s {{(pid=97938) inner /opt/stack/data/venv/lib/python3.12/site-packages/oslo_concurrency/lockutils.py:519}}
May 13 08:43:06.658987 np0000000675 nova-conductor[97938]: DEBUG oslo_concurrency.lockutils [None req-51527d9d-1e6f-4a8f-905c-ccd8145207b9 tempest-ServerBootFromVolumeStableRescueTest-574675859 tempest-ServerBootFromVolumeStableRescueTest-574675859-project-member] Lock "00000000-0000-0000-0000-000000000000" "released" by "nova.context.set_target_cell..get_or_set_cached_cell_and_set_connections" :: held 0.000s {{(pid=97938) inner /opt/stack/data/venv/lib/python3.12/site-packages/oslo_concurrency/lockutils.py:538}}
May 13 08:43:06.659811 np0000000675 nova-conductor[97938]: DEBUG oslo_concurrency.lockutils [None req-51527d9d-1e6f-4a8f-905c-ccd8145207b9 tempest-ServerBootFromVolumeStableRescueTest-574675859 tempest-ServerBootFromVolumeStableRescueTest-574675859-project-member] Acquiring lock "73ee609b-d58d-49af-ba8a-b39908bb0bfb" by "nova.context.set_target_cell..get_or_set_cached_cell_and_set_connections" {{(pid=97938) inner /opt/stack/data/venv/lib/python3.12/site-packages/oslo_concurrency/lockutils.py:506}}
May 13 08:43:06.661180 np0000000675 nova-conductor[97938]: DEBUG oslo_concurrency.lockutils [None req-51527d9d-1e6f-4a8f-905c-ccd8145207b9 tempest-ServerBootFromVolumeStableRescueTest-574675859 tempest-ServerBootFromVolumeStableRescueTest-574675859-project-member] Lock "73ee609b-d58d-49af-ba8a-b39908bb0bfb" acquired by "nova.context.set_target_cell..get_or_set_cached_cell_and_set_connections" :: waited 0.001s {{(pid=97938) inner /opt/stack/data/venv/lib/python3.12/site-packages/oslo_concurrency/lockutils.py:519}}
May 13 08:43:06.661572 np0000000675 nova-conductor[97938]: DEBUG oslo_concurrency.lockutils [None req-51527d9d-1e6f-4a8f-905c-ccd8145207b9 tempest-ServerBootFromVolumeStableRescueTest-574675859 tempest-ServerBootFromVolumeStableRescueTest-574675859-project-member] Lock "73ee609b-d58d-49af-ba8a-b39908bb0bfb" "released" by "nova.context.set_target_cell..get_or_set_cached_cell_and_set_connections" :: held 0.000s {{(pid=97938) inner /opt/stack/data/venv/lib/python3.12/site-packages/oslo_concurrency/lockutils.py:538}}
May 13 08:43:06.661695 np0000000675 nova-conductor[97938]: INFO dbcounter [None req-51527d9d-1e6f-4a8f-905c-ccd8145207b9 tempest-ServerBootFromVolumeStableRescueTest-574675859 tempest-ServerBootFromVolumeStableRescueTest-574675859-project-member] Registered counter for database nova_cell0
May 13 08:43:06.674470 np0000000675 nova-conductor[97938]: DEBUG oslo_db.sqlalchemy.engines [None req-51527d9d-1e6f-4a8f-905c-ccd8145207b9 tempest-ServerBootFromVolumeStableRescueTest-574675859 tempest-ServerBootFromVolumeStableRescueTest-574675859-project-member] MySQL server mode set to STRICT_TRANS_TABLES,STRICT_ALL_TABLES,NO_ZERO_IN_DATE,NO_ZERO_DATE,ERROR_FOR_DIVISION_BY_ZERO,TRADITIONAL,NO_ENGINE_SUBSTITUTION {{(pid=97938) _check_effective_sql_mode /opt/stack/data/venv/lib/python3.12/site-packages/oslo_db/sqlalchemy/engines.py:325}}
May 13 08:43:06.680480 np0000000675 nova-conductor[97938]: DEBUG dbcounter [-] [97938] Writer thread running {{(pid=97938) stat_writer /opt/stack/data/venv/lib/python3.12/site-packages/dbcounter.py:102}}
May 13 08:43:06.689000 np0000000675 nova-conductor[97946]: DEBUG oslo_concurrency.lockutils [None req-27c1f895-d382-417d-a2f6-7e48bc6784d4 tempest-DeleteServersTestJSON-1980918156 tempest-DeleteServersTestJSON-1980918156-project-member] Acquiring lock "73ee609b-d58d-49af-ba8a-b39908bb0bfb" by "nova.context.set_target_cell..get_or_set_cached_cell_and_set_connections" {{(pid=97946) inner /opt/stack/data/venv/lib/python3.12/site-packages/oslo_concurrency/lockutils.py:506}}
May 13 08:43:06.689329 np0000000675 nova-conductor[97946]: DEBUG oslo_concurrency.lockutils [None req-27c1f895-d382-417d-a2f6-7e48bc6784d4 tempest-DeleteServersTestJSON-1980918156 tempest-DeleteServersTestJSON-1980918156-project-member] Lock "73ee609b-d58d-49af-ba8a-b39908bb0bfb" acquired by "nova.context.set_target_cell..get_or_set_cached_cell_and_set_connections" :: waited 0.000s {{(pid=97946) inner /opt/stack/data/venv/lib/python3.12/site-packages/oslo_concurrency/lockutils.py:519}}
May 13 08:43:06.691140 np0000000675 nova-conductor[97946]: DEBUG oslo_concurrency.lockutils [None req-27c1f895-d382-417d-a2f6-7e48bc6784d4 tempest-DeleteServersTestJSON-1980918156 tempest-DeleteServersTestJSON-1980918156-project-member] Lock "73ee609b-d58d-49af-ba8a-b39908bb0bfb" "released" by "nova.context.set_target_cell..get_or_set_cached_cell_and_set_connections" :: held 0.002s {{(pid=97946) inner /opt/stack/data/venv/lib/python3.12/site-packages/oslo_concurrency/lockutils.py:538}}
May 13 08:43:06.691582 np0000000675 nova-conductor[97938]: DEBUG nova.quota [None req-51527d9d-1e6f-4a8f-905c-ccd8145207b9 tempest-ServerBootFromVolumeStableRescueTest-574675859 tempest-ServerBootFromVolumeStableRescueTest-574675859-project-member] Getting quotas for project effbce2ff9cf4e98a99417ddfa3676a7. Resources: {'instances', 'cores', 'ram'} {{(pid=97938) _get_quotas /opt/stack/nova/nova/quota.py:392}}
May 13 08:43:06.693428 np0000000675 nova-conductor[97946]: INFO dbcounter [None req-27c1f895-d382-417d-a2f6-7e48bc6784d4 tempest-DeleteServersTestJSON-1980918156 tempest-DeleteServersTestJSON-1980918156-project-member] Registered counter for database nova_cell1
May 13 08:43:06.694970 np0000000675 nova-conductor[97938]: DEBUG nova.quota [None req-51527d9d-1e6f-4a8f-905c-ccd8145207b9 tempest-ServerBootFromVolumeStableRescueTest-574675859 tempest-ServerBootFromVolumeStableRescueTest-574675859-project-member] Getting quotas for user 173e19e46c0e4961b76ef30836a2a2ca and project effbce2ff9cf4e98a99417ddfa3676a7. Resources: {'instances', 'cores', 'ram'} {{(pid=97938) _get_quotas /opt/stack/nova/nova/quota.py:382}}
May 13 08:43:06.703362 np0000000675 nova-conductor[97946]: DEBUG oslo_db.sqlalchemy.engines [None req-27c1f895-d382-417d-a2f6-7e48bc6784d4 tempest-DeleteServersTestJSON-1980918156 tempest-DeleteServersTestJSON-1980918156-project-member] MySQL server mode set to STRICT_TRANS_TABLES,STRICT_ALL_TABLES,NO_ZERO_IN_DATE,NO_ZERO_DATE,ERROR_FOR_DIVISION_BY_ZERO,TRADITIONAL,NO_ENGINE_SUBSTITUTION {{(pid=97946) _check_effective_sql_mode /opt/stack/data/venv/lib/python3.12/site-packages/oslo_db/sqlalchemy/engines.py:325}}
May 13 08:43:06.703561 np0000000675 nova-conductor[97938]: DEBUG nova.conductor.manager [None req-51527d9d-1e6f-4a8f-905c-ccd8145207b9 tempest-ServerBootFromVolumeStableRescueTest-574675859 tempest-ServerBootFromVolumeStableRescueTest-574675859-project-member] [instance: 35781402-2e2d-4dae-8d0d-e60a4041f1b4] Selected host: np0000000675; Selected node: np0000000675; Alternates: [] {{(pid=97938) schedule_and_build_instances /opt/stack/nova/nova/conductor/manager.py:1784}}
May 13 08:43:06.703986 np0000000675 nova-conductor[97938]: DEBUG oslo_concurrency.lockutils [None req-51527d9d-1e6f-4a8f-905c-ccd8145207b9 tempest-ServerBootFromVolumeStableRescueTest-574675859 tempest-ServerBootFromVolumeStableRescueTest-574675859-project-member] Acquiring lock "73ee609b-d58d-49af-ba8a-b39908bb0bfb" by "nova.context.set_target_cell..get_or_set_cached_cell_and_set_connections" {{(pid=97938) inner /opt/stack/data/venv/lib/python3.12/site-packages/oslo_concurrency/lockutils.py:506}}
May 13 08:43:06.704230 np0000000675 nova-conductor[97938]: DEBUG oslo_concurrency.lockutils [None req-51527d9d-1e6f-4a8f-905c-ccd8145207b9 tempest-ServerBootFromVolumeStableRescueTest-574675859 tempest-ServerBootFromVolumeStableRescueTest-574675859-project-member] Lock "73ee609b-d58d-49af-ba8a-b39908bb0bfb" acquired by "nova.context.set_target_cell..get_or_set_cached_cell_and_set_connections" :: waited 0.000s {{(pid=97938) inner /opt/stack/data/venv/lib/python3.12/site-packages/oslo_concurrency/lockutils.py:519}}
May 13 08:43:06.704441 np0000000675 nova-conductor[97938]: DEBUG oslo_concurrency.lockutils [None req-51527d9d-1e6f-4a8f-905c-ccd8145207b9 tempest-ServerBootFromVolumeStableRescueTest-574675859 tempest-ServerBootFromVolumeStableRescueTest-574675859-project-member] Lock "73ee609b-d58d-49af-ba8a-b39908bb0bfb" "released" by "nova.context.set_target_cell..get_or_set_cached_cell_and_set_connections" :: held 0.000s {{(pid=97938) inner /opt/stack/data/venv/lib/python3.12/site-packages/oslo_concurrency/lockutils.py:538}}
May 13 08:43:06.710076 np0000000675 nova-conductor[97946]: DEBUG dbcounter [-] [97946] Writer thread running {{(pid=97946) stat_writer /opt/stack/data/venv/lib/python3.12/site-packages/dbcounter.py:102}}
May 13 08:43:06.713925 np0000000675 nova-conductor[97938]: DEBUG nova.conductor.manager [None req-51527d9d-1e6f-4a8f-905c-ccd8145207b9 tempest-ServerBootFromVolumeStableRescueTest-574675859 tempest-ServerBootFromVolumeStableRescueTest-574675859-project-member] [instance: 35781402-2e2d-4dae-8d0d-e60a4041f1b4] block_device_mapping [BlockDeviceMapping(attachment_id=,boot_index=0,connection_info=None,created_at=,delete_on_termination=True,deleted=,deleted_at=,destination_type='local',device_name=None,device_type='disk',disk_bus=None,encrypted=False,encryption_format=None,encryption_options=None,encryption_secret_uuid=None,guest_format=None,id=,image_id='0872f1e0-059e-4c2f-9298-d76b7d91700f',instance=,instance_uuid=,no_device=False,snapshot_id=None,source_type='image',tag=None,updated_at=,uuid=,volume_id=None,volume_size=None,volume_type=None)] {{(pid=97938) _create_block_device_mapping /opt/stack/nova/nova/conductor/manager.py:1529}}
May 13 08:43:06.715490 np0000000675 nova-conductor[97938]: DEBUG oslo_concurrency.lockutils [None req-51527d9d-1e6f-4a8f-905c-ccd8145207b9 tempest-ServerBootFromVolumeStableRescueTest-574675859 tempest-ServerBootFromVolumeStableRescueTest-574675859-project-member] Acquiring lock "73ee609b-d58d-49af-ba8a-b39908bb0bfb" by "nova.context.set_target_cell..get_or_set_cached_cell_and_set_connections" {{(pid=97938) inner /opt/stack/data/venv/lib/python3.12/site-packages/oslo_concurrency/lockutils.py:506}}
May 13 08:43:06.715672 np0000000675 nova-conductor[97938]: DEBUG oslo_concurrency.lockutils [None req-51527d9d-1e6f-4a8f-905c-ccd8145207b9 tempest-ServerBootFromVolumeStableRescueTest-574675859 tempest-ServerBootFromVolumeStableRescueTest-574675859-project-member] Lock "73ee609b-d58d-49af-ba8a-b39908bb0bfb" acquired by "nova.context.set_target_cell..get_or_set_cached_cell_and_set_connections" :: waited 0.000s {{(pid=97938) inner /opt/stack/data/venv/lib/python3.12/site-packages/oslo_concurrency/lockutils.py:519}}
May 13 08:43:06.715754 np0000000675 nova-conductor[97938]: DEBUG oslo_concurrency.lockutils [None req-51527d9d-1e6f-4a8f-905c-ccd8145207b9 tempest-ServerBootFromVolumeStableRescueTest-574675859 tempest-ServerBootFromVolumeStableRescueTest-574675859-project-member] Lock "73ee609b-d58d-49af-ba8a-b39908bb0bfb" "released" by "nova.context.set_target_cell..get_or_set_cached_cell_and_set_connections" :: held 0.000s {{(pid=97938) inner /opt/stack/data/venv/lib/python3.12/site-packages/oslo_concurrency/lockutils.py:538}}
May 13 08:43:06.763730 np0000000675 nova-conductor[97938]: DEBUG oslo_concurrency.lockutils [None req-51527d9d-1e6f-4a8f-905c-ccd8145207b9 tempest-ServerBootFromVolumeStableRescueTest-574675859 tempest-ServerBootFromVolumeStableRescueTest-574675859-project-member] Acquiring lock "73ee609b-d58d-49af-ba8a-b39908bb0bfb" by "nova.context.set_target_cell..get_or_set_cached_cell_and_set_connections" {{(pid=97938) inner /opt/stack/data/venv/lib/python3.12/site-packages/oslo_concurrency/lockutils.py:506}}
May 13 08:43:06.763867 np0000000675 nova-conductor[97938]: DEBUG oslo_concurrency.lockutils [None req-51527d9d-1e6f-4a8f-905c-ccd8145207b9 tempest-ServerBootFromVolumeStableRescueTest-574675859 tempest-ServerBootFromVolumeStableRescueTest-574675859-project-member] Lock "73ee609b-d58d-49af-ba8a-b39908bb0bfb" acquired by "nova.context.set_target_cell..get_or_set_cached_cell_and_set_connections" :: waited 0.000s {{(pid=97938) inner /opt/stack/data/venv/lib/python3.12/site-packages/oslo_concurrency/lockutils.py:519}}
May 13 08:43:06.763943 np0000000675 nova-conductor[97938]: DEBUG oslo_concurrency.lockutils [None req-51527d9d-1e6f-4a8f-905c-ccd8145207b9 tempest-ServerBootFromVolumeStableRescueTest-574675859 tempest-ServerBootFromVolumeStableRescueTest-574675859-project-member] Lock "73ee609b-d58d-49af-ba8a-b39908bb0bfb" "released" by "nova.context.set_target_cell..get_or_set_cached_cell_and_set_connections" :: held 0.000s {{(pid=97938) inner /opt/stack/data/venv/lib/python3.12/site-packages/oslo_concurrency/lockutils.py:538}}
May 13 08:43:06.764206 np0000000675 nova-conductor[97938]: DEBUG oslo_concurrency.lockutils [None req-51527d9d-1e6f-4a8f-905c-ccd8145207b9 tempest-ServerBootFromVolumeStableRescueTest-574675859 tempest-ServerBootFromVolumeStableRescueTest-574675859-project-member] Acquiring lock "compute-rpcapi-router" {{(pid=97938) lock /opt/stack/data/venv/lib/python3.12/site-packages/oslo_concurrency/lockutils.py:390}}
May 13 08:43:06.764529 np0000000675 nova-conductor[97938]: DEBUG oslo_concurrency.lockutils [None req-51527d9d-1e6f-4a8f-905c-ccd8145207b9 tempest-ServerBootFromVolumeStableRescueTest-574675859 tempest-ServerBootFromVolumeStableRescueTest-574675859-project-member] Acquired lock "compute-rpcapi-router" {{(pid=97938) lock /opt/stack/data/venv/lib/python3.12/site-packages/oslo_concurrency/lockutils.py:393}}
May 13 08:43:06.764749 np0000000675 nova-conductor[97938]: DEBUG oslo_concurrency.lockutils [None req-9df36a1d-2c3f-40f6-a9cb-1e127db0e933 None None] Acquiring lock "00000000-0000-0000-0000-000000000000" by "nova.context.set_target_cell..get_or_set_cached_cell_and_set_connections" {{(pid=97938) inner /opt/stack/data/venv/lib/python3.12/site-packages/oslo_concurrency/lockutils.py:506}}
May 13 08:43:06.765834 np0000000675 nova-conductor[97938]: DEBUG oslo_concurrency.lockutils [None req-9df36a1d-2c3f-40f6-a9cb-1e127db0e933 None None] Lock "00000000-0000-0000-0000-000000000000" acquired by "nova.context.set_target_cell..get_or_set_cached_cell_and_set_connections" :: waited 0.000s {{(pid=97938) inner /opt/stack/data/venv/lib/python3.12/site-packages/oslo_concurrency/lockutils.py:519}}
May 13 08:43:06.765834 np0000000675 nova-conductor[97938]: DEBUG oslo_concurrency.lockutils [None req-9df36a1d-2c3f-40f6-a9cb-1e127db0e933 None None] Lock "00000000-0000-0000-0000-000000000000" "released" by "nova.context.set_target_cell..get_or_set_cached_cell_and_set_connections" :: held 0.000s {{(pid=97938) inner /opt/stack/data/venv/lib/python3.12/site-packages/oslo_concurrency/lockutils.py:538}}
May 13 08:43:06.765834 np0000000675 nova-conductor[97938]: DEBUG oslo_concurrency.lockutils [None req-9df36a1d-2c3f-40f6-a9cb-1e127db0e933 None None] Acquiring lock "73ee609b-d58d-49af-ba8a-b39908bb0bfb" by "nova.context.set_target_cell..get_or_set_cached_cell_and_set_connections" {{(pid=97938) inner /opt/stack/data/venv/lib/python3.12/site-packages/oslo_concurrency/lockutils.py:506}}
May 13 08:43:06.766050 np0000000675 nova-conductor[97938]: DEBUG oslo_concurrency.lockutils [None req-9df36a1d-2c3f-40f6-a9cb-1e127db0e933 None None] Lock "73ee609b-d58d-49af-ba8a-b39908bb0bfb" acquired by "nova.context.set_target_cell..get_or_set_cached_cell_and_set_connections" :: waited 0.000s {{(pid=97938) inner /opt/stack/data/venv/lib/python3.12/site-packages/oslo_concurrency/lockutils.py:519}}
May 13 08:43:06.766050 np0000000675 nova-conductor[97938]: DEBUG oslo_concurrency.lockutils [None req-9df36a1d-2c3f-40f6-a9cb-1e127db0e933 None None] Lock "73ee609b-d58d-49af-ba8a-b39908bb0bfb" "released" by "nova.context.set_target_cell..get_or_set_cached_cell_and_set_connections" :: held 0.000s {{(pid=97938) inner /opt/stack/data/venv/lib/python3.12/site-packages/oslo_concurrency/lockutils.py:538}}
May 13 08:43:06.777052 np0000000675 nova-conductor[97938]: INFO nova.compute.rpcapi [None req-9df36a1d-2c3f-40f6-a9cb-1e127db0e933 None None] Automatically selected compute RPC version 6.5 from minimum service version 72
May 13 08:43:06.777551 np0000000675 nova-conductor[97938]: DEBUG oslo_concurrency.lockutils [None req-9df36a1d-2c3f-40f6-a9cb-1e127db0e933 None None] Releasing lock "compute-rpcapi-router" {{(pid=97938) lock /opt/stack/data/venv/lib/python3.12/site-packages/oslo_concurrency/lockutils.py:413}}
May 13 08:43:06.782568 np0000000675 nova-conductor[97946]: INFO nova.utils [None req-27c1f895-d382-417d-a2f6-7e48bc6784d4 tempest-DeleteServersTestJSON-1980918156 tempest-DeleteServersTestJSON-1980918156-project-member] The cell worker thread pool ForkProcess-2.cell_worker is initialized
May 13 08:43:06.782895 np0000000675 nova-conductor[97946]: DEBUG oslo_concurrency.lockutils [None req-27c1f895-d382-417d-a2f6-7e48bc6784d4 tempest-DeleteServersTestJSON-1980918156 tempest-DeleteServersTestJSON-1980918156-project-member] Acquiring lock "00000000-0000-0000-0000-000000000000" by "nova.context.set_target_cell..get_or_set_cached_cell_and_set_connections" {{(pid=97946) inner /opt/stack/data/venv/lib/python3.12/site-packages/oslo_concurrency/lockutils.py:506}}
May 13 08:43:06.782895 np0000000675 nova-conductor[97946]: DEBUG oslo_concurrency.lockutils [None req-27c1f895-d382-417d-a2f6-7e48bc6784d4 tempest-DeleteServersTestJSON-1980918156 tempest-DeleteServersTestJSON-1980918156-project-member] Lock "00000000-0000-0000-0000-000000000000" acquired by "nova.context.set_target_cell..get_or_set_cached_cell_and_set_connections" :: waited 0.000s {{(pid=97946) inner /opt/stack/data/venv/lib/python3.12/site-packages/oslo_concurrency/lockutils.py:519}}
May 13 08:43:06.783455 np0000000675 nova-conductor[97946]: DEBUG oslo_concurrency.lockutils [None req-27c1f895-d382-417d-a2f6-7e48bc6784d4 tempest-DeleteServersTestJSON-1980918156 tempest-DeleteServersTestJSON-1980918156-project-member] Lock "00000000-0000-0000-0000-000000000000" "released" by "nova.context.set_target_cell..get_or_set_cached_cell_and_set_connections" :: held 0.000s {{(pid=97946) inner /opt/stack/data/venv/lib/python3.12/site-packages/oslo_concurrency/lockutils.py:538}}
May 13 08:43:06.784440 np0000000675 nova-conductor[97946]: DEBUG oslo_concurrency.lockutils [None req-27c1f895-d382-417d-a2f6-7e48bc6784d4 tempest-DeleteServersTestJSON-1980918156 tempest-DeleteServersTestJSON-1980918156-project-member] Acquiring lock "73ee609b-d58d-49af-ba8a-b39908bb0bfb" by "nova.context.set_target_cell..get_or_set_cached_cell_and_set_connections" {{(pid=97946) inner /opt/stack/data/venv/lib/python3.12/site-packages/oslo_concurrency/lockutils.py:506}}
May 13 08:43:06.785802 np0000000675 nova-conductor[97946]: INFO dbcounter [None req-27c1f895-d382-417d-a2f6-7e48bc6784d4 tempest-DeleteServersTestJSON-1980918156 tempest-DeleteServersTestJSON-1980918156-project-member] Registered counter for database nova_cell0
May 13 08:43:06.786924 np0000000675 nova-conductor[97946]: DEBUG oslo_concurrency.lockutils [None req-27c1f895-d382-417d-a2f6-7e48bc6784d4 tempest-DeleteServersTestJSON-1980918156 tempest-DeleteServersTestJSON-1980918156-project-member] Lock "73ee609b-d58d-49af-ba8a-b39908bb0bfb" acquired by "nova.context.set_target_cell..get_or_set_cached_cell_and_set_connections" :: waited 0.002s {{(pid=97946) inner /opt/stack/data/venv/lib/python3.12/site-packages/oslo_concurrency/lockutils.py:519}}
May 13 08:43:06.787057 np0000000675 nova-conductor[97946]: DEBUG oslo_concurrency.lockutils [None req-27c1f895-d382-417d-a2f6-7e48bc6784d4 tempest-DeleteServersTestJSON-1980918156 tempest-DeleteServersTestJSON-1980918156-project-member] Lock "73ee609b-d58d-49af-ba8a-b39908bb0bfb" "released" by "nova.context.set_target_cell..get_or_set_cached_cell_and_set_connections" :: held 0.001s {{(pid=97946) inner /opt/stack/data/venv/lib/python3.12/site-packages/oslo_concurrency/lockutils.py:538}}
May 13 08:43:06.798842 np0000000675 nova-conductor[97946]: DEBUG oslo_db.sqlalchemy.engines [None req-27c1f895-d382-417d-a2f6-7e48bc6784d4 tempest-DeleteServersTestJSON-1980918156 tempest-DeleteServersTestJSON-1980918156-project-member] MySQL server mode set to STRICT_TRANS_TABLES,STRICT_ALL_TABLES,NO_ZERO_IN_DATE,NO_ZERO_DATE,ERROR_FOR_DIVISION_BY_ZERO,TRADITIONAL,NO_ENGINE_SUBSTITUTION {{(pid=97946) _check_effective_sql_mode /opt/stack/data/venv/lib/python3.12/site-packages/oslo_db/sqlalchemy/engines.py:325}}
May 13 08:43:06.805358 np0000000675 nova-conductor[97946]: DEBUG dbcounter [-] [97946] Writer thread running {{(pid=97946) stat_writer /opt/stack/data/venv/lib/python3.12/site-packages/dbcounter.py:102}}
May 13 08:43:06.825202 np0000000675 nova-conductor[97946]: DEBUG nova.quota [None req-27c1f895-d382-417d-a2f6-7e48bc6784d4 tempest-DeleteServersTestJSON-1980918156 tempest-DeleteServersTestJSON-1980918156-project-member] Getting quotas for project 4d31b715bfd54580890d76916b7325df. Resources: {'instances', 'cores', 'ram'} {{(pid=97946) _get_quotas /opt/stack/nova/nova/quota.py:392}}
May 13 08:43:06.828880 np0000000675 nova-conductor[97946]: DEBUG nova.quota [None req-27c1f895-d382-417d-a2f6-7e48bc6784d4 tempest-DeleteServersTestJSON-1980918156 tempest-DeleteServersTestJSON-1980918156-project-member] Getting quotas for user 2b5a07180b434c3f894cf1d591570e3b and project 4d31b715bfd54580890d76916b7325df. Resources: {'instances', 'cores', 'ram'} {{(pid=97946) _get_quotas /opt/stack/nova/nova/quota.py:382}}
May 13 08:43:06.835614 np0000000675 nova-conductor[97946]: DEBUG nova.conductor.manager [None req-27c1f895-d382-417d-a2f6-7e48bc6784d4 tempest-DeleteServersTestJSON-1980918156 tempest-DeleteServersTestJSON-1980918156-project-member] [instance: 13801369-a1d3-4228-ac31-b3a9516ce658] Selected host: np0000000675; Selected node: np0000000675; Alternates: [] {{(pid=97946) schedule_and_build_instances /opt/stack/nova/nova/conductor/manager.py:1784}}
May 13 08:43:06.836272 np0000000675 nova-conductor[97946]: DEBUG oslo_concurrency.lockutils [None req-27c1f895-d382-417d-a2f6-7e48bc6784d4 tempest-DeleteServersTestJSON-1980918156 tempest-DeleteServersTestJSON-1980918156-project-member] Acquiring lock "73ee609b-d58d-49af-ba8a-b39908bb0bfb" by "nova.context.set_target_cell..get_or_set_cached_cell_and_set_connections" {{(pid=97946) inner /opt/stack/data/venv/lib/python3.12/site-packages/oslo_concurrency/lockutils.py:506}}
May 13 08:43:06.836486 np0000000675 nova-conductor[97946]: DEBUG oslo_concurrency.lockutils [None req-27c1f895-d382-417d-a2f6-7e48bc6784d4 tempest-DeleteServersTestJSON-1980918156 tempest-DeleteServersTestJSON-1980918156-project-member] Lock "73ee609b-d58d-49af-ba8a-b39908bb0bfb" acquired by "nova.context.set_target_cell..get_or_set_cached_cell_and_set_connections" :: waited 0.000s {{(pid=97946) inner /opt/stack/data/venv/lib/python3.12/site-packages/oslo_concurrency/lockutils.py:519}}
May 13 08:43:06.836621 np0000000675 nova-conductor[97946]: DEBUG oslo_concurrency.lockutils [None req-27c1f895-d382-417d-a2f6-7e48bc6784d4 tempest-DeleteServersTestJSON-1980918156 tempest-DeleteServersTestJSON-1980918156-project-member] Lock "73ee609b-d58d-49af-ba8a-b39908bb0bfb" "released" by "nova.context.set_target_cell..get_or_set_cached_cell_and_set_connections" :: held 0.000s {{(pid=97946) inner /opt/stack/data/venv/lib/python3.12/site-packages/oslo_concurrency/lockutils.py:538}}
May 13 08:43:06.843710 np0000000675 nova-conductor[97946]: DEBUG nova.conductor.manager [None req-27c1f895-d382-417d-a2f6-7e48bc6784d4 tempest-DeleteServersTestJSON-1980918156 tempest-DeleteServersTestJSON-1980918156-project-member] [instance: 13801369-a1d3-4228-ac31-b3a9516ce658] block_device_mapping [BlockDeviceMapping(attachment_id=,boot_index=0,connection_info=None,created_at=,delete_on_termination=True,deleted=,deleted_at=,destination_type='local',device_name=None,device_type='disk',disk_bus=None,encrypted=False,encryption_format=None,encryption_options=None,encryption_secret_uuid=None,guest_format=None,id=,image_id='0872f1e0-059e-4c2f-9298-d76b7d91700f',instance=,instance_uuid=,no_device=False,snapshot_id=None,source_type='image',tag=None,updated_at=,uuid=,volume_id=None,volume_size=None,volume_type=None)] {{(pid=97946) _create_block_device_mapping /opt/stack/nova/nova/conductor/manager.py:1529}}
May 13 08:43:06.845278 np0000000675 nova-conductor[97946]: DEBUG oslo_concurrency.lockutils [None req-27c1f895-d382-417d-a2f6-7e48bc6784d4 tempest-DeleteServersTestJSON-1980918156 tempest-DeleteServersTestJSON-1980918156-project-member] Acquiring lock "73ee609b-d58d-49af-ba8a-b39908bb0bfb" by "nova.context.set_target_cell..get_or_set_cached_cell_and_set_connections" {{(pid=97946) inner /opt/stack/data/venv/lib/python3.12/site-packages/oslo_concurrency/lockutils.py:506}}
