Jun 16 15:35:15.250165 np0000002963 nova-scheduler[95683]: DEBUG cotyledon.oslo_config_glue [-] oslo_limit.auth_section = None {{(pid=95683) log_opt_values /opt/stack/data/venv/lib/python3.12/site-packages/oslo_config/cfg.py:3253}}
Jun 16 15:35:15.250165 np0000002963 nova-scheduler[95683]: DEBUG cotyledon.oslo_config_glue [-] oslo_limit.auth_type = None {{(pid=95683) log_opt_values /opt/stack/data/venv/lib/python3.12/site-packages/oslo_config/cfg.py:3253}}
Jun 16 15:35:15.250165 np0000002963 nova-scheduler[95683]: DEBUG cotyledon.oslo_config_glue [-] oslo_limit.cafile = None {{(pid=95683) log_opt_values /opt/stack/data/venv/lib/python3.12/site-packages/oslo_config/cfg.py:3253}}
Jun 16 15:35:15.250165 np0000002963 nova-scheduler[95683]: DEBUG cotyledon.oslo_config_glue [-] oslo_limit.certfile = None {{(pid=95683) log_opt_values /opt/stack/data/venv/lib/python3.12/site-packages/oslo_config/cfg.py:3253}}
Jun 16 15:35:15.250165 np0000002963 nova-scheduler[95683]: DEBUG cotyledon.oslo_config_glue [-] oslo_limit.collect_timing = False {{(pid=95683) log_opt_values /opt/stack/data/venv/lib/python3.12/site-packages/oslo_config/cfg.py:3253}}
Jun 16 15:35:15.250165 np0000002963 nova-scheduler[95683]: DEBUG cotyledon.oslo_config_glue [-] oslo_limit.connect_retries = None {{(pid=95683) log_opt_values /opt/stack/data/venv/lib/python3.12/site-packages/oslo_config/cfg.py:3253}}
Jun 16 15:35:15.250165 np0000002963 nova-scheduler[95683]: DEBUG cotyledon.oslo_config_glue [-] oslo_limit.connect_retry_delay = None {{(pid=95683) log_opt_values /opt/stack/data/venv/lib/python3.12/site-packages/oslo_config/cfg.py:3253}}
Jun 16 15:35:15.250165 np0000002963 nova-scheduler[95683]: DEBUG cotyledon.oslo_config_glue [-] oslo_limit.endpoint_id = None {{(pid=95683) log_opt_values /opt/stack/data/venv/lib/python3.12/site-packages/oslo_config/cfg.py:3253}}
Jun 16 15:35:15.250165 np0000002963 nova-scheduler[95683]: DEBUG cotyledon.oslo_config_glue [-] oslo_limit.endpoint_interface = public {{(pid=95683) log_opt_values /opt/stack/data/venv/lib/python3.12/site-packages/oslo_config/cfg.py:3253}}
Jun 16 15:35:15.250443 np0000002963 nova-scheduler[95683]: DEBUG cotyledon.oslo_config_glue [-] oslo_limit.endpoint_override = None {{(pid=95683) log_opt_values /opt/stack/data/venv/lib/python3.12/site-packages/oslo_config/cfg.py:3253}}
Jun 16 15:35:15.250443 np0000002963 nova-scheduler[95683]: DEBUG cotyledon.oslo_config_glue [-] oslo_limit.endpoint_region_name = None {{(pid=95683) log_opt_values /opt/stack/data/venv/lib/python3.12/site-packages/oslo_config/cfg.py:3253}}
Jun 16 15:35:15.250443 np0000002963 nova-scheduler[95683]: DEBUG cotyledon.oslo_config_glue [-] oslo_limit.endpoint_service_name = None {{(pid=95683) log_opt_values /opt/stack/data/venv/lib/python3.12/site-packages/oslo_config/cfg.py:3253}}
Jun 16 15:35:15.250443 np0000002963 nova-scheduler[95683]: DEBUG cotyledon.oslo_config_glue [-] oslo_limit.endpoint_service_type = None {{(pid=95683) log_opt_values /opt/stack/data/venv/lib/python3.12/site-packages/oslo_config/cfg.py:3253}}
Jun 16 15:35:15.250443 np0000002963 nova-scheduler[95683]: DEBUG cotyledon.oslo_config_glue [-] oslo_limit.insecure = False {{(pid=95683) log_opt_values /opt/stack/data/venv/lib/python3.12/site-packages/oslo_config/cfg.py:3253}}
Jun 16 15:35:15.250443 np0000002963 nova-scheduler[95683]: DEBUG cotyledon.oslo_config_glue [-] oslo_limit.keyfile = None {{(pid=95683) log_opt_values /opt/stack/data/venv/lib/python3.12/site-packages/oslo_config/cfg.py:3253}}
Jun 16 15:35:15.250443 np0000002963 nova-scheduler[95683]: DEBUG cotyledon.oslo_config_glue [-] oslo_limit.max_version = None {{(pid=95683) log_opt_values /opt/stack/data/venv/lib/python3.12/site-packages/oslo_config/cfg.py:3253}}
Jun 16 15:35:15.250443 np0000002963 nova-scheduler[95683]: DEBUG cotyledon.oslo_config_glue [-] oslo_limit.min_version = None {{(pid=95683) log_opt_values /opt/stack/data/venv/lib/python3.12/site-packages/oslo_config/cfg.py:3253}}
Jun 16 15:35:15.250443 np0000002963 nova-scheduler[95683]: DEBUG cotyledon.oslo_config_glue [-] oslo_limit.region_name = None {{(pid=95683) log_opt_values /opt/stack/data/venv/lib/python3.12/site-packages/oslo_config/cfg.py:3253}}
Jun 16 15:35:15.250725 np0000002963 nova-scheduler[95683]: DEBUG cotyledon.oslo_config_glue [-] oslo_limit.retriable_status_codes = None {{(pid=95683) log_opt_values /opt/stack/data/venv/lib/python3.12/site-packages/oslo_config/cfg.py:3253}}
Jun 16 15:35:15.250725 np0000002963 nova-scheduler[95683]: DEBUG cotyledon.oslo_config_glue [-] oslo_limit.service_name = None {{(pid=95683) log_opt_values /opt/stack/data/venv/lib/python3.12/site-packages/oslo_config/cfg.py:3253}}
Jun 16 15:35:15.250725 np0000002963 nova-scheduler[95683]: DEBUG cotyledon.oslo_config_glue [-] oslo_limit.service_type = None {{(pid=95683) log_opt_values /opt/stack/data/venv/lib/python3.12/site-packages/oslo_config/cfg.py:3253}}
Jun 16 15:35:15.250725 np0000002963 nova-scheduler[95683]: DEBUG cotyledon.oslo_config_glue [-] oslo_limit.split_loggers = False {{(pid=95683) log_opt_values /opt/stack/data/venv/lib/python3.12/site-packages/oslo_config/cfg.py:3253}}
Jun 16 15:35:15.250725 np0000002963 nova-scheduler[95683]: DEBUG cotyledon.oslo_config_glue [-] oslo_limit.status_code_retries = None {{(pid=95683) log_opt_values /opt/stack/data/venv/lib/python3.12/site-packages/oslo_config/cfg.py:3253}}
Jun 16 15:35:15.250725 np0000002963 nova-scheduler[95683]: DEBUG cotyledon.oslo_config_glue [-] oslo_limit.status_code_retry_delay = None {{(pid=95683) log_opt_values /opt/stack/data/venv/lib/python3.12/site-packages/oslo_config/cfg.py:3253}}
Jun 16 15:35:15.250725 np0000002963 nova-scheduler[95683]: DEBUG cotyledon.oslo_config_glue [-] oslo_limit.timeout = None {{(pid=95683) log_opt_values /opt/stack/data/venv/lib/python3.12/site-packages/oslo_config/cfg.py:3253}}
Jun 16 15:35:15.250725 np0000002963 nova-scheduler[95683]: DEBUG cotyledon.oslo_config_glue [-] oslo_limit.valid_interfaces = None {{(pid=95683) log_opt_values /opt/stack/data/venv/lib/python3.12/site-packages/oslo_config/cfg.py:3253}}
Jun 16 15:35:15.250725 np0000002963 nova-scheduler[95683]: DEBUG cotyledon.oslo_config_glue [-] oslo_limit.version = None {{(pid=95683) log_opt_values /opt/stack/data/venv/lib/python3.12/site-packages/oslo_config/cfg.py:3253}}
Jun 16 15:35:15.251006 np0000002963 nova-scheduler[95683]: DEBUG cotyledon.oslo_config_glue [-] oslo_reports.file_event_handler = None {{(pid=95683) log_opt_values /opt/stack/data/venv/lib/python3.12/site-packages/oslo_config/cfg.py:3253}}
Jun 16 15:35:15.251006 np0000002963 nova-scheduler[95683]: DEBUG cotyledon.oslo_config_glue [-] oslo_reports.file_event_handler_interval = 1 {{(pid=95683) log_opt_values /opt/stack/data/venv/lib/python3.12/site-packages/oslo_config/cfg.py:3253}}
Jun 16 15:35:15.251006 np0000002963 nova-scheduler[95683]: DEBUG cotyledon.oslo_config_glue [-] oslo_reports.log_dir = None {{(pid=95683) log_opt_values /opt/stack/data/venv/lib/python3.12/site-packages/oslo_config/cfg.py:3253}}
Jun 16 15:35:15.251006 np0000002963 nova-scheduler[95683]: DEBUG cotyledon.oslo_config_glue [-] ******************************************************************************** {{(pid=95683) log_opt_values /opt/stack/data/venv/lib/python3.12/site-packages/oslo_config/cfg.py:3260}}
Jun 16 15:35:15.251006 np0000002963 nova-scheduler[95683]: DEBUG cotyledon._service_worker [-] Run service ServiceWrapper(2) [95683] {{(pid=95683) wait_forever /opt/stack/data/venv/lib/python3.12/site-packages/cotyledon/_service_worker.py:218}}
Jun 16 15:35:15.251006 np0000002963 nova-scheduler[95683]: INFO nova.service [-] Starting scheduler node (version 33.1.0)
Jun 16 15:35:15.253692 np0000002963 nova-scheduler[95683]: INFO dbcounter [None req-4c3776e7-0c71-4ce1-a29d-0007d6836b54 None None] Registered counter for database nova_cell0
Jun 16 15:35:15.273171 np0000002963 nova-scheduler[95637]: DEBUG oslo_db.sqlalchemy.engines [None req-a5f82054-ccd8-47f9-ae6a-d103cb3151ea None None] MySQL server mode set to STRICT_TRANS_TABLES,STRICT_ALL_TABLES,NO_ZERO_IN_DATE,NO_ZERO_DATE,ERROR_FOR_DIVISION_BY_ZERO,TRADITIONAL,NO_ENGINE_SUBSTITUTION {{(pid=95637) _check_effective_sql_mode /opt/stack/data/venv/lib/python3.12/site-packages/oslo_db/sqlalchemy/engines.py:325}}
Jun 16 15:35:15.282775 np0000002963 nova-scheduler[95637]: DEBUG dbcounter [-] [95637] Writer thread running {{(pid=95637) stat_writer /opt/stack/data/venv/lib/python3.12/site-packages/dbcounter.py:102}}
Jun 16 15:35:15.283373 np0000002963 nova-scheduler[95663]: DEBUG oslo_db.sqlalchemy.engines [None req-2f61a6d4-b0eb-4257-b388-d7b03344881a None None] MySQL server mode set to STRICT_TRANS_TABLES,STRICT_ALL_TABLES,NO_ZERO_IN_DATE,NO_ZERO_DATE,ERROR_FOR_DIVISION_BY_ZERO,TRADITIONAL,NO_ENGINE_SUBSTITUTION {{(pid=95663) _check_effective_sql_mode /opt/stack/data/venv/lib/python3.12/site-packages/oslo_db/sqlalchemy/engines.py:325}}
Jun 16 15:35:15.295170 np0000002963 nova-scheduler[95663]: DEBUG dbcounter [-] [95663] Writer thread running {{(pid=95663) stat_writer /opt/stack/data/venv/lib/python3.12/site-packages/dbcounter.py:102}}
Jun 16 15:35:15.303274 np0000002963 nova-scheduler[95683]: DEBUG oslo_db.sqlalchemy.engines [None req-4c3776e7-0c71-4ce1-a29d-0007d6836b54 None None] MySQL server mode set to STRICT_TRANS_TABLES,STRICT_ALL_TABLES,NO_ZERO_IN_DATE,NO_ZERO_DATE,ERROR_FOR_DIVISION_BY_ZERO,TRADITIONAL,NO_ENGINE_SUBSTITUTION {{(pid=95683) _check_effective_sql_mode /opt/stack/data/venv/lib/python3.12/site-packages/oslo_db/sqlalchemy/engines.py:325}}
Jun 16 15:35:15.303443 np0000002963 nova-scheduler[95637]: DEBUG nova.service [None req-a5f82054-ccd8-47f9-ae6a-d103cb3151ea None None] Creating RPC server for service: nova-scheduler on topic: scheduler {{(pid=95637) start /opt/stack/nova/nova/service.py:196}}
Jun 16 15:35:15.310676 np0000002963 nova-scheduler[95663]: DEBUG nova.service [None req-2f61a6d4-b0eb-4257-b388-d7b03344881a None None] Creating RPC server for service: nova-scheduler on topic: scheduler {{(pid=95663) start /opt/stack/nova/nova/service.py:196}}
Jun 16 15:35:15.315454 np0000002963 nova-scheduler[95683]: DEBUG dbcounter [-] [95683] Writer thread running {{(pid=95683) stat_writer /opt/stack/data/venv/lib/python3.12/site-packages/dbcounter.py:102}}
Jun 16 15:35:15.319453 np0000002963 nova-scheduler[95683]: DEBUG nova.service [None req-4c3776e7-0c71-4ce1-a29d-0007d6836b54 None None] Creating RPC server for service: nova-scheduler on topic: scheduler {{(pid=95683) start /opt/stack/nova/nova/service.py:196}}
Jun 16 15:35:15.351747 np0000002963 nova-scheduler[95637]: DEBUG nova.service [None req-a5f82054-ccd8-47f9-ae6a-d103cb3151ea None None] Join ServiceGroup membership for this service scheduler {{(pid=95637) start /opt/stack/nova/nova/service.py:222}}
Jun 16 15:35:15.351935 np0000002963 nova-scheduler[95663]: DEBUG nova.service [None req-2f61a6d4-b0eb-4257-b388-d7b03344881a None None] Join ServiceGroup membership for this service scheduler {{(pid=95663) start /opt/stack/nova/nova/service.py:222}}
Jun 16 15:35:15.351992 np0000002963 nova-scheduler[95637]: DEBUG nova.servicegroup.drivers.db [None req-a5f82054-ccd8-47f9-ae6a-d103cb3151ea None None] DB_Driver: join new ServiceGroup member np0000002963 to the scheduler group, service = {{(pid=95637) join /opt/stack/nova/nova/servicegroup/drivers/db.py:44}}
Jun 16 15:35:15.352149 np0000002963 nova-scheduler[95663]: DEBUG nova.servicegroup.drivers.db [None req-2f61a6d4-b0eb-4257-b388-d7b03344881a None None] DB_Driver: join new ServiceGroup member np0000002963 to the scheduler group, service = {{(pid=95663) join /opt/stack/nova/nova/servicegroup/drivers/db.py:44}}
Jun 16 15:35:15.356807 np0000002963 nova-scheduler[95683]: DEBUG nova.service [None req-4c3776e7-0c71-4ce1-a29d-0007d6836b54 None None] Join ServiceGroup membership for this service scheduler {{(pid=95683) start /opt/stack/nova/nova/service.py:222}}
Jun 16 15:35:15.357293 np0000002963 nova-scheduler[95683]: DEBUG nova.servicegroup.drivers.db [None req-4c3776e7-0c71-4ce1-a29d-0007d6836b54 None None] DB_Driver: join new ServiceGroup member np0000002963 to the scheduler group, service = {{(pid=95683) join /opt/stack/nova/nova/servicegroup/drivers/db.py:44}}
Jun 16 15:35:20.367297 np0000002963 nova-scheduler[95637]: DEBUG oslo.service.backend._threading.loopingcall [-] Fixed interval looping call 'nova.servicegroup.drivers.db.DbDriver._report_state' sleeping for 119.99 seconds {{(pid=95637) _run_loop /opt/stack/data/venv/lib/python3.12/site-packages/oslo_service/backend/_threading/loopingcall.py:125}}
Jun 16 15:35:20.369046 np0000002963 nova-scheduler[95663]: DEBUG oslo.service.backend._threading.loopingcall [-] Fixed interval looping call 'nova.servicegroup.drivers.db.DbDriver._report_state' sleeping for 119.99 seconds {{(pid=95663) _run_loop /opt/stack/data/venv/lib/python3.12/site-packages/oslo_service/backend/_threading/loopingcall.py:125}}
Jun 16 15:35:20.372170 np0000002963 nova-scheduler[95683]: DEBUG oslo.service.backend._threading.loopingcall [-] Fixed interval looping call 'nova.servicegroup.drivers.db.DbDriver._report_state' sleeping for 119.99 seconds {{(pid=95683) _run_loop /opt/stack/data/venv/lib/python3.12/site-packages/oslo_service/backend/_threading/loopingcall.py:125}}
Jun 16 15:35:23.809749 np0000002963 nova-scheduler[94435]: DEBUG dbcounter [-] [94435] Writing DB stats nova_api:SELECT=3 {{(pid=94435) stat_writer /opt/stack/data/venv/lib/python3.12/site-packages/dbcounter.py:115}}
Jun 16 15:35:23.981396 np0000002963 nova-scheduler[94435]: DEBUG dbcounter [-] [94435] Writing DB stats nova_cell0:SELECT=1 {{(pid=94435) stat_writer /opt/stack/data/venv/lib/python3.12/site-packages/dbcounter.py:115}}
Jun 16 15:35:23.981848 np0000002963 nova-scheduler[94435]: DEBUG dbcounter [-] [94435] Writing DB stats nova_cell1:SELECT=1 {{(pid=94435) stat_writer /opt/stack/data/venv/lib/python3.12/site-packages/dbcounter.py:115}}
Jun 16 15:35:30.362626 np0000002963 nova-scheduler[95637]: DEBUG dbcounter [-] [95637] Writing DB stats nova_cell0:SELECT=4,nova_cell0:INSERT=1,nova_cell0:UPDATE=1 {{(pid=95637) stat_writer /opt/stack/data/venv/lib/python3.12/site-packages/dbcounter.py:115}}
Jun 16 15:35:30.365005 np0000002963 nova-scheduler[95663]: DEBUG dbcounter [-] [95663] Writing DB stats nova_cell0:SELECT=5,nova_cell0:INSERT=1,nova_cell0:UPDATE=1 {{(pid=95663) stat_writer /opt/stack/data/venv/lib/python3.12/site-packages/dbcounter.py:115}}
Jun 16 15:35:30.369395 np0000002963 nova-scheduler[95683]: DEBUG dbcounter [-] [95683] Writing DB stats nova_cell0:SELECT=3 {{(pid=95683) stat_writer /opt/stack/data/venv/lib/python3.12/site-packages/dbcounter.py:115}}
Jun 16 15:35:34.359736 np0000002963 nova-scheduler[95683]: DEBUG oslo.service.backend._threading.loopingcall [None req-660be442-6097-4751-8e88-5bf236d34070 None None] Dynamic interval looping call 'nova.service.Service.periodic_tasks' sleeping for 60.00 seconds {{(pid=95683) _run_loop /opt/stack/data/venv/lib/python3.12/site-packages/oslo_service/backend/_threading/loopingcall.py:125}}
Jun 16 15:35:55.354335 np0000002963 nova-scheduler[95637]: DEBUG oslo.service.backend._threading.loopingcall [None req-6b374426-5418-42ff-97ec-0c8926910938 None None] Dynamic interval looping call 'nova.service.Service.periodic_tasks' sleeping for 60.00 seconds {{(pid=95637) _run_loop /opt/stack/data/venv/lib/python3.12/site-packages/oslo_service/backend/_threading/loopingcall.py:125}}
Jun 16 15:36:15.354992 np0000002963 nova-scheduler[95663]: DEBUG oslo.service.backend._threading.loopingcall [None req-499131f8-29ad-413a-b74a-a24637929616 None None] Dynamic interval looping call 'nova.service.Service.periodic_tasks' sleeping for 60.00 seconds {{(pid=95663) _run_loop /opt/stack/data/venv/lib/python3.12/site-packages/oslo_service/backend/_threading/loopingcall.py:125}}
Jun 16 15:36:34.360326 np0000002963 nova-scheduler[95683]: DEBUG oslo.service.backend._threading.loopingcall [None req-660be442-6097-4751-8e88-5bf236d34070 None None] Dynamic interval looping call 'nova.service.Service.periodic_tasks' sleeping for 60.00 seconds {{(pid=95683) _run_loop /opt/stack/data/venv/lib/python3.12/site-packages/oslo_service/backend/_threading/loopingcall.py:125}}
Jun 16 15:36:55.354927 np0000002963 nova-scheduler[95637]: DEBUG oslo.service.backend._threading.loopingcall [None req-6b374426-5418-42ff-97ec-0c8926910938 None None] Dynamic interval looping call 'nova.service.Service.periodic_tasks' sleeping for 60.00 seconds {{(pid=95637) _run_loop /opt/stack/data/venv/lib/python3.12/site-packages/oslo_service/backend/_threading/loopingcall.py:125}}
Jun 16 15:37:15.355403 np0000002963 nova-scheduler[95663]: DEBUG oslo.service.backend._threading.loopingcall [None req-499131f8-29ad-413a-b74a-a24637929616 None None] Dynamic interval looping call 'nova.service.Service.periodic_tasks' sleeping for 60.00 seconds {{(pid=95663) _run_loop /opt/stack/data/venv/lib/python3.12/site-packages/oslo_service/backend/_threading/loopingcall.py:125}}
Jun 16 15:37:20.364616 np0000002963 nova-scheduler[95637]: DEBUG oslo.service.backend._threading.loopingcall [-] Fixed interval looping call 'nova.servicegroup.drivers.db.DbDriver._report_state' sleeping for 119.99 seconds {{(pid=95637) _run_loop /opt/stack/data/venv/lib/python3.12/site-packages/oslo_service/backend/_threading/loopingcall.py:125}}
Jun 16 15:37:20.365141 np0000002963 nova-scheduler[95663]: DEBUG oslo.service.backend._threading.loopingcall [-] Fixed interval looping call 'nova.servicegroup.drivers.db.DbDriver._report_state' sleeping for 119.99 seconds {{(pid=95663) _run_loop /opt/stack/data/venv/lib/python3.12/site-packages/oslo_service/backend/_threading/loopingcall.py:125}}
Jun 16 15:37:20.366034 np0000002963 nova-scheduler[95683]: DEBUG oslo.service.backend._threading.loopingcall [-] Fixed interval looping call 'nova.servicegroup.drivers.db.DbDriver._report_state' sleeping for 120.00 seconds {{(pid=95683) _run_loop /opt/stack/data/venv/lib/python3.12/site-packages/oslo_service/backend/_threading/loopingcall.py:125}}
Jun 16 15:37:30.360741 np0000002963 nova-scheduler[95637]: DEBUG dbcounter [-] [95637] Writing DB stats nova_cell0:SELECT=1,nova_cell0:UPDATE=1 {{(pid=95637) stat_writer /opt/stack/data/venv/lib/python3.12/site-packages/dbcounter.py:115}}
Jun 16 15:37:30.363549 np0000002963 nova-scheduler[95663]: DEBUG dbcounter [-] [95663] Writing DB stats nova_cell0:SELECT=1,nova_cell0:UPDATE=1 {{(pid=95663) stat_writer /opt/stack/data/venv/lib/python3.12/site-packages/dbcounter.py:115}}
Jun 16 15:37:30.364263 np0000002963 nova-scheduler[95683]: DEBUG dbcounter [-] [95683] Writing DB stats nova_cell0:SELECT=1 {{(pid=95683) stat_writer /opt/stack/data/venv/lib/python3.12/site-packages/dbcounter.py:115}}
Jun 16 15:37:34.360823 np0000002963 nova-scheduler[95683]: DEBUG oslo.service.backend._threading.loopingcall [None req-660be442-6097-4751-8e88-5bf236d34070 None None] Dynamic interval looping call 'nova.service.Service.periodic_tasks' sleeping for 60.00 seconds {{(pid=95683) _run_loop /opt/stack/data/venv/lib/python3.12/site-packages/oslo_service/backend/_threading/loopingcall.py:125}}
Jun 16 15:37:55.356436 np0000002963 nova-scheduler[95637]: DEBUG oslo.service.backend._threading.loopingcall [None req-6b374426-5418-42ff-97ec-0c8926910938 None None] Dynamic interval looping call 'nova.service.Service.periodic_tasks' sleeping for 60.00 seconds {{(pid=95637) _run_loop /opt/stack/data/venv/lib/python3.12/site-packages/oslo_service/backend/_threading/loopingcall.py:125}}
Jun 16 15:38:15.355839 np0000002963 nova-scheduler[95663]: DEBUG oslo.service.backend._threading.loopingcall [None req-499131f8-29ad-413a-b74a-a24637929616 None None] Dynamic interval looping call 'nova.service.Service.periodic_tasks' sleeping for 60.00 seconds {{(pid=95663) _run_loop /opt/stack/data/venv/lib/python3.12/site-packages/oslo_service/backend/_threading/loopingcall.py:125}}
Jun 16 15:38:15.938743 np0000002963 nova-scheduler[95663]: DEBUG nova.scheduler.manager [None req-18c1ad44-7d4b-4cc9-b112-46b67c3aaafb tempest-DeleteServersTestJSON-890548587 tempest-DeleteServersTestJSON-890548587-project-member] Starting to schedule for instances: ['c44e5568-082a-419b-9c54-1685cc011f01'] {{(pid=95663) select_destinations /opt/stack/nova/nova/scheduler/manager.py:210}}
Jun 16 15:38:15.939330 np0000002963 nova-scheduler[95663]: DEBUG nova.scheduler.request_filter [None req-18c1ad44-7d4b-4cc9-b112-46b67c3aaafb tempest-DeleteServersTestJSON-890548587 tempest-DeleteServersTestJSON-890548587-project-member] compute_status_filter request filter added forbidden trait COMPUTE_STATUS_DISABLED {{(pid=95663) compute_status_filter /opt/stack/nova/nova/scheduler/request_filter.py:253}}
Jun 16 15:38:15.939472 np0000002963 nova-scheduler[95663]: DEBUG nova.scheduler.request_filter [None req-18c1ad44-7d4b-4cc9-b112-46b67c3aaafb tempest-DeleteServersTestJSON-890548587 tempest-DeleteServersTestJSON-890548587-project-member] Request filter 'compute_status_filter' took 0.0 seconds {{(pid=95663) wrapper /opt/stack/nova/nova/scheduler/request_filter.py:46}}
Jun 16 15:38:15.939660 np0000002963 nova-scheduler[95663]: DEBUG nova.scheduler.request_filter [None req-18c1ad44-7d4b-4cc9-b112-46b67c3aaafb tempest-DeleteServersTestJSON-890548587 tempest-DeleteServersTestJSON-890548587-project-member] Request filter 'accelerators_filter' took 0.0 seconds {{(pid=95663) wrapper /opt/stack/nova/nova/scheduler/request_filter.py:46}}
Jun 16 15:38:15.940252 np0000002963 nova-scheduler[95663]: DEBUG nova.scheduler.request_filter [None req-18c1ad44-7d4b-4cc9-b112-46b67c3aaafb tempest-DeleteServersTestJSON-890548587 tempest-DeleteServersTestJSON-890548587-project-member] Request filter 'packed_virtqueue_filter' took 0.0 seconds {{(pid=95663) wrapper /opt/stack/nova/nova/scheduler/request_filter.py:46}}
Jun 16 15:38:15.940633 np0000002963 nova-scheduler[95663]: DEBUG nova.scheduler.request_filter [None req-18c1ad44-7d4b-4cc9-b112-46b67c3aaafb tempest-DeleteServersTestJSON-890548587 tempest-DeleteServersTestJSON-890548587-project-member] Request filter 'remote_managed_ports_filter' took 0.0 seconds {{(pid=95663) wrapper /opt/stack/nova/nova/scheduler/request_filter.py:46}}
Jun 16 15:38:15.941240 np0000002963 nova-scheduler[95663]: DEBUG nova.scheduler.request_filter [None req-18c1ad44-7d4b-4cc9-b112-46b67c3aaafb tempest-DeleteServersTestJSON-890548587 tempest-DeleteServersTestJSON-890548587-project-member] ephemeral_encryption_filter skipped {{(pid=95663) ephemeral_encryption_filter /opt/stack/nova/nova/scheduler/request_filter.py:426}}
Jun 16 15:38:15.941538 np0000002963 nova-scheduler[95663]: DEBUG nova.scheduler.request_filter [None req-18c1ad44-7d4b-4cc9-b112-46b67c3aaafb tempest-DeleteServersTestJSON-890548587 tempest-DeleteServersTestJSON-890548587-project-member] virtio_sound_filter skipped {{(pid=95663) virtio_sound_filter /opt/stack/nova/nova/scheduler/request_filter.py:460}}
Jun 16 15:38:15.941651 np0000002963 nova-scheduler[95663]: DEBUG nova.scheduler.request_filter [None req-18c1ad44-7d4b-4cc9-b112-46b67c3aaafb tempest-DeleteServersTestJSON-890548587 tempest-DeleteServersTestJSON-890548587-project-member] tpm_secret_security_filter skipped {{(pid=95663) tpm_secret_security_filter /opt/stack/nova/nova/scheduler/request_filter.py:477}}
Jun 16 15:38:16.758320 np0000002963 nova-scheduler[95663]: INFO nova.utils [None req-18c1ad44-7d4b-4cc9-b112-46b67c3aaafb tempest-DeleteServersTestJSON-890548587 tempest-DeleteServersTestJSON-890548587-project-member] The cell worker thread pool ForkProcess-2.cell_worker is initialized
Jun 16 15:38:16.758849 np0000002963 nova-scheduler[95663]: DEBUG oslo_concurrency.lockutils [None req-18c1ad44-7d4b-4cc9-b112-46b67c3aaafb tempest-DeleteServersTestJSON-890548587 tempest-DeleteServersTestJSON-890548587-project-member] Acquiring lock "11382258-310c-4ba6-90d5-b0a70fb5f956" by "nova.context.set_target_cell..get_or_set_cached_cell_and_set_connections" {{(pid=95663) inner /opt/stack/data/venv/lib/python3.12/site-packages/oslo_concurrency/lockutils.py:511}}
Jun 16 15:38:16.759090 np0000002963 nova-scheduler[95663]: DEBUG oslo_concurrency.lockutils [None req-18c1ad44-7d4b-4cc9-b112-46b67c3aaafb tempest-DeleteServersTestJSON-890548587 tempest-DeleteServersTestJSON-890548587-project-member] Lock "11382258-310c-4ba6-90d5-b0a70fb5f956" acquired by "nova.context.set_target_cell..get_or_set_cached_cell_and_set_connections" :: waited 0.000s {{(pid=95663) inner /opt/stack/data/venv/lib/python3.12/site-packages/oslo_concurrency/lockutils.py:524}}
Jun 16 15:38:16.761476 np0000002963 nova-scheduler[95663]: DEBUG oslo_concurrency.lockutils [None req-18c1ad44-7d4b-4cc9-b112-46b67c3aaafb tempest-DeleteServersTestJSON-890548587 tempest-DeleteServersTestJSON-890548587-project-member] Lock "11382258-310c-4ba6-90d5-b0a70fb5f956" "released" by "nova.context.set_target_cell..get_or_set_cached_cell_and_set_connections" :: held 0.002s {{(pid=95663) inner /opt/stack/data/venv/lib/python3.12/site-packages/oslo_concurrency/lockutils.py:543}}
Jun 16 15:38:16.763494 np0000002963 nova-scheduler[95663]: INFO dbcounter [None req-18c1ad44-7d4b-4cc9-b112-46b67c3aaafb tempest-DeleteServersTestJSON-890548587 tempest-DeleteServersTestJSON-890548587-project-member] Registered counter for database nova_cell1
Jun 16 15:38:16.808277 np0000002963 nova-scheduler[95663]: DEBUG oslo_db.sqlalchemy.engines [None req-18c1ad44-7d4b-4cc9-b112-46b67c3aaafb tempest-DeleteServersTestJSON-890548587 tempest-DeleteServersTestJSON-890548587-project-member] MySQL server mode set to STRICT_TRANS_TABLES,STRICT_ALL_TABLES,NO_ZERO_IN_DATE,NO_ZERO_DATE,ERROR_FOR_DIVISION_BY_ZERO,TRADITIONAL,NO_ENGINE_SUBSTITUTION {{(pid=95663) _check_effective_sql_mode /opt/stack/data/venv/lib/python3.12/site-packages/oslo_db/sqlalchemy/engines.py:325}}
Jun 16 15:38:16.814182 np0000002963 nova-scheduler[95663]: DEBUG dbcounter [-] [95663] Writer thread running {{(pid=95663) stat_writer /opt/stack/data/venv/lib/python3.12/site-packages/dbcounter.py:102}}
Jun 16 15:38:16.832536 np0000002963 nova-scheduler[95663]: DEBUG oslo_db.sqlalchemy.engines [None req-18c1ad44-7d4b-4cc9-b112-46b67c3aaafb tempest-DeleteServersTestJSON-890548587 tempest-DeleteServersTestJSON-890548587-project-member] Parent process 94435 forked (95663) with an open database connection, which is being discarded and recreated. {{(pid=95663) checkout /opt/stack/data/venv/lib/python3.12/site-packages/oslo_db/sqlalchemy/engines.py:402}}
Jun 16 15:38:16.884358 np0000002963 nova-scheduler[95663]: DEBUG dbcounter [-] [95663] Writer thread running {{(pid=95663) stat_writer /opt/stack/data/venv/lib/python3.12/site-packages/dbcounter.py:102}}
Jun 16 15:38:16.887994 np0000002963 nova-scheduler[95663]: DEBUG oslo_concurrency.lockutils [None req-18c1ad44-7d4b-4cc9-b112-46b67c3aaafb tempest-DeleteServersTestJSON-890548587 tempest-DeleteServersTestJSON-890548587-project-member] Acquiring lock "11382258-310c-4ba6-90d5-b0a70fb5f956" by "nova.context.set_target_cell..get_or_set_cached_cell_and_set_connections" {{(pid=95663) inner /opt/stack/data/venv/lib/python3.12/site-packages/oslo_concurrency/lockutils.py:511}}
Jun 16 15:38:16.888304 np0000002963 nova-scheduler[95663]: DEBUG oslo_concurrency.lockutils [None req-18c1ad44-7d4b-4cc9-b112-46b67c3aaafb tempest-DeleteServersTestJSON-890548587 tempest-DeleteServersTestJSON-890548587-project-member] Lock "11382258-310c-4ba6-90d5-b0a70fb5f956" acquired by "nova.context.set_target_cell..get_or_set_cached_cell_and_set_connections" :: waited 0.000s {{(pid=95663) inner /opt/stack/data/venv/lib/python3.12/site-packages/oslo_concurrency/lockutils.py:524}}
Jun 16 15:38:16.888636 np0000002963 nova-scheduler[95663]: DEBUG oslo_concurrency.lockutils [None req-18c1ad44-7d4b-4cc9-b112-46b67c3aaafb tempest-DeleteServersTestJSON-890548587 tempest-DeleteServersTestJSON-890548587-project-member] Lock "11382258-310c-4ba6-90d5-b0a70fb5f956" "released" by "nova.context.set_target_cell..get_or_set_cached_cell_and_set_connections" :: held 0.000s {{(pid=95663) inner /opt/stack/data/venv/lib/python3.12/site-packages/oslo_concurrency/lockutils.py:543}}
Jun 16 15:38:16.892588 np0000002963 nova-scheduler[95663]: DEBUG oslo_concurrency.lockutils [None req-18c1ad44-7d4b-4cc9-b112-46b67c3aaafb tempest-DeleteServersTestJSON-890548587 tempest-DeleteServersTestJSON-890548587-project-member] Acquiring lock "('np0000002963', 'np0000002963')" by "nova.scheduler.host_manager.HostState.update.._locked_update" {{(pid=95663) inner /opt/stack/data/venv/lib/python3.12/site-packages/oslo_concurrency/lockutils.py:511}}
Jun 16 15:38:16.892767 np0000002963 nova-scheduler[95663]: DEBUG oslo_concurrency.lockutils [None req-18c1ad44-7d4b-4cc9-b112-46b67c3aaafb tempest-DeleteServersTestJSON-890548587 tempest-DeleteServersTestJSON-890548587-project-member] Lock "('np0000002963', 'np0000002963')" acquired by "nova.scheduler.host_manager.HostState.update.._locked_update" :: waited 0.000s {{(pid=95663) inner /opt/stack/data/venv/lib/python3.12/site-packages/oslo_concurrency/lockutils.py:524}}
Jun 16 15:38:16.893776 np0000002963 nova-scheduler[95663]: DEBUG nova.scheduler.host_manager [None req-18c1ad44-7d4b-4cc9-b112-46b67c3aaafb tempest-DeleteServersTestJSON-890548587 tempest-DeleteServersTestJSON-890548587-project-member] Update host state from compute node: ComputeNode(cpu_allocation_ratio=4.0,cpu_info='{"arch": "x86_64", "model": "EPYC-Milan", "vendor": "AMD", "topology": {"cells": 1, "sockets": 12, "cores": 1, "threads": 1}, "maxphysaddr": {"mode": "emulate", "bits": 40}, "features": ["pclmuldq", "smep", "bmi1", "popcnt", "misalignsse", "amd-stibp", "xsaveerptr", "pse", "hypervisor", "rdrand", "x2apic", "pschange-mc-no", "sse4.1", "clflushopt", "ibpb", "fsrm", "sha-ni", "3dnowprefetch", "lfence-always-serializing", "sse4a", "tsc-deadline", "svme-addr-chk", "ibrs", "arch-capabilities", "tsc_adjust", "xgetbv1", "pni", "xsaveopt", "amd-psfd", "xsaves", "mmxext", "cx16", "tsc-scale", "virt-ssbd", "tsc", "nrip-save", "gds-no", "syscall", "v-vmsave-vmload", "stibp-always-on", "movbe", "sse2", "lbrv", "lm", "null-sel-clr-base", "rdseed", "bmi2", "f16c", "fxsr", "cx8", "clwb", "perfctr_core", "wbnoinvd", "spec-ctrl", "pcid", "cmov", "invpcid", "vaes", "pae", "pse36", "no-nested-data-bp", "flushbyasid", "mds-no", "clzero", "de", "svm", "arat", "smap", "fma", "rdpid", "adx", "topoext", "vgif", "osvw", "apic", "pku", "mce", "sep", "erms", "pat", "pfthreshold", "aes", "clflush", "mtrr", "fxsr_opt", "vmcb-clean", "vme", "ssse3", "msr", "pge", "npt", "cmp_legacy", "sse", "rdctl-no", "skip-l1dfl-vmentry", "avx2", "lahf_lm", "pdpe1gb", "avx", "ssbd", "pause-filter", "abm", "vpclmulqdq", "xsavec", "nx", "amd-ssbd", "sse4.2", "fpu", "fsgsbase", "umip", "mca", "stibp", "rdtscp", "mmx", "xsave", "cr8legacy"]}',created_at=2026-06-16T15:35:41Z,current_workload=0,deleted=False,deleted_at=None,disk_allocation_ratio=1.0,disk_available_least=74,free_disk_gb=95,free_ram_mb=23518,host='np0000002963',host_ip=10.4.3.52,hypervisor_hostname='np0000002963',hypervisor_type='QEMU',hypervisor_version=8002002,id=1,local_gb=95,local_gb_used=0,mapped=1,memory_mb=24030,memory_mb_used=512,metrics='[]',numa_topology='{"nova_object.name": "NUMATopology", "nova_object.namespace": "nova", "nova_object.version": "1.2", "nova_object.data": {"cells": [{"nova_object.name": "NUMACell", "nova_object.namespace": "nova", "nova_object.version": "1.5", "nova_object.data": {"id": 0, "cpuset": [0, 1, 2, 3, 4, 5, 6, 7, 8, 9, 10, 11], "pcpuset": [0, 1, 2, 3, 4, 5, 6, 7, 8, 9, 10, 11], "memory": 24030, "cpu_usage": 0, "memory_usage": 0, "pinned_cpus": [], "siblings": [[6], [2], [5], [11], [8], [4], [1], [7], [10], [0], [3], [9]], "mempages": [{"nova_object.name": "NUMAPagesTopology", "nova_object.namespace": "nova", "nova_object.version": "1.1", "nova_object.data": {"size_kb": 4, "total": 6151798, "used": 0, "reserved": 0}, "nova_object.changes": ["size_kb", "reserved", "used", "total"]}, {"nova_object.name": "NUMAPagesTopology", "nova_object.namespace": "nova", "nova_object.version": "1.1", "nova_object.data": {"size_kb": 2048, "total": 0, "used": 0, "reserved": 0}, "nova_object.changes": ["size_kb", "reserved", "used", "total"]}, {"nova_object.name": "NUMAPagesTopology", "nova_object.namespace": "nova", "nova_object.version": "1.1", "nova_object.data": {"size_kb": 1048576, "total": 0, "used": 0, "reserved": 0}, "nova_object.changes": ["size_kb", "reserved", "used", "total"]}], "network_metadata": {"nova_object.name": "NetworkMetadata", "nova_object.namespace": "nova", "nova_object.version": "1.0", "nova_object.data": {"physnets": [], "tunneled": false}, "nova_object.changes": ["tunneled", "physnets"]}, "socket": null}, "nova_object.changes": ["memory", "pinned_cpus", "pcpuset", "cpuset", "network_metadata", "mempages", "id", "socket", "memory_usage", "siblings", "cpu_usage"]}]}, "nova_object.changes": ["cells"]}',pci_device_pools=PciDevicePoolList,ram_allocation_ratio=1.0,running_vms=0,service_id=2,stats={failed_builds='0',uptime=' 15:37:27 up 25 min, 2 users, load average: 1.55, 1.70, 0.97
Jun 16 15:38:16.893776 np0000002963 nova-scheduler[95663]: '},supported_hv_specs=[HVSpec,HVSpec,HVSpec,HVSpec,HVSpec,HVSpec,HVSpec,HVSpec,HVSpec,HVSpec,HVSpec,HVSpec,HVSpec,HVSpec,HVSpec,HVSpec,HVSpec,HVSpec,HVSpec,HVSpec,HVSpec,HVSpec,HVSpec,HVSpec,HVSpec],updated_at=2026-06-16T15:37:29Z,uuid=54f00611-df94-49f3-aa38-fe4186cb32e9,vcpus=12,vcpus_used=0) {{(pid=95663) _locked_update /opt/stack/nova/nova/scheduler/host_manager.py:168}}
Jun 16 15:38:16.894830 np0000002963 nova-scheduler[95663]: DEBUG nova.scheduler.host_manager [None req-18c1ad44-7d4b-4cc9-b112-46b67c3aaafb tempest-DeleteServersTestJSON-890548587 tempest-DeleteServersTestJSON-890548587-project-member] Update host state with aggregates: [] {{(pid=95663) _locked_update /opt/stack/nova/nova/scheduler/host_manager.py:171}}
Jun 16 15:38:16.895106 np0000002963 nova-scheduler[95663]: DEBUG nova.scheduler.host_manager [None req-18c1ad44-7d4b-4cc9-b112-46b67c3aaafb tempest-DeleteServersTestJSON-890548587 tempest-DeleteServersTestJSON-890548587-project-member] Update host state with service dict: {'id': 2, 'uuid': '3323a03f-4637-4702-8343-11dc396ecdb6', 'host': 'np0000002963', 'binary': 'nova-compute', 'topic': 'compute', 'report_count': 2, 'disabled': False, 'disabled_reason': None, 'last_seen_up': datetime.datetime(2026, 6, 16, 15, 37, 50, tzinfo=datetime.timezone.utc), 'forced_down': False, 'version': 72, 'created_at': datetime.datetime(2026, 6, 16, 15, 35, 40, tzinfo=datetime.timezone.utc), 'updated_at': datetime.datetime(2026, 6, 16, 15, 37, 50, tzinfo=datetime.timezone.utc), 'deleted_at': None, 'deleted': False} {{(pid=95663) _locked_update /opt/stack/nova/nova/scheduler/host_manager.py:174}}
Jun 16 15:38:16.895302 np0000002963 nova-scheduler[95663]: DEBUG nova.scheduler.host_manager [None req-18c1ad44-7d4b-4cc9-b112-46b67c3aaafb tempest-DeleteServersTestJSON-890548587 tempest-DeleteServersTestJSON-890548587-project-member] Update host state with instances: [] {{(pid=95663) _locked_update /opt/stack/nova/nova/scheduler/host_manager.py:177}}
Jun 16 15:38:16.895403 np0000002963 nova-scheduler[95663]: DEBUG oslo_concurrency.lockutils [None req-18c1ad44-7d4b-4cc9-b112-46b67c3aaafb tempest-DeleteServersTestJSON-890548587 tempest-DeleteServersTestJSON-890548587-project-member] Lock "('np0000002963', 'np0000002963')" "released" by "nova.scheduler.host_manager.HostState.update.._locked_update" :: held 0.003s {{(pid=95663) inner /opt/stack/data/venv/lib/python3.12/site-packages/oslo_concurrency/lockutils.py:543}}
Jun 16 15:38:16.895861 np0000002963 nova-scheduler[95663]: DEBUG nova.filters [None req-18c1ad44-7d4b-4cc9-b112-46b67c3aaafb tempest-DeleteServersTestJSON-890548587 tempest-DeleteServersTestJSON-890548587-project-member] Starting with 1 host(s) {{(pid=95663) get_filtered_objects /opt/stack/nova/nova/filters.py:70}}
Jun 16 15:38:16.896146 np0000002963 nova-scheduler[95663]: DEBUG nova.filters [None req-18c1ad44-7d4b-4cc9-b112-46b67c3aaafb tempest-DeleteServersTestJSON-890548587 tempest-DeleteServersTestJSON-890548587-project-member] Filter ComputeFilter returned 1 host(s) {{(pid=95663) get_filtered_objects /opt/stack/nova/nova/filters.py:102}}
Jun 16 15:38:16.896340 np0000002963 nova-scheduler[95663]: DEBUG nova.filters [None req-18c1ad44-7d4b-4cc9-b112-46b67c3aaafb tempest-DeleteServersTestJSON-890548587 tempest-DeleteServersTestJSON-890548587-project-member] Filter ComputeCapabilitiesFilter returned 1 host(s) {{(pid=95663) get_filtered_objects /opt/stack/nova/nova/filters.py:102}}
Jun 16 15:38:16.896597 np0000002963 nova-scheduler[95663]: DEBUG nova.filters [None req-18c1ad44-7d4b-4cc9-b112-46b67c3aaafb tempest-DeleteServersTestJSON-890548587 tempest-DeleteServersTestJSON-890548587-project-member] Filter ImagePropertiesFilter returned 1 host(s) {{(pid=95663) get_filtered_objects /opt/stack/nova/nova/filters.py:102}}
Jun 16 15:38:16.896767 np0000002963 nova-scheduler[95663]: DEBUG nova.filters [None req-18c1ad44-7d4b-4cc9-b112-46b67c3aaafb tempest-DeleteServersTestJSON-890548587 tempest-DeleteServersTestJSON-890548587-project-member] Filter ServerGroupAntiAffinityFilter returned 1 host(s) {{(pid=95663) get_filtered_objects /opt/stack/nova/nova/filters.py:102}}
Jun 16 15:38:16.897080 np0000002963 nova-scheduler[95663]: DEBUG nova.filters [None req-18c1ad44-7d4b-4cc9-b112-46b67c3aaafb tempest-DeleteServersTestJSON-890548587 tempest-DeleteServersTestJSON-890548587-project-member] Filter ServerGroupAffinityFilter returned 1 host(s) {{(pid=95663) get_filtered_objects /opt/stack/nova/nova/filters.py:102}}
Jun 16 15:38:16.897080 np0000002963 nova-scheduler[95663]: DEBUG nova.filters [None req-18c1ad44-7d4b-4cc9-b112-46b67c3aaafb tempest-DeleteServersTestJSON-890548587 tempest-DeleteServersTestJSON-890548587-project-member] Filter SameHostFilter returned 1 host(s) {{(pid=95663) get_filtered_objects /opt/stack/nova/nova/filters.py:102}}
Jun 16 15:38:16.897443 np0000002963 nova-scheduler[95663]: DEBUG nova.filters [None req-18c1ad44-7d4b-4cc9-b112-46b67c3aaafb tempest-DeleteServersTestJSON-890548587 tempest-DeleteServersTestJSON-890548587-project-member] Filter DifferentHostFilter returned 1 host(s) {{(pid=95663) get_filtered_objects /opt/stack/nova/nova/filters.py:102}}
Jun 16 15:38:16.897443 np0000002963 nova-scheduler[95663]: DEBUG nova.scheduler.manager [None req-18c1ad44-7d4b-4cc9-b112-46b67c3aaafb tempest-DeleteServersTestJSON-890548587 tempest-DeleteServersTestJSON-890548587-project-member] Filtered [(np0000002963, np0000002963) ram: 23518MB disk: 75776MB io_ops: 0 instances: 0, allocation_candidates: 1] {{(pid=95663) _get_sorted_hosts /opt/stack/nova/nova/scheduler/manager.py:743}}
Jun 16 15:38:16.897596 np0000002963 nova-scheduler[95663]: DEBUG nova.scheduler.manager [None req-18c1ad44-7d4b-4cc9-b112-46b67c3aaafb tempest-DeleteServersTestJSON-890548587 tempest-DeleteServersTestJSON-890548587-project-member] Weighed [WeighedHost [host: (np0000002963, np0000002963) ram: 23518MB disk: 75776MB io_ops: 0 instances: 0, allocation_candidates: 1, weight: 0.0]] {{(pid=95663) _get_sorted_hosts /opt/stack/nova/nova/scheduler/manager.py:765}}
Jun 16 15:38:16.897811 np0000002963 nova-scheduler[95663]: DEBUG nova.scheduler.utils [None req-18c1ad44-7d4b-4cc9-b112-46b67c3aaafb tempest-DeleteServersTestJSON-890548587 tempest-DeleteServersTestJSON-890548587-project-member] Attempting to claim resources in the placement API for instance c44e5568-082a-419b-9c54-1685cc011f01 {{(pid=95663) claim_resources /opt/stack/nova/nova/scheduler/utils.py:1345}}
Jun 16 15:38:17.114958 np0000002963 nova-scheduler[95663]: DEBUG nova.scheduler.manager [None req-18c1ad44-7d4b-4cc9-b112-46b67c3aaafb tempest-DeleteServersTestJSON-890548587 tempest-DeleteServersTestJSON-890548587-project-member] [instance: c44e5568-082a-419b-9c54-1685cc011f01] Selected host: (np0000002963, np0000002963) ram: 23518MB disk: 75776MB io_ops: 0 instances: 0, allocation_candidates: 1 {{(pid=95663) _consume_selected_host /opt/stack/nova/nova/scheduler/manager.py:625}}
Jun 16 15:38:17.114958 np0000002963 nova-scheduler[95663]: DEBUG oslo_concurrency.lockutils [None req-18c1ad44-7d4b-4cc9-b112-46b67c3aaafb tempest-DeleteServersTestJSON-890548587 tempest-DeleteServersTestJSON-890548587-project-member] Acquiring lock "('np0000002963', 'np0000002963')" by "nova.scheduler.host_manager.HostState.consume_from_request.._locked" {{(pid=95663) inner /opt/stack/data/venv/lib/python3.12/site-packages/oslo_concurrency/lockutils.py:511}}
Jun 16 15:38:17.114958 np0000002963 nova-scheduler[95663]: DEBUG oslo_concurrency.lockutils [None req-18c1ad44-7d4b-4cc9-b112-46b67c3aaafb tempest-DeleteServersTestJSON-890548587 tempest-DeleteServersTestJSON-890548587-project-member] Lock "('np0000002963', 'np0000002963')" acquired by "nova.scheduler.host_manager.HostState.consume_from_request.._locked" :: waited 0.001s {{(pid=95663) inner /opt/stack/data/venv/lib/python3.12/site-packages/oslo_concurrency/lockutils.py:524}}
Jun 16 15:38:17.114958 np0000002963 nova-scheduler[95663]: DEBUG oslo_concurrency.lockutils [None req-18c1ad44-7d4b-4cc9-b112-46b67c3aaafb tempest-DeleteServersTestJSON-890548587 tempest-DeleteServersTestJSON-890548587-project-member] Lock "('np0000002963', 'np0000002963')" "released" by "nova.scheduler.host_manager.HostState.consume_from_request.._locked" :: held 0.000s {{(pid=95663) inner /opt/stack/data/venv/lib/python3.12/site-packages/oslo_concurrency/lockutils.py:543}}
Jun 16 15:38:17.411831 np0000002963 nova-scheduler[95637]: DEBUG nova.scheduler.manager [None req-0951dd77-516b-4137-ad6c-447ae6d4a8bd tempest-AttachVolumeShelveTestJSON-92703710 tempest-AttachVolumeShelveTestJSON-92703710-project-member] Starting to schedule for instances: ['93022a5a-82c3-4cfd-b2ee-792e39a27efe'] {{(pid=95637) select_destinations /opt/stack/nova/nova/scheduler/manager.py:210}}
Jun 16 15:38:17.412624 np0000002963 nova-scheduler[95637]: DEBUG nova.scheduler.request_filter [None req-0951dd77-516b-4137-ad6c-447ae6d4a8bd tempest-AttachVolumeShelveTestJSON-92703710 tempest-AttachVolumeShelveTestJSON-92703710-project-member] compute_status_filter request filter added forbidden trait COMPUTE_STATUS_DISABLED {{(pid=95637) compute_status_filter /opt/stack/nova/nova/scheduler/request_filter.py:253}}
Jun 16 15:38:17.412711 np0000002963 nova-scheduler[95637]: DEBUG nova.scheduler.request_filter [None req-0951dd77-516b-4137-ad6c-447ae6d4a8bd tempest-AttachVolumeShelveTestJSON-92703710 tempest-AttachVolumeShelveTestJSON-92703710-project-member] Request filter 'compute_status_filter' took 0.0 seconds {{(pid=95637) wrapper /opt/stack/nova/nova/scheduler/request_filter.py:46}}
Jun 16 15:38:17.413207 np0000002963 nova-scheduler[95637]: DEBUG nova.scheduler.request_filter [None req-0951dd77-516b-4137-ad6c-447ae6d4a8bd tempest-AttachVolumeShelveTestJSON-92703710 tempest-AttachVolumeShelveTestJSON-92703710-project-member] Request filter 'accelerators_filter' took 0.0 seconds {{(pid=95637) wrapper /opt/stack/nova/nova/scheduler/request_filter.py:46}}
Jun 16 15:38:17.413364 np0000002963 nova-scheduler[95637]: DEBUG nova.scheduler.request_filter [None req-0951dd77-516b-4137-ad6c-447ae6d4a8bd tempest-AttachVolumeShelveTestJSON-92703710 tempest-AttachVolumeShelveTestJSON-92703710-project-member] Request filter 'packed_virtqueue_filter' took 0.0 seconds {{(pid=95637) wrapper /opt/stack/nova/nova/scheduler/request_filter.py:46}}
Jun 16 15:38:17.413773 np0000002963 nova-scheduler[95637]: DEBUG nova.scheduler.request_filter [None req-0951dd77-516b-4137-ad6c-447ae6d4a8bd tempest-AttachVolumeShelveTestJSON-92703710 tempest-AttachVolumeShelveTestJSON-92703710-project-member] Request filter 'remote_managed_ports_filter' took 0.0 seconds {{(pid=95637) wrapper /opt/stack/nova/nova/scheduler/request_filter.py:46}}
Jun 16 15:38:17.414019 np0000002963 nova-scheduler[95637]: DEBUG nova.scheduler.request_filter [None req-0951dd77-516b-4137-ad6c-447ae6d4a8bd tempest-AttachVolumeShelveTestJSON-92703710 tempest-AttachVolumeShelveTestJSON-92703710-project-member] ephemeral_encryption_filter skipped {{(pid=95637) ephemeral_encryption_filter /opt/stack/nova/nova/scheduler/request_filter.py:426}}
Jun 16 15:38:17.414657 np0000002963 nova-scheduler[95637]: DEBUG nova.scheduler.request_filter [None req-0951dd77-516b-4137-ad6c-447ae6d4a8bd tempest-AttachVolumeShelveTestJSON-92703710 tempest-AttachVolumeShelveTestJSON-92703710-project-member] virtio_sound_filter skipped {{(pid=95637) virtio_sound_filter /opt/stack/nova/nova/scheduler/request_filter.py:460}}
Jun 16 15:38:17.415613 np0000002963 nova-scheduler[95637]: DEBUG nova.scheduler.request_filter [None req-0951dd77-516b-4137-ad6c-447ae6d4a8bd tempest-AttachVolumeShelveTestJSON-92703710 tempest-AttachVolumeShelveTestJSON-92703710-project-member] tpm_secret_security_filter skipped {{(pid=95637) tpm_secret_security_filter /opt/stack/nova/nova/scheduler/request_filter.py:477}}
Jun 16 15:38:17.506932 np0000002963 nova-scheduler[95683]: DEBUG nova.scheduler.manager [None req-ba114260-2863-4507-a9f5-93aadb20abab tempest-ServerActionsTestOtherA-969377683 tempest-ServerActionsTestOtherA-969377683-project-member] Starting to schedule for instances: ['9f7d008f-648e-4edc-9d0f-6e4c7ee633e0'] {{(pid=95683) select_destinations /opt/stack/nova/nova/scheduler/manager.py:210}}
Jun 16 15:38:17.507783 np0000002963 nova-scheduler[95683]: DEBUG nova.scheduler.request_filter [None req-ba114260-2863-4507-a9f5-93aadb20abab tempest-ServerActionsTestOtherA-969377683 tempest-ServerActionsTestOtherA-969377683-project-member] compute_status_filter request filter added forbidden trait COMPUTE_STATUS_DISABLED {{(pid=95683) compute_status_filter /opt/stack/nova/nova/scheduler/request_filter.py:253}}
Jun 16 15:38:17.507923 np0000002963 nova-scheduler[95683]: DEBUG nova.scheduler.request_filter [None req-ba114260-2863-4507-a9f5-93aadb20abab tempest-ServerActionsTestOtherA-969377683 tempest-ServerActionsTestOtherA-969377683-project-member] Request filter 'compute_status_filter' took 0.0 seconds {{(pid=95683) wrapper /opt/stack/nova/nova/scheduler/request_filter.py:46}}
Jun 16 15:38:17.509039 np0000002963 nova-scheduler[95683]: DEBUG nova.scheduler.request_filter [None req-ba114260-2863-4507-a9f5-93aadb20abab tempest-ServerActionsTestOtherA-969377683 tempest-ServerActionsTestOtherA-969377683-project-member] Request filter 'accelerators_filter' took 0.0 seconds {{(pid=95683) wrapper /opt/stack/nova/nova/scheduler/request_filter.py:46}}
Jun 16 15:38:17.509759 np0000002963 nova-scheduler[95683]: DEBUG nova.scheduler.request_filter [None req-ba114260-2863-4507-a9f5-93aadb20abab tempest-ServerActionsTestOtherA-969377683 tempest-ServerActionsTestOtherA-969377683-project-member] Request filter 'packed_virtqueue_filter' took 0.0 seconds {{(pid=95683) wrapper /opt/stack/nova/nova/scheduler/request_filter.py:46}}
Jun 16 15:38:17.510236 np0000002963 nova-scheduler[95683]: DEBUG nova.scheduler.request_filter [None req-ba114260-2863-4507-a9f5-93aadb20abab tempest-ServerActionsTestOtherA-969377683 tempest-ServerActionsTestOtherA-969377683-project-member] Request filter 'remote_managed_ports_filter' took 0.0 seconds {{(pid=95683) wrapper /opt/stack/nova/nova/scheduler/request_filter.py:46}}
Jun 16 15:38:17.510421 np0000002963 nova-scheduler[95683]: DEBUG nova.scheduler.request_filter [None req-ba114260-2863-4507-a9f5-93aadb20abab tempest-ServerActionsTestOtherA-969377683 tempest-ServerActionsTestOtherA-969377683-project-member] ephemeral_encryption_filter skipped {{(pid=95683) ephemeral_encryption_filter /opt/stack/nova/nova/scheduler/request_filter.py:426}}
Jun 16 15:38:17.510616 np0000002963 nova-scheduler[95683]: DEBUG nova.scheduler.request_filter [None req-ba114260-2863-4507-a9f5-93aadb20abab tempest-ServerActionsTestOtherA-969377683 tempest-ServerActionsTestOtherA-969377683-project-member] virtio_sound_filter skipped {{(pid=95683) virtio_sound_filter /opt/stack/nova/nova/scheduler/request_filter.py:460}}
Jun 16 15:38:17.510770 np0000002963 nova-scheduler[95683]: DEBUG nova.scheduler.request_filter [None req-ba114260-2863-4507-a9f5-93aadb20abab tempest-ServerActionsTestOtherA-969377683 tempest-ServerActionsTestOtherA-969377683-project-member] tpm_secret_security_filter skipped {{(pid=95683) tpm_secret_security_filter /opt/stack/nova/nova/scheduler/request_filter.py:477}}
Jun 16 15:38:17.554216 np0000002963 nova-scheduler[95637]: INFO nova.utils [None req-0951dd77-516b-4137-ad6c-447ae6d4a8bd tempest-AttachVolumeShelveTestJSON-92703710 tempest-AttachVolumeShelveTestJSON-92703710-project-member] The cell worker thread pool ForkProcess-1.cell_worker is initialized
Jun 16 15:38:17.554363 np0000002963 nova-scheduler[95637]: DEBUG oslo_concurrency.lockutils [None req-0951dd77-516b-4137-ad6c-447ae6d4a8bd tempest-AttachVolumeShelveTestJSON-92703710 tempest-AttachVolumeShelveTestJSON-92703710-project-member] Acquiring lock "11382258-310c-4ba6-90d5-b0a70fb5f956" by "nova.context.set_target_cell..get_or_set_cached_cell_and_set_connections" {{(pid=95637) inner /opt/stack/data/venv/lib/python3.12/site-packages/oslo_concurrency/lockutils.py:511}}
Jun 16 15:38:17.554510 np0000002963 nova-scheduler[95637]: DEBUG oslo_concurrency.lockutils [None req-0951dd77-516b-4137-ad6c-447ae6d4a8bd tempest-AttachVolumeShelveTestJSON-92703710 tempest-AttachVolumeShelveTestJSON-92703710-project-member] Lock "11382258-310c-4ba6-90d5-b0a70fb5f956" acquired by "nova.context.set_target_cell..get_or_set_cached_cell_and_set_connections" :: waited 0.000s {{(pid=95637) inner /opt/stack/data/venv/lib/python3.12/site-packages/oslo_concurrency/lockutils.py:524}}
