Jun 16 15:35:21.020245 np0000002963 nova-conductor[98051]: DEBUG cotyledon.oslo_config_glue [-] oslo_limit.auth_section = None {{(pid=98051) log_opt_values /opt/stack/data/venv/lib/python3.12/site-packages/oslo_config/cfg.py:3253}}
Jun 16 15:35:21.020245 np0000002963 nova-conductor[98051]: DEBUG cotyledon.oslo_config_glue [-] oslo_limit.auth_type = None {{(pid=98051) log_opt_values /opt/stack/data/venv/lib/python3.12/site-packages/oslo_config/cfg.py:3253}}
Jun 16 15:35:21.020245 np0000002963 nova-conductor[98051]: DEBUG cotyledon.oslo_config_glue [-] oslo_limit.cafile = None {{(pid=98051) log_opt_values /opt/stack/data/venv/lib/python3.12/site-packages/oslo_config/cfg.py:3253}}
Jun 16 15:35:21.020245 np0000002963 nova-conductor[98051]: DEBUG cotyledon.oslo_config_glue [-] oslo_limit.certfile = None {{(pid=98051) log_opt_values /opt/stack/data/venv/lib/python3.12/site-packages/oslo_config/cfg.py:3253}}
Jun 16 15:35:21.020245 np0000002963 nova-conductor[98051]: DEBUG cotyledon.oslo_config_glue [-] oslo_limit.collect_timing = False {{(pid=98051) log_opt_values /opt/stack/data/venv/lib/python3.12/site-packages/oslo_config/cfg.py:3253}}
Jun 16 15:35:21.020245 np0000002963 nova-conductor[98051]: DEBUG cotyledon.oslo_config_glue [-] oslo_limit.connect_retries = None {{(pid=98051) log_opt_values /opt/stack/data/venv/lib/python3.12/site-packages/oslo_config/cfg.py:3253}}
Jun 16 15:35:21.020487 np0000002963 nova-conductor[98051]: DEBUG cotyledon.oslo_config_glue [-] oslo_limit.connect_retry_delay = None {{(pid=98051) log_opt_values /opt/stack/data/venv/lib/python3.12/site-packages/oslo_config/cfg.py:3253}}
Jun 16 15:35:21.020487 np0000002963 nova-conductor[98051]: DEBUG cotyledon.oslo_config_glue [-] oslo_limit.endpoint_id = None {{(pid=98051) log_opt_values /opt/stack/data/venv/lib/python3.12/site-packages/oslo_config/cfg.py:3253}}
Jun 16 15:35:21.020487 np0000002963 nova-conductor[98051]: DEBUG cotyledon.oslo_config_glue [-] oslo_limit.endpoint_interface = public {{(pid=98051) log_opt_values /opt/stack/data/venv/lib/python3.12/site-packages/oslo_config/cfg.py:3253}}
Jun 16 15:35:21.020487 np0000002963 nova-conductor[98051]: DEBUG cotyledon.oslo_config_glue [-] oslo_limit.endpoint_override = None {{(pid=98051) log_opt_values /opt/stack/data/venv/lib/python3.12/site-packages/oslo_config/cfg.py:3253}}
Jun 16 15:35:21.020487 np0000002963 nova-conductor[98051]: DEBUG cotyledon.oslo_config_glue [-] oslo_limit.endpoint_region_name = None {{(pid=98051) log_opt_values /opt/stack/data/venv/lib/python3.12/site-packages/oslo_config/cfg.py:3253}}
Jun 16 15:35:21.020684 np0000002963 nova-conductor[98051]: DEBUG cotyledon.oslo_config_glue [-] oslo_limit.endpoint_service_name = None {{(pid=98051) log_opt_values /opt/stack/data/venv/lib/python3.12/site-packages/oslo_config/cfg.py:3253}}
Jun 16 15:35:21.020684 np0000002963 nova-conductor[98051]: DEBUG cotyledon.oslo_config_glue [-] oslo_limit.endpoint_service_type = None {{(pid=98051) log_opt_values /opt/stack/data/venv/lib/python3.12/site-packages/oslo_config/cfg.py:3253}}
Jun 16 15:35:21.020684 np0000002963 nova-conductor[98051]: DEBUG cotyledon.oslo_config_glue [-] oslo_limit.insecure = False {{(pid=98051) log_opt_values /opt/stack/data/venv/lib/python3.12/site-packages/oslo_config/cfg.py:3253}}
Jun 16 15:35:21.021341 np0000002963 nova-conductor[98051]: DEBUG cotyledon.oslo_config_glue [-] oslo_limit.keyfile = None {{(pid=98051) log_opt_values /opt/stack/data/venv/lib/python3.12/site-packages/oslo_config/cfg.py:3253}}
Jun 16 15:35:21.021341 np0000002963 nova-conductor[98051]: DEBUG cotyledon.oslo_config_glue [-] oslo_limit.max_version = None {{(pid=98051) log_opt_values /opt/stack/data/venv/lib/python3.12/site-packages/oslo_config/cfg.py:3253}}
Jun 16 15:35:21.021341 np0000002963 nova-conductor[98051]: DEBUG cotyledon.oslo_config_glue [-] oslo_limit.min_version = None {{(pid=98051) log_opt_values /opt/stack/data/venv/lib/python3.12/site-packages/oslo_config/cfg.py:3253}}
Jun 16 15:35:21.021341 np0000002963 nova-conductor[98051]: DEBUG cotyledon.oslo_config_glue [-] oslo_limit.region_name = None {{(pid=98051) log_opt_values /opt/stack/data/venv/lib/python3.12/site-packages/oslo_config/cfg.py:3253}}
Jun 16 15:35:21.021341 np0000002963 nova-conductor[98051]: DEBUG cotyledon.oslo_config_glue [-] oslo_limit.retriable_status_codes = None {{(pid=98051) log_opt_values /opt/stack/data/venv/lib/python3.12/site-packages/oslo_config/cfg.py:3253}}
Jun 16 15:35:21.021341 np0000002963 nova-conductor[98051]: DEBUG cotyledon.oslo_config_glue [-] oslo_limit.service_name = None {{(pid=98051) log_opt_values /opt/stack/data/venv/lib/python3.12/site-packages/oslo_config/cfg.py:3253}}
Jun 16 15:35:21.021341 np0000002963 nova-conductor[98051]: DEBUG cotyledon.oslo_config_glue [-] oslo_limit.service_type = None {{(pid=98051) log_opt_values /opt/stack/data/venv/lib/python3.12/site-packages/oslo_config/cfg.py:3253}}
Jun 16 15:35:21.021341 np0000002963 nova-conductor[98051]: DEBUG cotyledon.oslo_config_glue [-] oslo_limit.split_loggers = False {{(pid=98051) log_opt_values /opt/stack/data/venv/lib/python3.12/site-packages/oslo_config/cfg.py:3253}}
Jun 16 15:35:21.021341 np0000002963 nova-conductor[98051]: DEBUG cotyledon.oslo_config_glue [-] oslo_limit.status_code_retries = None {{(pid=98051) log_opt_values /opt/stack/data/venv/lib/python3.12/site-packages/oslo_config/cfg.py:3253}}
Jun 16 15:35:21.021687 np0000002963 nova-conductor[98051]: DEBUG cotyledon.oslo_config_glue [-] oslo_limit.status_code_retry_delay = None {{(pid=98051) log_opt_values /opt/stack/data/venv/lib/python3.12/site-packages/oslo_config/cfg.py:3253}}
Jun 16 15:35:21.021687 np0000002963 nova-conductor[98051]: DEBUG cotyledon.oslo_config_glue [-] oslo_limit.timeout = None {{(pid=98051) log_opt_values /opt/stack/data/venv/lib/python3.12/site-packages/oslo_config/cfg.py:3253}}
Jun 16 15:35:21.021687 np0000002963 nova-conductor[98051]: DEBUG cotyledon.oslo_config_glue [-] oslo_limit.valid_interfaces = None {{(pid=98051) log_opt_values /opt/stack/data/venv/lib/python3.12/site-packages/oslo_config/cfg.py:3253}}
Jun 16 15:35:21.021687 np0000002963 nova-conductor[98051]: DEBUG cotyledon.oslo_config_glue [-] oslo_limit.version = None {{(pid=98051) log_opt_values /opt/stack/data/venv/lib/python3.12/site-packages/oslo_config/cfg.py:3253}}
Jun 16 15:35:21.021687 np0000002963 nova-conductor[98051]: DEBUG cotyledon.oslo_config_glue [-] oslo_reports.file_event_handler = None {{(pid=98051) log_opt_values /opt/stack/data/venv/lib/python3.12/site-packages/oslo_config/cfg.py:3253}}
Jun 16 15:35:21.021687 np0000002963 nova-conductor[98051]: DEBUG cotyledon.oslo_config_glue [-] oslo_reports.file_event_handler_interval = 1 {{(pid=98051) log_opt_values /opt/stack/data/venv/lib/python3.12/site-packages/oslo_config/cfg.py:3253}}
Jun 16 15:35:21.021938 np0000002963 nova-conductor[98051]: DEBUG cotyledon.oslo_config_glue [-] oslo_reports.log_dir = None {{(pid=98051) log_opt_values /opt/stack/data/venv/lib/python3.12/site-packages/oslo_config/cfg.py:3253}}
Jun 16 15:35:21.021938 np0000002963 nova-conductor[98051]: DEBUG cotyledon.oslo_config_glue [-] ******************************************************************************** {{(pid=98051) log_opt_values /opt/stack/data/venv/lib/python3.12/site-packages/oslo_config/cfg.py:3260}}
Jun 16 15:35:21.022051 np0000002963 nova-conductor[98051]: DEBUG cotyledon._service_worker [-] Run service ServiceWrapper(2) [98051] {{(pid=98051) wait_forever /opt/stack/data/venv/lib/python3.12/site-packages/cotyledon/_service_worker.py:218}}
Jun 16 15:35:21.023494 np0000002963 nova-conductor[98051]: INFO nova.service [-] Starting conductor node (version 33.1.0)
Jun 16 15:35:21.027862 np0000002963 nova-conductor[98051]: INFO dbcounter [None req-c12a5b5b-9179-4bc9-8ad4-284e6ce4fbea None None] Registered counter for database nova_cell0
Jun 16 15:35:21.033537 np0000002963 nova-conductor[98039]: DEBUG nova.service [None req-2173b909-9193-4ce4-9d5a-c8c11c580c67 None None] Creating RPC server for service: nova-conductor on topic: conductor {{(pid=98039) start /opt/stack/nova/nova/service.py:196}}
Jun 16 15:35:21.040044 np0000002963 nova-conductor[98046]: DEBUG oslo_db.sqlalchemy.engines [None req-20212b9c-ace8-4cb6-8f65-046b13666353 None None] MySQL server mode set to STRICT_TRANS_TABLES,STRICT_ALL_TABLES,NO_ZERO_IN_DATE,NO_ZERO_DATE,ERROR_FOR_DIVISION_BY_ZERO,TRADITIONAL,NO_ENGINE_SUBSTITUTION {{(pid=98046) _check_effective_sql_mode /opt/stack/data/venv/lib/python3.12/site-packages/oslo_db/sqlalchemy/engines.py:325}}
Jun 16 15:35:21.055266 np0000002963 nova-conductor[98046]: DEBUG dbcounter [-] [98046] Writer thread running {{(pid=98046) stat_writer /opt/stack/data/venv/lib/python3.12/site-packages/dbcounter.py:102}}
Jun 16 15:35:21.056498 np0000002963 nova-conductor[98039]: DEBUG nova.service [None req-2173b909-9193-4ce4-9d5a-c8c11c580c67 None None] Join ServiceGroup membership for this service conductor {{(pid=98039) start /opt/stack/nova/nova/service.py:222}}
Jun 16 15:35:21.056680 np0000002963 nova-conductor[98039]: DEBUG nova.servicegroup.drivers.db [None req-2173b909-9193-4ce4-9d5a-c8c11c580c67 None None] DB_Driver: join new ServiceGroup member np0000002963 to the conductor group, service = {{(pid=98039) join /opt/stack/nova/nova/servicegroup/drivers/db.py:44}}
Jun 16 15:35:21.060466 np0000002963 nova-conductor[98046]: DEBUG nova.service [None req-20212b9c-ace8-4cb6-8f65-046b13666353 None None] Creating RPC server for service: nova-conductor on topic: conductor {{(pid=98046) start /opt/stack/nova/nova/service.py:196}}
Jun 16 15:35:21.073007 np0000002963 nova-conductor[98051]: DEBUG oslo_db.sqlalchemy.engines [None req-c12a5b5b-9179-4bc9-8ad4-284e6ce4fbea None None] MySQL server mode set to STRICT_TRANS_TABLES,STRICT_ALL_TABLES,NO_ZERO_IN_DATE,NO_ZERO_DATE,ERROR_FOR_DIVISION_BY_ZERO,TRADITIONAL,NO_ENGINE_SUBSTITUTION {{(pid=98051) _check_effective_sql_mode /opt/stack/data/venv/lib/python3.12/site-packages/oslo_db/sqlalchemy/engines.py:325}}
Jun 16 15:35:21.079305 np0000002963 nova-conductor[98046]: DEBUG nova.service [None req-20212b9c-ace8-4cb6-8f65-046b13666353 None None] Join ServiceGroup membership for this service conductor {{(pid=98046) start /opt/stack/nova/nova/service.py:222}}
Jun 16 15:35:21.079554 np0000002963 nova-conductor[98046]: DEBUG nova.servicegroup.drivers.db [None req-20212b9c-ace8-4cb6-8f65-046b13666353 None None] DB_Driver: join new ServiceGroup member np0000002963 to the conductor group, service = {{(pid=98046) join /opt/stack/nova/nova/servicegroup/drivers/db.py:44}}
Jun 16 15:35:21.084064 np0000002963 nova-conductor[98051]: DEBUG dbcounter [-] [98051] Writer thread running {{(pid=98051) stat_writer /opt/stack/data/venv/lib/python3.12/site-packages/dbcounter.py:102}}
Jun 16 15:35:21.087140 np0000002963 nova-conductor[98051]: DEBUG nova.service [None req-c12a5b5b-9179-4bc9-8ad4-284e6ce4fbea None None] Creating RPC server for service: nova-conductor on topic: conductor {{(pid=98051) start /opt/stack/nova/nova/service.py:196}}
Jun 16 15:35:21.104425 np0000002963 nova-conductor[98051]: DEBUG nova.service [None req-c12a5b5b-9179-4bc9-8ad4-284e6ce4fbea None None] Join ServiceGroup membership for this service conductor {{(pid=98051) start /opt/stack/nova/nova/service.py:222}}
Jun 16 15:35:21.104638 np0000002963 nova-conductor[98051]: DEBUG nova.servicegroup.drivers.db [None req-c12a5b5b-9179-4bc9-8ad4-284e6ce4fbea None None] DB_Driver: join new ServiceGroup member np0000002963 to the conductor group, service = {{(pid=98051) join /opt/stack/nova/nova/servicegroup/drivers/db.py:44}}
Jun 16 15:35:26.076308 np0000002963 nova-conductor[98039]: DEBUG oslo.service.backend._threading.loopingcall [-] Fixed interval looping call 'nova.servicegroup.drivers.db.DbDriver._report_state' sleeping for 119.98 seconds {{(pid=98039) _run_loop /opt/stack/data/venv/lib/python3.12/site-packages/oslo_service/backend/_threading/loopingcall.py:125}}
Jun 16 15:35:26.091753 np0000002963 nova-conductor[98046]: DEBUG oslo.service.backend._threading.loopingcall [-] Fixed interval looping call 'nova.servicegroup.drivers.db.DbDriver._report_state' sleeping for 119.99 seconds {{(pid=98046) _run_loop /opt/stack/data/venv/lib/python3.12/site-packages/oslo_service/backend/_threading/loopingcall.py:125}}
Jun 16 15:35:26.116170 np0000002963 nova-conductor[98051]: DEBUG oslo.service.backend._threading.loopingcall [-] Fixed interval looping call 'nova.servicegroup.drivers.db.DbDriver._report_state' sleeping for 119.99 seconds {{(pid=98051) _run_loop /opt/stack/data/venv/lib/python3.12/site-packages/oslo_service/backend/_threading/loopingcall.py:125}}
Jun 16 15:35:29.649111 np0000002963 nova-conductor[96570]: DEBUG dbcounter [-] [96570] Writing DB stats nova_api:SELECT=1 {{(pid=96570) stat_writer /opt/stack/data/venv/lib/python3.12/site-packages/dbcounter.py:115}}
Jun 16 15:35:29.792763 np0000002963 nova-conductor[96570]: DEBUG dbcounter [-] [96570] Writing DB stats nova_cell1:SELECT=1 {{(pid=96570) stat_writer /opt/stack/data/venv/lib/python3.12/site-packages/dbcounter.py:115}}
Jun 16 15:35:29.793821 np0000002963 nova-conductor[96570]: DEBUG dbcounter [-] [96570] Writing DB stats nova_cell0:SELECT=1 {{(pid=96570) stat_writer /opt/stack/data/venv/lib/python3.12/site-packages/dbcounter.py:115}}
Jun 16 15:35:36.069340 np0000002963 nova-conductor[98039]: DEBUG dbcounter [-] [98039] Writing DB stats nova_cell0:SELECT=4,nova_cell0:INSERT=1,nova_cell0:UPDATE=1 {{(pid=98039) stat_writer /opt/stack/data/venv/lib/python3.12/site-packages/dbcounter.py:115}}
Jun 16 15:35:36.088348 np0000002963 nova-conductor[98046]: DEBUG dbcounter [-] [98046] Writing DB stats nova_cell0:SELECT=3 {{(pid=98046) stat_writer /opt/stack/data/venv/lib/python3.12/site-packages/dbcounter.py:115}}
Jun 16 15:35:36.113610 np0000002963 nova-conductor[98051]: DEBUG dbcounter [-] [98051] Writing DB stats nova_cell0:SELECT=3 {{(pid=98051) stat_writer /opt/stack/data/venv/lib/python3.12/site-packages/dbcounter.py:115}}
Jun 16 15:35:47.058486 np0000002963 nova-conductor[98039]: DEBUG oslo.service.backend._threading.loopingcall [None req-5e03e8c0-d241-4aa7-bf69-a37b785a55d8 None None] Dynamic interval looping call 'nova.service.Service.periodic_tasks' sleeping for 60.00 seconds {{(pid=98039) _run_loop /opt/stack/data/venv/lib/python3.12/site-packages/oslo_service/backend/_threading/loopingcall.py:125}}
Jun 16 15:35:48.082262 np0000002963 nova-conductor[98046]: DEBUG oslo.service.backend._threading.loopingcall [None req-40b13d42-f5c7-43b9-bbf5-0018581316bf None None] Dynamic interval looping call 'nova.service.Service.periodic_tasks' sleeping for 60.00 seconds {{(pid=98046) _run_loop /opt/stack/data/venv/lib/python3.12/site-packages/oslo_service/backend/_threading/loopingcall.py:125}}
Jun 16 15:35:58.107285 np0000002963 nova-conductor[98051]: DEBUG oslo.service.backend._threading.loopingcall [None req-9effa95e-bbcb-41e1-89c4-120bdf3d231a None None] Dynamic interval looping call 'nova.service.Service.periodic_tasks' sleeping for 60.00 seconds {{(pid=98051) _run_loop /opt/stack/data/venv/lib/python3.12/site-packages/oslo_service/backend/_threading/loopingcall.py:125}}
Jun 16 15:36:47.059012 np0000002963 nova-conductor[98039]: DEBUG oslo.service.backend._threading.loopingcall [None req-5e03e8c0-d241-4aa7-bf69-a37b785a55d8 None None] Dynamic interval looping call 'nova.service.Service.periodic_tasks' sleeping for 60.00 seconds {{(pid=98039) _run_loop /opt/stack/data/venv/lib/python3.12/site-packages/oslo_service/backend/_threading/loopingcall.py:125}}
Jun 16 15:36:48.082742 np0000002963 nova-conductor[98046]: DEBUG oslo.service.backend._threading.loopingcall [None req-40b13d42-f5c7-43b9-bbf5-0018581316bf None None] Dynamic interval looping call 'nova.service.Service.periodic_tasks' sleeping for 60.00 seconds {{(pid=98046) _run_loop /opt/stack/data/venv/lib/python3.12/site-packages/oslo_service/backend/_threading/loopingcall.py:125}}
Jun 16 15:36:58.108017 np0000002963 nova-conductor[98051]: DEBUG oslo.service.backend._threading.loopingcall [None req-9effa95e-bbcb-41e1-89c4-120bdf3d231a None None] Dynamic interval looping call 'nova.service.Service.periodic_tasks' sleeping for 60.00 seconds {{(pid=98051) _run_loop /opt/stack/data/venv/lib/python3.12/site-packages/oslo_service/backend/_threading/loopingcall.py:125}}
Jun 16 15:37:26.064057 np0000002963 nova-conductor[98039]: DEBUG oslo.service.backend._threading.loopingcall [-] Fixed interval looping call 'nova.servicegroup.drivers.db.DbDriver._report_state' sleeping for 119.99 seconds {{(pid=98039) _run_loop /opt/stack/data/venv/lib/python3.12/site-packages/oslo_service/backend/_threading/loopingcall.py:125}}
Jun 16 15:37:26.085267 np0000002963 nova-conductor[98046]: DEBUG oslo.service.backend._threading.loopingcall [-] Fixed interval looping call 'nova.servicegroup.drivers.db.DbDriver._report_state' sleeping for 120.00 seconds {{(pid=98046) _run_loop /opt/stack/data/venv/lib/python3.12/site-packages/oslo_service/backend/_threading/loopingcall.py:125}}
Jun 16 15:37:26.110313 np0000002963 nova-conductor[98051]: DEBUG oslo.service.backend._threading.loopingcall [-] Fixed interval looping call 'nova.servicegroup.drivers.db.DbDriver._report_state' sleeping for 120.00 seconds {{(pid=98051) _run_loop /opt/stack/data/venv/lib/python3.12/site-packages/oslo_service/backend/_threading/loopingcall.py:125}}
Jun 16 15:37:36.061150 np0000002963 nova-conductor[98039]: DEBUG dbcounter [-] [98039] Writing DB stats nova_cell0:SELECT=1,nova_cell0:UPDATE=1 {{(pid=98039) stat_writer /opt/stack/data/venv/lib/python3.12/site-packages/dbcounter.py:115}}
Jun 16 15:37:36.083628 np0000002963 nova-conductor[98046]: DEBUG dbcounter [-] [98046] Writing DB stats nova_cell0:SELECT=1 {{(pid=98046) stat_writer /opt/stack/data/venv/lib/python3.12/site-packages/dbcounter.py:115}}
Jun 16 15:37:36.108143 np0000002963 nova-conductor[98051]: DEBUG dbcounter [-] [98051] Writing DB stats nova_cell0:SELECT=1 {{(pid=98051) stat_writer /opt/stack/data/venv/lib/python3.12/site-packages/dbcounter.py:115}}
Jun 16 15:37:47.059537 np0000002963 nova-conductor[98039]: DEBUG oslo.service.backend._threading.loopingcall [None req-5e03e8c0-d241-4aa7-bf69-a37b785a55d8 None None] Dynamic interval looping call 'nova.service.Service.periodic_tasks' sleeping for 60.00 seconds {{(pid=98039) _run_loop /opt/stack/data/venv/lib/python3.12/site-packages/oslo_service/backend/_threading/loopingcall.py:125}}
Jun 16 15:37:48.083241 np0000002963 nova-conductor[98046]: DEBUG oslo.service.backend._threading.loopingcall [None req-40b13d42-f5c7-43b9-bbf5-0018581316bf None None] Dynamic interval looping call 'nova.service.Service.periodic_tasks' sleeping for 60.00 seconds {{(pid=98046) _run_loop /opt/stack/data/venv/lib/python3.12/site-packages/oslo_service/backend/_threading/loopingcall.py:125}}
Jun 16 15:37:58.108418 np0000002963 nova-conductor[98051]: DEBUG oslo.service.backend._threading.loopingcall [None req-9effa95e-bbcb-41e1-89c4-120bdf3d231a None None] Dynamic interval looping call 'nova.service.Service.periodic_tasks' sleeping for 60.00 seconds {{(pid=98051) _run_loop /opt/stack/data/venv/lib/python3.12/site-packages/oslo_service/backend/_threading/loopingcall.py:125}}
Jun 16 15:38:15.838094 np0000002963 nova-conductor[98039]: DEBUG oslo_db.sqlalchemy.engines [None req-18c1ad44-7d4b-4cc9-b112-46b67c3aaafb tempest-DeleteServersTestJSON-890548587 tempest-DeleteServersTestJSON-890548587-project-member] Parent process 96570 forked (98039) with an open database connection, which is being discarded and recreated. {{(pid=98039) checkout /opt/stack/data/venv/lib/python3.12/site-packages/oslo_db/sqlalchemy/engines.py:402}}
Jun 16 15:38:15.890515 np0000002963 nova-conductor[98039]: DEBUG dbcounter [-] [98039] Writer thread running {{(pid=98039) stat_writer /opt/stack/data/venv/lib/python3.12/site-packages/dbcounter.py:102}}
Jun 16 15:38:17.374739 np0000002963 nova-conductor[98046]: DEBUG dbcounter [-] [98046] Writer thread running {{(pid=98046) stat_writer /opt/stack/data/venv/lib/python3.12/site-packages/dbcounter.py:102}}
Jun 16 15:38:17.436430 np0000002963 nova-conductor[98039]: DEBUG nova.conductor.manager [None req-18c1ad44-7d4b-4cc9-b112-46b67c3aaafb tempest-DeleteServersTestJSON-890548587 tempest-DeleteServersTestJSON-890548587-project-member] Took 1.54 seconds to select destinations for 1 instance(s). {{(pid=98039) _schedule_instances /opt/stack/nova/nova/conductor/manager.py:968}}
Jun 16 15:38:17.468939 np0000002963 nova-conductor[98051]: DEBUG dbcounter [-] [98051] Writer thread running {{(pid=98051) stat_writer /opt/stack/data/venv/lib/python3.12/site-packages/dbcounter.py:102}}
Jun 16 15:38:17.490191 np0000002963 nova-conductor[98039]: DEBUG oslo_concurrency.lockutils [None req-18c1ad44-7d4b-4cc9-b112-46b67c3aaafb tempest-DeleteServersTestJSON-890548587 tempest-DeleteServersTestJSON-890548587-project-member] Acquiring lock "11382258-310c-4ba6-90d5-b0a70fb5f956" by "nova.context.set_target_cell..get_or_set_cached_cell_and_set_connections" {{(pid=98039) inner /opt/stack/data/venv/lib/python3.12/site-packages/oslo_concurrency/lockutils.py:511}}
Jun 16 15:38:17.490191 np0000002963 nova-conductor[98039]: DEBUG oslo_concurrency.lockutils [None req-18c1ad44-7d4b-4cc9-b112-46b67c3aaafb tempest-DeleteServersTestJSON-890548587 tempest-DeleteServersTestJSON-890548587-project-member] Lock "11382258-310c-4ba6-90d5-b0a70fb5f956" acquired by "nova.context.set_target_cell..get_or_set_cached_cell_and_set_connections" :: waited 0.000s {{(pid=98039) inner /opt/stack/data/venv/lib/python3.12/site-packages/oslo_concurrency/lockutils.py:524}}
Jun 16 15:38:17.491320 np0000002963 nova-conductor[98039]: DEBUG oslo_concurrency.lockutils [None req-18c1ad44-7d4b-4cc9-b112-46b67c3aaafb tempest-DeleteServersTestJSON-890548587 tempest-DeleteServersTestJSON-890548587-project-member] Lock "11382258-310c-4ba6-90d5-b0a70fb5f956" "released" by "nova.context.set_target_cell..get_or_set_cached_cell_and_set_connections" :: held 0.001s {{(pid=98039) inner /opt/stack/data/venv/lib/python3.12/site-packages/oslo_concurrency/lockutils.py:543}}
Jun 16 15:38:17.494420 np0000002963 nova-conductor[98039]: INFO dbcounter [None req-18c1ad44-7d4b-4cc9-b112-46b67c3aaafb tempest-DeleteServersTestJSON-890548587 tempest-DeleteServersTestJSON-890548587-project-member] Registered counter for database nova_cell1
Jun 16 15:38:17.547514 np0000002963 nova-conductor[98039]: DEBUG oslo_db.sqlalchemy.engines [None req-18c1ad44-7d4b-4cc9-b112-46b67c3aaafb tempest-DeleteServersTestJSON-890548587 tempest-DeleteServersTestJSON-890548587-project-member] MySQL server mode set to STRICT_TRANS_TABLES,STRICT_ALL_TABLES,NO_ZERO_IN_DATE,NO_ZERO_DATE,ERROR_FOR_DIVISION_BY_ZERO,TRADITIONAL,NO_ENGINE_SUBSTITUTION {{(pid=98039) _check_effective_sql_mode /opt/stack/data/venv/lib/python3.12/site-packages/oslo_db/sqlalchemy/engines.py:325}}
Jun 16 15:38:17.554563 np0000002963 nova-conductor[98039]: DEBUG dbcounter [-] [98039] Writer thread running {{(pid=98039) stat_writer /opt/stack/data/venv/lib/python3.12/site-packages/dbcounter.py:102}}
Jun 16 15:38:17.642294 np0000002963 nova-conductor[98039]: INFO nova.utils [None req-18c1ad44-7d4b-4cc9-b112-46b67c3aaafb tempest-DeleteServersTestJSON-890548587 tempest-DeleteServersTestJSON-890548587-project-member] The cell worker thread pool ForkProcess-1.cell_worker is initialized
Jun 16 15:38:17.642995 np0000002963 nova-conductor[98039]: DEBUG oslo_concurrency.lockutils [None req-18c1ad44-7d4b-4cc9-b112-46b67c3aaafb tempest-DeleteServersTestJSON-890548587 tempest-DeleteServersTestJSON-890548587-project-member] Acquiring lock "00000000-0000-0000-0000-000000000000" by "nova.context.set_target_cell..get_or_set_cached_cell_and_set_connections" {{(pid=98039) inner /opt/stack/data/venv/lib/python3.12/site-packages/oslo_concurrency/lockutils.py:511}}
Jun 16 15:38:17.642995 np0000002963 nova-conductor[98039]: DEBUG oslo_concurrency.lockutils [None req-18c1ad44-7d4b-4cc9-b112-46b67c3aaafb tempest-DeleteServersTestJSON-890548587 tempest-DeleteServersTestJSON-890548587-project-member] Lock "00000000-0000-0000-0000-000000000000" acquired by "nova.context.set_target_cell..get_or_set_cached_cell_and_set_connections" :: waited 0.000s {{(pid=98039) inner /opt/stack/data/venv/lib/python3.12/site-packages/oslo_concurrency/lockutils.py:524}}
Jun 16 15:38:17.643401 np0000002963 nova-conductor[98039]: DEBUG oslo_concurrency.lockutils [None req-18c1ad44-7d4b-4cc9-b112-46b67c3aaafb tempest-DeleteServersTestJSON-890548587 tempest-DeleteServersTestJSON-890548587-project-member] Lock "00000000-0000-0000-0000-000000000000" "released" by "nova.context.set_target_cell..get_or_set_cached_cell_and_set_connections" :: held 0.000s {{(pid=98039) inner /opt/stack/data/venv/lib/python3.12/site-packages/oslo_concurrency/lockutils.py:543}}
Jun 16 15:38:17.643693 np0000002963 nova-conductor[98039]: DEBUG oslo_concurrency.lockutils [None req-18c1ad44-7d4b-4cc9-b112-46b67c3aaafb tempest-DeleteServersTestJSON-890548587 tempest-DeleteServersTestJSON-890548587-project-member] Acquiring lock "11382258-310c-4ba6-90d5-b0a70fb5f956" by "nova.context.set_target_cell..get_or_set_cached_cell_and_set_connections" {{(pid=98039) inner /opt/stack/data/venv/lib/python3.12/site-packages/oslo_concurrency/lockutils.py:511}}
Jun 16 15:38:17.643918 np0000002963 nova-conductor[98039]: DEBUG oslo_concurrency.lockutils [None req-18c1ad44-7d4b-4cc9-b112-46b67c3aaafb tempest-DeleteServersTestJSON-890548587 tempest-DeleteServersTestJSON-890548587-project-member] Lock "11382258-310c-4ba6-90d5-b0a70fb5f956" acquired by "nova.context.set_target_cell..get_or_set_cached_cell_and_set_connections" :: waited 0.000s {{(pid=98039) inner /opt/stack/data/venv/lib/python3.12/site-packages/oslo_concurrency/lockutils.py:524}}
Jun 16 15:38:17.644050 np0000002963 nova-conductor[98039]: DEBUG oslo_concurrency.lockutils [None req-18c1ad44-7d4b-4cc9-b112-46b67c3aaafb tempest-DeleteServersTestJSON-890548587 tempest-DeleteServersTestJSON-890548587-project-member] Lock "11382258-310c-4ba6-90d5-b0a70fb5f956" "released" by "nova.context.set_target_cell..get_or_set_cached_cell_and_set_connections" :: held 0.000s {{(pid=98039) inner /opt/stack/data/venv/lib/python3.12/site-packages/oslo_concurrency/lockutils.py:543}}
Jun 16 15:38:17.646243 np0000002963 nova-conductor[98039]: INFO dbcounter [None req-18c1ad44-7d4b-4cc9-b112-46b67c3aaafb tempest-DeleteServersTestJSON-890548587 tempest-DeleteServersTestJSON-890548587-project-member] Registered counter for database nova_cell0
Jun 16 15:38:17.716133 np0000002963 nova-conductor[98039]: DEBUG oslo_db.sqlalchemy.engines [None req-18c1ad44-7d4b-4cc9-b112-46b67c3aaafb tempest-DeleteServersTestJSON-890548587 tempest-DeleteServersTestJSON-890548587-project-member] MySQL server mode set to STRICT_TRANS_TABLES,STRICT_ALL_TABLES,NO_ZERO_IN_DATE,NO_ZERO_DATE,ERROR_FOR_DIVISION_BY_ZERO,TRADITIONAL,NO_ENGINE_SUBSTITUTION {{(pid=98039) _check_effective_sql_mode /opt/stack/data/venv/lib/python3.12/site-packages/oslo_db/sqlalchemy/engines.py:325}}
Jun 16 15:38:17.721556 np0000002963 nova-conductor[98039]: DEBUG dbcounter [-] [98039] Writer thread running {{(pid=98039) stat_writer /opt/stack/data/venv/lib/python3.12/site-packages/dbcounter.py:102}}
Jun 16 15:38:17.735055 np0000002963 nova-conductor[98039]: DEBUG nova.quota [None req-18c1ad44-7d4b-4cc9-b112-46b67c3aaafb tempest-DeleteServersTestJSON-890548587 tempest-DeleteServersTestJSON-890548587-project-member] Getting quotas for project 294978a203354a1390f2dc01f24e52cf. Resources: {'ram', 'instances', 'cores'} {{(pid=98039) _get_quotas /opt/stack/nova/nova/quota.py:392}}
Jun 16 15:38:17.738895 np0000002963 nova-conductor[98039]: DEBUG nova.quota [None req-18c1ad44-7d4b-4cc9-b112-46b67c3aaafb tempest-DeleteServersTestJSON-890548587 tempest-DeleteServersTestJSON-890548587-project-member] Getting quotas for user a9009cf98c764e688e99baffaebd9981 and project 294978a203354a1390f2dc01f24e52cf. Resources: {'ram', 'instances', 'cores'} {{(pid=98039) _get_quotas /opt/stack/nova/nova/quota.py:382}}
Jun 16 15:38:17.748838 np0000002963 nova-conductor[98039]: DEBUG nova.conductor.manager [None req-18c1ad44-7d4b-4cc9-b112-46b67c3aaafb tempest-DeleteServersTestJSON-890548587 tempest-DeleteServersTestJSON-890548587-project-member] [instance: c44e5568-082a-419b-9c54-1685cc011f01] Selected host: np0000002963; Selected node: np0000002963; Alternates: [] {{(pid=98039) schedule_and_build_instances /opt/stack/nova/nova/conductor/manager.py:1784}}
Jun 16 15:38:17.751024 np0000002963 nova-conductor[98039]: DEBUG oslo_concurrency.lockutils [None req-18c1ad44-7d4b-4cc9-b112-46b67c3aaafb tempest-DeleteServersTestJSON-890548587 tempest-DeleteServersTestJSON-890548587-project-member] Acquiring lock "11382258-310c-4ba6-90d5-b0a70fb5f956" by "nova.context.set_target_cell..get_or_set_cached_cell_and_set_connections" {{(pid=98039) inner /opt/stack/data/venv/lib/python3.12/site-packages/oslo_concurrency/lockutils.py:511}}
Jun 16 15:38:17.751024 np0000002963 nova-conductor[98039]: DEBUG oslo_concurrency.lockutils [None req-18c1ad44-7d4b-4cc9-b112-46b67c3aaafb tempest-DeleteServersTestJSON-890548587 tempest-DeleteServersTestJSON-890548587-project-member] Lock "11382258-310c-4ba6-90d5-b0a70fb5f956" acquired by "nova.context.set_target_cell..get_or_set_cached_cell_and_set_connections" :: waited 0.000s {{(pid=98039) inner /opt/stack/data/venv/lib/python3.12/site-packages/oslo_concurrency/lockutils.py:524}}
Jun 16 15:38:17.751024 np0000002963 nova-conductor[98039]: DEBUG oslo_concurrency.lockutils [None req-18c1ad44-7d4b-4cc9-b112-46b67c3aaafb tempest-DeleteServersTestJSON-890548587 tempest-DeleteServersTestJSON-890548587-project-member] Lock "11382258-310c-4ba6-90d5-b0a70fb5f956" "released" by "nova.context.set_target_cell..get_or_set_cached_cell_and_set_connections" :: held 0.000s {{(pid=98039) inner /opt/stack/data/venv/lib/python3.12/site-packages/oslo_concurrency/lockutils.py:543}}
Jun 16 15:38:17.761985 np0000002963 nova-conductor[98039]: DEBUG nova.conductor.manager [None req-18c1ad44-7d4b-4cc9-b112-46b67c3aaafb tempest-DeleteServersTestJSON-890548587 tempest-DeleteServersTestJSON-890548587-project-member] [instance: c44e5568-082a-419b-9c54-1685cc011f01] block_device_mapping [BlockDeviceMapping(attachment_id=,boot_index=0,connection_info=None,created_at=,delete_on_termination=True,deleted=,deleted_at=,destination_type='local',device_name=None,device_type='disk',disk_bus=None,encrypted=False,encryption_format=None,encryption_options=None,encryption_secret_uuid=None,guest_format=None,id=,image_id='6485064c-7d14-4093-93f6-42356bb14d73',instance=,instance_uuid=,no_device=False,snapshot_id=None,source_type='image',tag=None,updated_at=,uuid=,volume_id=None,volume_size=None,volume_type=None)] {{(pid=98039) _create_block_device_mapping /opt/stack/nova/nova/conductor/manager.py:1529}}
Jun 16 15:38:17.763839 np0000002963 nova-conductor[98039]: DEBUG oslo_concurrency.lockutils [None req-18c1ad44-7d4b-4cc9-b112-46b67c3aaafb tempest-DeleteServersTestJSON-890548587 tempest-DeleteServersTestJSON-890548587-project-member] Acquiring lock "11382258-310c-4ba6-90d5-b0a70fb5f956" by "nova.context.set_target_cell..get_or_set_cached_cell_and_set_connections" {{(pid=98039) inner /opt/stack/data/venv/lib/python3.12/site-packages/oslo_concurrency/lockutils.py:511}}
Jun 16 15:38:17.764115 np0000002963 nova-conductor[98039]: DEBUG oslo_concurrency.lockutils [None req-18c1ad44-7d4b-4cc9-b112-46b67c3aaafb tempest-DeleteServersTestJSON-890548587 tempest-DeleteServersTestJSON-890548587-project-member] Lock "11382258-310c-4ba6-90d5-b0a70fb5f956" acquired by "nova.context.set_target_cell..get_or_set_cached_cell_and_set_connections" :: waited 0.000s {{(pid=98039) inner /opt/stack/data/venv/lib/python3.12/site-packages/oslo_concurrency/lockutils.py:524}}
Jun 16 15:38:17.764275 np0000002963 nova-conductor[98039]: DEBUG oslo_concurrency.lockutils [None req-18c1ad44-7d4b-4cc9-b112-46b67c3aaafb tempest-DeleteServersTestJSON-890548587 tempest-DeleteServersTestJSON-890548587-project-member] Lock "11382258-310c-4ba6-90d5-b0a70fb5f956" "released" by "nova.context.set_target_cell..get_or_set_cached_cell_and_set_connections" :: held 0.000s {{(pid=98039) inner /opt/stack/data/venv/lib/python3.12/site-packages/oslo_concurrency/lockutils.py:543}}
Jun 16 15:38:17.818985 np0000002963 nova-conductor[98039]: DEBUG oslo_concurrency.lockutils [None req-18c1ad44-7d4b-4cc9-b112-46b67c3aaafb tempest-DeleteServersTestJSON-890548587 tempest-DeleteServersTestJSON-890548587-project-member] Acquiring lock "11382258-310c-4ba6-90d5-b0a70fb5f956" by "nova.context.set_target_cell..get_or_set_cached_cell_and_set_connections" {{(pid=98039) inner /opt/stack/data/venv/lib/python3.12/site-packages/oslo_concurrency/lockutils.py:511}}
Jun 16 15:38:17.819155 np0000002963 nova-conductor[98039]: DEBUG oslo_concurrency.lockutils [None req-18c1ad44-7d4b-4cc9-b112-46b67c3aaafb tempest-DeleteServersTestJSON-890548587 tempest-DeleteServersTestJSON-890548587-project-member] Lock "11382258-310c-4ba6-90d5-b0a70fb5f956" acquired by "nova.context.set_target_cell..get_or_set_cached_cell_and_set_connections" :: waited 0.000s {{(pid=98039) inner /opt/stack/data/venv/lib/python3.12/site-packages/oslo_concurrency/lockutils.py:524}}
Jun 16 15:38:17.819812 np0000002963 nova-conductor[98039]: DEBUG oslo_concurrency.lockutils [None req-18c1ad44-7d4b-4cc9-b112-46b67c3aaafb tempest-DeleteServersTestJSON-890548587 tempest-DeleteServersTestJSON-890548587-project-member] Lock "11382258-310c-4ba6-90d5-b0a70fb5f956" "released" by "nova.context.set_target_cell..get_or_set_cached_cell_and_set_connections" :: held 0.000s {{(pid=98039) inner /opt/stack/data/venv/lib/python3.12/site-packages/oslo_concurrency/lockutils.py:543}}
Jun 16 15:38:17.819812 np0000002963 nova-conductor[98039]: DEBUG oslo_concurrency.lockutils [None req-18c1ad44-7d4b-4cc9-b112-46b67c3aaafb tempest-DeleteServersTestJSON-890548587 tempest-DeleteServersTestJSON-890548587-project-member] Acquiring lock "compute-rpcapi-router" {{(pid=98039) lock /opt/stack/data/venv/lib/python3.12/site-packages/oslo_concurrency/lockutils.py:395}}
Jun 16 15:38:17.819812 np0000002963 nova-conductor[98039]: DEBUG oslo_concurrency.lockutils [None req-18c1ad44-7d4b-4cc9-b112-46b67c3aaafb tempest-DeleteServersTestJSON-890548587 tempest-DeleteServersTestJSON-890548587-project-member] Acquired lock "compute-rpcapi-router" {{(pid=98039) lock /opt/stack/data/venv/lib/python3.12/site-packages/oslo_concurrency/lockutils.py:398}}
Jun 16 15:38:17.821645 np0000002963 nova-conductor[98039]: DEBUG oslo_concurrency.lockutils [None req-bb74f204-f4ca-40c2-ae36-c0a66f9ce9e6 None None] Acquiring lock "00000000-0000-0000-0000-000000000000" by "nova.context.set_target_cell..get_or_set_cached_cell_and_set_connections" {{(pid=98039) inner /opt/stack/data/venv/lib/python3.12/site-packages/oslo_concurrency/lockutils.py:511}}
Jun 16 15:38:17.821645 np0000002963 nova-conductor[98039]: DEBUG oslo_concurrency.lockutils [None req-bb74f204-f4ca-40c2-ae36-c0a66f9ce9e6 None None] Lock "00000000-0000-0000-0000-000000000000" acquired by "nova.context.set_target_cell..get_or_set_cached_cell_and_set_connections" :: waited 0.000s {{(pid=98039) inner /opt/stack/data/venv/lib/python3.12/site-packages/oslo_concurrency/lockutils.py:524}}
Jun 16 15:38:17.821645 np0000002963 nova-conductor[98039]: DEBUG oslo_concurrency.lockutils [None req-bb74f204-f4ca-40c2-ae36-c0a66f9ce9e6 None None] Lock "00000000-0000-0000-0000-000000000000" "released" by "nova.context.set_target_cell..get_or_set_cached_cell_and_set_connections" :: held 0.000s {{(pid=98039) inner /opt/stack/data/venv/lib/python3.12/site-packages/oslo_concurrency/lockutils.py:543}}
Jun 16 15:38:17.821816 np0000002963 nova-conductor[98039]: DEBUG oslo_concurrency.lockutils [None req-bb74f204-f4ca-40c2-ae36-c0a66f9ce9e6 None None] Acquiring lock "11382258-310c-4ba6-90d5-b0a70fb5f956" by "nova.context.set_target_cell..get_or_set_cached_cell_and_set_connections" {{(pid=98039) inner /opt/stack/data/venv/lib/python3.12/site-packages/oslo_concurrency/lockutils.py:511}}
Jun 16 15:38:17.822091 np0000002963 nova-conductor[98039]: DEBUG oslo_concurrency.lockutils [None req-bb74f204-f4ca-40c2-ae36-c0a66f9ce9e6 None None] Lock "11382258-310c-4ba6-90d5-b0a70fb5f956" acquired by "nova.context.set_target_cell..get_or_set_cached_cell_and_set_connections" :: waited 0.000s {{(pid=98039) inner /opt/stack/data/venv/lib/python3.12/site-packages/oslo_concurrency/lockutils.py:524}}
Jun 16 15:38:17.822208 np0000002963 nova-conductor[98039]: DEBUG oslo_concurrency.lockutils [None req-bb74f204-f4ca-40c2-ae36-c0a66f9ce9e6 None None] Lock "11382258-310c-4ba6-90d5-b0a70fb5f956" "released" by "nova.context.set_target_cell..get_or_set_cached_cell_and_set_connections" :: held 0.000s {{(pid=98039) inner /opt/stack/data/venv/lib/python3.12/site-packages/oslo_concurrency/lockutils.py:543}}
Jun 16 15:38:17.835420 np0000002963 nova-conductor[98039]: INFO nova.compute.rpcapi [None req-bb74f204-f4ca-40c2-ae36-c0a66f9ce9e6 None None] Automatically selected compute RPC version 6.5 from minimum service version 72
Jun 16 15:38:17.835556 np0000002963 nova-conductor[98039]: DEBUG oslo_concurrency.lockutils [None req-bb74f204-f4ca-40c2-ae36-c0a66f9ce9e6 None None] Releasing lock "compute-rpcapi-router" {{(pid=98039) lock /opt/stack/data/venv/lib/python3.12/site-packages/oslo_concurrency/lockutils.py:418}}
Jun 16 15:38:18.411614 np0000002963 nova-conductor[98046]: DEBUG nova.conductor.manager [None req-0951dd77-516b-4137-ad6c-447ae6d4a8bd tempest-AttachVolumeShelveTestJSON-92703710 tempest-AttachVolumeShelveTestJSON-92703710-project-member] Took 1.03 seconds to select destinations for 1 instance(s). {{(pid=98046) _schedule_instances /opt/stack/nova/nova/conductor/manager.py:968}}
Jun 16 15:38:18.451926 np0000002963 nova-conductor[98046]: DEBUG oslo_concurrency.lockutils [None req-0951dd77-516b-4137-ad6c-447ae6d4a8bd tempest-AttachVolumeShelveTestJSON-92703710 tempest-AttachVolumeShelveTestJSON-92703710-project-member] Acquiring lock "11382258-310c-4ba6-90d5-b0a70fb5f956" by "nova.context.set_target_cell..get_or_set_cached_cell_and_set_connections" {{(pid=98046) inner /opt/stack/data/venv/lib/python3.12/site-packages/oslo_concurrency/lockutils.py:511}}
Jun 16 15:38:18.452152 np0000002963 nova-conductor[98046]: DEBUG oslo_concurrency.lockutils [None req-0951dd77-516b-4137-ad6c-447ae6d4a8bd tempest-AttachVolumeShelveTestJSON-92703710 tempest-AttachVolumeShelveTestJSON-92703710-project-member] Lock "11382258-310c-4ba6-90d5-b0a70fb5f956" acquired by "nova.context.set_target_cell..get_or_set_cached_cell_and_set_connections" :: waited 0.000s {{(pid=98046) inner /opt/stack/data/venv/lib/python3.12/site-packages/oslo_concurrency/lockutils.py:524}}
Jun 16 15:38:18.454147 np0000002963 nova-conductor[98046]: DEBUG oslo_concurrency.lockutils [None req-0951dd77-516b-4137-ad6c-447ae6d4a8bd tempest-AttachVolumeShelveTestJSON-92703710 tempest-AttachVolumeShelveTestJSON-92703710-project-member] Lock "11382258-310c-4ba6-90d5-b0a70fb5f956" "released" by "nova.context.set_target_cell..get_or_set_cached_cell_and_set_connections" :: held 0.002s {{(pid=98046) inner /opt/stack/data/venv/lib/python3.12/site-packages/oslo_concurrency/lockutils.py:543}}
Jun 16 15:38:18.456483 np0000002963 nova-conductor[98046]: INFO dbcounter [None req-0951dd77-516b-4137-ad6c-447ae6d4a8bd tempest-AttachVolumeShelveTestJSON-92703710 tempest-AttachVolumeShelveTestJSON-92703710-project-member] Registered counter for database nova_cell1
Jun 16 15:38:18.503845 np0000002963 nova-conductor[98051]: DEBUG nova.conductor.manager [None req-ba114260-2863-4507-a9f5-93aadb20abab tempest-ServerActionsTestOtherA-969377683 tempest-ServerActionsTestOtherA-969377683-project-member] Took 1.03 seconds to select destinations for 1 instance(s). {{(pid=98051) _schedule_instances /opt/stack/nova/nova/conductor/manager.py:968}}
Jun 16 15:38:18.511276 np0000002963 nova-conductor[98046]: DEBUG oslo_db.sqlalchemy.engines [None req-0951dd77-516b-4137-ad6c-447ae6d4a8bd tempest-AttachVolumeShelveTestJSON-92703710 tempest-AttachVolumeShelveTestJSON-92703710-project-member] MySQL server mode set to STRICT_TRANS_TABLES,STRICT_ALL_TABLES,NO_ZERO_IN_DATE,NO_ZERO_DATE,ERROR_FOR_DIVISION_BY_ZERO,TRADITIONAL,NO_ENGINE_SUBSTITUTION {{(pid=98046) _check_effective_sql_mode /opt/stack/data/venv/lib/python3.12/site-packages/oslo_db/sqlalchemy/engines.py:325}}
Jun 16 15:38:18.521353 np0000002963 nova-conductor[98046]: DEBUG dbcounter [-] [98046] Writer thread running {{(pid=98046) stat_writer /opt/stack/data/venv/lib/python3.12/site-packages/dbcounter.py:102}}
Jun 16 15:38:18.547074 np0000002963 nova-conductor[98051]: DEBUG oslo_concurrency.lockutils [None req-ba114260-2863-4507-a9f5-93aadb20abab tempest-ServerActionsTestOtherA-969377683 tempest-ServerActionsTestOtherA-969377683-project-member] Acquiring lock "11382258-310c-4ba6-90d5-b0a70fb5f956" by "nova.context.set_target_cell..get_or_set_cached_cell_and_set_connections" {{(pid=98051) inner /opt/stack/data/venv/lib/python3.12/site-packages/oslo_concurrency/lockutils.py:511}}
Jun 16 15:38:18.547074 np0000002963 nova-conductor[98051]: DEBUG oslo_concurrency.lockutils [None req-ba114260-2863-4507-a9f5-93aadb20abab tempest-ServerActionsTestOtherA-969377683 tempest-ServerActionsTestOtherA-969377683-project-member] Lock "11382258-310c-4ba6-90d5-b0a70fb5f956" acquired by "nova.context.set_target_cell..get_or_set_cached_cell_and_set_connections" :: waited 0.000s {{(pid=98051) inner /opt/stack/data/venv/lib/python3.12/site-packages/oslo_concurrency/lockutils.py:524}}
Jun 16 15:38:18.548602 np0000002963 nova-conductor[98051]: DEBUG oslo_concurrency.lockutils [None req-ba114260-2863-4507-a9f5-93aadb20abab tempest-ServerActionsTestOtherA-969377683 tempest-ServerActionsTestOtherA-969377683-project-member] Lock "11382258-310c-4ba6-90d5-b0a70fb5f956" "released" by "nova.context.set_target_cell..get_or_set_cached_cell_and_set_connections" :: held 0.002s {{(pid=98051) inner /opt/stack/data/venv/lib/python3.12/site-packages/oslo_concurrency/lockutils.py:543}}
Jun 16 15:38:18.552443 np0000002963 nova-conductor[98051]: INFO dbcounter [None req-ba114260-2863-4507-a9f5-93aadb20abab tempest-ServerActionsTestOtherA-969377683 tempest-ServerActionsTestOtherA-969377683-project-member] Registered counter for database nova_cell1
Jun 16 15:38:18.602208 np0000002963 nova-conductor[98051]: DEBUG oslo_db.sqlalchemy.engines [None req-ba114260-2863-4507-a9f5-93aadb20abab tempest-ServerActionsTestOtherA-969377683 tempest-ServerActionsTestOtherA-969377683-project-member] MySQL server mode set to STRICT_TRANS_TABLES,STRICT_ALL_TABLES,NO_ZERO_IN_DATE,NO_ZERO_DATE,ERROR_FOR_DIVISION_BY_ZERO,TRADITIONAL,NO_ENGINE_SUBSTITUTION {{(pid=98051) _check_effective_sql_mode /opt/stack/data/venv/lib/python3.12/site-packages/oslo_db/sqlalchemy/engines.py:325}}
Jun 16 15:38:18.611561 np0000002963 nova-conductor[98051]: DEBUG dbcounter [-] [98051] Writer thread running {{(pid=98051) stat_writer /opt/stack/data/venv/lib/python3.12/site-packages/dbcounter.py:102}}
Jun 16 15:38:18.622875 np0000002963 nova-conductor[98046]: INFO nova.utils [None req-0951dd77-516b-4137-ad6c-447ae6d4a8bd tempest-AttachVolumeShelveTestJSON-92703710 tempest-AttachVolumeShelveTestJSON-92703710-project-member] The cell worker thread pool ForkProcess-2.cell_worker is initialized
Jun 16 15:38:18.623349 np0000002963 nova-conductor[98046]: DEBUG oslo_concurrency.lockutils [None req-0951dd77-516b-4137-ad6c-447ae6d4a8bd tempest-AttachVolumeShelveTestJSON-92703710 tempest-AttachVolumeShelveTestJSON-92703710-project-member] Acquiring lock "00000000-0000-0000-0000-000000000000" by "nova.context.set_target_cell..get_or_set_cached_cell_and_set_connections" {{(pid=98046) inner /opt/stack/data/venv/lib/python3.12/site-packages/oslo_concurrency/lockutils.py:511}}
Jun 16 15:38:18.623447 np0000002963 nova-conductor[98046]: DEBUG oslo_concurrency.lockutils [None req-0951dd77-516b-4137-ad6c-447ae6d4a8bd tempest-AttachVolumeShelveTestJSON-92703710 tempest-AttachVolumeShelveTestJSON-92703710-project-member] Lock "00000000-0000-0000-0000-000000000000" acquired by "nova.context.set_target_cell..get_or_set_cached_cell_and_set_connections" :: waited 0.000s {{(pid=98046) inner /opt/stack/data/venv/lib/python3.12/site-packages/oslo_concurrency/lockutils.py:524}}
Jun 16 15:38:18.623760 np0000002963 nova-conductor[98046]: DEBUG oslo_concurrency.lockutils [None req-0951dd77-516b-4137-ad6c-447ae6d4a8bd tempest-AttachVolumeShelveTestJSON-92703710 tempest-AttachVolumeShelveTestJSON-92703710-project-member] Lock "00000000-0000-0000-0000-000000000000" "released" by "nova.context.set_target_cell..get_or_set_cached_cell_and_set_connections" :: held 0.000s {{(pid=98046) inner /opt/stack/data/venv/lib/python3.12/site-packages/oslo_concurrency/lockutils.py:543}}
Jun 16 15:38:18.624543 np0000002963 nova-conductor[98046]: DEBUG oslo_concurrency.lockutils [None req-0951dd77-516b-4137-ad6c-447ae6d4a8bd tempest-AttachVolumeShelveTestJSON-92703710 tempest-AttachVolumeShelveTestJSON-92703710-project-member] Acquiring lock "11382258-310c-4ba6-90d5-b0a70fb5f956" by "nova.context.set_target_cell..get_or_set_cached_cell_and_set_connections" {{(pid=98046) inner /opt/stack/data/venv/lib/python3.12/site-packages/oslo_concurrency/lockutils.py:511}}
Jun 16 15:38:18.626061 np0000002963 nova-conductor[98046]: INFO dbcounter [None req-0951dd77-516b-4137-ad6c-447ae6d4a8bd tempest-AttachVolumeShelveTestJSON-92703710 tempest-AttachVolumeShelveTestJSON-92703710-project-member] Registered counter for database nova_cell0
Jun 16 15:38:18.628093 np0000002963 nova-conductor[98046]: DEBUG oslo_concurrency.lockutils [None req-0951dd77-516b-4137-ad6c-447ae6d4a8bd tempest-AttachVolumeShelveTestJSON-92703710 tempest-AttachVolumeShelveTestJSON-92703710-project-member] Lock "11382258-310c-4ba6-90d5-b0a70fb5f956" acquired by "nova.context.set_target_cell..get_or_set_cached_cell_and_set_connections" :: waited 0.001s {{(pid=98046) inner /opt/stack/data/venv/lib/python3.12/site-packages/oslo_concurrency/lockutils.py:524}}
Jun 16 15:38:18.628414 np0000002963 nova-conductor[98046]: DEBUG oslo_concurrency.lockutils [None req-0951dd77-516b-4137-ad6c-447ae6d4a8bd tempest-AttachVolumeShelveTestJSON-92703710 tempest-AttachVolumeShelveTestJSON-92703710-project-member] Lock "11382258-310c-4ba6-90d5-b0a70fb5f956" "released" by "nova.context.set_target_cell..get_or_set_cached_cell_and_set_connections" :: held 0.002s {{(pid=98046) inner /opt/stack/data/venv/lib/python3.12/site-packages/oslo_concurrency/lockutils.py:543}}
Jun 16 15:38:18.685733 np0000002963 nova-conductor[98046]: DEBUG oslo_db.sqlalchemy.engines [None req-0951dd77-516b-4137-ad6c-447ae6d4a8bd tempest-AttachVolumeShelveTestJSON-92703710 tempest-AttachVolumeShelveTestJSON-92703710-project-member] MySQL server mode set to STRICT_TRANS_TABLES,STRICT_ALL_TABLES,NO_ZERO_IN_DATE,NO_ZERO_DATE,ERROR_FOR_DIVISION_BY_ZERO,TRADITIONAL,NO_ENGINE_SUBSTITUTION {{(pid=98046) _check_effective_sql_mode /opt/stack/data/venv/lib/python3.12/site-packages/oslo_db/sqlalchemy/engines.py:325}}
Jun 16 15:38:18.685848 np0000002963 nova-conductor[98051]: INFO nova.utils [None req-ba114260-2863-4507-a9f5-93aadb20abab tempest-ServerActionsTestOtherA-969377683 tempest-ServerActionsTestOtherA-969377683-project-member] The cell worker thread pool ForkProcess-3.cell_worker is initialized
Jun 16 15:38:18.686364 np0000002963 nova-conductor[98051]: DEBUG oslo_concurrency.lockutils [None req-ba114260-2863-4507-a9f5-93aadb20abab tempest-ServerActionsTestOtherA-969377683 tempest-ServerActionsTestOtherA-969377683-project-member] Acquiring lock "00000000-0000-0000-0000-000000000000" by "nova.context.set_target_cell..get_or_set_cached_cell_and_set_connections" {{(pid=98051) inner /opt/stack/data/venv/lib/python3.12/site-packages/oslo_concurrency/lockutils.py:511}}
Jun 16 15:38:18.687430 np0000002963 nova-conductor[98051]: DEBUG oslo_concurrency.lockutils [None req-ba114260-2863-4507-a9f5-93aadb20abab tempest-ServerActionsTestOtherA-969377683 tempest-ServerActionsTestOtherA-969377683-project-member] Lock "00000000-0000-0000-0000-000000000000" acquired by "nova.context.set_target_cell..get_or_set_cached_cell_and_set_connections" :: waited 0.000s {{(pid=98051) inner /opt/stack/data/venv/lib/python3.12/site-packages/oslo_concurrency/lockutils.py:524}}
Jun 16 15:38:18.688181 np0000002963 nova-conductor[98051]: DEBUG oslo_concurrency.lockutils [None req-ba114260-2863-4507-a9f5-93aadb20abab tempest-ServerActionsTestOtherA-969377683 tempest-ServerActionsTestOtherA-969377683-project-member] Lock "00000000-0000-0000-0000-000000000000" "released" by "nova.context.set_target_cell..get_or_set_cached_cell_and_set_connections" :: held 0.002s {{(pid=98051) inner /opt/stack/data/venv/lib/python3.12/site-packages/oslo_concurrency/lockutils.py:543}}
Jun 16 15:38:18.690608 np0000002963 nova-conductor[98051]: DEBUG oslo_concurrency.lockutils [None req-ba114260-2863-4507-a9f5-93aadb20abab tempest-ServerActionsTestOtherA-969377683 tempest-ServerActionsTestOtherA-969377683-project-member] Acquiring lock "11382258-310c-4ba6-90d5-b0a70fb5f956" by "nova.context.set_target_cell..get_or_set_cached_cell_and_set_connections" {{(pid=98051) inner /opt/stack/data/venv/lib/python3.12/site-packages/oslo_concurrency/lockutils.py:511}}
Jun 16 15:38:18.690608 np0000002963 nova-conductor[98051]: DEBUG oslo_concurrency.lockutils [None req-ba114260-2863-4507-a9f5-93aadb20abab tempest-ServerActionsTestOtherA-969377683 tempest-ServerActionsTestOtherA-969377683-project-member] Lock "11382258-310c-4ba6-90d5-b0a70fb5f956" acquired by "nova.context.set_target_cell..get_or_set_cached_cell_and_set_connections" :: waited 0.000s {{(pid=98051) inner /opt/stack/data/venv/lib/python3.12/site-packages/oslo_concurrency/lockutils.py:524}}
