Aug 13 09:40:21.241356 np0000007190 devstack@c-api.service[97100]: INFO cinder.volume.api [req-3605825f-46cf-493a-b731-e5543a068572 req-b6d40d89-85c4-4866-b7b4-2e522a3b35c7 tempest-ImageDependencyTests-2132523596 tempest-ImageDependencyTests-2132523596-project-member] Volume info retrieved successfully.
Aug 13 09:40:21.241878 np0000007190 devstack@c-api.service[97101]: DEBUG cinder.volume.api [None req-23731d33-3bd7-481f-a669-106c0f0ec9f0 tempest-GroupsTest-1959525071 tempest-GroupsTest-1959525071-project-member] Flow 'volume_create_api' (cc96be69-32c6-47ac-a8c6-a20ae0b62a7d) transitioned into state 'SUCCESS' from state 'RUNNING' {{(pid=97101) _flow_receiver /opt/stack/data/venv/lib/python3.12/site-packages/taskflow/listeners/logging.py:160}}
Aug 13 09:40:21.242010 np0000007190 devstack@c-api.service[97100]: INFO cinder.api.v3.snapshots [req-3605825f-46cf-493a-b731-e5543a068572 req-b6d40d89-85c4-4866-b7b4-2e522a3b35c7 tempest-ImageDependencyTests-2132523596 tempest-ImageDependencyTests-2132523596-project-member] Create snapshot from volume 36ec4141-1642-44b5-a9fc-10439f9a971a
Aug 13 09:40:21.242184 np0000007190 devstack@c-api.service[97101]: INFO cinder.volume.api [None req-23731d33-3bd7-481f-a669-106c0f0ec9f0 tempest-GroupsTest-1959525071 tempest-GroupsTest-1959525071-project-member] Create volume request issued successfully.
Aug 13 09:40:21.243000 np0000007190 devstack@c-api.service[97101]: WARNING stevedore.named [None req-23731d33-3bd7-481f-a669-106c0f0ec9f0 tempest-GroupsTest-1959525071 tempest-GroupsTest-1959525071-project-member] Could not load cinder.keymgr.conf_key_mgr.ConfKeyManager
Aug 13 09:40:21.243176 np0000007190 devstack@c-api.service[97101]: WARNING castellan.key_manager [None req-23731d33-3bd7-481f-a669-106c0f0ec9f0 tempest-GroupsTest-1959525071 tempest-GroupsTest-1959525071-project-member] Deprecation Warning : cinder.keymgr.conf_key_mgr.ConfKeyManager is not a stevedore based driver, trying to load it as a class: stevedore.exception.NoMatches: No 'castellan.drivers' driver found, looking for 'cinder.keymgr.conf_key_mgr.ConfKeyManager'
Aug 13 09:40:21.288464 np0000007190 devstack@c-api.service[97101]: DEBUG oslo_db.sqlalchemy.engines [None req-23731d33-3bd7-481f-a669-106c0f0ec9f0 tempest-GroupsTest-1959525071 tempest-GroupsTest-1959525071-project-member] MySQL server mode set to STRICT_TRANS_TABLES,STRICT_ALL_TABLES,NO_ZERO_IN_DATE,NO_ZERO_DATE,ERROR_FOR_DIVISION_BY_ZERO,TRADITIONAL,NO_ENGINE_SUBSTITUTION {{(pid=97101) _check_effective_sql_mode /opt/stack/data/venv/lib/python3.12/site-packages/oslo_db/sqlalchemy/engines.py:325}}
Aug 13 09:40:21.293213 np0000007190 devstack@c-api.service[97101]: /opt/stack/data/venv/lib/python3.12/site-packages/oslo_context/context.py:102: DeprecationWarning: Policy enforcement is depending on the value of is_admin. This key is deprecated. Please update your policy file to use the standard policy values.
Aug 13 09:40:21.293213 np0000007190 devstack@c-api.service[97101]: warnings.warn(
Aug 13 09:40:21.300041 np0000007190 devstack@c-api.service[97101]: INFO cinder.api.openstack.wsgi [None req-23731d33-3bd7-481f-a669-106c0f0ec9f0 tempest-GroupsTest-1959525071 tempest-GroupsTest-1959525071-project-member] https://10.4.3.64/volume/v3/volumes returned with HTTP 202
Aug 13 09:40:21.300665 np0000007190 devstack@c-api.service[97101]: [pid: 97101|app: 0|req: 140/415] 10.4.3.64 () {70 vars in 1293 bytes} [Thu Aug 13 09:40:20 2026] POST /volume/v3/volumes => generated 812 bytes in 337 msecs (HTTP/1.1 202) 7 headers in 292 bytes (1 switches on core 0)
Aug 13 09:40:21.307259 np0000007190 devstack@c-api.service[97100]: DEBUG cinder.quota [req-3605825f-46cf-493a-b731-e5543a068572 req-b6d40d89-85c4-4866-b7b4-2e522a3b35c7 tempest-ImageDependencyTests-2132523596 tempest-ImageDependencyTests-2132523596-project-member] Created reservations ['8c5e16f0-5f43-4b4d-823c-318c56bd418a', 'b09dbd3f-eac0-4330-b64b-44b5d07542bf', '5e17aa30-1df2-47a3-96b8-961047142d38', '0d0b454f-e92b-4791-aece-5fcf4d76db3e'] {{(pid=97100) reserve /opt/stack/cinder/cinder/quota.py:752}}
Aug 13 09:40:21.319186 np0000007190 devstack@c-api.service[97099]: DEBUG cinder.api.middleware.request_id [None req-86651c0a-9ec3-44ef-a28a-a15cd232d4b7 None None] RequestId filter calling following filter/app {{(pid=97099) _context_setter /opt/stack/cinder/cinder/api/middleware/request_id.py:62}}
Aug 13 09:40:21.324472 np0000007190 devstack@c-api.service[97099]: INFO cinder.api.openstack.wsgi [None req-86651c0a-9ec3-44ef-a28a-a15cd232d4b7 tempest-GroupsTest-1959525071 tempest-GroupsTest-1959525071-project-member] GET https://10.4.3.64/volume/v3/volumes/62ca653c-29a7-4e1f-a227-49dde7732197
Aug 13 09:40:21.324472 np0000007190 devstack@c-api.service[97099]: DEBUG cinder.api.openstack.wsgi [None req-86651c0a-9ec3-44ef-a28a-a15cd232d4b7 tempest-GroupsTest-1959525071 tempest-GroupsTest-1959525071-project-member] Empty body provided in request {{(pid=97099) get_body /opt/stack/cinder/cinder/api/openstack/wsgi.py:725}}
Aug 13 09:40:21.324472 np0000007190 devstack@c-api.service[97099]: DEBUG cinder.api.openstack.wsgi [None req-86651c0a-9ec3-44ef-a28a-a15cd232d4b7 tempest-GroupsTest-1959525071 tempest-GroupsTest-1959525071-project-member] Calling method 'show' {{(pid=97099) _process_stack /opt/stack/cinder/cinder/api/openstack/wsgi.py:878}}
Aug 13 09:40:21.340777 np0000007190 devstack@c-api.service[97099]: /opt/stack/data/venv/lib/python3.12/site-packages/oslo_context/context.py:102: DeprecationWarning: Policy enforcement is depending on the value of is_admin. This key is deprecated. Please update your policy file to use the standard policy values.
Aug 13 09:40:21.340777 np0000007190 devstack@c-api.service[97099]: warnings.warn(
Aug 13 09:40:21.351650 np0000007190 devstack@c-api.service[97099]: INFO cinder.volume.api [None req-86651c0a-9ec3-44ef-a28a-a15cd232d4b7 tempest-GroupsTest-1959525071 tempest-GroupsTest-1959525071-project-member] Volume info retrieved successfully.
Aug 13 09:40:21.352452 np0000007190 devstack@c-api.service[97099]: WARNING stevedore.named [None req-86651c0a-9ec3-44ef-a28a-a15cd232d4b7 tempest-GroupsTest-1959525071 tempest-GroupsTest-1959525071-project-member] Could not load cinder.keymgr.conf_key_mgr.ConfKeyManager
Aug 13 09:40:21.352648 np0000007190 devstack@c-api.service[97099]: WARNING castellan.key_manager [None req-86651c0a-9ec3-44ef-a28a-a15cd232d4b7 tempest-GroupsTest-1959525071 tempest-GroupsTest-1959525071-project-member] Deprecation Warning : cinder.keymgr.conf_key_mgr.ConfKeyManager is not a stevedore based driver, trying to load it as a class: stevedore.exception.NoMatches: No 'castellan.drivers' driver found, looking for 'cinder.keymgr.conf_key_mgr.ConfKeyManager'
Aug 13 09:40:21.362451 np0000007190 devstack@c-api.service[97100]: INFO cinder.volume.api [req-3605825f-46cf-493a-b731-e5543a068572 req-b6d40d89-85c4-4866-b7b4-2e522a3b35c7 tempest-ImageDependencyTests-2132523596 tempest-ImageDependencyTests-2132523596-project-member] Snapshot force create request issued successfully.
Aug 13 09:40:21.363045 np0000007190 devstack@c-api.service[97100]: INFO cinder.api.openstack.wsgi [req-3605825f-46cf-493a-b731-e5543a068572 req-b6d40d89-85c4-4866-b7b4-2e522a3b35c7 tempest-ImageDependencyTests-2132523596 tempest-ImageDependencyTests-2132523596-project-member] https://10.4.3.64/volume/v3/snapshots returned with HTTP 202
Aug 13 09:40:21.363608 np0000007190 devstack@c-api.service[97100]: [pid: 97100|app: 0|req: 133/416] 10.4.3.64 () {72 vars in 1540 bytes} [Thu Aug 13 09:40:21 2026] POST /volume/v3/snapshots => generated 319 bytes in 162 msecs (HTTP/1.1 202) 7 headers in 291 bytes (1 switches on core 0)
Aug 13 09:40:21.395317 np0000007190 devstack@c-api.service[97099]: DEBUG oslo_db.sqlalchemy.engines [None req-86651c0a-9ec3-44ef-a28a-a15cd232d4b7 tempest-GroupsTest-1959525071 tempest-GroupsTest-1959525071-project-member] MySQL server mode set to STRICT_TRANS_TABLES,STRICT_ALL_TABLES,NO_ZERO_IN_DATE,NO_ZERO_DATE,ERROR_FOR_DIVISION_BY_ZERO,TRADITIONAL,NO_ENGINE_SUBSTITUTION {{(pid=97099) _check_effective_sql_mode /opt/stack/data/venv/lib/python3.12/site-packages/oslo_db/sqlalchemy/engines.py:325}}
Aug 13 09:40:21.399562 np0000007190 devstack@c-api.service[97099]: /opt/stack/data/venv/lib/python3.12/site-packages/oslo_context/context.py:102: DeprecationWarning: Policy enforcement is depending on the value of is_admin. This key is deprecated. Please update your policy file to use the standard policy values.
Aug 13 09:40:21.399562 np0000007190 devstack@c-api.service[97099]: warnings.warn(
Aug 13 09:40:21.410030 np0000007190 devstack@c-api.service[97099]: INFO cinder.api.openstack.wsgi [None req-86651c0a-9ec3-44ef-a28a-a15cd232d4b7 tempest-GroupsTest-1959525071 tempest-GroupsTest-1959525071-project-member] https://10.4.3.64/volume/v3/volumes/62ca653c-29a7-4e1f-a227-49dde7732197 returned with HTTP 200
Aug 13 09:40:21.410714 np0000007190 devstack@c-api.service[97099]: [pid: 97099|app: 0|req: 144/417] 10.4.3.64 () {68 vars in 1382 bytes} [Thu Aug 13 09:40:21 2026] GET /volume/v3/volumes/62ca653c-29a7-4e1f-a227-49dde7732197 => generated 880 bytes in 93 msecs (HTTP/1.1 200) 7 headers in 286 bytes (1 switches on core 0)
Aug 13 09:40:21.433904 np0000007190 devstack@c-api.service[97101]: DEBUG cinder.api.middleware.request_id [None req-32bca57b-f012-43e3-9f1e-b45feb5810bd None None] RequestId filter calling following filter/app {{(pid=97101) _context_setter /opt/stack/cinder/cinder/api/middleware/request_id.py:62}}
Aug 13 09:40:21.436343 np0000007190 devstack@c-api.service[97101]: INFO cinder.api.openstack.wsgi [None req-32bca57b-f012-43e3-9f1e-b45feb5810bd tempest-ServerActionsTestOtherA-929022855 tempest-ServerActionsTestOtherA-929022855-project-member] GET https://10.4.3.64/volume/v3/volumes/d5600e2c-5af8-4db2-a41c-00ae0e01531b
Aug 13 09:40:21.436504 np0000007190 devstack@c-api.service[97101]: DEBUG cinder.api.openstack.wsgi [None req-32bca57b-f012-43e3-9f1e-b45feb5810bd tempest-ServerActionsTestOtherA-929022855 tempest-ServerActionsTestOtherA-929022855-project-member] Empty body provided in request {{(pid=97101) get_body /opt/stack/cinder/cinder/api/openstack/wsgi.py:725}}
Aug 13 09:40:21.437309 np0000007190 devstack@c-api.service[97101]: DEBUG cinder.api.openstack.wsgi [None req-32bca57b-f012-43e3-9f1e-b45feb5810bd tempest-ServerActionsTestOtherA-929022855 tempest-ServerActionsTestOtherA-929022855-project-member] Calling method 'show' {{(pid=97101) _process_stack /opt/stack/cinder/cinder/api/openstack/wsgi.py:878}}
Aug 13 09:40:21.445843 np0000007190 devstack@c-api.service[97101]: /opt/stack/data/venv/lib/python3.12/site-packages/oslo_context/context.py:102: DeprecationWarning: Policy enforcement is depending on the value of is_admin. This key is deprecated. Please update your policy file to use the standard policy values.
Aug 13 09:40:21.445843 np0000007190 devstack@c-api.service[97101]: warnings.warn(
Aug 13 09:40:21.450475 np0000007190 devstack@c-api.service[97101]: INFO cinder.volume.api [None req-32bca57b-f012-43e3-9f1e-b45feb5810bd tempest-ServerActionsTestOtherA-929022855 tempest-ServerActionsTestOtherA-929022855-project-member] Volume info retrieved successfully.
Aug 13 09:40:21.460164 np0000007190 devstack@c-api.service[97101]: INFO cinder.api.openstack.wsgi [None req-32bca57b-f012-43e3-9f1e-b45feb5810bd tempest-ServerActionsTestOtherA-929022855 tempest-ServerActionsTestOtherA-929022855-project-member] https://10.4.3.64/volume/v3/volumes/d5600e2c-5af8-4db2-a41c-00ae0e01531b returned with HTTP 200
Aug 13 09:40:21.460777 np0000007190 devstack@c-api.service[97101]: [pid: 97101|app: 0|req: 141/418] 10.4.3.64 () {66 vars in 1341 bytes} [Thu Aug 13 09:40:21 2026] GET /volume/v3/volumes/d5600e2c-5af8-4db2-a41c-00ae0e01531b => generated 845 bytes in 27 msecs (HTTP/1.1 200) 7 headers in 285 bytes (1 switches on core 0)
Aug 13 09:40:21.548050 np0000007190 devstack@c-api.service[97100]: DEBUG cinder.api.middleware.request_id [req-afaa8d4b-cf37-4cac-8820-4c89a3272654 req-727fbd11-cb1f-4f70-b966-1dd16294d057 None None] RequestId filter calling following filter/app {{(pid=97100) _context_setter /opt/stack/cinder/cinder/api/middleware/request_id.py:62}}
Aug 13 09:40:21.556817 np0000007190 devstack@c-api.service[97100]: INFO cinder.api.openstack.wsgi [req-afaa8d4b-cf37-4cac-8820-4c89a3272654 req-727fbd11-cb1f-4f70-b966-1dd16294d057 tempest-ServerActionsTestOtherA-929022855 tempest-ServerActionsTestOtherA-929022855-project-member] GET https://10.4.3.64/volume/v3/volumes/d5600e2c-5af8-4db2-a41c-00ae0e01531b
Aug 13 09:40:21.557207 np0000007190 devstack@c-api.service[97100]: DEBUG cinder.api.openstack.wsgi [req-afaa8d4b-cf37-4cac-8820-4c89a3272654 req-727fbd11-cb1f-4f70-b966-1dd16294d057 tempest-ServerActionsTestOtherA-929022855 tempest-ServerActionsTestOtherA-929022855-project-member] Empty body provided in request {{(pid=97100) get_body /opt/stack/cinder/cinder/api/openstack/wsgi.py:725}}
Aug 13 09:40:21.557450 np0000007190 devstack@c-api.service[97100]: DEBUG cinder.api.openstack.wsgi [req-afaa8d4b-cf37-4cac-8820-4c89a3272654 req-727fbd11-cb1f-4f70-b966-1dd16294d057 tempest-ServerActionsTestOtherA-929022855 tempest-ServerActionsTestOtherA-929022855-project-member] Calling method 'show' {{(pid=97100) _process_stack /opt/stack/cinder/cinder/api/openstack/wsgi.py:878}}
Aug 13 09:40:21.567619 np0000007190 devstack@c-api.service[97100]: /opt/stack/data/venv/lib/python3.12/site-packages/oslo_context/context.py:102: DeprecationWarning: Policy enforcement is depending on the value of is_admin. This key is deprecated. Please update your policy file to use the standard policy values.
Aug 13 09:40:21.567619 np0000007190 devstack@c-api.service[97100]: warnings.warn(
Aug 13 09:40:21.574237 np0000007190 devstack@c-api.service[97100]: INFO cinder.volume.api [req-afaa8d4b-cf37-4cac-8820-4c89a3272654 req-727fbd11-cb1f-4f70-b966-1dd16294d057 tempest-ServerActionsTestOtherA-929022855 tempest-ServerActionsTestOtherA-929022855-project-member] Volume info retrieved successfully.
Aug 13 09:40:21.582025 np0000007190 devstack@c-api.service[97100]: INFO cinder.api.openstack.wsgi [req-afaa8d4b-cf37-4cac-8820-4c89a3272654 req-727fbd11-cb1f-4f70-b966-1dd16294d057 tempest-ServerActionsTestOtherA-929022855 tempest-ServerActionsTestOtherA-929022855-project-member] https://10.4.3.64/volume/v3/volumes/d5600e2c-5af8-4db2-a41c-00ae0e01531b returned with HTTP 200
Aug 13 09:40:21.582631 np0000007190 devstack@c-api.service[97100]: [pid: 97100|app: 0|req: 134/419] 10.4.3.64 () {68 vars in 1591 bytes} [Thu Aug 13 09:40:21 2026] GET /volume/v3/volumes/d5600e2c-5af8-4db2-a41c-00ae0e01531b => generated 845 bytes in 36 msecs (HTTP/1.1 200) 7 headers in 285 bytes (1 switches on core 0)
Aug 13 09:40:21.854222 np0000007190 devstack@c-api.service[97099]: DEBUG cinder.api.middleware.request_id [None req-9dab221e-c902-4a9f-9446-1bc140b2a098 None None] RequestId filter calling following filter/app {{(pid=97099) _context_setter /opt/stack/cinder/cinder/api/middleware/request_id.py:62}}
Aug 13 09:40:21.854738 np0000007190 devstack@c-api.service[97099]: INFO cinder.api.openstack.wsgi [None req-9dab221e-c902-4a9f-9446-1bc140b2a098 None None] GET https://10.4.3.64/volume//
Aug 13 09:40:21.854970 np0000007190 devstack@c-api.service[97099]: DEBUG cinder.api.openstack.wsgi [None req-9dab221e-c902-4a9f-9446-1bc140b2a098 None None] Empty body provided in request {{(pid=97099) get_body /opt/stack/cinder/cinder/api/openstack/wsgi.py:725}}
Aug 13 09:40:21.855232 np0000007190 devstack@c-api.service[97099]: DEBUG cinder.api.openstack.wsgi [None req-9dab221e-c902-4a9f-9446-1bc140b2a098 None None] Calling method 'all' {{(pid=97099) _process_stack /opt/stack/cinder/cinder/api/openstack/wsgi.py:878}}
Aug 13 09:40:21.855585 np0000007190 devstack@c-api.service[97099]: INFO cinder.api.openstack.wsgi [None req-9dab221e-c902-4a9f-9446-1bc140b2a098 None None] https://10.4.3.64/volume// returned with HTTP 300
Aug 13 09:40:21.855965 np0000007190 devstack@c-api.service[97099]: [pid: 97099|app: 0|req: 145/420] 10.4.3.64 () {66 vars in 1421 bytes} [Thu Aug 13 09:40:21 2026] GET /volume/ => generated 385 bytes in 2 msecs (HTTP/1.1 300) 7 headers in 299 bytes (1 switches on core 0)
Aug 13 09:40:21.865438 np0000007190 devstack@c-api.service[97101]: DEBUG cinder.api.middleware.request_id [req-afaa8d4b-cf37-4cac-8820-4c89a3272654 req-68065c76-7c43-4fe7-bfd3-d974ccf60402 None None] RequestId filter calling following filter/app {{(pid=97101) _context_setter /opt/stack/cinder/cinder/api/middleware/request_id.py:62}}
Aug 13 09:40:21.868164 np0000007190 devstack@c-api.service[97101]: INFO cinder.api.openstack.wsgi [req-afaa8d4b-cf37-4cac-8820-4c89a3272654 req-68065c76-7c43-4fe7-bfd3-d974ccf60402 tempest-ServerActionsTestOtherA-929022855 tempest-ServerActionsTestOtherA-929022855-project-member] POST https://10.4.3.64/volume/v3/attachments
Aug 13 09:40:21.868625 np0000007190 devstack@c-api.service[97101]: DEBUG cinder.api.openstack.wsgi [req-afaa8d4b-cf37-4cac-8820-4c89a3272654 req-68065c76-7c43-4fe7-bfd3-d974ccf60402 tempest-ServerActionsTestOtherA-929022855 tempest-ServerActionsTestOtherA-929022855-project-member] Action: 'create', calling method: version_select, body: {"attachment": {"volume_uuid": "d5600e2c-5af8-4db2-a41c-00ae0e01531b", "connector": null, "instance_uuid": "48010ca1-3d66-48cd-972d-ca836785f782"}} {{(pid=97101) _process_stack /opt/stack/cinder/cinder/api/openstack/wsgi.py:876}}
Aug 13 09:40:21.877229 np0000007190 devstack@c-api.service[97101]: /opt/stack/data/venv/lib/python3.12/site-packages/oslo_context/context.py:102: DeprecationWarning: Policy enforcement is depending on the value of is_admin. This key is deprecated. Please update your policy file to use the standard policy values.
Aug 13 09:40:21.877229 np0000007190 devstack@c-api.service[97101]: warnings.warn(
Aug 13 09:40:21.909298 np0000007190 devstack@c-api.service[97101]: INFO cinder.api.openstack.wsgi [req-afaa8d4b-cf37-4cac-8820-4c89a3272654 req-68065c76-7c43-4fe7-bfd3-d974ccf60402 tempest-ServerActionsTestOtherA-929022855 tempest-ServerActionsTestOtherA-929022855-project-member] https://10.4.3.64/volume/v3/attachments returned with HTTP 200
Aug 13 09:40:21.909855 np0000007190 devstack@c-api.service[97101]: [pid: 97101|app: 0|req: 142/421] 10.4.3.64 () {74 vars in 1587 bytes} [Thu Aug 13 09:40:21 2026] POST /volume/v3/attachments => generated 273 bytes in 45 msecs (HTTP/1.1 200) 7 headers in 286 bytes (1 switches on core 0)
Aug 13 09:40:21.947628 np0000007190 devstack@c-api.service[97100]: DEBUG cinder.api.middleware.request_id [None req-66fe36ec-7684-495c-bc8a-850e66544ec3 None None] RequestId filter calling following filter/app {{(pid=97100) _context_setter /opt/stack/cinder/cinder/api/middleware/request_id.py:62}}
Aug 13 09:40:21.949786 np0000007190 devstack@c-api.service[97100]: INFO cinder.api.openstack.wsgi [None req-66fe36ec-7684-495c-bc8a-850e66544ec3 tempest-ServerActionsTestOtherA-929022855 tempest-ServerActionsTestOtherA-929022855-project-member] GET https://10.4.3.64/volume/v3/volumes/d5600e2c-5af8-4db2-a41c-00ae0e01531b
Aug 13 09:40:21.950040 np0000007190 devstack@c-api.service[97100]: DEBUG cinder.api.openstack.wsgi [None req-66fe36ec-7684-495c-bc8a-850e66544ec3 tempest-ServerActionsTestOtherA-929022855 tempest-ServerActionsTestOtherA-929022855-project-member] Empty body provided in request {{(pid=97100) get_body /opt/stack/cinder/cinder/api/openstack/wsgi.py:725}}
Aug 13 09:40:21.950417 np0000007190 devstack@c-api.service[97100]: DEBUG cinder.api.openstack.wsgi [None req-66fe36ec-7684-495c-bc8a-850e66544ec3 tempest-ServerActionsTestOtherA-929022855 tempest-ServerActionsTestOtherA-929022855-project-member] Calling method 'show' {{(pid=97100) _process_stack /opt/stack/cinder/cinder/api/openstack/wsgi.py:878}}
Aug 13 09:40:21.960897 np0000007190 devstack@c-api.service[97099]: DEBUG cinder.api.middleware.request_id [None req-d5fbb17f-ef08-483b-b7a9-7e2e5f820e1d None None] RequestId filter calling following filter/app {{(pid=97099) _context_setter /opt/stack/cinder/cinder/api/middleware/request_id.py:62}}
Aug 13 09:40:21.961375 np0000007190 devstack@c-api.service[97099]: INFO cinder.api.openstack.wsgi [None req-d5fbb17f-ef08-483b-b7a9-7e2e5f820e1d None None] GET https://10.4.3.64/volume//
Aug 13 09:40:21.961596 np0000007190 devstack@c-api.service[97099]: DEBUG cinder.api.openstack.wsgi [None req-d5fbb17f-ef08-483b-b7a9-7e2e5f820e1d None None] Empty body provided in request {{(pid=97099) get_body /opt/stack/cinder/cinder/api/openstack/wsgi.py:725}}
Aug 13 09:40:21.961867 np0000007190 devstack@c-api.service[97099]: DEBUG cinder.api.openstack.wsgi [None req-d5fbb17f-ef08-483b-b7a9-7e2e5f820e1d None None] Calling method 'all' {{(pid=97099) _process_stack /opt/stack/cinder/cinder/api/openstack/wsgi.py:878}}
Aug 13 09:40:21.962324 np0000007190 devstack@c-api.service[97099]: INFO cinder.api.openstack.wsgi [None req-d5fbb17f-ef08-483b-b7a9-7e2e5f820e1d None None] https://10.4.3.64/volume// returned with HTTP 300
Aug 13 09:40:21.962696 np0000007190 devstack@c-api.service[97099]: [pid: 97099|app: 0|req: 146/422] 10.4.3.64 () {66 vars in 1419 bytes} [Thu Aug 13 09:40:21 2026] GET /volume/ => generated 385 bytes in 2 msecs (HTTP/1.1 300) 7 headers in 299 bytes (1 switches on core 0)
Aug 13 09:40:21.964541 np0000007190 devstack@c-api.service[97100]: /opt/stack/data/venv/lib/python3.12/site-packages/oslo_context/context.py:102: DeprecationWarning: Policy enforcement is depending on the value of is_admin. This key is deprecated. Please update your policy file to use the standard policy values.
Aug 13 09:40:21.964541 np0000007190 devstack@c-api.service[97100]: warnings.warn(
Aug 13 09:40:21.969085 np0000007190 devstack@c-api.service[97100]: INFO cinder.volume.api [None req-66fe36ec-7684-495c-bc8a-850e66544ec3 tempest-ServerActionsTestOtherA-929022855 tempest-ServerActionsTestOtherA-929022855-project-member] Volume info retrieved successfully.
Aug 13 09:40:21.973179 np0000007190 devstack@c-api.service[97101]: DEBUG cinder.api.middleware.request_id [req-afaa8d4b-cf37-4cac-8820-4c89a3272654 req-5599992e-6040-4511-b873-1e3d3124c1b7 None None] RequestId filter calling following filter/app {{(pid=97101) _context_setter /opt/stack/cinder/cinder/api/middleware/request_id.py:62}}
Aug 13 09:40:21.975767 np0000007190 devstack@c-api.service[97100]: INFO cinder.api.openstack.wsgi [None req-66fe36ec-7684-495c-bc8a-850e66544ec3 tempest-ServerActionsTestOtherA-929022855 tempest-ServerActionsTestOtherA-929022855-project-member] https://10.4.3.64/volume/v3/volumes/d5600e2c-5af8-4db2-a41c-00ae0e01531b returned with HTTP 200
Aug 13 09:40:21.976262 np0000007190 devstack@c-api.service[97101]: INFO cinder.api.openstack.wsgi [req-afaa8d4b-cf37-4cac-8820-4c89a3272654 req-5599992e-6040-4511-b873-1e3d3124c1b7 tempest-ServerActionsTestOtherA-929022855 tempest-ServerActionsTestOtherA-929022855-project-member] GET https://10.4.3.64/volume/v3/volumes/d5600e2c-5af8-4db2-a41c-00ae0e01531b
Aug 13 09:40:21.976262 np0000007190 devstack@c-api.service[97101]: DEBUG cinder.api.openstack.wsgi [req-afaa8d4b-cf37-4cac-8820-4c89a3272654 req-5599992e-6040-4511-b873-1e3d3124c1b7 tempest-ServerActionsTestOtherA-929022855 tempest-ServerActionsTestOtherA-929022855-project-member] Empty body provided in request {{(pid=97101) get_body /opt/stack/cinder/cinder/api/openstack/wsgi.py:725}}
Aug 13 09:40:21.976262 np0000007190 devstack@c-api.service[97101]: DEBUG cinder.api.openstack.wsgi [req-afaa8d4b-cf37-4cac-8820-4c89a3272654 req-5599992e-6040-4511-b873-1e3d3124c1b7 tempest-ServerActionsTestOtherA-929022855 tempest-ServerActionsTestOtherA-929022855-project-member] Calling method 'show' {{(pid=97101) _process_stack /opt/stack/cinder/cinder/api/openstack/wsgi.py:878}}
Aug 13 09:40:21.976878 np0000007190 devstack@c-api.service[97100]: [pid: 97100|app: 0|req: 135/423] 10.4.3.64 () {66 vars in 1341 bytes} [Thu Aug 13 09:40:21 2026] GET /volume/v3/volumes/d5600e2c-5af8-4db2-a41c-00ae0e01531b => generated 844 bytes in 31 msecs (HTTP/1.1 200) 7 headers in 285 bytes (1 switches on core 0)
Aug 13 09:40:21.992893 np0000007190 devstack@c-api.service[97101]: /opt/stack/data/venv/lib/python3.12/site-packages/oslo_context/context.py:102: DeprecationWarning: Policy enforcement is depending on the value of is_admin. This key is deprecated. Please update your policy file to use the standard policy values.
Aug 13 09:40:21.992893 np0000007190 devstack@c-api.service[97101]: warnings.warn(
Aug 13 09:40:21.997044 np0000007190 devstack@c-api.service[97101]: INFO cinder.volume.api [req-afaa8d4b-cf37-4cac-8820-4c89a3272654 req-5599992e-6040-4511-b873-1e3d3124c1b7 tempest-ServerActionsTestOtherA-929022855 tempest-ServerActionsTestOtherA-929022855-project-member] Volume info retrieved successfully.
Aug 13 09:40:22.003647 np0000007190 devstack@c-api.service[97101]: INFO cinder.api.openstack.wsgi [req-afaa8d4b-cf37-4cac-8820-4c89a3272654 req-5599992e-6040-4511-b873-1e3d3124c1b7 tempest-ServerActionsTestOtherA-929022855 tempest-ServerActionsTestOtherA-929022855-project-member] https://10.4.3.64/volume/v3/volumes/d5600e2c-5af8-4db2-a41c-00ae0e01531b returned with HTTP 200
Aug 13 09:40:22.004175 np0000007190 devstack@c-api.service[97101]: [pid: 97101|app: 0|req: 143/424] 10.4.3.64 () {70 vars in 1632 bytes} [Thu Aug 13 09:40:21 2026] GET /volume/v3/volumes/d5600e2c-5af8-4db2-a41c-00ae0e01531b => generated 1025 bytes in 32 msecs (HTTP/1.1 200) 7 headers in 287 bytes (1 switches on core 0)
Aug 13 09:40:22.094549 np0000007190 devstack@c-api.service[97099]: DEBUG cinder.api.middleware.request_id [req-afaa8d4b-cf37-4cac-8820-4c89a3272654 req-18df9fc4-4cf6-44f6-8d6c-f398ea0c2fe2 None None] RequestId filter calling following filter/app {{(pid=97099) _context_setter /opt/stack/cinder/cinder/api/middleware/request_id.py:62}}
Aug 13 09:40:22.096999 np0000007190 devstack@c-api.service[97099]: INFO cinder.api.openstack.wsgi [req-afaa8d4b-cf37-4cac-8820-4c89a3272654 req-18df9fc4-4cf6-44f6-8d6c-f398ea0c2fe2 tempest-ServerActionsTestOtherA-929022855 tempest-ServerActionsTestOtherA-929022855-project-member] PUT https://10.4.3.64/volume/v3/attachments/72ebfe1d-e3a8-418f-b907-874f83d8a270
Aug 13 09:40:22.097410 np0000007190 devstack@c-api.service[97099]: DEBUG cinder.api.openstack.wsgi [req-afaa8d4b-cf37-4cac-8820-4c89a3272654 req-18df9fc4-4cf6-44f6-8d6c-f398ea0c2fe2 tempest-ServerActionsTestOtherA-929022855 tempest-ServerActionsTestOtherA-929022855-project-member] Action: 'update', calling method: version_select, body: {"attachment": {"connector": {"platform": "x86_64", "os_type": "linux", "ip": "10.4.3.64", "host": "np0000007190", "multipath": false, "enforce_multipath": true, "initiator": "iqn.2016-04.com.open-iscsi:b4a164b931cf", "do_local_attach": false, "nvme_hostid": "bfb87abc-5ae2-484e-bfe3-263266d00873", "uuid": "8515de1c-ba7e-467b-adde-6d9f8a8dbc1f", "system uuid": "7382e6d5-bc9c-4486-91ad-7301289fff3a", "nqn": "nqn.2014-08.org.nvmexpress:uuid:7382e6d5-bc9c-4486-91ad-7301289fff3a", "nvme_native_multipath": true, "found_dsc": "", "host_ips": ["10.4.3.64", "fe80::f816:3eff:fee1:6679", "192.168.10.6", "fe80::f816:3eff:fea1:137f", "192.168.20.6", "fe80::f816:3eff:fe7f:8cf6", "192.168.30.6", "fe80::f816:3eff:fefe:d5d9", "192.168.122.1", "172.24.5.1", "2001:db8::2", "fe80::30c1:edff:fe7d:5c45", "fe80::f816:3eff:fef6:e89c", "fe80::e437:d4ff:fe4f:244d", "fe80::f816:3eff:fe57:2f4f", "fe80::f816:3eff:fef9:8883", "fe80::8bd:72ff:fe03:6876", "fe80::f816:3eff:fe46:49d8", "fe80::ccb9:71ff:fea5:26c"], "mountpoint": "/dev/vdb"}}} {{(pid=97099) _process_stack /opt/stack/cinder/cinder/api/openstack/wsgi.py:876}}
Aug 13 09:40:22.106891 np0000007190 devstack@c-api.service[97099]: DEBUG cinder.coordination [req-afaa8d4b-cf37-4cac-8820-4c89a3272654 req-18df9fc4-4cf6-44f6-8d6c-f398ea0c2fe2 tempest-ServerActionsTestOtherA-929022855 tempest-ServerActionsTestOtherA-929022855-project-member] Acquiring lock "cinder-attachment_update-d5600e2c-5af8-4db2-a41c-00ae0e01531b-np0000007190" by "attachment_update" {{(pid=97099) __acquire /opt/stack/cinder/cinder/coordination.py:138}}
Aug 13 09:40:22.113129 np0000007190 devstack@c-api.service[97099]: DEBUG cinder.coordination [req-afaa8d4b-cf37-4cac-8820-4c89a3272654 req-18df9fc4-4cf6-44f6-8d6c-f398ea0c2fe2 tempest-ServerActionsTestOtherA-929022855 tempest-ServerActionsTestOtherA-929022855-project-member] Lock "cinder-attachment_update-d5600e2c-5af8-4db2-a41c-00ae0e01531b-np0000007190" acquired by "attachment_update" :: waited 0.006s {{(pid=97099) __acquire /opt/stack/cinder/cinder/coordination.py:141}}
Aug 13 09:40:22.115462 np0000007190 devstack@c-api.service[97099]: /opt/stack/data/venv/lib/python3.12/site-packages/oslo_context/context.py:102: DeprecationWarning: Policy enforcement is depending on the value of is_admin. This key is deprecated. Please update your policy file to use the standard policy values.
Aug 13 09:40:22.115462 np0000007190 devstack@c-api.service[97099]: warnings.warn(
Aug 13 09:40:22.238964 np0000007190 devstack@c-api.service[97099]: DEBUG cinder.coordination [req-afaa8d4b-cf37-4cac-8820-4c89a3272654 req-18df9fc4-4cf6-44f6-8d6c-f398ea0c2fe2 tempest-ServerActionsTestOtherA-929022855 tempest-ServerActionsTestOtherA-929022855-project-member] Lock "cinder-attachment_update-d5600e2c-5af8-4db2-a41c-00ae0e01531b-np0000007190" released by "attachment_update" :: held 0.122s {{(pid=97099) __release /opt/stack/cinder/cinder/coordination.py:152}}
Aug 13 09:40:22.238964 np0000007190 devstack@c-api.service[97099]: INFO cinder.api.openstack.wsgi [req-afaa8d4b-cf37-4cac-8820-4c89a3272654 req-18df9fc4-4cf6-44f6-8d6c-f398ea0c2fe2 tempest-ServerActionsTestOtherA-929022855 tempest-ServerActionsTestOtherA-929022855-project-member] https://10.4.3.64/volume/v3/attachments/72ebfe1d-e3a8-418f-b907-874f83d8a270 returned with HTTP 200
Aug 13 09:40:22.238964 np0000007190 devstack@c-api.service[97099]: [pid: 97099|app: 0|req: 147/425] 10.4.3.64 () {74 vars in 1698 bytes} [Thu Aug 13 09:40:22 2026] PUT /volume/v3/attachments/72ebfe1d-e3a8-418f-b907-874f83d8a270 => generated 535 bytes in 142 msecs (HTTP/1.1 200) 7 headers in 286 bytes (1 switches on core 0)
Aug 13 09:40:22.427518 np0000007190 devstack@c-api.service[97100]: DEBUG cinder.api.middleware.request_id [None req-d4f59cac-0e41-4346-a69f-6e60e6f0afb1 None None] RequestId filter calling following filter/app {{(pid=97100) _context_setter /opt/stack/cinder/cinder/api/middleware/request_id.py:62}}
Aug 13 09:40:22.429874 np0000007190 devstack@c-api.service[97100]: INFO cinder.api.openstack.wsgi [None req-d4f59cac-0e41-4346-a69f-6e60e6f0afb1 tempest-GroupsTest-1959525071 tempest-GroupsTest-1959525071-project-member] GET https://10.4.3.64/volume/v3/volumes/62ca653c-29a7-4e1f-a227-49dde7732197
Aug 13 09:40:22.432709 np0000007190 devstack@c-api.service[97100]: DEBUG cinder.api.openstack.wsgi [None req-d4f59cac-0e41-4346-a69f-6e60e6f0afb1 tempest-GroupsTest-1959525071 tempest-GroupsTest-1959525071-project-member] Empty body provided in request {{(pid=97100) get_body /opt/stack/cinder/cinder/api/openstack/wsgi.py:725}}
Aug 13 09:40:22.432947 np0000007190 devstack@c-api.service[97100]: DEBUG cinder.api.openstack.wsgi [None req-d4f59cac-0e41-4346-a69f-6e60e6f0afb1 tempest-GroupsTest-1959525071 tempest-GroupsTest-1959525071-project-member] Calling method 'show' {{(pid=97100) _process_stack /opt/stack/cinder/cinder/api/openstack/wsgi.py:878}}
Aug 13 09:40:22.444637 np0000007190 devstack@c-api.service[97100]: /opt/stack/data/venv/lib/python3.12/site-packages/oslo_context/context.py:102: DeprecationWarning: Policy enforcement is depending on the value of is_admin. This key is deprecated. Please update your policy file to use the standard policy values.
Aug 13 09:40:22.444637 np0000007190 devstack@c-api.service[97100]: warnings.warn(
Aug 13 09:40:22.450811 np0000007190 devstack@c-api.service[97100]: INFO cinder.volume.api [None req-d4f59cac-0e41-4346-a69f-6e60e6f0afb1 tempest-GroupsTest-1959525071 tempest-GroupsTest-1959525071-project-member] Volume info retrieved successfully.
Aug 13 09:40:22.451804 np0000007190 devstack@c-api.service[97100]: WARNING stevedore.named [None req-d4f59cac-0e41-4346-a69f-6e60e6f0afb1 tempest-GroupsTest-1959525071 tempest-GroupsTest-1959525071-project-member] Could not load cinder.keymgr.conf_key_mgr.ConfKeyManager
Aug 13 09:40:22.452005 np0000007190 devstack@c-api.service[97100]: WARNING castellan.key_manager [None req-d4f59cac-0e41-4346-a69f-6e60e6f0afb1 tempest-GroupsTest-1959525071 tempest-GroupsTest-1959525071-project-member] Deprecation Warning : cinder.keymgr.conf_key_mgr.ConfKeyManager is not a stevedore based driver, trying to load it as a class: stevedore.exception.NoMatches: No 'castellan.drivers' driver found, looking for 'cinder.keymgr.conf_key_mgr.ConfKeyManager'
Aug 13 09:40:22.503699 np0000007190 devstack@c-api.service[97100]: DEBUG oslo_db.sqlalchemy.engines [None req-d4f59cac-0e41-4346-a69f-6e60e6f0afb1 tempest-GroupsTest-1959525071 tempest-GroupsTest-1959525071-project-member] MySQL server mode set to STRICT_TRANS_TABLES,STRICT_ALL_TABLES,NO_ZERO_IN_DATE,NO_ZERO_DATE,ERROR_FOR_DIVISION_BY_ZERO,TRADITIONAL,NO_ENGINE_SUBSTITUTION {{(pid=97100) _check_effective_sql_mode /opt/stack/data/venv/lib/python3.12/site-packages/oslo_db/sqlalchemy/engines.py:325}}
Aug 13 09:40:22.508620 np0000007190 devstack@c-api.service[97100]: /opt/stack/data/venv/lib/python3.12/site-packages/oslo_context/context.py:102: DeprecationWarning: Policy enforcement is depending on the value of is_admin. This key is deprecated. Please update your policy file to use the standard policy values.
Aug 13 09:40:22.508620 np0000007190 devstack@c-api.service[97100]: warnings.warn(
Aug 13 09:40:22.520191 np0000007190 devstack@c-api.service[97100]: INFO cinder.api.openstack.wsgi [None req-d4f59cac-0e41-4346-a69f-6e60e6f0afb1 tempest-GroupsTest-1959525071 tempest-GroupsTest-1959525071-project-member] https://10.4.3.64/volume/v3/volumes/62ca653c-29a7-4e1f-a227-49dde7732197 returned with HTTP 200
Aug 13 09:40:22.522543 np0000007190 devstack@c-api.service[97100]: [pid: 97100|app: 0|req: 136/426] 10.4.3.64 () {68 vars in 1382 bytes} [Thu Aug 13 09:40:22 2026] GET /volume/v3/volumes/62ca653c-29a7-4e1f-a227-49dde7732197 => generated 905 bytes in 94 msecs (HTTP/1.1 200) 7 headers in 286 bytes (1 switches on core 0)
Aug 13 09:40:22.543689 np0000007190 devstack@c-api.service[97101]: DEBUG cinder.api.middleware.request_id [None req-62d72cbc-4d44-4e8c-93c4-781db2ab63b7 None None] RequestId filter calling following filter/app {{(pid=97101) _context_setter /opt/stack/cinder/cinder/api/middleware/request_id.py:62}}
Aug 13 09:40:22.547359 np0000007190 devstack@c-api.service[97101]: INFO cinder.api.openstack.wsgi [None req-62d72cbc-4d44-4e8c-93c4-781db2ab63b7 tempest-GroupsTest-1959525071 tempest-GroupsTest-1959525071-project-member] POST https://10.4.3.64/volume/v3/volumes
Aug 13 09:40:22.548578 np0000007190 devstack@c-api.service[97101]: DEBUG cinder.api.openstack.wsgi [None req-62d72cbc-4d44-4e8c-93c4-781db2ab63b7 tempest-GroupsTest-1959525071 tempest-GroupsTest-1959525071-project-member] Action: 'create', calling method: create, body: {"volume": {"name": "tempest-volume-1418987457", "volume_type": "27a161ad-a842-455f-83f5-6218031b985b", "group_id": "52a4a11c-ecf8-42f9-9c58-aee7d6805adc", "size": 1}} {{(pid=97101) _process_stack /opt/stack/cinder/cinder/api/openstack/wsgi.py:876}}
Aug 13 09:40:22.551455 np0000007190 devstack@c-api.service[97101]: DEBUG cinder.api.v3.volumes [None req-62d72cbc-4d44-4e8c-93c4-781db2ab63b7 tempest-GroupsTest-1959525071 tempest-GroupsTest-1959525071-project-member] Create volume request body: {'volume': {'name': 'tempest-volume-1418987457', 'volume_type': '27a161ad-a842-455f-83f5-6218031b985b', 'group_id': '52a4a11c-ecf8-42f9-9c58-aee7d6805adc', 'size': 1}} {{(pid=97101) create /opt/stack/cinder/cinder/api/v3/volumes.py:368}}
Aug 13 09:40:22.566556 np0000007190 devstack@c-api.service[97101]: /opt/stack/data/venv/lib/python3.12/site-packages/oslo_context/context.py:102: DeprecationWarning: Policy enforcement is depending on the value of is_admin. This key is deprecated. Please update your policy file to use the standard policy values.
Aug 13 09:40:22.566556 np0000007190 devstack@c-api.service[97101]: warnings.warn(
Aug 13 09:40:22.567385 np0000007190 devstack@c-api.service[97101]: INFO cinder.api.v3.volumes [None req-62d72cbc-4d44-4e8c-93c4-781db2ab63b7 tempest-GroupsTest-1959525071 tempest-GroupsTest-1959525071-project-member] Create volume of 1 GB
Aug 13 09:40:22.569522 np0000007190 devstack@c-api.service[97099]: DEBUG cinder.api.middleware.request_id [req-afaa8d4b-cf37-4cac-8820-4c89a3272654 req-5646108f-0303-4e79-acbb-7df9775a7cf1 None None] RequestId filter calling following filter/app {{(pid=97099) _context_setter /opt/stack/cinder/cinder/api/middleware/request_id.py:62}}
Aug 13 09:40:22.574584 np0000007190 devstack@c-api.service[97099]: INFO cinder.api.openstack.wsgi [req-afaa8d4b-cf37-4cac-8820-4c89a3272654 req-5646108f-0303-4e79-acbb-7df9775a7cf1 tempest-ServerActionsTestOtherA-929022855 tempest-ServerActionsTestOtherA-929022855-project-member] POST https://10.4.3.64/volume/v3/attachments/72ebfe1d-e3a8-418f-b907-874f83d8a270/action
Aug 13 09:40:22.575336 np0000007190 devstack@c-api.service[97099]: DEBUG cinder.api.openstack.wsgi [req-afaa8d4b-cf37-4cac-8820-4c89a3272654 req-5646108f-0303-4e79-acbb-7df9775a7cf1 tempest-ServerActionsTestOtherA-929022855 tempest-ServerActionsTestOtherA-929022855-project-member] Action body: b'{"os-complete": null}' {{(pid=97099) get_method /opt/stack/cinder/cinder/api/openstack/wsgi.py:993}}
Aug 13 09:40:22.575472 np0000007190 devstack@c-api.service[97099]: DEBUG cinder.api.openstack.wsgi [req-afaa8d4b-cf37-4cac-8820-4c89a3272654 req-5646108f-0303-4e79-acbb-7df9775a7cf1 tempest-ServerActionsTestOtherA-929022855 tempest-ServerActionsTestOtherA-929022855-project-member] Action: 'action', calling method: complete, body: {"os-complete": null} {{(pid=97099) _process_stack /opt/stack/cinder/cinder/api/openstack/wsgi.py:876}}
Aug 13 09:40:22.581260 np0000007190 devstack@c-api.service[97101]: INFO cinder.volume.api [None req-62d72cbc-4d44-4e8c-93c4-781db2ab63b7 tempest-GroupsTest-1959525071 tempest-GroupsTest-1959525071-project-member] Availability Zones retrieved successfully.
Aug 13 09:40:22.593941 np0000007190 devstack@c-api.service[97101]: DEBUG cinder.volume.api [None req-62d72cbc-4d44-4e8c-93c4-781db2ab63b7 tempest-GroupsTest-1959525071 tempest-GroupsTest-1959525071-project-member] Flow 'volume_create_api' (f0d8d674-19be-4d16-b866-294f081fa653) transitioned into state 'RUNNING' from state 'PENDING' {{(pid=97101) _flow_receiver /opt/stack/data/venv/lib/python3.12/site-packages/taskflow/listeners/logging.py:160}}
Aug 13 09:40:22.595434 np0000007190 devstack@c-api.service[97101]: DEBUG cinder.volume.api [None req-62d72cbc-4d44-4e8c-93c4-781db2ab63b7 tempest-GroupsTest-1959525071 tempest-GroupsTest-1959525071-project-member] Task 'cinder.volume.flows.api.create_volume.ExtractVolumeRequestTask;volume:create' (468a6d5f-cd8d-4556-b5c6-a6fad0f7d03e) transitioned into state 'RUNNING' from state 'PENDING' {{(pid=97101) _task_receiver /opt/stack/data/venv/lib/python3.12/site-packages/taskflow/listeners/logging.py:242}}
Aug 13 09:40:22.596377 np0000007190 devstack@c-api.service[97101]: /opt/stack/data/venv/lib/python3.12/site-packages/oslo_context/context.py:102: DeprecationWarning: Policy enforcement is depending on the value of is_admin. This key is deprecated. Please update your policy file to use the standard policy values.
Aug 13 09:40:22.596377 np0000007190 devstack@c-api.service[97101]: warnings.warn(
Aug 13 09:40:22.597000 np0000007190 devstack@c-api.service[97101]: DEBUG cinder.volume.flows.api.create_volume [None req-62d72cbc-4d44-4e8c-93c4-781db2ab63b7 tempest-GroupsTest-1959525071 tempest-GroupsTest-1959525071-project-member] Validating volume size '1' using validate_int {{(pid=97101) _extract_size /opt/stack/cinder/cinder/volume/flows/api/create_volume.py:226}}
Aug 13 09:40:22.613424 np0000007190 devstack@c-api.service[97099]: /opt/stack/data/venv/lib/python3.12/site-packages/oslo_context/context.py:102: DeprecationWarning: Policy enforcement is depending on the value of is_admin. This key is deprecated. Please update your policy file to use the standard policy values.
Aug 13 09:40:22.613424 np0000007190 devstack@c-api.service[97099]: warnings.warn(
Aug 13 09:40:22.627570 np0000007190 devstack@c-api.service[97099]: INFO cinder.api.openstack.wsgi [req-afaa8d4b-cf37-4cac-8820-4c89a3272654 req-5646108f-0303-4e79-acbb-7df9775a7cf1 tempest-ServerActionsTestOtherA-929022855 tempest-ServerActionsTestOtherA-929022855-project-member] https://10.4.3.64/volume/v3/attachments/72ebfe1d-e3a8-418f-b907-874f83d8a270/action returned with HTTP 204
Aug 13 09:40:22.628163 np0000007190 devstack@c-api.service[97099]: [pid: 97099|app: 0|req: 148/427] 10.4.3.64 () {74 vars in 1718 bytes} [Thu Aug 13 09:40:22 2026] POST /volume/v3/attachments/72ebfe1d-e3a8-418f-b907-874f83d8a270/action => generated 0 bytes in 59 msecs (HTTP/1.1 204) 7 headers in 292 bytes (1 switches on core 0)
Aug 13 09:40:22.632562 np0000007190 devstack@c-api.service[97101]: DEBUG cinder.volume.api [None req-62d72cbc-4d44-4e8c-93c4-781db2ab63b7 tempest-GroupsTest-1959525071 tempest-GroupsTest-1959525071-project-member] Task 'cinder.volume.flows.api.create_volume.ExtractVolumeRequestTask;volume:create' (468a6d5f-cd8d-4556-b5c6-a6fad0f7d03e) transitioned into state 'SUCCESS' from state 'RUNNING' with result '{'size': 1, 'snapshot_id': None, 'source_volid': None, 'volume_type': VolumeType(created_at=2026-08-13T09:40:20Z,deleted=False,deleted_at=None,description=None,extra_specs={},id=27a161ad-a842-455f-83f5-6218031b985b,is_public=True,name='tempest-GroupsTest-volume-type-584401321',projects=[],qos_specs=,qos_specs_id=None,updated_at=None), 'volume_type_id': '27a161ad-a842-455f-83f5-6218031b985b', 'encryption_key_id': None, 'qos_specs': None, 'consistencygroup_id': None, 'cgsnapshot_id': None, 'group_id': '52a4a11c-ecf8-42f9-9c58-aee7d6805adc', 'replication_status': 'disabled', 'refresh_az': False, 'backup_id': None, 'multiattach': False, 'availability_zones': ['nova']}' {{(pid=97101) _task_receiver /opt/stack/data/venv/lib/python3.12/site-packages/taskflow/listeners/logging.py:218}}
Aug 13 09:40:22.633603 np0000007190 devstack@c-api.service[97101]: DEBUG cinder.volume.api [None req-62d72cbc-4d44-4e8c-93c4-781db2ab63b7 tempest-GroupsTest-1959525071 tempest-GroupsTest-1959525071-project-member] Task 'cinder.volume.flows.api.create_volume.QuotaReserveTask;volume:create' (25174324-0a82-40c7-a184-1a43c31f3011) transitioned into state 'RUNNING' from state 'PENDING' {{(pid=97101) _task_receiver /opt/stack/data/venv/lib/python3.12/site-packages/taskflow/listeners/logging.py:242}}
Aug 13 09:40:22.714079 np0000007190 devstack@c-api.service[97101]: DEBUG cinder.quota [None req-62d72cbc-4d44-4e8c-93c4-781db2ab63b7 tempest-GroupsTest-1959525071 tempest-GroupsTest-1959525071-project-member] Created reservations ['fc8a1757-d1c3-402f-9917-27951b0f61aa', '75e6aa33-ccee-405a-8335-3c95437bca3b', '085f0bcd-0ddc-4b48-ae23-51f7e2aa8795', 'ae1f2e73-b97f-4eb3-9c2c-ac8e1294c3ad'] {{(pid=97101) reserve /opt/stack/cinder/cinder/quota.py:752}}
Aug 13 09:40:22.715311 np0000007190 devstack@c-api.service[97101]: DEBUG cinder.volume.api [None req-62d72cbc-4d44-4e8c-93c4-781db2ab63b7 tempest-GroupsTest-1959525071 tempest-GroupsTest-1959525071-project-member] Task 'cinder.volume.flows.api.create_volume.QuotaReserveTask;volume:create' (25174324-0a82-40c7-a184-1a43c31f3011) transitioned into state 'SUCCESS' from state 'RUNNING' with result '{'reservations': ['fc8a1757-d1c3-402f-9917-27951b0f61aa', '75e6aa33-ccee-405a-8335-3c95437bca3b', '085f0bcd-0ddc-4b48-ae23-51f7e2aa8795', 'ae1f2e73-b97f-4eb3-9c2c-ac8e1294c3ad']}' {{(pid=97101) _task_receiver /opt/stack/data/venv/lib/python3.12/site-packages/taskflow/listeners/logging.py:218}}
Aug 13 09:40:22.717389 np0000007190 devstack@c-api.service[97101]: DEBUG cinder.volume.api [None req-62d72cbc-4d44-4e8c-93c4-781db2ab63b7 tempest-GroupsTest-1959525071 tempest-GroupsTest-1959525071-project-member] Task 'cinder.volume.flows.api.create_volume.EntryCreateTask;volume:create' (89dbf038-6ab6-459f-aad2-55f8ae92cfa8) transitioned into state 'RUNNING' from state 'PENDING' {{(pid=97101) _task_receiver /opt/stack/data/venv/lib/python3.12/site-packages/taskflow/listeners/logging.py:242}}
Aug 13 09:40:22.754601 np0000007190 devstack@c-api.service[97101]: DEBUG cinder.volume.api [None req-62d72cbc-4d44-4e8c-93c4-781db2ab63b7 tempest-GroupsTest-1959525071 tempest-GroupsTest-1959525071-project-member] Task 'cinder.volume.flows.api.create_volume.EntryCreateTask;volume:create' (89dbf038-6ab6-459f-aad2-55f8ae92cfa8) transitioned into state 'SUCCESS' from state 'RUNNING' with result '{'volume_id': '20e112d1-e52b-461d-b8f0-15c992ef694e', 'volume_properties': VolumeProperties(attach_status='detached',availability_zone='nova',cgsnapshot_id=None,consistencygroup_id=None,display_description=None,display_name='tempest-volume-1418987457',encryption_key_id=None,group_id=52a4a11c-ecf8-42f9-9c58-aee7d6805adc,group_type_id=,metadata={},multiattach=False,project_id='b8bcd422dcc1471e81a43be6ef2305f3',qos_specs=None,replication_status=,reservations=['fc8a1757-d1c3-402f-9917-27951b0f61aa','75e6aa33-ccee-405a-8335-3c95437bca3b','085f0bcd-0ddc-4b48-ae23-51f7e2aa8795','ae1f2e73-b97f-4eb3-9c2c-ac8e1294c3ad'],size=1,snapshot_id=None,source_replicaid=,source_volid=None,status='creating',user_id='c73a8a3f2f2f46c291a28075e62fc101',volume_type_id=27a161ad-a842-455f-83f5-6218031b985b), 'volume': Volume(_name_id=None,admin_metadata=,attach_status='detached',availability_zone='nova',bootable=False,cluster=,cluster_name=None,consistencygroup=,consistencygroup_id=None,created_at=2026-08-13T09:40:22Z,deleted=False,deleted_at=None,display_description=None,display_name='tempest-volume-1418987457',ec2_id=None,encryption_key_id=None,glance_metadata=,group=,group_id=52a4a11c-ecf8-42f9-9c58-aee7d6805adc,host=None,id=20e112d1-e52b-461d-b8f0-15c992ef694e,launched_at=None,metadata={},migration_status=None,multiattach=False,previous_status=None,project_id='b8bcd422dcc1471e81a43be6ef2305f3',provider_auth=None,provider_geometry=None,provider_id=None,provider_location=None,replication_driver_data=None,replication_extended_status=None,replication_status=None,scheduled_at=None,service_uuid=None,shared_targets=True,size=1,snapshot_id=None,snapshots=,source_volid=None,status='creating',terminated_at=None,updated_at=None,use_quota=True,user_id='c73a8a3f2f2f46c291a28075e62fc101',volume_attachment=VolumeAttachmentList,volume_type=VolumeType(27a161ad-a842-455f-83f5-6218031b985b),volume_type_id=27a161ad-a842-455f-83f5-6218031b985b)}' {{(pid=97101) _task_receiver /opt/stack/data/venv/lib/python3.12/site-packages/taskflow/listeners/logging.py:218}}
Aug 13 09:40:22.755954 np0000007190 devstack@c-api.service[97101]: DEBUG cinder.volume.api [None req-62d72cbc-4d44-4e8c-93c4-781db2ab63b7 tempest-GroupsTest-1959525071 tempest-GroupsTest-1959525071-project-member] Task 'cinder.volume.flows.api.create_volume.QuotaCommitTask;volume:create' (8e97ac96-f623-458c-a743-79fa6fcb51da) transitioned into state 'RUNNING' from state 'PENDING' {{(pid=97101) _task_receiver /opt/stack/data/venv/lib/python3.12/site-packages/taskflow/listeners/logging.py:242}}
Aug 13 09:40:22.779831 np0000007190 devstack@c-api.service[97101]: DEBUG cinder.volume.api [None req-62d72cbc-4d44-4e8c-93c4-781db2ab63b7 tempest-GroupsTest-1959525071 tempest-GroupsTest-1959525071-project-member] Task 'cinder.volume.flows.api.create_volume.QuotaCommitTask;volume:create' (8e97ac96-f623-458c-a743-79fa6fcb51da) transitioned into state 'SUCCESS' from state 'RUNNING' with result '{'volume_properties': VolumeProperties(attach_status='detached',availability_zone='nova',cgsnapshot_id=None,consistencygroup_id=None,display_description=None,display_name='tempest-volume-1418987457',encryption_key_id=None,group_id=52a4a11c-ecf8-42f9-9c58-aee7d6805adc,group_type_id=,metadata={},multiattach=False,project_id='b8bcd422dcc1471e81a43be6ef2305f3',qos_specs=None,replication_status=,reservations=['fc8a1757-d1c3-402f-9917-27951b0f61aa','75e6aa33-ccee-405a-8335-3c95437bca3b','085f0bcd-0ddc-4b48-ae23-51f7e2aa8795','ae1f2e73-b97f-4eb3-9c2c-ac8e1294c3ad'],size=1,snapshot_id=None,source_replicaid=,source_volid=None,status='creating',user_id='c73a8a3f2f2f46c291a28075e62fc101',volume_type_id=27a161ad-a842-455f-83f5-6218031b985b)}' {{(pid=97101) _task_receiver /opt/stack/data/venv/lib/python3.12/site-packages/taskflow/listeners/logging.py:218}}
Aug 13 09:40:22.780828 np0000007190 devstack@c-api.service[97101]: DEBUG cinder.volume.api [None req-62d72cbc-4d44-4e8c-93c4-781db2ab63b7 tempest-GroupsTest-1959525071 tempest-GroupsTest-1959525071-project-member] Task 'cinder.volume.flows.api.create_volume.VolumeCastTask;volume:create' (9cc7572d-10f7-43bd-8bc8-86a60db6791f) transitioned into state 'RUNNING' from state 'PENDING' {{(pid=97101) _task_receiver /opt/stack/data/venv/lib/python3.12/site-packages/taskflow/listeners/logging.py:242}}
Aug 13 09:40:22.797705 np0000007190 devstack@c-api.service[97101]: DEBUG cinder.volume.api [None req-62d72cbc-4d44-4e8c-93c4-781db2ab63b7 tempest-GroupsTest-1959525071 tempest-GroupsTest-1959525071-project-member] Task 'cinder.volume.flows.api.create_volume.VolumeCastTask;volume:create' (9cc7572d-10f7-43bd-8bc8-86a60db6791f) transitioned into state 'SUCCESS' from state 'RUNNING' with result 'None' {{(pid=97101) _task_receiver /opt/stack/data/venv/lib/python3.12/site-packages/taskflow/listeners/logging.py:218}}
