Aug 13 09:35:50.295046 np0000007190 nova-scheduler[93504]: DEBUG cotyledon.oslo_config_glue [-] oslo_messaging_rabbit.rabbit_quorum_max_memory_bytes = 0 {{(pid=93504) log_opt_values /opt/stack/data/venv/lib/python3.12/site-packages/oslo_config/cfg.py:3545}}
Aug 13 09:35:50.295046 np0000007190 nova-scheduler[93504]: DEBUG cotyledon.oslo_config_glue [-] oslo_messaging_rabbit.rabbit_quorum_max_memory_length = 0 {{(pid=93504) log_opt_values /opt/stack/data/venv/lib/python3.12/site-packages/oslo_config/cfg.py:3545}}
Aug 13 09:35:50.295046 np0000007190 nova-scheduler[93504]: DEBUG cotyledon.oslo_config_glue [-] oslo_messaging_rabbit.rabbit_quorum_queue = False {{(pid=93504) log_opt_values /opt/stack/data/venv/lib/python3.12/site-packages/oslo_config/cfg.py:3545}}
Aug 13 09:35:50.295046 np0000007190 nova-scheduler[93504]: DEBUG cotyledon.oslo_config_glue [-] oslo_messaging_rabbit.rabbit_retry_backoff = 2 {{(pid=93504) log_opt_values /opt/stack/data/venv/lib/python3.12/site-packages/oslo_config/cfg.py:3545}}
Aug 13 09:35:50.295046 np0000007190 nova-scheduler[93504]: DEBUG cotyledon.oslo_config_glue [-] oslo_messaging_rabbit.rabbit_retry_interval = 1 {{(pid=93504) log_opt_values /opt/stack/data/venv/lib/python3.12/site-packages/oslo_config/cfg.py:3545}}
Aug 13 09:35:50.295046 np0000007190 nova-scheduler[93504]: DEBUG cotyledon.oslo_config_glue [-] oslo_messaging_rabbit.rabbit_stream_fanout = False {{(pid=93504) log_opt_values /opt/stack/data/venv/lib/python3.12/site-packages/oslo_config/cfg.py:3545}}
Aug 13 09:35:50.295046 np0000007190 nova-scheduler[93504]: DEBUG cotyledon.oslo_config_glue [-] oslo_messaging_rabbit.rabbit_transient_queues_ttl = 1800 {{(pid=93504) log_opt_values /opt/stack/data/venv/lib/python3.12/site-packages/oslo_config/cfg.py:3545}}
Aug 13 09:35:50.295046 np0000007190 nova-scheduler[93504]: DEBUG cotyledon.oslo_config_glue [-] oslo_messaging_rabbit.rabbit_transient_quorum_queue = False {{(pid=93504) log_opt_values /opt/stack/data/venv/lib/python3.12/site-packages/oslo_config/cfg.py:3545}}
Aug 13 09:35:50.295302 np0000007190 nova-scheduler[93504]: DEBUG cotyledon.oslo_config_glue [-] oslo_messaging_rabbit.rpc_conn_pool_size = 30 {{(pid=93504) log_opt_values /opt/stack/data/venv/lib/python3.12/site-packages/oslo_config/cfg.py:3545}}
Aug 13 09:35:50.295302 np0000007190 nova-scheduler[93504]: DEBUG cotyledon.oslo_config_glue [-] oslo_messaging_rabbit.ssl = False {{(pid=93504) log_opt_values /opt/stack/data/venv/lib/python3.12/site-packages/oslo_config/cfg.py:3545}}
Aug 13 09:35:50.295302 np0000007190 nova-scheduler[93504]: DEBUG cotyledon.oslo_config_glue [-] oslo_messaging_rabbit.ssl_ca_file = {{(pid=93504) log_opt_values /opt/stack/data/venv/lib/python3.12/site-packages/oslo_config/cfg.py:3545}}
Aug 13 09:35:50.295302 np0000007190 nova-scheduler[93504]: DEBUG cotyledon.oslo_config_glue [-] oslo_messaging_rabbit.ssl_cert_file = {{(pid=93504) log_opt_values /opt/stack/data/venv/lib/python3.12/site-packages/oslo_config/cfg.py:3545}}
Aug 13 09:35:50.295302 np0000007190 nova-scheduler[93504]: DEBUG cotyledon.oslo_config_glue [-] oslo_messaging_rabbit.ssl_enforce_fips_mode = False {{(pid=93504) log_opt_values /opt/stack/data/venv/lib/python3.12/site-packages/oslo_config/cfg.py:3545}}
Aug 13 09:35:50.295302 np0000007190 nova-scheduler[93504]: DEBUG cotyledon.oslo_config_glue [-] oslo_messaging_rabbit.ssl_enforce_hostname_verification = True {{(pid=93504) log_opt_values /opt/stack/data/venv/lib/python3.12/site-packages/oslo_config/cfg.py:3545}}
Aug 13 09:35:50.295302 np0000007190 nova-scheduler[93504]: DEBUG cotyledon.oslo_config_glue [-] oslo_messaging_rabbit.ssl_key_file = {{(pid=93504) log_opt_values /opt/stack/data/venv/lib/python3.12/site-packages/oslo_config/cfg.py:3545}}
Aug 13 09:35:50.295302 np0000007190 nova-scheduler[93504]: DEBUG cotyledon.oslo_config_glue [-] oslo_messaging_rabbit.ssl_version = {{(pid=93504) log_opt_values /opt/stack/data/venv/lib/python3.12/site-packages/oslo_config/cfg.py:3545}}
Aug 13 09:35:50.295302 np0000007190 nova-scheduler[93504]: DEBUG cotyledon.oslo_config_glue [-] oslo_messaging_rabbit.use_queue_manager = False {{(pid=93504) log_opt_values /opt/stack/data/venv/lib/python3.12/site-packages/oslo_config/cfg.py:3545}}
Aug 13 09:35:50.295579 np0000007190 nova-scheduler[93504]: DEBUG cotyledon.oslo_config_glue [-] oslo_messaging_notifications.driver = ['messagingv2'] {{(pid=93504) log_opt_values /opt/stack/data/venv/lib/python3.12/site-packages/oslo_config/cfg.py:3545}}
Aug 13 09:35:50.295579 np0000007190 nova-scheduler[93504]: DEBUG cotyledon.oslo_config_glue [-] oslo_messaging_notifications.retry = -1 {{(pid=93504) log_opt_values /opt/stack/data/venv/lib/python3.12/site-packages/oslo_config/cfg.py:3545}}
Aug 13 09:35:50.295579 np0000007190 nova-scheduler[93504]: DEBUG cotyledon.oslo_config_glue [-] oslo_messaging_notifications.topics = ['notifications'] {{(pid=93504) log_opt_values /opt/stack/data/venv/lib/python3.12/site-packages/oslo_config/cfg.py:3545}}
Aug 13 09:35:50.295579 np0000007190 nova-scheduler[93504]: DEBUG cotyledon.oslo_config_glue [-] oslo_messaging_notifications.transport_url = **** {{(pid=93504) log_opt_values /opt/stack/data/venv/lib/python3.12/site-packages/oslo_config/cfg.py:3545}}
Aug 13 09:35:50.295579 np0000007190 nova-scheduler[93504]: DEBUG cotyledon.oslo_config_glue [-] oslo_limit.auth_section = None {{(pid=93504) log_opt_values /opt/stack/data/venv/lib/python3.12/site-packages/oslo_config/cfg.py:3545}}
Aug 13 09:35:50.295579 np0000007190 nova-scheduler[93504]: DEBUG cotyledon.oslo_config_glue [-] oslo_limit.auth_type = None {{(pid=93504) log_opt_values /opt/stack/data/venv/lib/python3.12/site-packages/oslo_config/cfg.py:3545}}
Aug 13 09:35:50.295579 np0000007190 nova-scheduler[93504]: DEBUG cotyledon.oslo_config_glue [-] oslo_limit.cafile = None {{(pid=93504) log_opt_values /opt/stack/data/venv/lib/python3.12/site-packages/oslo_config/cfg.py:3545}}
Aug 13 09:35:50.295579 np0000007190 nova-scheduler[93504]: DEBUG cotyledon.oslo_config_glue [-] oslo_limit.certfile = None {{(pid=93504) log_opt_values /opt/stack/data/venv/lib/python3.12/site-packages/oslo_config/cfg.py:3545}}
Aug 13 09:35:50.295579 np0000007190 nova-scheduler[93504]: DEBUG cotyledon.oslo_config_glue [-] oslo_limit.collect_timing = False {{(pid=93504) log_opt_values /opt/stack/data/venv/lib/python3.12/site-packages/oslo_config/cfg.py:3545}}
Aug 13 09:35:50.295877 np0000007190 nova-scheduler[93504]: DEBUG cotyledon.oslo_config_glue [-] oslo_limit.connect_retries = None {{(pid=93504) log_opt_values /opt/stack/data/venv/lib/python3.12/site-packages/oslo_config/cfg.py:3545}}
Aug 13 09:35:50.295877 np0000007190 nova-scheduler[93504]: DEBUG cotyledon.oslo_config_glue [-] oslo_limit.connect_retry_delay = None {{(pid=93504) log_opt_values /opt/stack/data/venv/lib/python3.12/site-packages/oslo_config/cfg.py:3545}}
Aug 13 09:35:50.295877 np0000007190 nova-scheduler[93504]: DEBUG cotyledon.oslo_config_glue [-] oslo_limit.endpoint_id = None {{(pid=93504) log_opt_values /opt/stack/data/venv/lib/python3.12/site-packages/oslo_config/cfg.py:3545}}
Aug 13 09:35:50.295877 np0000007190 nova-scheduler[93504]: DEBUG cotyledon.oslo_config_glue [-] oslo_limit.endpoint_interface = public {{(pid=93504) log_opt_values /opt/stack/data/venv/lib/python3.12/site-packages/oslo_config/cfg.py:3545}}
Aug 13 09:35:50.295877 np0000007190 nova-scheduler[93504]: DEBUG cotyledon.oslo_config_glue [-] oslo_limit.endpoint_override = None {{(pid=93504) log_opt_values /opt/stack/data/venv/lib/python3.12/site-packages/oslo_config/cfg.py:3545}}
Aug 13 09:35:50.295877 np0000007190 nova-scheduler[93504]: DEBUG cotyledon.oslo_config_glue [-] oslo_limit.endpoint_region_name = None {{(pid=93504) log_opt_values /opt/stack/data/venv/lib/python3.12/site-packages/oslo_config/cfg.py:3545}}
Aug 13 09:35:50.295877 np0000007190 nova-scheduler[93504]: DEBUG cotyledon.oslo_config_glue [-] oslo_limit.endpoint_service_name = None {{(pid=93504) log_opt_values /opt/stack/data/venv/lib/python3.12/site-packages/oslo_config/cfg.py:3545}}
Aug 13 09:35:50.295877 np0000007190 nova-scheduler[93504]: DEBUG cotyledon.oslo_config_glue [-] oslo_limit.endpoint_service_type = None {{(pid=93504) log_opt_values /opt/stack/data/venv/lib/python3.12/site-packages/oslo_config/cfg.py:3545}}
Aug 13 09:35:50.295877 np0000007190 nova-scheduler[93504]: DEBUG cotyledon.oslo_config_glue [-] oslo_limit.insecure = False {{(pid=93504) log_opt_values /opt/stack/data/venv/lib/python3.12/site-packages/oslo_config/cfg.py:3545}}
Aug 13 09:35:50.296187 np0000007190 nova-scheduler[93504]: DEBUG cotyledon.oslo_config_glue [-] oslo_limit.keyfile = None {{(pid=93504) log_opt_values /opt/stack/data/venv/lib/python3.12/site-packages/oslo_config/cfg.py:3545}}
Aug 13 09:35:50.296187 np0000007190 nova-scheduler[93504]: DEBUG cotyledon.oslo_config_glue [-] oslo_limit.max_version = None {{(pid=93504) log_opt_values /opt/stack/data/venv/lib/python3.12/site-packages/oslo_config/cfg.py:3545}}
Aug 13 09:35:50.296187 np0000007190 nova-scheduler[93504]: DEBUG cotyledon.oslo_config_glue [-] oslo_limit.min_version = None {{(pid=93504) log_opt_values /opt/stack/data/venv/lib/python3.12/site-packages/oslo_config/cfg.py:3545}}
Aug 13 09:35:50.296187 np0000007190 nova-scheduler[93504]: DEBUG cotyledon.oslo_config_glue [-] oslo_limit.region_name = None {{(pid=93504) log_opt_values /opt/stack/data/venv/lib/python3.12/site-packages/oslo_config/cfg.py:3545}}
Aug 13 09:35:50.296187 np0000007190 nova-scheduler[93504]: DEBUG cotyledon.oslo_config_glue [-] oslo_limit.retriable_status_codes = None {{(pid=93504) log_opt_values /opt/stack/data/venv/lib/python3.12/site-packages/oslo_config/cfg.py:3545}}
Aug 13 09:35:50.296187 np0000007190 nova-scheduler[93504]: DEBUG cotyledon.oslo_config_glue [-] oslo_limit.service_name = None {{(pid=93504) log_opt_values /opt/stack/data/venv/lib/python3.12/site-packages/oslo_config/cfg.py:3545}}
Aug 13 09:35:50.296187 np0000007190 nova-scheduler[93504]: DEBUG cotyledon.oslo_config_glue [-] oslo_limit.service_type = None {{(pid=93504) log_opt_values /opt/stack/data/venv/lib/python3.12/site-packages/oslo_config/cfg.py:3545}}
Aug 13 09:35:50.296187 np0000007190 nova-scheduler[93504]: DEBUG cotyledon.oslo_config_glue [-] oslo_limit.split_loggers = False {{(pid=93504) log_opt_values /opt/stack/data/venv/lib/python3.12/site-packages/oslo_config/cfg.py:3545}}
Aug 13 09:35:50.296187 np0000007190 nova-scheduler[93504]: DEBUG cotyledon.oslo_config_glue [-] oslo_limit.status_code_retries = None {{(pid=93504) log_opt_values /opt/stack/data/venv/lib/python3.12/site-packages/oslo_config/cfg.py:3545}}
Aug 13 09:35:50.296471 np0000007190 nova-scheduler[93504]: DEBUG cotyledon.oslo_config_glue [-] oslo_limit.status_code_retry_delay = None {{(pid=93504) log_opt_values /opt/stack/data/venv/lib/python3.12/site-packages/oslo_config/cfg.py:3545}}
Aug 13 09:35:50.296471 np0000007190 nova-scheduler[93504]: DEBUG cotyledon.oslo_config_glue [-] oslo_limit.timeout = None {{(pid=93504) log_opt_values /opt/stack/data/venv/lib/python3.12/site-packages/oslo_config/cfg.py:3545}}
Aug 13 09:35:50.296471 np0000007190 nova-scheduler[93504]: DEBUG cotyledon.oslo_config_glue [-] oslo_limit.valid_interfaces = None {{(pid=93504) log_opt_values /opt/stack/data/venv/lib/python3.12/site-packages/oslo_config/cfg.py:3545}}
Aug 13 09:35:50.296471 np0000007190 nova-scheduler[93504]: DEBUG cotyledon.oslo_config_glue [-] oslo_limit.version = None {{(pid=93504) log_opt_values /opt/stack/data/venv/lib/python3.12/site-packages/oslo_config/cfg.py:3545}}
Aug 13 09:35:50.296471 np0000007190 nova-scheduler[93504]: DEBUG cotyledon.oslo_config_glue [-] oslo_reports.file_event_handler = None {{(pid=93504) log_opt_values /opt/stack/data/venv/lib/python3.12/site-packages/oslo_config/cfg.py:3545}}
Aug 13 09:35:50.296471 np0000007190 nova-scheduler[93504]: DEBUG cotyledon.oslo_config_glue [-] oslo_reports.file_event_handler_interval = 1 {{(pid=93504) log_opt_values /opt/stack/data/venv/lib/python3.12/site-packages/oslo_config/cfg.py:3545}}
Aug 13 09:35:50.296471 np0000007190 nova-scheduler[93504]: DEBUG cotyledon.oslo_config_glue [-] oslo_reports.log_dir = None {{(pid=93504) log_opt_values /opt/stack/data/venv/lib/python3.12/site-packages/oslo_config/cfg.py:3545}}
Aug 13 09:35:50.296471 np0000007190 nova-scheduler[93504]: DEBUG cotyledon.oslo_config_glue [-] ******************************************************************************** {{(pid=93504) log_opt_values /opt/stack/data/venv/lib/python3.12/site-packages/oslo_config/cfg.py:3552}}
Aug 13 09:35:50.296471 np0000007190 nova-scheduler[93504]: DEBUG cotyledon._service_worker [-] Run service ServiceWrapper(2) [93504] {{(pid=93504) wait_forever /opt/stack/data/venv/lib/python3.12/site-packages/cotyledon/_service_worker.py:218}}
Aug 13 09:35:50.296774 np0000007190 nova-scheduler[93504]: INFO nova.service [-] Starting scheduler node (version 33.1.0)
Aug 13 09:35:50.297166 np0000007190 nova-scheduler[93504]: INFO dbcounter [None req-b0ba18aa-8888-4cfe-a0f3-7a193ee8ee9e None None] Registered counter for database nova_cell0
Aug 13 09:35:50.315313 np0000007190 nova-scheduler[93500]: DEBUG oslo_db.sqlalchemy.engines [None req-17252f9e-5e19-43c5-8aea-e4a69bef9d7a None None] MySQL server mode set to STRICT_TRANS_TABLES,STRICT_ALL_TABLES,NO_ZERO_IN_DATE,NO_ZERO_DATE,ERROR_FOR_DIVISION_BY_ZERO,TRADITIONAL,NO_ENGINE_SUBSTITUTION {{(pid=93500) _check_effective_sql_mode /opt/stack/data/venv/lib/python3.12/site-packages/oslo_db/sqlalchemy/engines.py:325}}
Aug 13 09:35:50.328877 np0000007190 nova-scheduler[93500]: DEBUG dbcounter [-] [93500] Writer thread running {{(pid=93500) stat_writer /opt/stack/data/venv/lib/python3.12/site-packages/dbcounter.py:102}}
Aug 13 09:35:50.341272 np0000007190 nova-scheduler[93502]: DEBUG oslo_db.sqlalchemy.engines [None req-21b2e5aa-1b1d-426b-8ff0-7a531343813d None None] MySQL server mode set to STRICT_TRANS_TABLES,STRICT_ALL_TABLES,NO_ZERO_IN_DATE,NO_ZERO_DATE,ERROR_FOR_DIVISION_BY_ZERO,TRADITIONAL,NO_ENGINE_SUBSTITUTION {{(pid=93502) _check_effective_sql_mode /opt/stack/data/venv/lib/python3.12/site-packages/oslo_db/sqlalchemy/engines.py:325}}
Aug 13 09:35:50.353373 np0000007190 nova-scheduler[93500]: DEBUG nova.service [None req-17252f9e-5e19-43c5-8aea-e4a69bef9d7a None None] Creating RPC server for service: nova-scheduler on topic: scheduler {{(pid=93500) start /opt/stack/nova/nova/service.py:196}}
Aug 13 09:35:50.353541 np0000007190 nova-scheduler[93504]: DEBUG oslo_db.sqlalchemy.engines [None req-b0ba18aa-8888-4cfe-a0f3-7a193ee8ee9e None None] MySQL server mode set to STRICT_TRANS_TABLES,STRICT_ALL_TABLES,NO_ZERO_IN_DATE,NO_ZERO_DATE,ERROR_FOR_DIVISION_BY_ZERO,TRADITIONAL,NO_ENGINE_SUBSTITUTION {{(pid=93504) _check_effective_sql_mode /opt/stack/data/venv/lib/python3.12/site-packages/oslo_db/sqlalchemy/engines.py:325}}
Aug 13 09:35:50.356046 np0000007190 nova-scheduler[93502]: DEBUG dbcounter [-] [93502] Writer thread running {{(pid=93502) stat_writer /opt/stack/data/venv/lib/python3.12/site-packages/dbcounter.py:102}}
Aug 13 09:35:50.361180 np0000007190 nova-scheduler[93502]: DEBUG nova.service [None req-21b2e5aa-1b1d-426b-8ff0-7a531343813d None None] Creating RPC server for service: nova-scheduler on topic: scheduler {{(pid=93502) start /opt/stack/nova/nova/service.py:196}}
Aug 13 09:35:50.365948 np0000007190 nova-scheduler[93504]: DEBUG dbcounter [-] [93504] Writer thread running {{(pid=93504) stat_writer /opt/stack/data/venv/lib/python3.12/site-packages/dbcounter.py:102}}
Aug 13 09:35:50.370199 np0000007190 nova-scheduler[93504]: DEBUG nova.service [None req-b0ba18aa-8888-4cfe-a0f3-7a193ee8ee9e None None] Creating RPC server for service: nova-scheduler on topic: scheduler {{(pid=93504) start /opt/stack/nova/nova/service.py:196}}
Aug 13 09:35:50.384967 np0000007190 nova-scheduler[93500]: DEBUG nova.service [None req-17252f9e-5e19-43c5-8aea-e4a69bef9d7a None None] Join ServiceGroup membership for this service scheduler {{(pid=93500) start /opt/stack/nova/nova/service.py:222}}
Aug 13 09:35:50.385199 np0000007190 nova-scheduler[93500]: DEBUG nova.servicegroup.drivers.db [None req-17252f9e-5e19-43c5-8aea-e4a69bef9d7a None None] DB_Driver: join new ServiceGroup member np0000007190 to the scheduler group, service = {{(pid=93500) join /opt/stack/nova/nova/servicegroup/drivers/db.py:44}}
Aug 13 09:35:50.386411 np0000007190 nova-scheduler[93502]: DEBUG nova.service [None req-21b2e5aa-1b1d-426b-8ff0-7a531343813d None None] Join ServiceGroup membership for this service scheduler {{(pid=93502) start /opt/stack/nova/nova/service.py:222}}
Aug 13 09:35:50.386873 np0000007190 nova-scheduler[93502]: DEBUG nova.servicegroup.drivers.db [None req-21b2e5aa-1b1d-426b-8ff0-7a531343813d None None] DB_Driver: join new ServiceGroup member np0000007190 to the scheduler group, service = {{(pid=93502) join /opt/stack/nova/nova/servicegroup/drivers/db.py:44}}
Aug 13 09:35:50.394880 np0000007190 nova-scheduler[93504]: DEBUG nova.service [None req-b0ba18aa-8888-4cfe-a0f3-7a193ee8ee9e None None] Join ServiceGroup membership for this service scheduler {{(pid=93504) start /opt/stack/nova/nova/service.py:222}}
Aug 13 09:35:50.394880 np0000007190 nova-scheduler[93504]: DEBUG nova.servicegroup.drivers.db [None req-b0ba18aa-8888-4cfe-a0f3-7a193ee8ee9e None None] DB_Driver: join new ServiceGroup member np0000007190 to the scheduler group, service = {{(pid=93504) join /opt/stack/nova/nova/servicegroup/drivers/db.py:44}}
Aug 13 09:35:55.403944 np0000007190 nova-scheduler[93500]: DEBUG oslo.service.backend._threading.loopingcall [-] Fixed interval looping call 'nova.servicegroup.drivers.db.DbDriver._report_state' sleeping for 119.98 seconds {{(pid=93500) _run_loop /opt/stack/data/venv/lib/python3.12/site-packages/oslo_service/backend/_threading/loopingcall.py:125}}
Aug 13 09:35:55.404476 np0000007190 nova-scheduler[93502]: DEBUG oslo.service.backend._threading.loopingcall [-] Fixed interval looping call 'nova.servicegroup.drivers.db.DbDriver._report_state' sleeping for 119.98 seconds {{(pid=93502) _run_loop /opt/stack/data/venv/lib/python3.12/site-packages/oslo_service/backend/_threading/loopingcall.py:125}}
Aug 13 09:35:55.408958 np0000007190 nova-scheduler[93504]: DEBUG oslo.service.backend._threading.loopingcall [-] Fixed interval looping call 'nova.servicegroup.drivers.db.DbDriver._report_state' sleeping for 119.99 seconds {{(pid=93504) _run_loop /opt/stack/data/venv/lib/python3.12/site-packages/oslo_service/backend/_threading/loopingcall.py:125}}
Aug 13 09:35:58.869604 np0000007190 nova-scheduler[92305]: DEBUG dbcounter [-] [92305] Writing DB stats nova_api:SELECT=3 {{(pid=92305) stat_writer /opt/stack/data/venv/lib/python3.12/site-packages/dbcounter.py:115}}
Aug 13 09:35:59.035512 np0000007190 nova-scheduler[92305]: DEBUG dbcounter [-] [92305] Writing DB stats nova_cell0:SELECT=1 {{(pid=92305) stat_writer /opt/stack/data/venv/lib/python3.12/site-packages/dbcounter.py:115}}
Aug 13 09:35:59.039869 np0000007190 nova-scheduler[92305]: DEBUG dbcounter [-] [92305] Writing DB stats nova_cell1:SELECT=1 {{(pid=92305) stat_writer /opt/stack/data/venv/lib/python3.12/site-packages/dbcounter.py:115}}
Aug 13 09:35:59.397089 np0000007190 nova-scheduler[93504]: DEBUG oslo.service.backend._threading.loopingcall [None req-1c456a7d-3c21-4d7f-813a-582ff6e74937 None None] Dynamic interval looping call 'nova.service.Service.periodic_tasks' sleeping for 60.00 seconds {{(pid=93504) _run_loop /opt/stack/data/venv/lib/python3.12/site-packages/oslo_service/backend/_threading/loopingcall.py:125}}
Aug 13 09:36:05.398202 np0000007190 nova-scheduler[93500]: DEBUG dbcounter [-] [93500] Writing DB stats nova_cell0:SELECT=4,nova_cell0:INSERT=1,nova_cell0:UPDATE=1 {{(pid=93500) stat_writer /opt/stack/data/venv/lib/python3.12/site-packages/dbcounter.py:115}}
Aug 13 09:36:05.401193 np0000007190 nova-scheduler[93502]: DEBUG dbcounter [-] [93502] Writing DB stats nova_cell0:SELECT=3,nova_cell0:UPDATE=1 {{(pid=93502) stat_writer /opt/stack/data/venv/lib/python3.12/site-packages/dbcounter.py:115}}
Aug 13 09:36:05.405937 np0000007190 nova-scheduler[93504]: DEBUG dbcounter [-] [93504] Writing DB stats nova_cell0:SELECT=3 {{(pid=93504) stat_writer /opt/stack/data/venv/lib/python3.12/site-packages/dbcounter.py:115}}
Aug 13 09:36:22.389202 np0000007190 nova-scheduler[93502]: DEBUG oslo.service.backend._threading.loopingcall [None req-421e1775-b4cf-4a0f-9877-22b2f3970933 None None] Dynamic interval looping call 'nova.service.Service.periodic_tasks' sleeping for 60.00 seconds {{(pid=93502) _run_loop /opt/stack/data/venv/lib/python3.12/site-packages/oslo_service/backend/_threading/loopingcall.py:125}}
Aug 13 09:36:42.387715 np0000007190 nova-scheduler[93500]: DEBUG oslo.service.backend._threading.loopingcall [None req-44d874d0-9590-4f10-a8c5-d10051ad1170 None None] Dynamic interval looping call 'nova.service.Service.periodic_tasks' sleeping for 60.00 seconds {{(pid=93500) _run_loop /opt/stack/data/venv/lib/python3.12/site-packages/oslo_service/backend/_threading/loopingcall.py:125}}
Aug 13 09:36:59.397577 np0000007190 nova-scheduler[93504]: DEBUG oslo.service.backend._threading.loopingcall [None req-1c456a7d-3c21-4d7f-813a-582ff6e74937 None None] Dynamic interval looping call 'nova.service.Service.periodic_tasks' sleeping for 60.00 seconds {{(pid=93504) _run_loop /opt/stack/data/venv/lib/python3.12/site-packages/oslo_service/backend/_threading/loopingcall.py:125}}
Aug 13 09:37:22.389658 np0000007190 nova-scheduler[93502]: DEBUG oslo.service.backend._threading.loopingcall [None req-421e1775-b4cf-4a0f-9877-22b2f3970933 None None] Dynamic interval looping call 'nova.service.Service.periodic_tasks' sleeping for 60.00 seconds {{(pid=93502) _run_loop /opt/stack/data/venv/lib/python3.12/site-packages/oslo_service/backend/_threading/loopingcall.py:125}}
Aug 13 09:37:42.388353 np0000007190 nova-scheduler[93500]: DEBUG oslo.service.backend._threading.loopingcall [None req-44d874d0-9590-4f10-a8c5-d10051ad1170 None None] Dynamic interval looping call 'nova.service.Service.periodic_tasks' sleeping for 60.00 seconds {{(pid=93500) _run_loop /opt/stack/data/venv/lib/python3.12/site-packages/oslo_service/backend/_threading/loopingcall.py:125}}
Aug 13 09:37:55.393596 np0000007190 nova-scheduler[93500]: DEBUG oslo.service.backend._threading.loopingcall [-] Fixed interval looping call 'nova.servicegroup.drivers.db.DbDriver._report_state' sleeping for 119.99 seconds {{(pid=93500) _run_loop /opt/stack/data/venv/lib/python3.12/site-packages/oslo_service/backend/_threading/loopingcall.py:125}}
Aug 13 09:37:55.394190 np0000007190 nova-scheduler[93502]: DEBUG oslo.service.backend._threading.loopingcall [-] Fixed interval looping call 'nova.servicegroup.drivers.db.DbDriver._report_state' sleeping for 119.99 seconds {{(pid=93502) _run_loop /opt/stack/data/venv/lib/python3.12/site-packages/oslo_service/backend/_threading/loopingcall.py:125}}
Aug 13 09:37:55.405347 np0000007190 nova-scheduler[93504]: DEBUG oslo.service.backend._threading.loopingcall [-] Fixed interval looping call 'nova.servicegroup.drivers.db.DbDriver._report_state' sleeping for 119.99 seconds {{(pid=93504) _run_loop /opt/stack/data/venv/lib/python3.12/site-packages/oslo_service/backend/_threading/loopingcall.py:125}}
Aug 13 09:37:59.398621 np0000007190 nova-scheduler[93504]: DEBUG oslo.service.backend._threading.loopingcall [None req-1c456a7d-3c21-4d7f-813a-582ff6e74937 None None] Dynamic interval looping call 'nova.service.Service.periodic_tasks' sleeping for 60.00 seconds {{(pid=93504) _run_loop /opt/stack/data/venv/lib/python3.12/site-packages/oslo_service/backend/_threading/loopingcall.py:125}}
Aug 13 09:38:05.390158 np0000007190 nova-scheduler[93500]: DEBUG dbcounter [-] [93500] Writing DB stats nova_cell0:SELECT=1,nova_cell0:UPDATE=1 {{(pid=93500) stat_writer /opt/stack/data/venv/lib/python3.12/site-packages/dbcounter.py:115}}
Aug 13 09:38:05.392771 np0000007190 nova-scheduler[93502]: DEBUG dbcounter [-] [93502] Writing DB stats nova_cell0:SELECT=1,nova_cell0:UPDATE=1 {{(pid=93502) stat_writer /opt/stack/data/venv/lib/python3.12/site-packages/dbcounter.py:115}}
Aug 13 09:38:05.403684 np0000007190 nova-scheduler[93504]: DEBUG dbcounter [-] [93504] Writing DB stats nova_cell0:SELECT=1 {{(pid=93504) stat_writer /opt/stack/data/venv/lib/python3.12/site-packages/dbcounter.py:115}}
Aug 13 09:38:22.391371 np0000007190 nova-scheduler[93502]: DEBUG oslo.service.backend._threading.loopingcall [None req-421e1775-b4cf-4a0f-9877-22b2f3970933 None None] Dynamic interval looping call 'nova.service.Service.periodic_tasks' sleeping for 60.00 seconds {{(pid=93502) _run_loop /opt/stack/data/venv/lib/python3.12/site-packages/oslo_service/backend/_threading/loopingcall.py:125}}
Aug 13 09:38:37.715640 np0000007190 nova-scheduler[93500]: DEBUG nova.scheduler.manager [None req-b716de55-79b9-4c27-b094-be49fde0a141 tempest-DeleteServersTestJSON-906942159 tempest-DeleteServersTestJSON-906942159-project-member] Starting to schedule for instances: ['9238e34e-f837-4c08-b710-5ee1c2a71b88'] {{(pid=93500) select_destinations /opt/stack/nova/nova/scheduler/manager.py:209}}
Aug 13 09:38:37.716171 np0000007190 nova-scheduler[93500]: DEBUG nova.scheduler.request_filter [None req-b716de55-79b9-4c27-b094-be49fde0a141 tempest-DeleteServersTestJSON-906942159 tempest-DeleteServersTestJSON-906942159-project-member] compute_status_filter request filter added forbidden trait COMPUTE_STATUS_DISABLED {{(pid=93500) compute_status_filter /opt/stack/nova/nova/scheduler/request_filter.py:253}}
Aug 13 09:38:37.716640 np0000007190 nova-scheduler[93500]: DEBUG nova.scheduler.request_filter [None req-b716de55-79b9-4c27-b094-be49fde0a141 tempest-DeleteServersTestJSON-906942159 tempest-DeleteServersTestJSON-906942159-project-member] Request filter 'compute_status_filter' took 0.0 seconds {{(pid=93500) wrapper /opt/stack/nova/nova/scheduler/request_filter.py:46}}
Aug 13 09:38:37.716992 np0000007190 nova-scheduler[93500]: DEBUG nova.scheduler.request_filter [None req-b716de55-79b9-4c27-b094-be49fde0a141 tempest-DeleteServersTestJSON-906942159 tempest-DeleteServersTestJSON-906942159-project-member] Request filter 'accelerators_filter' took 0.0 seconds {{(pid=93500) wrapper /opt/stack/nova/nova/scheduler/request_filter.py:46}}
Aug 13 09:38:37.717199 np0000007190 nova-scheduler[93500]: DEBUG nova.scheduler.request_filter [None req-b716de55-79b9-4c27-b094-be49fde0a141 tempest-DeleteServersTestJSON-906942159 tempest-DeleteServersTestJSON-906942159-project-member] Request filter 'packed_virtqueue_filter' took 0.0 seconds {{(pid=93500) wrapper /opt/stack/nova/nova/scheduler/request_filter.py:46}}
Aug 13 09:38:37.717983 np0000007190 nova-scheduler[93500]: DEBUG nova.scheduler.request_filter [None req-b716de55-79b9-4c27-b094-be49fde0a141 tempest-DeleteServersTestJSON-906942159 tempest-DeleteServersTestJSON-906942159-project-member] Request filter 'remote_managed_ports_filter' took 0.0 seconds {{(pid=93500) wrapper /opt/stack/nova/nova/scheduler/request_filter.py:46}}
Aug 13 09:38:37.717983 np0000007190 nova-scheduler[93500]: DEBUG nova.scheduler.request_filter [None req-b716de55-79b9-4c27-b094-be49fde0a141 tempest-DeleteServersTestJSON-906942159 tempest-DeleteServersTestJSON-906942159-project-member] ephemeral_encryption_filter skipped {{(pid=93500) ephemeral_encryption_filter /opt/stack/nova/nova/scheduler/request_filter.py:426}}
Aug 13 09:38:37.717983 np0000007190 nova-scheduler[93500]: DEBUG nova.scheduler.request_filter [None req-b716de55-79b9-4c27-b094-be49fde0a141 tempest-DeleteServersTestJSON-906942159 tempest-DeleteServersTestJSON-906942159-project-member] virtio_sound_filter skipped {{(pid=93500) virtio_sound_filter /opt/stack/nova/nova/scheduler/request_filter.py:460}}
Aug 13 09:38:37.717983 np0000007190 nova-scheduler[93500]: DEBUG nova.scheduler.request_filter [None req-b716de55-79b9-4c27-b094-be49fde0a141 tempest-DeleteServersTestJSON-906942159 tempest-DeleteServersTestJSON-906942159-project-member] tpm_secret_security_filter skipped {{(pid=93500) tpm_secret_security_filter /opt/stack/nova/nova/scheduler/request_filter.py:477}}
Aug 13 09:38:38.441582 np0000007190 nova-scheduler[93500]: INFO nova.utils [None req-b716de55-79b9-4c27-b094-be49fde0a141 tempest-DeleteServersTestJSON-906942159 tempest-DeleteServersTestJSON-906942159-project-member] The cell worker thread pool ForkProcess-1.cell_worker is initialized
Aug 13 09:38:38.442085 np0000007190 nova-scheduler[93500]: DEBUG oslo_concurrency.lockutils [None req-b716de55-79b9-4c27-b094-be49fde0a141 tempest-DeleteServersTestJSON-906942159 tempest-DeleteServersTestJSON-906942159-project-member] Acquiring lock "e3f08efa-5695-4dd0-99e4-eb7c33bcd481" by "nova.context.set_target_cell..get_or_set_cached_cell_and_set_connections" {{(pid=93500) inner /opt/stack/data/venv/lib/python3.12/site-packages/oslo_concurrency/lockutils.py:512}}
Aug 13 09:38:38.442497 np0000007190 nova-scheduler[93500]: DEBUG oslo_concurrency.lockutils [None req-b716de55-79b9-4c27-b094-be49fde0a141 tempest-DeleteServersTestJSON-906942159 tempest-DeleteServersTestJSON-906942159-project-member] Lock "e3f08efa-5695-4dd0-99e4-eb7c33bcd481" acquired by "nova.context.set_target_cell..get_or_set_cached_cell_and_set_connections" :: waited 0.000s {{(pid=93500) inner /opt/stack/data/venv/lib/python3.12/site-packages/oslo_concurrency/lockutils.py:525}}
Aug 13 09:38:38.444036 np0000007190 nova-scheduler[93500]: DEBUG oslo_concurrency.lockutils [None req-b716de55-79b9-4c27-b094-be49fde0a141 tempest-DeleteServersTestJSON-906942159 tempest-DeleteServersTestJSON-906942159-project-member] Lock "e3f08efa-5695-4dd0-99e4-eb7c33bcd481" "released" by "nova.context.set_target_cell..get_or_set_cached_cell_and_set_connections" :: held 0.001s {{(pid=93500) inner /opt/stack/data/venv/lib/python3.12/site-packages/oslo_concurrency/lockutils.py:544}}
Aug 13 09:38:38.446330 np0000007190 nova-scheduler[93500]: INFO dbcounter [None req-b716de55-79b9-4c27-b094-be49fde0a141 tempest-DeleteServersTestJSON-906942159 tempest-DeleteServersTestJSON-906942159-project-member] Registered counter for database nova_cell1
Aug 13 09:38:38.487906 np0000007190 nova-scheduler[93500]: DEBUG oslo_db.sqlalchemy.engines [None req-b716de55-79b9-4c27-b094-be49fde0a141 tempest-DeleteServersTestJSON-906942159 tempest-DeleteServersTestJSON-906942159-project-member] MySQL server mode set to STRICT_TRANS_TABLES,STRICT_ALL_TABLES,NO_ZERO_IN_DATE,NO_ZERO_DATE,ERROR_FOR_DIVISION_BY_ZERO,TRADITIONAL,NO_ENGINE_SUBSTITUTION {{(pid=93500) _check_effective_sql_mode /opt/stack/data/venv/lib/python3.12/site-packages/oslo_db/sqlalchemy/engines.py:325}}
Aug 13 09:38:38.496246 np0000007190 nova-scheduler[93500]: DEBUG dbcounter [-] [93500] Writer thread running {{(pid=93500) stat_writer /opt/stack/data/venv/lib/python3.12/site-packages/dbcounter.py:102}}
Aug 13 09:38:38.517282 np0000007190 nova-scheduler[93500]: DEBUG oslo_db.sqlalchemy.engines [None req-b716de55-79b9-4c27-b094-be49fde0a141 tempest-DeleteServersTestJSON-906942159 tempest-DeleteServersTestJSON-906942159-project-member] Parent process 92305 forked (93500) with an open database connection, which is being discarded and recreated. {{(pid=93500) checkout /opt/stack/data/venv/lib/python3.12/site-packages/oslo_db/sqlalchemy/engines.py:402}}
Aug 13 09:38:38.569163 np0000007190 nova-scheduler[93500]: DEBUG dbcounter [-] [93500] Writer thread running {{(pid=93500) stat_writer /opt/stack/data/venv/lib/python3.12/site-packages/dbcounter.py:102}}
Aug 13 09:38:38.572559 np0000007190 nova-scheduler[93500]: DEBUG oslo_concurrency.lockutils [None req-b716de55-79b9-4c27-b094-be49fde0a141 tempest-DeleteServersTestJSON-906942159 tempest-DeleteServersTestJSON-906942159-project-member] Acquiring lock "e3f08efa-5695-4dd0-99e4-eb7c33bcd481" by "nova.context.set_target_cell..get_or_set_cached_cell_and_set_connections" {{(pid=93500) inner /opt/stack/data/venv/lib/python3.12/site-packages/oslo_concurrency/lockutils.py:512}}
Aug 13 09:38:38.572758 np0000007190 nova-scheduler[93500]: DEBUG oslo_concurrency.lockutils [None req-b716de55-79b9-4c27-b094-be49fde0a141 tempest-DeleteServersTestJSON-906942159 tempest-DeleteServersTestJSON-906942159-project-member] Lock "e3f08efa-5695-4dd0-99e4-eb7c33bcd481" acquired by "nova.context.set_target_cell..get_or_set_cached_cell_and_set_connections" :: waited 0.000s {{(pid=93500) inner /opt/stack/data/venv/lib/python3.12/site-packages/oslo_concurrency/lockutils.py:525}}
Aug 13 09:38:38.572903 np0000007190 nova-scheduler[93500]: DEBUG oslo_concurrency.lockutils [None req-b716de55-79b9-4c27-b094-be49fde0a141 tempest-DeleteServersTestJSON-906942159 tempest-DeleteServersTestJSON-906942159-project-member] Lock "e3f08efa-5695-4dd0-99e4-eb7c33bcd481" "released" by "nova.context.set_target_cell..get_or_set_cached_cell_and_set_connections" :: held 0.000s {{(pid=93500) inner /opt/stack/data/venv/lib/python3.12/site-packages/oslo_concurrency/lockutils.py:544}}
Aug 13 09:38:38.579344 np0000007190 nova-scheduler[93500]: DEBUG oslo_concurrency.lockutils [None req-b716de55-79b9-4c27-b094-be49fde0a141 tempest-DeleteServersTestJSON-906942159 tempest-DeleteServersTestJSON-906942159-project-member] Acquiring lock "np0000007190-np0000007190" by "nova.scheduler.host_manager.HostState.update.._locked_update" {{(pid=93500) inner /opt/stack/data/venv/lib/python3.12/site-packages/oslo_concurrency/lockutils.py:512}}
Aug 13 09:38:38.579593 np0000007190 nova-scheduler[93500]: DEBUG oslo_concurrency.lockutils [None req-b716de55-79b9-4c27-b094-be49fde0a141 tempest-DeleteServersTestJSON-906942159 tempest-DeleteServersTestJSON-906942159-project-member] Lock "np0000007190-np0000007190" acquired by "nova.scheduler.host_manager.HostState.update.._locked_update" :: waited 0.000s {{(pid=93500) inner /opt/stack/data/venv/lib/python3.12/site-packages/oslo_concurrency/lockutils.py:525}}
Aug 13 09:38:38.580637 np0000007190 nova-scheduler[93500]: DEBUG nova.scheduler.host_manager [None req-b716de55-79b9-4c27-b094-be49fde0a141 tempest-DeleteServersTestJSON-906942159 tempest-DeleteServersTestJSON-906942159-project-member] Update host state from compute node: ComputeNode(cpu_allocation_ratio=4.0,cpu_info='{"arch": "x86_64", "model": "EPYC-Milan", "vendor": "AMD", "topology": {"cells": 1, "sockets": 16, "cores": 1, "threads": 1}, "maxphysaddr": {"mode": "emulate", "bits": 40}, "features": ["mce", "popcnt", "clzero", "abm", "apic", "syscall", "x2apic", "xsavec", "pclmuldq", "lbrv", "v-vmsave-vmload", "mds-no", "amd-stibp", "npt", "arat", "flushbyasid", "cx8", "clwb", "mmxext", "svme-addr-chk", "sep", "lahf_lm", "rdrand", "pge", "spec-ctrl", "virt-ssbd", "fsgsbase", "pat", "rdctl-no", "rdpid", "topoext", "amd-ssbd", "sse2", "sse4a", "invpcid", "mmx", "pcid", "tsc-scale", "3dnowprefetch", "pfthreshold", "vme", "nrip-save", "cx16", "clflushopt", "vmcb-clean", "nx", "rdtscp", "xsave", "erms", "fpu", "vpclmulqdq", "xsaveopt", "perfctr_core", "movbe", "sse4.2", "stibp-always-on", "pku", "cmp_legacy", "pni", "mtrr", "pae", "vaes", "f16c", "tsc_adjust", "avx2", "rdseed", "misalignsse", "no-nested-data-bp", "hypervisor", "fxsr_opt", "umip", "bmi2", "null-sel-clr-base", "xsaves", "pdpe1gb", "sha-ni", "osvw", "pse36", "gds-no", "ssse3", "skip-l1dfl-vmentry", "pschange-mc-no", "clflush", "msr", "pse", "pause-filter", "sse4.1", "fma", "mca", "sse", "wbnoinvd", "smap", "cmov", "ssbd", "avx", "lfence-always-serializing", "cr8legacy", "adx", "ibrs", "lm", "smep", "xsaveerptr", "bmi1", "arch-capabilities", "svm", "aes", "tsc", "tsc-deadline", "fxsr", "amd-psfd", "ibpb", "de", "fsrm", "vgif", "stibp", "xgetbv1"]}',created_at=2026-08-13T09:36:14Z,current_workload=0,deleted=False,deleted_at=None,disk_allocation_ratio=1.0,disk_available_least=73,free_disk_gb=95,free_ram_mb=62509,host='np0000007190',host_ip=10.4.3.64,hypervisor_hostname='np0000007190',hypervisor_type='QEMU',hypervisor_version=8002002,id=1,local_gb=95,local_gb_used=0,mapped=1,memory_mb=63021,memory_mb_used=512,metrics='[]',numa_topology='{"nova_object.name": "NUMATopology", "nova_object.namespace": "nova", "nova_object.version": "1.2", "nova_object.data": {"cells": [{"nova_object.name": "NUMACell", "nova_object.namespace": "nova", "nova_object.version": "1.5", "nova_object.data": {"id": 0, "cpuset": [0, 1, 2, 3, 4, 5, 6, 7, 8, 9, 10, 11, 12, 13, 14, 15], "pcpuset": [0, 1, 2, 3, 4, 5, 6, 7, 8, 9, 10, 11, 12, 13, 14, 15], "memory": 63021, "cpu_usage": 0, "memory_usage": 0, "pinned_cpus": [], "siblings": [[6], [12], [2], [15], [5], [11], [8], [14], [4], [1], [7], [10], [0], [13], [3], [9]], "mempages": [{"nova_object.name": "NUMAPagesTopology", "nova_object.namespace": "nova", "nova_object.version": "1.1", "nova_object.data": {"size_kb": 4, "total": 16112390, "used": 0, "reserved": 0}, "nova_object.changes": ["size_kb", "used", "total", "reserved"]}, {"nova_object.name": "NUMAPagesTopology", "nova_object.namespace": "nova", "nova_object.version": "1.1", "nova_object.data": {"size_kb": 2048, "total": 41, "used": 0, "reserved": 0}, "nova_object.changes": ["size_kb", "used", "total", "reserved"]}, {"nova_object.name": "NUMAPagesTopology", "nova_object.namespace": "nova", "nova_object.version": "1.1", "nova_object.data": {"size_kb": 1048576, "total": 0, "used": 0, "reserved": 0}, "nova_object.changes": ["size_kb", "used", "total", "reserved"]}], "network_metadata": {"nova_object.name": "NetworkMetadata", "nova_object.namespace": "nova", "nova_object.version": "1.0", "nova_object.data": {"physnets": [], "tunneled": false}, "nova_object.changes": ["tunneled", "physnets"]}, "socket": null}, "nova_object.changes": ["network_metadata", "memory_usage", "memory", "siblings", "id", "pinned_cpus", "socket", "pcpuset", "cpu_usage", "cpuset", "mempages"]}]}, "nova_object.changes": ["cells"]}',pci_device_pools=PciDevicePoolList,ram_allocation_ratio=1.0,running_vms=0,service_id=2,stats={failed_builds='0',uptime=' 09:38:00 up 14 min, 2 users, load average: 1.21, 1.36, 0.79
Aug 13 09:38:38.580637 np0000007190 nova-scheduler[93500]: '},supported_hv_specs=[HVSpec,HVSpec,HVSpec,HVSpec,HVSpec,HVSpec,HVSpec,HVSpec,HVSpec,HVSpec,HVSpec,HVSpec,HVSpec,HVSpec,HVSpec,HVSpec,HVSpec,HVSpec,HVSpec,HVSpec,HVSpec,HVSpec,HVSpec,HVSpec,HVSpec],updated_at=2026-08-13T09:38:01Z,uuid=03d88ec8-cbd0-4758-979a-cd9c8589310b,vcpus=16,vcpus_used=0) {{(pid=93500) _locked_update /opt/stack/nova/nova/scheduler/host_manager.py:168}}
Aug 13 09:38:38.581444 np0000007190 nova-scheduler[93500]: DEBUG nova.scheduler.host_manager [None req-b716de55-79b9-4c27-b094-be49fde0a141 tempest-DeleteServersTestJSON-906942159 tempest-DeleteServersTestJSON-906942159-project-member] Update host state with aggregates: [] {{(pid=93500) _locked_update /opt/stack/nova/nova/scheduler/host_manager.py:171}}
Aug 13 09:38:38.581565 np0000007190 nova-scheduler[93500]: DEBUG nova.scheduler.host_manager [None req-b716de55-79b9-4c27-b094-be49fde0a141 tempest-DeleteServersTestJSON-906942159 tempest-DeleteServersTestJSON-906942159-project-member] Update host state with service dict: {'id': 2, 'uuid': 'f8068446-24fe-4a90-ad49-cba890293c70', 'host': 'np0000007190', 'binary': 'nova-compute', 'topic': 'compute', 'report_count': 2, 'disabled': False, 'disabled_reason': None, 'last_seen_up': datetime.datetime(2026, 8, 13, 9, 38, 20, tzinfo=datetime.timezone.utc), 'forced_down': False, 'version': 72, 'created_at': datetime.datetime(2026, 8, 13, 9, 36, 14, tzinfo=datetime.timezone.utc), 'updated_at': datetime.datetime(2026, 8, 13, 9, 38, 20, tzinfo=datetime.timezone.utc), 'deleted_at': None, 'deleted': False} {{(pid=93500) _locked_update /opt/stack/nova/nova/scheduler/host_manager.py:174}}
Aug 13 09:38:38.581682 np0000007190 nova-scheduler[93500]: DEBUG nova.scheduler.host_manager [None req-b716de55-79b9-4c27-b094-be49fde0a141 tempest-DeleteServersTestJSON-906942159 tempest-DeleteServersTestJSON-906942159-project-member] Update host state with instances: [] {{(pid=93500) _locked_update /opt/stack/nova/nova/scheduler/host_manager.py:177}}
Aug 13 09:38:38.581807 np0000007190 nova-scheduler[93500]: DEBUG oslo_concurrency.lockutils [None req-b716de55-79b9-4c27-b094-be49fde0a141 tempest-DeleteServersTestJSON-906942159 tempest-DeleteServersTestJSON-906942159-project-member] Lock "np0000007190-np0000007190" "released" by "nova.scheduler.host_manager.HostState.update.._locked_update" :: held 0.002s {{(pid=93500) inner /opt/stack/data/venv/lib/python3.12/site-packages/oslo_concurrency/lockutils.py:544}}
Aug 13 09:38:38.582253 np0000007190 nova-scheduler[93500]: DEBUG nova.filters [None req-b716de55-79b9-4c27-b094-be49fde0a141 tempest-DeleteServersTestJSON-906942159 tempest-DeleteServersTestJSON-906942159-project-member] Starting with 1 host(s) {{(pid=93500) get_filtered_objects /opt/stack/nova/nova/filters.py:70}}
Aug 13 09:38:38.582747 np0000007190 nova-scheduler[93500]: DEBUG nova.filters [None req-b716de55-79b9-4c27-b094-be49fde0a141 tempest-DeleteServersTestJSON-906942159 tempest-DeleteServersTestJSON-906942159-project-member] Filter ComputeFilter returned 1 host(s) {{(pid=93500) get_filtered_objects /opt/stack/nova/nova/filters.py:102}}
Aug 13 09:38:38.582747 np0000007190 nova-scheduler[93500]: DEBUG nova.filters [None req-b716de55-79b9-4c27-b094-be49fde0a141 tempest-DeleteServersTestJSON-906942159 tempest-DeleteServersTestJSON-906942159-project-member] Filter ComputeCapabilitiesFilter returned 1 host(s) {{(pid=93500) get_filtered_objects /opt/stack/nova/nova/filters.py:102}}
Aug 13 09:38:38.582840 np0000007190 nova-scheduler[93500]: DEBUG nova.filters [None req-b716de55-79b9-4c27-b094-be49fde0a141 tempest-DeleteServersTestJSON-906942159 tempest-DeleteServersTestJSON-906942159-project-member] Filter ImagePropertiesFilter returned 1 host(s) {{(pid=93500) get_filtered_objects /opt/stack/nova/nova/filters.py:102}}
Aug 13 09:38:38.583001 np0000007190 nova-scheduler[93500]: DEBUG nova.filters [None req-b716de55-79b9-4c27-b094-be49fde0a141 tempest-DeleteServersTestJSON-906942159 tempest-DeleteServersTestJSON-906942159-project-member] Filter ServerGroupAntiAffinityFilter returned 1 host(s) {{(pid=93500) get_filtered_objects /opt/stack/nova/nova/filters.py:102}}
Aug 13 09:38:38.583154 np0000007190 nova-scheduler[93500]: DEBUG nova.filters [None req-b716de55-79b9-4c27-b094-be49fde0a141 tempest-DeleteServersTestJSON-906942159 tempest-DeleteServersTestJSON-906942159-project-member] Filter ServerGroupAffinityFilter returned 1 host(s) {{(pid=93500) get_filtered_objects /opt/stack/nova/nova/filters.py:102}}
Aug 13 09:38:38.583323 np0000007190 nova-scheduler[93500]: DEBUG nova.filters [None req-b716de55-79b9-4c27-b094-be49fde0a141 tempest-DeleteServersTestJSON-906942159 tempest-DeleteServersTestJSON-906942159-project-member] Filter SameHostFilter returned 1 host(s) {{(pid=93500) get_filtered_objects /opt/stack/nova/nova/filters.py:102}}
Aug 13 09:38:38.583442 np0000007190 nova-scheduler[93500]: DEBUG nova.filters [None req-b716de55-79b9-4c27-b094-be49fde0a141 tempest-DeleteServersTestJSON-906942159 tempest-DeleteServersTestJSON-906942159-project-member] Filter DifferentHostFilter returned 1 host(s) {{(pid=93500) get_filtered_objects /opt/stack/nova/nova/filters.py:102}}
Aug 13 09:38:38.583566 np0000007190 nova-scheduler[93500]: DEBUG nova.scheduler.manager [None req-b716de55-79b9-4c27-b094-be49fde0a141 tempest-DeleteServersTestJSON-906942159 tempest-DeleteServersTestJSON-906942159-project-member] Filtered [(np0000007190, np0000007190) ram: 62509MB disk: 74752MB io_ops: 0 instances: 0, allocation_candidates: 1] {{(pid=93500) _get_sorted_hosts /opt/stack/nova/nova/scheduler/manager.py:742}}
Aug 13 09:38:38.583753 np0000007190 nova-scheduler[93500]: DEBUG nova.scheduler.manager [None req-b716de55-79b9-4c27-b094-be49fde0a141 tempest-DeleteServersTestJSON-906942159 tempest-DeleteServersTestJSON-906942159-project-member] Weighed [WeighedHost [host: (np0000007190, np0000007190) ram: 62509MB disk: 74752MB io_ops: 0 instances: 0, allocation_candidates: 1, weight: 0.0]] {{(pid=93500) _get_sorted_hosts /opt/stack/nova/nova/scheduler/manager.py:764}}
Aug 13 09:38:38.583940 np0000007190 nova-scheduler[93500]: DEBUG nova.scheduler.utils [None req-b716de55-79b9-4c27-b094-be49fde0a141 tempest-DeleteServersTestJSON-906942159 tempest-DeleteServersTestJSON-906942159-project-member] Attempting to claim resources in the placement API for instance 9238e34e-f837-4c08-b710-5ee1c2a71b88 {{(pid=93500) claim_resources /opt/stack/nova/nova/scheduler/utils.py:1345}}
Aug 13 09:38:38.756301 np0000007190 nova-scheduler[93500]: DEBUG nova.scheduler.manager [None req-b716de55-79b9-4c27-b094-be49fde0a141 tempest-DeleteServersTestJSON-906942159 tempest-DeleteServersTestJSON-906942159-project-member] [instance: 9238e34e-f837-4c08-b710-5ee1c2a71b88] Selected host: (np0000007190, np0000007190) ram: 62509MB disk: 74752MB io_ops: 0 instances: 0, allocation_candidates: 1 {{(pid=93500) _consume_selected_host /opt/stack/nova/nova/scheduler/manager.py:624}}
Aug 13 09:38:38.756725 np0000007190 nova-scheduler[93500]: DEBUG oslo_concurrency.lockutils [None req-b716de55-79b9-4c27-b094-be49fde0a141 tempest-DeleteServersTestJSON-906942159 tempest-DeleteServersTestJSON-906942159-project-member] Acquiring lock "np0000007190-np0000007190" by "nova.scheduler.host_manager.HostState.consume_from_request.._locked" {{(pid=93500) inner /opt/stack/data/venv/lib/python3.12/site-packages/oslo_concurrency/lockutils.py:512}}
Aug 13 09:38:38.757027 np0000007190 nova-scheduler[93500]: DEBUG oslo_concurrency.lockutils [None req-b716de55-79b9-4c27-b094-be49fde0a141 tempest-DeleteServersTestJSON-906942159 tempest-DeleteServersTestJSON-906942159-project-member] Lock "np0000007190-np0000007190" acquired by "nova.scheduler.host_manager.HostState.consume_from_request.._locked" :: waited 0.000s {{(pid=93500) inner /opt/stack/data/venv/lib/python3.12/site-packages/oslo_concurrency/lockutils.py:525}}
Aug 13 09:38:38.757404 np0000007190 nova-scheduler[93500]: DEBUG oslo_concurrency.lockutils [None req-b716de55-79b9-4c27-b094-be49fde0a141 tempest-DeleteServersTestJSON-906942159 tempest-DeleteServersTestJSON-906942159-project-member] Lock "np0000007190-np0000007190" "released" by "nova.scheduler.host_manager.HostState.consume_from_request.._locked" :: held 0.000s {{(pid=93500) inner /opt/stack/data/venv/lib/python3.12/site-packages/oslo_concurrency/lockutils.py:544}}
Aug 13 09:38:42.354801 np0000007190 nova-scheduler[93502]: DEBUG nova.scheduler.manager [None req-762bfb53-a85a-448c-ba16-8c85fc513b9f tempest-ServerActionsTestOtherB-1968140317 tempest-ServerActionsTestOtherB-1968140317-project-member] Starting to schedule for instances: ['7e21f467-5056-4802-910e-c44edad7e20c'] {{(pid=93502) select_destinations /opt/stack/nova/nova/scheduler/manager.py:209}}
Aug 13 09:38:42.354801 np0000007190 nova-scheduler[93502]: DEBUG nova.scheduler.request_filter [None req-762bfb53-a85a-448c-ba16-8c85fc513b9f tempest-ServerActionsTestOtherB-1968140317 tempest-ServerActionsTestOtherB-1968140317-project-member] compute_status_filter request filter added forbidden trait COMPUTE_STATUS_DISABLED {{(pid=93502) compute_status_filter /opt/stack/nova/nova/scheduler/request_filter.py:253}}
Aug 13 09:38:42.354801 np0000007190 nova-scheduler[93502]: DEBUG nova.scheduler.request_filter [None req-762bfb53-a85a-448c-ba16-8c85fc513b9f tempest-ServerActionsTestOtherB-1968140317 tempest-ServerActionsTestOtherB-1968140317-project-member] Request filter 'compute_status_filter' took 0.0 seconds {{(pid=93502) wrapper /opt/stack/nova/nova/scheduler/request_filter.py:46}}
Aug 13 09:38:42.355645 np0000007190 nova-scheduler[93502]: DEBUG nova.scheduler.request_filter [None req-762bfb53-a85a-448c-ba16-8c85fc513b9f tempest-ServerActionsTestOtherB-1968140317 tempest-ServerActionsTestOtherB-1968140317-project-member] Request filter 'accelerators_filter' took 0.0 seconds {{(pid=93502) wrapper /opt/stack/nova/nova/scheduler/request_filter.py:46}}
Aug 13 09:38:42.355645 np0000007190 nova-scheduler[93502]: DEBUG nova.scheduler.request_filter [None req-762bfb53-a85a-448c-ba16-8c85fc513b9f tempest-ServerActionsTestOtherB-1968140317 tempest-ServerActionsTestOtherB-1968140317-project-member] Request filter 'packed_virtqueue_filter' took 0.0 seconds {{(pid=93502) wrapper /opt/stack/nova/nova/scheduler/request_filter.py:46}}
Aug 13 09:38:42.355645 np0000007190 nova-scheduler[93502]: DEBUG nova.scheduler.request_filter [None req-762bfb53-a85a-448c-ba16-8c85fc513b9f tempest-ServerActionsTestOtherB-1968140317 tempest-ServerActionsTestOtherB-1968140317-project-member] Request filter 'remote_managed_ports_filter' took 0.0 seconds {{(pid=93502) wrapper /opt/stack/nova/nova/scheduler/request_filter.py:46}}
Aug 13 09:38:42.355645 np0000007190 nova-scheduler[93502]: DEBUG nova.scheduler.request_filter [None req-762bfb53-a85a-448c-ba16-8c85fc513b9f tempest-ServerActionsTestOtherB-1968140317 tempest-ServerActionsTestOtherB-1968140317-project-member] ephemeral_encryption_filter skipped {{(pid=93502) ephemeral_encryption_filter /opt/stack/nova/nova/scheduler/request_filter.py:426}}
Aug 13 09:38:42.355837 np0000007190 nova-scheduler[93502]: DEBUG nova.scheduler.request_filter [None req-762bfb53-a85a-448c-ba16-8c85fc513b9f tempest-ServerActionsTestOtherB-1968140317 tempest-ServerActionsTestOtherB-1968140317-project-member] virtio_sound_filter skipped {{(pid=93502) virtio_sound_filter /opt/stack/nova/nova/scheduler/request_filter.py:460}}
Aug 13 09:38:42.355879 np0000007190 nova-scheduler[93502]: DEBUG nova.scheduler.request_filter [None req-762bfb53-a85a-448c-ba16-8c85fc513b9f tempest-ServerActionsTestOtherB-1968140317 tempest-ServerActionsTestOtherB-1968140317-project-member] tpm_secret_security_filter skipped {{(pid=93502) tpm_secret_security_filter /opt/stack/nova/nova/scheduler/request_filter.py:477}}
