Jun 01 08:28:04.817224 np0000001835 devstack@neutron-api.service[87190]: [pid: 87190|app: 0|req: 17/32] 10.4.3.206 () {64 vars in 1381 bytes} [Mon Jun 1 08:28:04 2026] GET /networking/v2.0/routers/c72f3183-a1e3-4532-a364-20a93d545497 => generated 1112 bytes in 121 msecs (HTTP/1.1 200) 4 headers in 158 bytes (1 switches on core 0)
Jun 01 08:28:04.830036 np0000001835 devstack@neutron-api.service[87190]: INFO neutron.db.ovn_revision_numbers_db [None req-f6dd6811-5fab-4bc8-9fb2-5ba4c961a717 None None] Successfully bumped revision number for resource ba6a00db-7e44-4bf1-b82f-e747c50f4dd2 (type: ports) to 2
Jun 01 08:28:04.833608 np0000001835 devstack@neutron-api.service[87190]: DEBUG neutron_lib.callbacks.manager [None req-f6dd6811-5fab-4bc8-9fb2-5ba4c961a717 None None] Publish callbacks ['neutron.plugins.ml2.ovo_rpc._ObjectChangeHandler.handle_event-1122604', 'neutron.services.ovn_l3.plugin.OVNL3RouterPlugin._port_update-8039826866990'] for port (ba6a00db-7e44-4bf1-b82f-e747c50f4dd2), after_update {{(pid=87190) _notify_loop /opt/stack/data/venv/lib/python3.12/site-packages/neutron_lib/callbacks/manager.py:184}}
Jun 01 08:28:04.850668 np0000001835 devstack@neutron-api.service[87190]: DEBUG neutron.api.rpc.handlers.resources_rpc [None req-efc1294d-bebf-4a24-91b7-ec616a9d33cc None None] Pushing event updated for resources: {'Port': ['ID=ba6a00db-7e44-4bf1-b82f-e747c50f4dd2,revision_number=2']} {{(pid=87190) push /opt/stack/neutron/neutron/api/rpc/handlers/resources_rpc.py:237}}
Jun 01 08:28:04.876932 np0000001835 devstack@neutron-api.service[87189]: DEBUG neutron.pecan_wsgi.hooks.policy_enforcement [None req-5ff11901-88d7-44d7-bdd0-52bf9dce27b2 admin admin] Attributes excluded by policy engine: ['standard_attr_id'] {{(pid=87189) _exclude_attributes_by_policy /opt/stack/neutron/neutron/pecan_wsgi/hooks/policy_enforcement.py:256}}
Jun 01 08:28:04.879250 np0000001835 devstack@neutron-api.service[87189]: DEBUG neutron.pecan_wsgi.hooks.policy_enforcement [None req-5ff11901-88d7-44d7-bdd0-52bf9dce27b2 admin admin] Attributes excluded by policy engine: ['standard_attr_id'] {{(pid=87189) _exclude_attributes_by_policy /opt/stack/neutron/neutron/pecan_wsgi/hooks/policy_enforcement.py:256}}
Jun 01 08:28:04.881549 np0000001835 devstack@neutron-api.service[87189]: DEBUG neutron.pecan_wsgi.hooks.policy_enforcement [None req-5ff11901-88d7-44d7-bdd0-52bf9dce27b2 admin admin] Attributes excluded by policy engine: ['standard_attr_id'] {{(pid=87189) _exclude_attributes_by_policy /opt/stack/neutron/neutron/pecan_wsgi/hooks/policy_enforcement.py:256}}
Jun 01 08:28:04.882467 np0000001835 devstack@neutron-api.service[87189]: [pid: 87189|app: 0|req: 16/33] 10.4.3.206 () {64 vars in 1370 bytes} [Mon Jun 1 08:28:04 2026] GET /networking/v2.0/ports?device_id=c72f3183-a1e3-4532-a364-20a93d545497 => generated 2596 bytes in 56 msecs (HTTP/1.1 200) 4 headers in 158 bytes (1 switches on core 0)
Jun 01 08:28:07.921680 np0000001835 devstack@neutron-api.service[87190]: DEBUG neutron.plugins.ml2.drivers.ovn.mech_driver.ovsdb.ovsdb_monitor [None req-e15f7f3d-849a-4e18-abf3-1e17e95691ee None None] Touching Hash Ring node "b41e94b9b8e9519eaf1da5440cc4fb72" from IDL notify handler {{(pid=87190) notify /opt/stack/neutron/neutron/plugins/ml2/drivers/ovn/mech_driver/ovsdb/ovsdb_monitor.py:978}}
Jun 01 08:28:07.929650 np0000001835 devstack@neutron-api.service[87190]: DEBUG neutron.plugins.ml2.drivers.ovn.mech_driver.ovsdb.ovsdb_monitor [None req-e15f7f3d-849a-4e18-abf3-1e17e95691ee None None] Hash Ring: Node b41e94b9b8e9519eaf1da5440cc4fb72 (host: np0000001835) handling event "update" for row 3df4dd60-6305-4dbc-9a7e-2b022ff820de (table: NB_Global) {{(pid=87190) notify /opt/stack/neutron/neutron/plugins/ml2/drivers/ovn/mech_driver/ovsdb/ovsdb_monitor.py:986}}
Jun 01 08:28:08.491986 np0000001835 devstack@neutron-api.service[87190]: DEBUG neutron.plugins.ml2.drivers.ovn.mech_driver.ovsdb.ovsdb_monitor [None req-e15f7f3d-849a-4e18-abf3-1e17e95691ee None None] Touching Hash Ring node "b41e94b9b8e9519eaf1da5440cc4fb72" from IDL notify handler {{(pid=87190) notify /opt/stack/neutron/neutron/plugins/ml2/drivers/ovn/mech_driver/ovsdb/ovsdb_monitor.py:978}}
Jun 01 08:28:08.495534 np0000001835 devstack@neutron-api.service[87190]: DEBUG neutron.plugins.ml2.drivers.ovn.mech_driver.ovsdb.ovsdb_monitor [None req-e15f7f3d-849a-4e18-abf3-1e17e95691ee None None] Hash Ring: Node b41e94b9b8e9519eaf1da5440cc4fb72 (host: np0000001835) handling event "update" for row 3df4dd60-6305-4dbc-9a7e-2b022ff820de (table: NB_Global) {{(pid=87190) notify /opt/stack/neutron/neutron/plugins/ml2/drivers/ovn/mech_driver/ovsdb/ovsdb_monitor.py:986}}
Jun 01 08:28:08.496634 np0000001835 devstack@neutron-api.service[87190]: DEBUG neutron.plugins.ml2.drivers.ovn.mech_driver.ovsdb.ovsdb_monitor [None req-e15f7f3d-849a-4e18-abf3-1e17e95691ee None None] Touching Hash Ring node "b41e94b9b8e9519eaf1da5440cc4fb72" from IDL notify handler {{(pid=87190) notify /opt/stack/neutron/neutron/plugins/ml2/drivers/ovn/mech_driver/ovsdb/ovsdb_monitor.py:978}}
Jun 01 08:28:08.499175 np0000001835 devstack@neutron-api.service[87190]: DEBUG neutron.plugins.ml2.drivers.ovn.mech_driver.ovsdb.ovsdb_monitor [None req-e15f7f3d-849a-4e18-abf3-1e17e95691ee None None] Hash Ring: Node b41e94b9b8e9519eaf1da5440cc4fb72 (host: np0000001835) handling event "update" for row 3df4dd60-6305-4dbc-9a7e-2b022ff820de (table: NB_Global) {{(pid=87190) notify /opt/stack/neutron/neutron/plugins/ml2/drivers/ovn/mech_driver/ovsdb/ovsdb_monitor.py:986}}
Jun 01 08:28:08.504759 np0000001835 devstack@neutron-api.service[87190]: DEBUG neutron.plugins.ml2.drivers.ovn.mech_driver.ovsdb.ovsdb_monitor [None req-e15f7f3d-849a-4e18-abf3-1e17e95691ee None None] Touching Hash Ring node "b41e94b9b8e9519eaf1da5440cc4fb72" from IDL notify handler {{(pid=87190) notify /opt/stack/neutron/neutron/plugins/ml2/drivers/ovn/mech_driver/ovsdb/ovsdb_monitor.py:978}}
Jun 01 08:28:08.509579 np0000001835 devstack@neutron-api.service[87190]: DEBUG neutron.plugins.ml2.drivers.ovn.mech_driver.ovsdb.ovsdb_monitor [None req-e15f7f3d-849a-4e18-abf3-1e17e95691ee None None] Hash Ring: Node b41e94b9b8e9519eaf1da5440cc4fb72 (host: np0000001835) handling event "update" for row 3df4dd60-6305-4dbc-9a7e-2b022ff820de (table: NB_Global) {{(pid=87190) notify /opt/stack/neutron/neutron/plugins/ml2/drivers/ovn/mech_driver/ovsdb/ovsdb_monitor.py:986}}
Jun 01 08:28:09.996560 np0000001835 devstack@neutron-api.service[87190]: WARNING neutron.plugins.ml2.drivers.ovn.mech_driver.ovsdb.ovn_client [None req-efc1294d-bebf-4a24-91b7-ec616a9d33cc None None] No hosting information found for port ba6a00db-7e44-4bf1-b82f-e747c50f4dd2: RuntimeError: No hosting information found for port ba6a00db-7e44-4bf1-b82f-e747c50f4dd2
Jun 01 08:28:10.025662 np0000001835 devstack@neutron-api.service[87190]: INFO neutron.common.ovn.utils [None req-efc1294d-bebf-4a24-91b7-ec616a9d33cc None None] HA Chassis Group neutron-a332d768-6a64-4d8e-99db-773fe1118b7f synchronized; highest priority chassis e470c073-d256-43d8-82bc-59e701f5949f
Jun 01 08:28:10.026610 np0000001835 devstack@neutron-api.service[87190]: DEBUG ovsdbapp.backend.ovs_idl.transaction [None req-e15f7f3d-849a-4e18-abf3-1e17e95691ee None None] Running txn n=1 command(idx=0): DbSetCommand(_result=None, table=HA_Chassis_Group, record=neutron-a332d768-6a64-4d8e-99db-773fe1118b7f, col_values=(('external_ids', {'neutron:availability_zone_hints': '', 'neutron:network_id': 'a332d768-6a64-4d8e-99db-773fe1118b7f', 'neutron:router_id': 'c72f3183-a1e3-4532-a364-20a93d545497'}),), if_exists=True) {{(pid=87190) do_commit /opt/stack/data/venv/lib/python3.12/site-packages/ovsdbapp/backend/ovs_idl/transaction.py:89}}
Jun 01 08:28:10.026765 np0000001835 devstack@neutron-api.service[87190]: DEBUG ovsdbapp.backend.ovs_idl.transaction [None req-e15f7f3d-849a-4e18-abf3-1e17e95691ee None None] Running txn n=1 command(idx=1): HAChassisGroupAddChassisCommand(_result=None, hcg=neutron-a332d768-6a64-4d8e-99db-773fe1118b7f, chassis=e470c073-d256-43d8-82bc-59e701f5949f, priority=1, columns={}) {{(pid=87190) do_commit /opt/stack/data/venv/lib/python3.12/site-packages/ovsdbapp/backend/ovs_idl/transaction.py:89}}
Jun 01 08:28:10.027076 np0000001835 devstack@neutron-api.service[87190]: DEBUG ovsdbapp.backend.ovs_idl.transaction [None req-e15f7f3d-849a-4e18-abf3-1e17e95691ee None None] Transaction caused no change {{(pid=87190) do_commit /opt/stack/data/venv/lib/python3.12/site-packages/ovsdbapp/backend/ovs_idl/transaction.py:129}}
Jun 01 08:28:10.092130 np0000001835 devstack@neutron-api.service[87190]: DEBUG ovsdbapp.backend.ovs_idl.transaction [None req-e15f7f3d-849a-4e18-abf3-1e17e95691ee None None] Running txn n=1 command(idx=0): CheckRevisionNumberCommand(_result=None, name=lrp-ba6a00db-7e44-4bf1-b82f-e747c50f4dd2, resource={'id': 'ba6a00db-7e44-4bf1-b82f-e747c50f4dd2', 'name': '', 'network_id': 'a332d768-6a64-4d8e-99db-773fe1118b7f', 'project_id': '7bbb3ac959024262bae5ce2ea2a90c23', 'mac_address': 'fa:16:3e:b5:8e:33', 'admin_state_up': True, 'status': 'ACTIVE', 'device_id': 'c72f3183-a1e3-4532-a364-20a93d545497', 'device_owner': 'network:router_interface', 'standard_attr_id': 24, 'fixed_ips': [{'subnet_id': '3975a993-9bb3-4677-b37d-90198bf5642b', 'ip_address': 'fdf4:f228:4cea::1'}], 'allowed_address_pairs': [], 'extra_dhcp_opts': [], 'security_groups': [], 'description': '', 'binding:vnic_type': 'normal', 'binding:profile': {}, 'binding:host_id': '', 'binding:vif_type': 'unbound', 'binding:vif_details': {}, 'port_security_enabled': False, 'tags': [], 'created_at': '2026-06-01T08:28:01Z', 'updated_at': '2026-06-01T08:28:04Z', 'revision_number': 2, 'tenant_id': '7bbb3ac959024262bae5ce2ea2a90c23'}, resource_type=router_ports, if_exists=True) {{(pid=87190) do_commit /opt/stack/data/venv/lib/python3.12/site-packages/ovsdbapp/backend/ovs_idl/transaction.py:89}}
Jun 01 08:28:10.092533 np0000001835 devstack@neutron-api.service[87190]: DEBUG ovsdbapp.backend.ovs_idl.transaction [None req-e15f7f3d-849a-4e18-abf3-1e17e95691ee None None] Running txn n=1 command(idx=1): UpdateLRouterPortCommand(_result=None, name=lrp-ba6a00db-7e44-4bf1-b82f-e747c50f4dd2, columns={'external_ids': {'neutron:revision_number': '2', 'neutron:subnet_ids': '3975a993-9bb3-4677-b37d-90198bf5642b', 'neutron:network_name': 'neutron-a332d768-6a64-4d8e-99db-773fe1118b7f', 'neutron:is_ext_gw': 'False', 'neutron:router_name': 'neutron-c72f3183-a1e3-4532-a364-20a93d545497'}, 'options': {}, 'networks': ['fdf4:f228:4cea::1/64'], 'ipv6_ra_configs': {'address_mode': 'slaac', 'send_periodic': 'true', 'mtu': '1372'}}, if_exists=False) {{(pid=87190) do_commit /opt/stack/data/venv/lib/python3.12/site-packages/ovsdbapp/backend/ovs_idl/transaction.py:89}}
Jun 01 08:28:10.092984 np0000001835 devstack@neutron-api.service[87190]: DEBUG ovsdbapp.backend.ovs_idl.transaction [None req-e15f7f3d-849a-4e18-abf3-1e17e95691ee None None] Running txn n=1 command(idx=2): SetLRouterPortInLSwitchPortCommand(_result=None, lswitch_port=ba6a00db-7e44-4bf1-b82f-e747c50f4dd2, lrouter_port=lrp-ba6a00db-7e44-4bf1-b82f-e747c50f4dd2, is_gw_port=False, if_exists=True, lsp_address=router) {{(pid=87190) do_commit /opt/stack/data/venv/lib/python3.12/site-packages/ovsdbapp/backend/ovs_idl/transaction.py:89}}
Jun 01 08:28:10.098417 np0000001835 devstack@neutron-api.service[87189]: DEBUG neutron.plugins.ml2.drivers.ovn.mech_driver.ovsdb.ovsdb_monitor [None req-75afc9cf-e51b-4e95-bb62-5245785eea81 None None] Touching Hash Ring node "53446e4599ca5bb08a155328e2aea15d" from IDL notify handler {{(pid=87189) notify /opt/stack/neutron/neutron/plugins/ml2/drivers/ovn/mech_driver/ovsdb/ovsdb_monitor.py:978}}
Jun 01 08:28:10.101250 np0000001835 devstack@neutron-api.service[87190]: DEBUG neutron.plugins.ml2.drivers.ovn.mech_driver.ovsdb.ovsdb_monitor [None req-e15f7f3d-849a-4e18-abf3-1e17e95691ee None None] Touching Hash Ring node "b41e94b9b8e9519eaf1da5440cc4fb72" from IDL notify handler {{(pid=87190) notify /opt/stack/neutron/neutron/plugins/ml2/drivers/ovn/mech_driver/ovsdb/ovsdb_monitor.py:978}}
Jun 01 08:28:10.104440 np0000001835 devstack@neutron-api.service[87189]: DEBUG neutron.plugins.ml2.drivers.ovn.mech_driver.ovsdb.ovsdb_monitor [None req-6f5129ae-d5c0-4fed-abae-937f456bb6c6 None None] Touching Hash Ring node "53446e4599ca5bb08a155328e2aea15d" from IDL notify handler {{(pid=87189) notify /opt/stack/neutron/neutron/plugins/ml2/drivers/ovn/mech_driver/ovsdb/ovsdb_monitor.py:978}}
Jun 01 08:28:10.105218 np0000001835 devstack@neutron-api.service[87190]: DEBUG neutron.plugins.ml2.drivers.ovn.mech_driver.ovsdb.ovsdb_monitor [None req-547e30ea-53f2-40df-84d6-34197235ca81 None None] Touching Hash Ring node "b41e94b9b8e9519eaf1da5440cc4fb72" from IDL notify handler {{(pid=87190) notify /opt/stack/neutron/neutron/plugins/ml2/drivers/ovn/mech_driver/ovsdb/ovsdb_monitor.py:978}}
Jun 01 08:28:10.110128 np0000001835 devstack@neutron-api.service[87190]: DEBUG neutron.plugins.ml2.drivers.ovn.mech_driver.ovsdb.ovsdb_monitor [None req-547e30ea-53f2-40df-84d6-34197235ca81 None None] Hash Ring: Node b41e94b9b8e9519eaf1da5440cc4fb72 (host: np0000001835) handling event "update" for row 93af1dd1-f694-4b8b-90ba-3b1f14892814 (table: Port_Binding) {{(pid=87190) notify /opt/stack/neutron/neutron/plugins/ml2/drivers/ovn/mech_driver/ovsdb/ovsdb_monitor.py:986}}
Jun 01 08:28:10.110557 np0000001835 devstack@neutron-api.service[87189]: DEBUG neutron.plugins.ml2.drivers.ovn.mech_driver.ovsdb.ovsdb_monitor [None req-75afc9cf-e51b-4e95-bb62-5245785eea81 None None] Hash Ring: Node 53446e4599ca5bb08a155328e2aea15d (host: np0000001835) handling event "update" for row 5098d568-7ef5-4af0-898e-3d79e51f368b (table: Logical_Router_Port) {{(pid=87189) notify /opt/stack/neutron/neutron/plugins/ml2/drivers/ovn/mech_driver/ovsdb/ovsdb_monitor.py:986}}
Jun 01 08:28:10.111171 np0000001835 devstack@neutron-api.service[87190]: DEBUG neutron.plugins.ml2.drivers.ovn.mech_driver.ovsdb.ovsdb_monitor [None req-e15f7f3d-849a-4e18-abf3-1e17e95691ee None None] Hash Ring: Node b41e94b9b8e9519eaf1da5440cc4fb72 (host: np0000001835) handling event "update" for row 5098d568-7ef5-4af0-898e-3d79e51f368b (table: Logical_Router_Port) {{(pid=87190) notify /opt/stack/neutron/neutron/plugins/ml2/drivers/ovn/mech_driver/ovsdb/ovsdb_monitor.py:986}}
Jun 01 08:28:10.113779 np0000001835 devstack@neutron-api.service[87189]: DEBUG neutron.plugins.ml2.drivers.ovn.mech_driver.ovsdb.ovsdb_monitor [None req-6f5129ae-d5c0-4fed-abae-937f456bb6c6 None None] Hash Ring: Node 53446e4599ca5bb08a155328e2aea15d (host: np0000001835) handling event "update" for row 93af1dd1-f694-4b8b-90ba-3b1f14892814 (table: Port_Binding) {{(pid=87189) notify /opt/stack/neutron/neutron/plugins/ml2/drivers/ovn/mech_driver/ovsdb/ovsdb_monitor.py:986}}
Jun 01 08:28:10.134178 np0000001835 devstack@neutron-api.service[87190]: INFO neutron.db.ovn_revision_numbers_db [None req-efc1294d-bebf-4a24-91b7-ec616a9d33cc None None] Successfully bumped revision number for resource ba6a00db-7e44-4bf1-b82f-e747c50f4dd2 (type: router_ports) to 2
Jun 01 08:28:10.167222 np0000001835 devstack@neutron-api.service[87190]: INFO neutron.common.ovn.utils [None req-efc1294d-bebf-4a24-91b7-ec616a9d33cc None None] HA Chassis Group neutron-a332d768-6a64-4d8e-99db-773fe1118b7f synchronized; highest priority chassis e470c073-d256-43d8-82bc-59e701f5949f
Jun 01 08:28:10.167859 np0000001835 devstack@neutron-api.service[87190]: DEBUG ovsdbapp.backend.ovs_idl.transaction [None req-e15f7f3d-849a-4e18-abf3-1e17e95691ee None None] Running txn n=1 command(idx=0): DbSetCommand(_result=None, table=HA_Chassis_Group, record=neutron-a332d768-6a64-4d8e-99db-773fe1118b7f, col_values=(('external_ids', {'neutron:availability_zone_hints': '', 'neutron:network_id': 'a332d768-6a64-4d8e-99db-773fe1118b7f', 'neutron:router_id': 'c72f3183-a1e3-4532-a364-20a93d545497'}),), if_exists=True) {{(pid=87190) do_commit /opt/stack/data/venv/lib/python3.12/site-packages/ovsdbapp/backend/ovs_idl/transaction.py:89}}
Jun 01 08:28:10.168258 np0000001835 devstack@neutron-api.service[87190]: DEBUG ovsdbapp.backend.ovs_idl.transaction [None req-e15f7f3d-849a-4e18-abf3-1e17e95691ee None None] Running txn n=1 command(idx=1): HAChassisGroupAddChassisCommand(_result=None, hcg=neutron-a332d768-6a64-4d8e-99db-773fe1118b7f, chassis=e470c073-d256-43d8-82bc-59e701f5949f, priority=1, columns={}) {{(pid=87190) do_commit /opt/stack/data/venv/lib/python3.12/site-packages/ovsdbapp/backend/ovs_idl/transaction.py:89}}
Jun 01 08:28:10.168454 np0000001835 devstack@neutron-api.service[87190]: DEBUG ovsdbapp.backend.ovs_idl.transaction [None req-e15f7f3d-849a-4e18-abf3-1e17e95691ee None None] Transaction caused no change {{(pid=87190) do_commit /opt/stack/data/venv/lib/python3.12/site-packages/ovsdbapp/backend/ovs_idl/transaction.py:129}}
Jun 01 08:28:10.198149 np0000001835 devstack@neutron-api.service[87190]: INFO neutron.common.ovn.utils [None req-efc1294d-bebf-4a24-91b7-ec616a9d33cc None None] HA Chassis Group neutron-a332d768-6a64-4d8e-99db-773fe1118b7f synchronized; highest priority chassis e470c073-d256-43d8-82bc-59e701f5949f
Jun 01 08:28:10.198881 np0000001835 devstack@neutron-api.service[87190]: DEBUG ovsdbapp.backend.ovs_idl.transaction [None req-e15f7f3d-849a-4e18-abf3-1e17e95691ee None None] Running txn n=1 command(idx=0): DbSetCommand(_result=None, table=HA_Chassis_Group, record=neutron-a332d768-6a64-4d8e-99db-773fe1118b7f, col_values=(('external_ids', {'neutron:availability_zone_hints': '', 'neutron:network_id': 'a332d768-6a64-4d8e-99db-773fe1118b7f', 'neutron:router_id': 'c72f3183-a1e3-4532-a364-20a93d545497'}),), if_exists=True) {{(pid=87190) do_commit /opt/stack/data/venv/lib/python3.12/site-packages/ovsdbapp/backend/ovs_idl/transaction.py:89}}
Jun 01 08:28:10.199187 np0000001835 devstack@neutron-api.service[87190]: DEBUG ovsdbapp.backend.ovs_idl.transaction [None req-e15f7f3d-849a-4e18-abf3-1e17e95691ee None None] Running txn n=1 command(idx=1): HAChassisGroupAddChassisCommand(_result=None, hcg=neutron-a332d768-6a64-4d8e-99db-773fe1118b7f, chassis=e470c073-d256-43d8-82bc-59e701f5949f, priority=1, columns={}) {{(pid=87190) do_commit /opt/stack/data/venv/lib/python3.12/site-packages/ovsdbapp/backend/ovs_idl/transaction.py:89}}
Jun 01 08:28:10.199451 np0000001835 devstack@neutron-api.service[87190]: DEBUG ovsdbapp.backend.ovs_idl.transaction [None req-e15f7f3d-849a-4e18-abf3-1e17e95691ee None None] Transaction caused no change {{(pid=87190) do_commit /opt/stack/data/venv/lib/python3.12/site-packages/ovsdbapp/backend/ovs_idl/transaction.py:129}}
Jun 01 08:28:10.258499 np0000001835 devstack@neutron-api.service[87190]: DEBUG ovsdbapp.backend.ovs_idl.transaction [None req-e15f7f3d-849a-4e18-abf3-1e17e95691ee None None] Running txn n=1 command(idx=0): CheckRevisionNumberCommand(_result=None, name=lrp-ba6a00db-7e44-4bf1-b82f-e747c50f4dd2, resource={'id': 'ba6a00db-7e44-4bf1-b82f-e747c50f4dd2', 'name': '', 'network_id': 'a332d768-6a64-4d8e-99db-773fe1118b7f', 'project_id': '7bbb3ac959024262bae5ce2ea2a90c23', 'mac_address': 'fa:16:3e:b5:8e:33', 'admin_state_up': True, 'status': 'ACTIVE', 'device_id': 'c72f3183-a1e3-4532-a364-20a93d545497', 'device_owner': 'network:router_interface', 'standard_attr_id': 24, 'fixed_ips': [{'subnet_id': '3975a993-9bb3-4677-b37d-90198bf5642b', 'ip_address': 'fdf4:f228:4cea::1'}], 'allowed_address_pairs': [], 'extra_dhcp_opts': [], 'security_groups': [], 'description': '', 'binding:vnic_type': 'normal', 'binding:profile': {}, 'binding:host_id': '', 'binding:vif_type': 'unbound', 'binding:vif_details': {}, 'port_security_enabled': False, 'tags': [], 'created_at': '2026-06-01T08:28:01Z', 'updated_at': '2026-06-01T08:28:04Z', 'revision_number': 2, 'tenant_id': '7bbb3ac959024262bae5ce2ea2a90c23'}, resource_type=router_ports, if_exists=True) {{(pid=87190) do_commit /opt/stack/data/venv/lib/python3.12/site-packages/ovsdbapp/backend/ovs_idl/transaction.py:89}}
Jun 01 08:28:10.258775 np0000001835 devstack@neutron-api.service[87190]: DEBUG ovsdbapp.backend.ovs_idl.transaction [None req-e15f7f3d-849a-4e18-abf3-1e17e95691ee None None] Running txn n=1 command(idx=1): UpdateLRouterPortCommand(_result=None, name=lrp-ba6a00db-7e44-4bf1-b82f-e747c50f4dd2, columns={'external_ids': {'neutron:revision_number': '2', 'neutron:subnet_ids': '3975a993-9bb3-4677-b37d-90198bf5642b', 'neutron:network_name': 'neutron-a332d768-6a64-4d8e-99db-773fe1118b7f', 'neutron:is_ext_gw': 'False', 'neutron:router_name': 'neutron-c72f3183-a1e3-4532-a364-20a93d545497'}, 'options': {}, 'networks': ['fdf4:f228:4cea::1/64'], 'ipv6_ra_configs': {'address_mode': 'slaac', 'send_periodic': 'true', 'mtu': '1372'}}, if_exists=False) {{(pid=87190) do_commit /opt/stack/data/venv/lib/python3.12/site-packages/ovsdbapp/backend/ovs_idl/transaction.py:89}}
Jun 01 08:28:10.259076 np0000001835 devstack@neutron-api.service[87190]: DEBUG ovsdbapp.backend.ovs_idl.transaction [None req-e15f7f3d-849a-4e18-abf3-1e17e95691ee None None] Running txn n=1 command(idx=2): SetLRouterPortInLSwitchPortCommand(_result=None, lswitch_port=ba6a00db-7e44-4bf1-b82f-e747c50f4dd2, lrouter_port=lrp-ba6a00db-7e44-4bf1-b82f-e747c50f4dd2, is_gw_port=False, if_exists=True, lsp_address=router) {{(pid=87190) do_commit /opt/stack/data/venv/lib/python3.12/site-packages/ovsdbapp/backend/ovs_idl/transaction.py:89}}
Jun 01 08:28:10.259338 np0000001835 devstack@neutron-api.service[87190]: DEBUG ovsdbapp.backend.ovs_idl.transaction [None req-e15f7f3d-849a-4e18-abf3-1e17e95691ee None None] Transaction caused no change {{(pid=87190) do_commit /opt/stack/data/venv/lib/python3.12/site-packages/ovsdbapp/backend/ovs_idl/transaction.py:129}}
Jun 01 08:28:15.442603 np0000001835 devstack@neutron-api.service[87190]: DEBUG futurist.periodics [-] Submitting periodic callback 'neutron.plugins.ml2.drivers.ovn.mech_driver.ovsdb.maintenance.HashRingHealthCheckPeriodics.touch_hash_ring_node' {{(pid=87190) _process_scheduled /opt/stack/data/venv/lib/python3.12/site-packages/futurist/periodics.py:784}}
Jun 01 08:28:15.443162 np0000001835 devstack@neutron-api.service[87190]: DEBUG neutron.plugins.ml2.drivers.ovn.mech_driver.ovsdb.maintenance [-] Touching Hash Ring node "b41e94b9b8e9519eaf1da5440cc4fb72" from periodic health check thread {{(pid=87190) touch_hash_ring_node /opt/stack/neutron/neutron/plugins/ml2/drivers/ovn/mech_driver/ovsdb/maintenance.py:1466}}
Jun 01 08:28:16.323765 np0000001835 devstack@neutron-api.service[87189]: DEBUG futurist.periodics [-] Submitting periodic callback 'neutron.plugins.ml2.drivers.ovn.mech_driver.ovsdb.maintenance.HashRingHealthCheckPeriodics.touch_hash_ring_node' {{(pid=87189) _process_scheduled /opt/stack/data/venv/lib/python3.12/site-packages/futurist/periodics.py:784}}
Jun 01 08:28:16.324362 np0000001835 devstack@neutron-api.service[87189]: DEBUG neutron.plugins.ml2.drivers.ovn.mech_driver.ovsdb.maintenance [-] Touching Hash Ring node "53446e4599ca5bb08a155328e2aea15d" from periodic health check thread {{(pid=87189) touch_hash_ring_node /opt/stack/neutron/neutron/plugins/ml2/drivers/ovn/mech_driver/ovsdb/maintenance.py:1466}}
Jun 01 08:28:25.450207 np0000001835 devstack@neutron-api.service[87190]: DEBUG dbcounter [-] [87190] Writing DB stats neutron:SELECT=2224,neutron:INSERT=703,neutron:DELETE=12,neutron:UPDATE=105 {{(pid=87190) stat_writer /opt/stack/data/venv/lib/python3.12/site-packages/dbcounter.py:115}}
Jun 01 08:28:26.330510 np0000001835 devstack@neutron-api.service[87189]: DEBUG dbcounter [-] [87189] Writing DB stats neutron:SELECT=3421,neutron:INSERT=97,neutron:DELETE=13,neutron:UPDATE=68 {{(pid=87189) stat_writer /opt/stack/data/venv/lib/python3.12/site-packages/dbcounter.py:115}}
Jun 01 08:28:30.443117 np0000001835 devstack@neutron-api.service[87190]: DEBUG futurist.periodics [-] Submitting periodic callback 'neutron.plugins.ml2.drivers.ovn.mech_driver.ovsdb.maintenance.HashRingHealthCheckPeriodics.touch_hash_ring_node' {{(pid=87190) _process_scheduled /opt/stack/data/venv/lib/python3.12/site-packages/futurist/periodics.py:784}}
Jun 01 08:28:30.445130 np0000001835 devstack@neutron-api.service[87190]: DEBUG neutron.plugins.ml2.drivers.ovn.mech_driver.ovsdb.maintenance [-] Touching Hash Ring node "b41e94b9b8e9519eaf1da5440cc4fb72" from periodic health check thread {{(pid=87190) touch_hash_ring_node /opt/stack/neutron/neutron/plugins/ml2/drivers/ovn/mech_driver/ovsdb/maintenance.py:1466}}
Jun 01 08:28:31.324392 np0000001835 devstack@neutron-api.service[87189]: DEBUG futurist.periodics [-] Submitting periodic callback 'neutron.plugins.ml2.drivers.ovn.mech_driver.ovsdb.maintenance.HashRingHealthCheckPeriodics.touch_hash_ring_node' {{(pid=87189) _process_scheduled /opt/stack/data/venv/lib/python3.12/site-packages/futurist/periodics.py:784}}
Jun 01 08:28:31.324823 np0000001835 devstack@neutron-api.service[87189]: DEBUG neutron.plugins.ml2.drivers.ovn.mech_driver.ovsdb.maintenance [-] Touching Hash Ring node "53446e4599ca5bb08a155328e2aea15d" from periodic health check thread {{(pid=87189) touch_hash_ring_node /opt/stack/neutron/neutron/plugins/ml2/drivers/ovn/mech_driver/ovsdb/maintenance.py:1466}}
Jun 01 08:28:40.454925 np0000001835 devstack@neutron-api.service[87190]: DEBUG dbcounter [-] [87190] Writing DB stats neutron:UPDATE=1,neutron:SELECT=1 {{(pid=87190) stat_writer /opt/stack/data/venv/lib/python3.12/site-packages/dbcounter.py:115}}
Jun 01 08:28:41.331033 np0000001835 devstack@neutron-api.service[87189]: DEBUG dbcounter [-] [87189] Writing DB stats neutron:UPDATE=1,neutron:SELECT=1 {{(pid=87189) stat_writer /opt/stack/data/venv/lib/python3.12/site-packages/dbcounter.py:115}}
Jun 01 08:28:45.444155 np0000001835 devstack@neutron-api.service[87190]: DEBUG futurist.periodics [-] Submitting periodic callback 'neutron.plugins.ml2.drivers.ovn.mech_driver.ovsdb.maintenance.HashRingHealthCheckPeriodics.touch_hash_ring_node' {{(pid=87190) _process_scheduled /opt/stack/data/venv/lib/python3.12/site-packages/futurist/periodics.py:784}}
Jun 01 08:28:45.444558 np0000001835 devstack@neutron-api.service[87190]: DEBUG neutron.plugins.ml2.drivers.ovn.mech_driver.ovsdb.maintenance [-] Touching Hash Ring node "b41e94b9b8e9519eaf1da5440cc4fb72" from periodic health check thread {{(pid=87190) touch_hash_ring_node /opt/stack/neutron/neutron/plugins/ml2/drivers/ovn/mech_driver/ovsdb/maintenance.py:1466}}
Jun 01 08:28:46.324971 np0000001835 devstack@neutron-api.service[87189]: DEBUG futurist.periodics [-] Submitting periodic callback 'neutron.plugins.ml2.drivers.ovn.mech_driver.ovsdb.maintenance.HashRingHealthCheckPeriodics.touch_hash_ring_node' {{(pid=87189) _process_scheduled /opt/stack/data/venv/lib/python3.12/site-packages/futurist/periodics.py:784}}
Jun 01 08:28:46.325388 np0000001835 devstack@neutron-api.service[87189]: DEBUG neutron.plugins.ml2.drivers.ovn.mech_driver.ovsdb.maintenance [-] Touching Hash Ring node "53446e4599ca5bb08a155328e2aea15d" from periodic health check thread {{(pid=87189) touch_hash_ring_node /opt/stack/neutron/neutron/plugins/ml2/drivers/ovn/mech_driver/ovsdb/maintenance.py:1466}}
Jun 01 08:28:55.454030 np0000001835 devstack@neutron-api.service[87190]: DEBUG dbcounter [-] [87190] Writing DB stats neutron:UPDATE=1,neutron:SELECT=1 {{(pid=87190) stat_writer /opt/stack/data/venv/lib/python3.12/site-packages/dbcounter.py:115}}
Jun 01 08:28:56.331270 np0000001835 devstack@neutron-api.service[87189]: DEBUG dbcounter [-] [87189] Writing DB stats neutron:UPDATE=1,neutron:SELECT=1 {{(pid=87189) stat_writer /opt/stack/data/venv/lib/python3.12/site-packages/dbcounter.py:115}}
Jun 01 08:29:00.444580 np0000001835 devstack@neutron-api.service[87190]: DEBUG futurist.periodics [-] Submitting periodic callback 'neutron.plugins.ml2.drivers.ovn.mech_driver.ovsdb.maintenance.HashRingHealthCheckPeriodics.touch_hash_ring_node' {{(pid=87190) _process_scheduled /opt/stack/data/venv/lib/python3.12/site-packages/futurist/periodics.py:784}}
Jun 01 08:29:00.445478 np0000001835 devstack@neutron-api.service[87190]: DEBUG neutron.plugins.ml2.drivers.ovn.mech_driver.ovsdb.maintenance [-] Touching Hash Ring node "b41e94b9b8e9519eaf1da5440cc4fb72" from periodic health check thread {{(pid=87190) touch_hash_ring_node /opt/stack/neutron/neutron/plugins/ml2/drivers/ovn/mech_driver/ovsdb/maintenance.py:1466}}
Jun 01 08:29:01.325721 np0000001835 devstack@neutron-api.service[87189]: DEBUG futurist.periodics [-] Submitting periodic callback 'neutron.plugins.ml2.drivers.ovn.mech_driver.ovsdb.maintenance.HashRingHealthCheckPeriodics.touch_hash_ring_node' {{(pid=87189) _process_scheduled /opt/stack/data/venv/lib/python3.12/site-packages/futurist/periodics.py:784}}
Jun 01 08:29:01.326327 np0000001835 devstack@neutron-api.service[87189]: DEBUG neutron.plugins.ml2.drivers.ovn.mech_driver.ovsdb.maintenance [-] Touching Hash Ring node "53446e4599ca5bb08a155328e2aea15d" from periodic health check thread {{(pid=87189) touch_hash_ring_node /opt/stack/neutron/neutron/plugins/ml2/drivers/ovn/mech_driver/ovsdb/maintenance.py:1466}}
Jun 01 08:29:04.381032 np0000001835 devstack@neutron-api.service[87190]: DEBUG neutron.api.wsgi [None req-bcfbe5eb-4288-450d-8144-a3d33bf710d9 admin admin] Missing Content-Type {{(pid=87190) get_content_type /opt/stack/neutron/neutron/api/wsgi.py:80}}
Jun 01 08:29:04.382171 np0000001835 devstack@neutron-api.service[87190]: DEBUG neutron.api.wsgi [None req-bcfbe5eb-4288-450d-8144-a3d33bf710d9 admin admin] https://10.4.3.206/networking/v2.0/extensions returned with HTTP 200 {{(pid=87190) __call__ /opt/stack/neutron/neutron/api/wsgi.py:540}}
Jun 01 08:29:04.382171 np0000001835 devstack@neutron-api.service[87190]: [pid: 87190|app: 0|req: 18/34] 10.4.3.206 () {64 vars in 1292 bytes} [Mon Jun 1 08:29:04 2026] GET /networking/v2.0/extensions => generated 15209 bytes in 4 msecs (HTTP/1.1 200) 4 headers in 159 bytes (1 switches on core 0)
Jun 01 08:29:04.614282 np0000001835 devstack@neutron-api.service[87189]: INFO neutron.pecan_wsgi.hooks.translation [None req-b41538c8-86a1-470d-8f1a-9eafb47c6c81 admin admin] GET failed (client error): The resource could not be found.
Jun 01 08:29:04.614948 np0000001835 devstack@neutron-api.service[87189]: [pid: 87189|app: 0|req: 17/35] 10.4.3.206 () {64 vars in 1294 bytes} [Mon Jun 1 08:29:04 2026] GET /networking/v2.0/networks/public => generated 108 bytes in 7 msecs (HTTP/1.1 404) 4 headers in 164 bytes (1 switches on core 0)
Jun 01 08:29:04.654129 np0000001835 devstack@neutron-api.service[87190]: DEBUG neutron.pecan_wsgi.hooks.policy_enforcement [None req-7dfddb13-4d89-47dd-b920-02bf9c332e10 admin admin] Attributes excluded by policy engine: ['standard_attr_id'] {{(pid=87190) _exclude_attributes_by_policy /opt/stack/neutron/neutron/pecan_wsgi/hooks/policy_enforcement.py:256}}
Jun 01 08:29:04.654790 np0000001835 devstack@neutron-api.service[87190]: [pid: 87190|app: 0|req: 19/36] 10.4.3.206 () {64 vars in 1309 bytes} [Mon Jun 1 08:29:04 2026] GET /networking/v2.0/networks?name=public => generated 759 bytes in 34 msecs (HTTP/1.1 200) 4 headers in 157 bytes (1 switches on core 0)
Jun 01 08:29:04.839199 np0000001835 devstack@neutron-api.service[87189]: DEBUG neutron.api.v2.base [None req-70cbc884-1e74-40a4-a750-8fa194ea9892 admin admin] Request body: {'network': {'shared': True, 'name': 'shared', 'admin_state_up': True}} {{(pid=87189) prepare_request_body /opt/stack/neutron/neutron/api/v2/base.py:727}}
Jun 01 08:29:04.850674 np0000001835 devstack@neutron-api.service[87189]: DEBUG neutron.pecan_wsgi.hooks.quota_enforcement [None req-70cbc884-1e74-40a4-a750-8fa194ea9892 admin admin] Made reservation on behalf of 7bbb3ac959024262bae5ce2ea2a90c23 for: {'network': 1} {{(pid=87189) before /opt/stack/neutron/neutron/pecan_wsgi/hooks/quota_enforcement.py:66}}
Jun 01 08:29:04.853377 np0000001835 devstack@neutron-api.service[87189]: DEBUG neutron_lib.callbacks.manager [None req-70cbc884-1e74-40a4-a750-8fa194ea9892 admin admin] Publish callbacks ['neutron.plugins.ml2.plugin.SecurityGroupDbMixin._ensure_default_security_group_handler-471376'] for network (None), before_create {{(pid=87189) _notify_loop /opt/stack/data/venv/lib/python3.12/site-packages/neutron_lib/callbacks/manager.py:184}}
Jun 01 08:29:04.879027 np0000001835 devstack@neutron-api.service[87189]: WARNING neutron.services.revisions.revision_plugin [None req-70cbc884-1e74-40a4-a750-8fa194ea9892 admin admin] Could not find related network for resource to bump revision.
Jun 01 08:29:04.904696 np0000001835 devstack@neutron-api.service[87189]: DEBUG neutron.plugins.ml2.drivers.helpers [None req-70cbc884-1e74-40a4-a750-8fa194ea9892 admin admin] geneve segment allocate from pool success with {'geneve_vni': 60862} {{(pid=87189) allocate_partially_specified_segment /opt/stack/neutron/neutron/plugins/ml2/drivers/helpers.py:142}}
Jun 01 08:29:04.910880 np0000001835 devstack@neutron-api.service[87189]: DEBUG neutron_lib.callbacks.manager [None req-70cbc884-1e74-40a4-a750-8fa194ea9892 admin admin] Publish callbacks ['neutron.services.segments.db._add_segment_host_mapping_for_segment-8039827614490', 'neutron.plugins.ml2.plugin.Ml2Plugin._handle_segment_change-1785564'] for segment (d4959549-5a5a-4d55-8c96-3968f4a7ef38), precommit_create {{(pid=87189) _notify_loop /opt/stack/data/venv/lib/python3.12/site-packages/neutron_lib/callbacks/manager.py:184}}
Jun 01 08:29:04.911257 np0000001835 devstack@neutron-api.service[87189]: INFO neutron.db.segments_db [None req-70cbc884-1e74-40a4-a750-8fa194ea9892 admin admin] Added segment d4959549-5a5a-4d55-8c96-3968f4a7ef38 of type geneve for network 39f3d3db-f79e-49f6-ab19-244e766c2983
Jun 01 08:29:04.922669 np0000001835 devstack@neutron-api.service[87189]: DEBUG neutron_lib.callbacks.manager [None req-70cbc884-1e74-40a4-a750-8fa194ea9892 admin admin] Publish callbacks ['neutron.services.auto_allocate.db._ensure_external_network_default_value_callback-8039825888440'] for network (39f3d3db-f79e-49f6-ab19-244e766c2983), precommit_create {{(pid=87189) _notify_loop /opt/stack/data/venv/lib/python3.12/site-packages/neutron_lib/callbacks/manager.py:184}}
Jun 01 08:29:04.933185 np0000001835 devstack@neutron-api.service[87189]: DEBUG neutron.plugins.ml2.drivers.ovn.mech_driver.mech_driver [None req-70cbc884-1e74-40a4-a750-8fa194ea9892 admin admin] Validating network segment with type geneve, segmentation ID 60862, physical network None {{(pid=87189) _validate_network_segments /opt/stack/neutron/neutron/plugins/ml2/drivers/ovn/mech_driver/mech_driver.py:643}}
Jun 01 08:29:04.933961 np0000001835 devstack@neutron-api.service[87189]: DEBUG neutron.db.ovn_revision_numbers_db [None req-70cbc884-1e74-40a4-a750-8fa194ea9892 admin admin] create_initial_revision uuid=39f3d3db-f79e-49f6-ab19-244e766c2983, type=networks, rev=-1 {{(pid=87189) create_initial_revision /opt/stack/neutron/neutron/db/ovn_revision_numbers_db.py:98}}
Jun 01 08:29:04.939345 np0000001835 devstack@neutron-api.service[87189]: DEBUG neutron_lib.callbacks.manager [None req-70cbc884-1e74-40a4-a750-8fa194ea9892 admin admin] Publish callbacks ['neutron.plugins.ml2.ovo_rpc._ObjectChangeHandler.handle_event-31894625'] for network (39f3d3db-f79e-49f6-ab19-244e766c2983), after_create {{(pid=87189) _notify_loop /opt/stack/data/venv/lib/python3.12/site-packages/neutron_lib/callbacks/manager.py:184}}
Jun 01 08:29:04.951314 np0000001835 devstack@neutron-api.service[87189]: DEBUG neutron.api.rpc.handlers.resources_rpc [None req-70cbc884-1e74-40a4-a750-8fa194ea9892 admin admin] Pushing event updated for resources: {'Network': ['ID=39f3d3db-f79e-49f6-ab19-244e766c2983,revision_number=1']} {{(pid=87189) push /opt/stack/neutron/neutron/api/rpc/handlers/resources_rpc.py:237}}
Jun 01 08:29:04.955023 np0000001835 devstack@neutron-api.service[87189]: DEBUG ovsdbapp.backend.ovs_idl.transaction [None req-75afc9cf-e51b-4e95-bb62-5245785eea81 None None] Running txn n=1 command(idx=0): CheckLivenessCommand(_result=None) {{(pid=87189) do_commit /opt/stack/data/venv/lib/python3.12/site-packages/ovsdbapp/backend/ovs_idl/transaction.py:89}}
Jun 01 08:29:04.959766 np0000001835 devstack@neutron-api.service[87190]: DEBUG neutron.plugins.ml2.drivers.ovn.mech_driver.ovsdb.ovsdb_monitor [None req-547e30ea-53f2-40df-84d6-34197235ca81 None None] ChassisAgentWriteEvent : Matched Chassis_Private, update, None None {{(pid=87190) matches /opt/stack/neutron/neutron/plugins/ml2/drivers/ovn/mech_driver/ovsdb/ovsdb_monitor.py:64}}
Jun 01 08:29:04.960695 np0000001835 devstack@neutron-api.service[87189]: DEBUG neutron.plugins.ml2.drivers.ovn.mech_driver.ovsdb.ovsdb_monitor [None req-6f5129ae-d5c0-4fed-abae-937f456bb6c6 None None] ChassisAgentWriteEvent : Matched Chassis_Private, update, None None {{(pid=87189) matches /opt/stack/neutron/neutron/plugins/ml2/drivers/ovn/mech_driver/ovsdb/ovsdb_monitor.py:64}}
Jun 01 08:29:04.967832 np0000001835 devstack@neutron-api.service[87189]: DEBUG neutron.common.ovn.hash_ring_manager [None req-75afc9cf-e51b-4e95-bb62-5245785eea81 None None] Hash Ring loaded. 2 active nodes. 0 offline nodes {{(pid=87189) _load_hash_ring /opt/stack/neutron/neutron/common/ovn/hash_ring_manager.py:102}}
Jun 01 08:29:04.968640 np0000001835 devstack@neutron-api.service[87189]: DEBUG neutron.common.ovn.hash_ring_manager [None req-6f5129ae-d5c0-4fed-abae-937f456bb6c6 None None] Hash Ring loaded. 2 active nodes. 0 offline nodes {{(pid=87189) _load_hash_ring /opt/stack/neutron/neutron/common/ovn/hash_ring_manager.py:102}}
Jun 01 08:29:04.969076 np0000001835 devstack@neutron-api.service[87190]: DEBUG neutron.common.ovn.hash_ring_manager [None req-547e30ea-53f2-40df-84d6-34197235ca81 None None] Hash Ring loaded. 2 active nodes. 0 offline nodes {{(pid=87190) _load_hash_ring /opt/stack/neutron/neutron/common/ovn/hash_ring_manager.py:102}}
Jun 01 08:29:04.969290 np0000001835 devstack@neutron-api.service[87190]: DEBUG neutron.plugins.ml2.drivers.ovn.mech_driver.ovsdb.ovsdb_monitor [None req-547e30ea-53f2-40df-84d6-34197235ca81 None None] Hash Ring: Node b41e94b9b8e9519eaf1da5440cc4fb72 (host: np0000001835) handling event "update" for row 44e8df9a-e769-41d1-a110-3f877e827f86 (table: Chassis_Private) {{(pid=87190) notify /opt/stack/neutron/neutron/plugins/ml2/drivers/ovn/mech_driver/ovsdb/ovsdb_monitor.py:986}}
Jun 01 08:29:04.969826 np0000001835 devstack@neutron-api.service[87190]: DEBUG neutron.common.ovn.hash_ring_manager [None req-e15f7f3d-849a-4e18-abf3-1e17e95691ee None None] Hash Ring loaded. 2 active nodes. 0 offline nodes {{(pid=87190) _load_hash_ring /opt/stack/neutron/neutron/common/ovn/hash_ring_manager.py:102}}
Jun 01 08:29:04.970000 np0000001835 devstack@neutron-api.service[87190]: DEBUG neutron.plugins.ml2.drivers.ovn.mech_driver.ovsdb.ovsdb_monitor [None req-e15f7f3d-849a-4e18-abf3-1e17e95691ee None None] Hash Ring: Node b41e94b9b8e9519eaf1da5440cc4fb72 (host: np0000001835) handling event "update" for row 3df4dd60-6305-4dbc-9a7e-2b022ff820de (table: NB_Global) {{(pid=87190) notify /opt/stack/neutron/neutron/plugins/ml2/drivers/ovn/mech_driver/ovsdb/ovsdb_monitor.py:986}}
Jun 01 08:29:04.970609 np0000001835 devstack@neutron-api.service[87190]: DEBUG neutron.plugins.ml2.drivers.ovn.mech_driver.ovsdb.ovsdb_monitor [None req-e15f7f3d-849a-4e18-abf3-1e17e95691ee None None] Hash Ring: Node b41e94b9b8e9519eaf1da5440cc4fb72 (host: np0000001835) handling event "update" for row 3df4dd60-6305-4dbc-9a7e-2b022ff820de (table: NB_Global) {{(pid=87190) notify /opt/stack/neutron/neutron/plugins/ml2/drivers/ovn/mech_driver/ovsdb/ovsdb_monitor.py:986}}
Jun 01 08:29:04.971100 np0000001835 devstack@neutron-api.service[87190]: DEBUG neutron.plugins.ml2.drivers.ovn.mech_driver.ovsdb.ovsdb_monitor [None req-e15f7f3d-849a-4e18-abf3-1e17e95691ee None None] Hash Ring: Node b41e94b9b8e9519eaf1da5440cc4fb72 (host: np0000001835) handling event "update" for row 3df4dd60-6305-4dbc-9a7e-2b022ff820de (table: NB_Global) {{(pid=87190) notify /opt/stack/neutron/neutron/plugins/ml2/drivers/ovn/mech_driver/ovsdb/ovsdb_monitor.py:986}}
Jun 01 08:29:04.971585 np0000001835 devstack@neutron-api.service[87190]: DEBUG neutron.plugins.ml2.drivers.ovn.mech_driver.ovsdb.ovsdb_monitor [None req-e15f7f3d-849a-4e18-abf3-1e17e95691ee None None] Hash Ring: Node b41e94b9b8e9519eaf1da5440cc4fb72 (host: np0000001835) handling event "update" for row 3df4dd60-6305-4dbc-9a7e-2b022ff820de (table: NB_Global) {{(pid=87190) notify /opt/stack/neutron/neutron/plugins/ml2/drivers/ovn/mech_driver/ovsdb/ovsdb_monitor.py:986}}
Jun 01 08:29:04.971746 np0000001835 devstack@neutron-api.service[87189]: DEBUG neutron.api.rpc.callbacks.version_manager [None req-70cbc884-1e74-40a4-a750-8fa194ea9892 admin admin] Tracked resource versions report:
Jun 01 08:29:04.971746 np0000001835 devstack@neutron-api.service[87189]: pushed versions:
Jun 01 08:29:04.971746 np0000001835 devstack@neutron-api.service[87189]: { 'AddressGroup': {'1.2'},
Jun 01 08:29:04.971746 np0000001835 devstack@neutron-api.service[87189]: 'Agent': {'1.1'},
Jun 01 08:29:04.971746 np0000001835 devstack@neutron-api.service[87189]: 'ConntrackHelper': {'1.0'},
Jun 01 08:29:04.971746 np0000001835 devstack@neutron-api.service[87189]: 'LocalIPAssociation': {'1.0'},
Jun 01 08:29:04.971746 np0000001835 devstack@neutron-api.service[87189]: 'Log': {'1.0'},
Jun 01 08:29:04.971746 np0000001835 devstack@neutron-api.service[87189]: 'NDPProxy': {'1.0'},
Jun 01 08:29:04.971746 np0000001835 devstack@neutron-api.service[87189]: 'Network': {'1.3'},
Jun 01 08:29:04.971746 np0000001835 devstack@neutron-api.service[87189]: 'Port': {'1.11'},
Jun 01 08:29:04.971746 np0000001835 devstack@neutron-api.service[87189]: 'PortForwarding': {'1.3'},
Jun 01 08:29:04.971746 np0000001835 devstack@neutron-api.service[87189]: 'QosPolicy': {'1.10'},
Jun 01 08:29:04.971746 np0000001835 devstack@neutron-api.service[87189]: 'SecurityGroup': {'1.6'},
Jun 01 08:29:04.971746 np0000001835 devstack@neutron-api.service[87189]: 'SecurityGroupRule': {'1.3'},
Jun 01 08:29:04.971746 np0000001835 devstack@neutron-api.service[87189]: 'SubPort': {'1.0'},
Jun 01 08:29:04.971746 np0000001835 devstack@neutron-api.service[87189]: 'Subnet': {'1.2'},
Jun 01 08:29:04.971746 np0000001835 devstack@neutron-api.service[87189]: 'Trunk': {'1.1'}}
Jun 01 08:29:04.971746 np0000001835 devstack@neutron-api.service[87189]: consumer versions:
Jun 01 08:29:04.971746 np0000001835 devstack@neutron-api.service[87189]: { OVN Controller Gateway agent@np0000001835: {},
Jun 01 08:29:04.971746 np0000001835 devstack@neutron-api.service[87189]: OVN Neutron agent@np0000001835: {}}
Jun 01 08:29:04.971746 np0000001835 devstack@neutron-api.service[87189]: {{(pid=87189) report /opt/stack/neutron/neutron/api/rpc/callbacks/version_manager.py:183}}
Jun 01 08:29:04.978861 np0000001835 devstack@neutron-api.service[87189]: DEBUG ovsdbapp.backend.ovs_idl.transaction [None req-75afc9cf-e51b-4e95-bb62-5245785eea81 None None] Running txn n=1 command(idx=0): AddNetworkCommand(_result=None, network_uuid=39f3d3db-f79e-49f6-ab19-244e766c2983, may_exist=True, columns={'external_ids': {'neutron:network_name': 'shared', 'neutron:mtu': '1372', 'neutron:revision_number': '1', 'neutron:availability_zone_hints': '', 'neutron:provnet-network-type': 'geneve'}, 'other_config': {'mcast_snoop': 'false', 'mcast_flood_unregistered': 'false', 'vlan-passthru': 'false'}}) {{(pid=87189) do_commit /opt/stack/data/venv/lib/python3.12/site-packages/ovsdbapp/backend/ovs_idl/transaction.py:89}}
Jun 01 08:29:04.982172 np0000001835 devstack@neutron-api.service[87190]: DEBUG neutron.plugins.ml2.drivers.ovn.mech_driver.ovsdb.ovsdb_monitor [None req-e15f7f3d-849a-4e18-abf3-1e17e95691ee None None] Hash Ring: Node b41e94b9b8e9519eaf1da5440cc4fb72 (host: np0000001835) handling event "create" for row 39f3d3db-f79e-49f6-ab19-244e766c2983 (table: Logical_Switch) {{(pid=87190) notify /opt/stack/neutron/neutron/plugins/ml2/drivers/ovn/mech_driver/ovsdb/ovsdb_monitor.py:986}}
Jun 01 08:29:04.983832 np0000001835 devstack@neutron-api.service[87190]: DEBUG neutron.plugins.ml2.drivers.ovn.mech_driver.ovsdb.ovsdb_monitor [None req-547e30ea-53f2-40df-84d6-34197235ca81 None None] Hash Ring: Node b41e94b9b8e9519eaf1da5440cc4fb72 (host: np0000001835) handling event "create" for row ae5097c5-2076-4479-b95a-3d2daf152485 (table: Datapath_Binding) {{(pid=87190) notify /opt/stack/neutron/neutron/plugins/ml2/drivers/ovn/mech_driver/ovsdb/ovsdb_monitor.py:986}}
Jun 01 08:29:04.997282 np0000001835 devstack@neutron-api.service[87189]: INFO neutron.db.ovn_revision_numbers_db [None req-70cbc884-1e74-40a4-a750-8fa194ea9892 admin admin] Successfully bumped revision number for resource 39f3d3db-f79e-49f6-ab19-244e766c2983 (type: networks) to 1
Jun 01 08:29:05.008383 np0000001835 devstack@neutron-api.service[87189]: DEBUG neutron_lib.callbacks.manager [None req-70cbc884-1e74-40a4-a750-8fa194ea9892 admin admin] Publish callbacks ['neutron.plugins.ml2.plugin.SecurityGroupDbMixin._ensure_default_security_group_handler-471376'] for port (None), before_create {{(pid=87189) _notify_loop /opt/stack/data/venv/lib/python3.12/site-packages/neutron_lib/callbacks/manager.py:184}}
Jun 01 08:29:05.063399 np0000001835 devstack@neutron-api.service[87189]: DEBUG neutron_lib.callbacks.manager [None req-70cbc884-1e74-40a4-a750-8fa194ea9892 admin admin] Publish callbacks ['neutron.plugins.ml2.drivers.ovn.mech_driver.mech_driver.OVNMechanismDriver._validate_allowed_address_pairs-339650'] for allowed_address_pair (39a43179-e483-426d-840e-a11c8b7c2bd7), before_create {{(pid=87189) _notify_loop /opt/stack/data/venv/lib/python3.12/site-packages/neutron_lib/callbacks/manager.py:184}}
Jun 01 08:29:05.063951 np0000001835 devstack@neutron-api.service[87189]: DEBUG neutron_lib.callbacks.manager [None req-70cbc884-1e74-40a4-a750-8fa194ea9892 admin admin] Publish callbacks [] for port (39a43179-e483-426d-840e-a11c8b7c2bd7), precommit_create {{(pid=87189) _notify_loop /opt/stack/data/venv/lib/python3.12/site-packages/neutron_lib/callbacks/manager.py:184}}
Jun 01 08:29:05.064154 np0000001835 devstack@neutron-api.service[87189]: DEBUG neutron.plugins.ml2.drivers.ovn.mech_driver.mech_driver [None req-70cbc884-1e74-40a4-a750-8fa194ea9892 admin admin] No provisioning block for port 39a43179-e483-426d-840e-a11c8b7c2bd7 since it does not have a host {{(pid=87189) _is_port_provisioning_required /opt/stack/neutron/neutron/plugins/ml2/drivers/ovn/mech_driver/mech_driver.py:896}}
Jun 01 08:29:05.064318 np0000001835 devstack@neutron-api.service[87189]: DEBUG neutron.db.ovn_revision_numbers_db [None req-70cbc884-1e74-40a4-a750-8fa194ea9892 admin admin] create_initial_revision uuid=39a43179-e483-426d-840e-a11c8b7c2bd7, type=ports, rev=-1 {{(pid=87189) create_initial_revision /opt/stack/neutron/neutron/db/ovn_revision_numbers_db.py:98}}
Jun 01 08:29:05.088031 np0000001835 devstack@neutron-api.service[87189]: DEBUG neutron_lib.callbacks.manager [None req-70cbc884-1e74-40a4-a750-8fa194ea9892 admin admin] Publish callbacks ['neutron.plugins.ml2.ovo_rpc._ObjectChangeHandler.handle_event-31894921'] for port (39a43179-e483-426d-840e-a11c8b7c2bd7), after_create {{(pid=87189) _notify_loop /opt/stack/data/venv/lib/python3.12/site-packages/neutron_lib/callbacks/manager.py:184}}
Jun 01 08:29:05.115032 np0000001835 devstack@neutron-api.service[87189]: DEBUG neutron.api.rpc.handlers.resources_rpc [None req-70cbc884-1e74-40a4-a750-8fa194ea9892 admin admin] Pushing event updated for resources: {'Port': ['ID=39a43179-e483-426d-840e-a11c8b7c2bd7,revision_number=1']} {{(pid=87189) push /opt/stack/neutron/neutron/api/rpc/handlers/resources_rpc.py:237}}
Jun 01 08:29:05.120174 np0000001835 devstack@neutron-api.service[87189]: DEBUG ovsdbapp.backend.ovs_idl.transaction [None req-75afc9cf-e51b-4e95-bb62-5245785eea81 None None] Running txn n=1 command(idx=0): AddLSwitchPortCommand(_result=None, lport=39a43179-e483-426d-840e-a11c8b7c2bd7, lswitch=neutron-39f3d3db-f79e-49f6-ab19-244e766c2983, may_exist=True, network_uuid=39f3d3db-f79e-49f6-ab19-244e766c2983, columns={'addresses': ['fa:16:3e:c4:72:d7'], 'external_ids': {'neutron:port_name': '', 'neutron:device_id': 'ovnmeta-39f3d3db-f79e-49f6-ab19-244e766c2983', 'neutron:project_id': '7bbb3ac959024262bae5ce2ea2a90c23', 'neutron:cidrs': '', 'neutron:device_owner': 'network:distributed', 'neutron:subnet_pool_addr_scope4': '', 'neutron:subnet_pool_addr_scope6': '', 'neutron:network_name': 'neutron-39f3d3db-f79e-49f6-ab19-244e766c2983', 'neutron:security_group_ids': '', 'neutron:revision_number': '1', 'neutron:vnic_type': 'normal', 'neutron:port_capabilities': '', 'neutron:mtu': '1372'}, 'parent_name': [], 'tag': [], 'enabled': True, 'options': {}, 'type': 'localport', 'port_security': [], 'dhcpv4_options': [], 'dhcpv6_options': []}) {{(pid=87189) do_commit /opt/stack/data/venv/lib/python3.12/site-packages/ovsdbapp/backend/ovs_idl/transaction.py:89}}
Jun 01 08:29:05.120636 np0000001835 devstack@neutron-api.service[87189]: DEBUG ovsdbapp.backend.ovs_idl.transaction [None req-75afc9cf-e51b-4e95-bb62-5245785eea81 None None] Running txn n=1 command(idx=1): QoSDelCommand(_result=None, switch=neutron-39f3d3db-f79e-49f6-ab19-244e766c2983, conditions=[('direction', '=', 'to-lport'), ('priority', '=', 2002), ('match', '=', 'outport == "39a43179-e483-426d-840e-a11c8b7c2bd7"')], if_exists=True) {{(pid=87189) do_commit /opt/stack/data/venv/lib/python3.12/site-packages/ovsdbapp/backend/ovs_idl/transaction.py:89}}
Jun 01 08:29:05.120794 np0000001835 devstack@neutron-api.service[87189]: DEBUG ovsdbapp.backend.ovs_idl.transaction [None req-75afc9cf-e51b-4e95-bb62-5245785eea81 None None] Running txn n=1 command(idx=2): QoSDelCommand(_result=None, switch=neutron-39f3d3db-f79e-49f6-ab19-244e766c2983, conditions=[('direction', '=', 'from-lport'), ('priority', '=', 2002), ('match', '=', 'inport == "39a43179-e483-426d-840e-a11c8b7c2bd7"')], if_exists=True) {{(pid=87189) do_commit /opt/stack/data/venv/lib/python3.12/site-packages/ovsdbapp/backend/ovs_idl/transaction.py:89}}
