Jun 28 12:02:17.753957 np0000003878 devstack@g-api.service[102602]: DEBUG glance.api.middleware.version_negotiation [None req-9141029b-d8e2-4681-94c6-ab9b1afc75ff tempest-ServerActionsTestOtherA-1712118119 tempest-ServerActionsTestOtherA-1712118119-project-member] Matched version: v2 {{(pid=102602) process_request /opt/stack/glance/glance/api/middleware/version_negotiation.py:69}}
Jun 28 12:02:17.754053 np0000003878 devstack@g-api.service[102602]: DEBUG glance.api.middleware.version_negotiation [None req-9141029b-d8e2-4681-94c6-ab9b1afc75ff tempest-ServerActionsTestOtherA-1712118119 tempest-ServerActionsTestOtherA-1712118119-project-member] new path /v2/schemas/image {{(pid=102602) process_request /opt/stack/glance/glance/api/middleware/version_negotiation.py:70}}
Jun 28 12:02:17.756225 np0000003878 devstack@g-api.service[102602]: [pid: 102602|app: 0|req: 91/364] 127.0.0.1 () {44 vars in 1055 bytes} [Sun Jun 28 12:02:17 2026] GET /v2/schemas/image => generated 6083 bytes in 2 msecs (HTTP/1.1 200) 4 headers in 158 bytes (1 switches on core 0)
Jun 28 12:02:17.880051 np0000003878 devstack@g-api.service[102606]: DEBUG glance.location [None req-90a08819-851f-489e-8171-5554058b9839 tempest-VolumesActionsTest-2144927821 tempest-VolumesActionsTest-2144927821-project-member] Enabling in-flight format inspection for raw {{(pid=102606) set_data /opt/stack/glance/glance/location.py:616}}
Jun 28 12:02:17.880051 np0000003878 devstack@g-api.service[102606]: DEBUG glance_store.backend [None req-90a08819-851f-489e-8171-5554058b9839 tempest-VolumesActionsTest-2144927821 tempest-VolumesActionsTest-2144927821-project-member] Attempting to import store swift {{(pid=102606) _load_store /opt/stack/data/venv/lib/python3.12/site-packages/glance_store/backend.py:215}}
Jun 28 12:02:17.882367 np0000003878 devstack@g-api.service[102606]: DEBUG glance_store.capabilities [None req-90a08819-851f-489e-8171-5554058b9839 tempest-VolumesActionsTest-2144927821 tempest-VolumesActionsTest-2144927821-project-member] Store glance_store._drivers.swift.store.SingleTenantStore doesn't support updating dynamic storage capabilities. Please overwrite 'update_capabilities' method of the store to implement updating logics if needed. {{(pid=102606) update_capabilities /opt/stack/data/venv/lib/python3.12/site-packages/glance_store/capabilities.py:91}}
Jun 28 12:02:17.882615 np0000003878 devstack@g-api.service[102606]: DEBUG glance_store.driver [None req-90a08819-851f-489e-8171-5554058b9839 tempest-VolumesActionsTest-2144927821 tempest-VolumesActionsTest-2144927821-project-member] Late loading location class glance_store._drivers.swift.store.StoreLocation {{(pid=102606) get_store_location_class /opt/stack/data/venv/lib/python3.12/site-packages/glance_store/driver.py:134}}
Jun 28 12:02:17.882864 np0000003878 devstack@g-api.service[102606]: DEBUG glance_store.location [None req-90a08819-851f-489e-8171-5554058b9839 tempest-VolumesActionsTest-2144927821 tempest-VolumesActionsTest-2144927821-project-member] Registering scheme swift+https with {'store': , 'location_class': , 'store_entry': 'swift'} {{(pid=102606) register_scheme_map /opt/stack/data/venv/lib/python3.12/site-packages/glance_store/location.py:146}}
Jun 28 12:02:17.883065 np0000003878 devstack@g-api.service[102606]: DEBUG glance_store.location [None req-90a08819-851f-489e-8171-5554058b9839 tempest-VolumesActionsTest-2144927821 tempest-VolumesActionsTest-2144927821-project-member] Registering scheme swift+https with {'store': , 'location_class': , 'store_entry': 'swift'} {{(pid=102606) register_scheme_map /opt/stack/data/venv/lib/python3.12/site-packages/glance_store/location.py:146}}
Jun 28 12:02:17.884174 np0000003878 devstack@g-api.service[102606]: DEBUG glance_store.location [None req-90a08819-851f-489e-8171-5554058b9839 tempest-VolumesActionsTest-2144927821 tempest-VolumesActionsTest-2144927821-project-member] Registering scheme swift with {'store': , 'location_class': , 'store_entry': 'swift'} {{(pid=102606) register_scheme_map /opt/stack/data/venv/lib/python3.12/site-packages/glance_store/location.py:146}}
Jun 28 12:02:17.884174 np0000003878 devstack@g-api.service[102606]: DEBUG glance_store.location [None req-90a08819-851f-489e-8171-5554058b9839 tempest-VolumesActionsTest-2144927821 tempest-VolumesActionsTest-2144927821-project-member] Registering scheme swift+https with {'store': , 'location_class': , 'store_entry': 'swift'} {{(pid=102606) register_scheme_map /opt/stack/data/venv/lib/python3.12/site-packages/glance_store/location.py:146}}
Jun 28 12:02:17.884174 np0000003878 devstack@g-api.service[102606]: DEBUG glance_store.location [None req-90a08819-851f-489e-8171-5554058b9839 tempest-VolumesActionsTest-2144927821 tempest-VolumesActionsTest-2144927821-project-member] Registering scheme swift with {'store': , 'location_class': , 'store_entry': 'swift'} {{(pid=102606) register_scheme_map /opt/stack/data/venv/lib/python3.12/site-packages/glance_store/location.py:146}}
Jun 28 12:02:17.884174 np0000003878 devstack@g-api.service[102606]: DEBUG glance_store.location [None req-90a08819-851f-489e-8171-5554058b9839 tempest-VolumesActionsTest-2144927821 tempest-VolumesActionsTest-2144927821-project-member] Registering scheme swift+http with {'store': , 'location_class': , 'store_entry': 'swift'} {{(pid=102606) register_scheme_map /opt/stack/data/venv/lib/python3.12/site-packages/glance_store/location.py:146}}
Jun 28 12:02:17.884174 np0000003878 devstack@g-api.service[102606]: DEBUG glance_store.location [None req-90a08819-851f-489e-8171-5554058b9839 tempest-VolumesActionsTest-2144927821 tempest-VolumesActionsTest-2144927821-project-member] Registering scheme swift+https with {'store': , 'location_class': , 'store_entry': 'swift'} {{(pid=102606) register_scheme_map /opt/stack/data/venv/lib/python3.12/site-packages/glance_store/location.py:146}}
Jun 28 12:02:17.884174 np0000003878 devstack@g-api.service[102606]: DEBUG glance_store.location [None req-90a08819-851f-489e-8171-5554058b9839 tempest-VolumesActionsTest-2144927821 tempest-VolumesActionsTest-2144927821-project-member] Registering scheme swift with {'store': , 'location_class': , 'store_entry': 'swift'} {{(pid=102606) register_scheme_map /opt/stack/data/venv/lib/python3.12/site-packages/glance_store/location.py:146}}
Jun 28 12:02:17.884174 np0000003878 devstack@g-api.service[102606]: DEBUG glance_store.location [None req-90a08819-851f-489e-8171-5554058b9839 tempest-VolumesActionsTest-2144927821 tempest-VolumesActionsTest-2144927821-project-member] Registering scheme swift+http with {'store': , 'location_class': , 'store_entry': 'swift'} {{(pid=102606) register_scheme_map /opt/stack/data/venv/lib/python3.12/site-packages/glance_store/location.py:146}}
Jun 28 12:02:17.884174 np0000003878 devstack@g-api.service[102606]: DEBUG glance_store.location [None req-90a08819-851f-489e-8171-5554058b9839 tempest-VolumesActionsTest-2144927821 tempest-VolumesActionsTest-2144927821-project-member] Registering scheme swift+config with {'store': , 'location_class': , 'store_entry': 'swift'} {{(pid=102606) register_scheme_map /opt/stack/data/venv/lib/python3.12/site-packages/glance_store/location.py:146}}
Jun 28 12:02:17.980962 np0000003878 devstack@g-api.service[102606]: DEBUG swiftclient [None req-90a08819-851f-489e-8171-5554058b9839 tempest-VolumesActionsTest-2144927821 tempest-VolumesActionsTest-2144927821-project-member] REQ: curl -i https://10.4.3.200:8080/v1/AUTH_89ba7b4eb0f84dc78e7ad54c2fbcd00d/glance -I -H "X-Auth-Token: gAAAAABqQQ1J8VuE..." {{(pid=102606) http_log /opt/stack/data/venv/lib/python3.12/site-packages/swiftclient/client.py:160}}
Jun 28 12:02:17.981055 np0000003878 devstack@g-api.service[102606]: DEBUG swiftclient [None req-90a08819-851f-489e-8171-5554058b9839 tempest-VolumesActionsTest-2144927821 tempest-VolumesActionsTest-2144927821-project-member] RESP STATUS: 204 No Content {{(pid=102606) http_log /opt/stack/data/venv/lib/python3.12/site-packages/swiftclient/client.py:161}}
Jun 28 12:02:17.981245 np0000003878 devstack@g-api.service[102606]: DEBUG swiftclient [None req-90a08819-851f-489e-8171-5554058b9839 tempest-VolumesActionsTest-2144927821 tempest-VolumesActionsTest-2144927821-project-member] RESP HEADERS: {'Date': 'Sun, 28 Jun 2026 12:02:17 GMT', 'Server': 'Apache/2.4.58 (Ubuntu)', 'Content-Type': 'text/plain; charset=utf-8', 'X-Container-Object-Count': '5', 'X-Container-Bytes-Used': '86048768', 'X-Timestamp': '1782647617.20851', 'Last-Modified': 'Sun, 28 Jun 2026 11:53:38 GMT', 'Accept-Ranges': 'bytes', 'X-Storage-Policy': 'Policy-0', 'X-Container-Sharding': 'False', 'Vary': 'Accept', 'X-Trans-Id': 'tx19d1b7ba453348c8bd8d7-006a410d49', 'X-Openstack-Request-Id': 'tx19d1b7ba453348c8bd8d7-006a410d49', 'Connection': 'close'} {{(pid=102606) http_log /opt/stack/data/venv/lib/python3.12/site-packages/swiftclient/client.py:162}}
Jun 28 12:02:17.981396 np0000003878 devstack@g-api.service[102606]: DEBUG glance_store._drivers.swift.store [None req-90a08819-851f-489e-8171-5554058b9839 tempest-VolumesActionsTest-2144927821 tempest-VolumesActionsTest-2144927821-project-member] Adding image object '207bf29e-a9c0-49e0-9a93-897bf1e357ca' to Swift {{(pid=102606) add /opt/stack/data/venv/lib/python3.12/site-packages/glance_store/_drivers/swift/store.py:970}}
Jun 28 12:02:17.981473 np0000003878 devstack@g-api.service[102606]: DEBUG glance_store._drivers.swift.store [None req-90a08819-851f-489e-8171-5554058b9839 tempest-VolumesActionsTest-2144927821 tempest-VolumesActionsTest-2144927821-project-member] Cannot determine image size because it is either not provided in the request or chunked-transfer encoding is used. Adding image as a segmented object to Swift. {{(pid=102606) add /opt/stack/data/venv/lib/python3.12/site-packages/glance_store/_drivers/swift/store.py:994}}
Jun 28 12:02:17.988792 np0000003878 devstack@g-api.service[102606]: DEBUG oslo_utils.imageutils.format_inspector [None req-90a08819-851f-489e-8171-5554058b9839 tempest-VolumesActionsTest-2144927821 tempest-VolumesActionsTest-2144927821-project-member] Format inspector for vmdk does not match, excluding from consideration (Signature KDMV not found: b'\x00\x00\x00\x00') {{(pid=102606) _process_chunk /opt/stack/data/venv/lib/python3.12/site-packages/oslo_utils/imageutils/format_inspector.py:1758}}
Jun 28 12:02:17.992636 np0000003878 devstack@g-api.service[102606]: DEBUG oslo_utils.imageutils.format_inspector [None req-90a08819-851f-489e-8171-5554058b9839 tempest-VolumesActionsTest-2144927821 tempest-VolumesActionsTest-2144927821-project-member] Format inspector for vhdx does not match, excluding from consideration (Region signature not found at 30000) {{(pid=102606) _process_chunk /opt/stack/data/venv/lib/python3.12/site-packages/oslo_utils/imageutils/format_inspector.py:1758}}
Jun 28 12:02:18.190750 np0000003878 devstack@g-api.service[102604]: DEBUG glance.api.middleware.version_negotiation [None req-9141029b-d8e2-4681-94c6-ab9b1afc75ff tempest-ServerActionsTestOtherA-1712118119 tempest-ServerActionsTestOtherA-1712118119-project-member] Determining version of request: GET /versions Accept: */* {{(pid=102604) process_request /opt/stack/glance/glance/api/middleware/version_negotiation.py:44}}
Jun 28 12:02:18.190750 np0000003878 devstack@g-api.service[102604]: [pid: 102604|app: 0|req: 95/365] 127.0.0.1 () {44 vars in 1039 bytes} [Sun Jun 28 12:02:18 2026] GET /versions => generated 1407 bytes in 1 msecs (HTTP/1.1 200) 3 headers in 92 bytes (1 switches on core 0)
Jun 28 12:02:18.199443 np0000003878 devstack@g-api.service[102603]: DEBUG glance.api.middleware.version_negotiation [None req-9141029b-d8e2-4681-94c6-ab9b1afc75ff tempest-ServerActionsTestOtherA-1712118119 tempest-ServerActionsTestOtherA-1712118119-project-member] Determining version of request: GET /v2/images/43887728-a7ac-4f6f-8312-fa06b714e390/locations Accept: */* {{(pid=102603) process_request /opt/stack/glance/glance/api/middleware/version_negotiation.py:44}}
Jun 28 12:02:18.199613 np0000003878 devstack@g-api.service[102603]: DEBUG glance.api.middleware.version_negotiation [None req-9141029b-d8e2-4681-94c6-ab9b1afc75ff tempest-ServerActionsTestOtherA-1712118119 tempest-ServerActionsTestOtherA-1712118119-project-member] Using url versioning {{(pid=102603) process_request /opt/stack/glance/glance/api/middleware/version_negotiation.py:57}}
Jun 28 12:02:18.200229 np0000003878 devstack@g-api.service[102603]: DEBUG glance.api.middleware.version_negotiation [None req-9141029b-d8e2-4681-94c6-ab9b1afc75ff tempest-ServerActionsTestOtherA-1712118119 tempest-ServerActionsTestOtherA-1712118119-project-member] Matched version: v2 {{(pid=102603) process_request /opt/stack/glance/glance/api/middleware/version_negotiation.py:69}}
Jun 28 12:02:18.200229 np0000003878 devstack@g-api.service[102603]: DEBUG glance.api.middleware.version_negotiation [None req-9141029b-d8e2-4681-94c6-ab9b1afc75ff tempest-ServerActionsTestOtherA-1712118119 tempest-ServerActionsTestOtherA-1712118119-project-member] new path /v2/images/43887728-a7ac-4f6f-8312-fa06b714e390/locations {{(pid=102603) process_request /opt/stack/glance/glance/api/middleware/version_negotiation.py:70}}
Jun 28 12:02:18.262980 np0000003878 devstack@g-api.service[102603]: [pid: 102603|app: 0|req: 92/366] 127.0.0.1 () {44 vars in 1135 bytes} [Sun Jun 28 12:02:18 2026] GET /v2/images/43887728-a7ac-4f6f-8312-fa06b714e390/locations => generated 92 bytes in 62 msecs (HTTP/1.1 200) 4 headers in 156 bytes (1 switches on core 0)
Jun 28 12:02:18.271597 np0000003878 devstack@g-api.service[102602]: DEBUG glance.api.middleware.version_negotiation [None req-9141029b-d8e2-4681-94c6-ab9b1afc75ff tempest-ServerActionsTestOtherA-1712118119 tempest-ServerActionsTestOtherA-1712118119-project-member] Determining version of request: GET /v2/images/43887728-a7ac-4f6f-8312-fa06b714e390 Accept: */* {{(pid=102602) process_request /opt/stack/glance/glance/api/middleware/version_negotiation.py:44}}
Jun 28 12:02:18.271597 np0000003878 devstack@g-api.service[102602]: DEBUG glance.api.middleware.version_negotiation [None req-9141029b-d8e2-4681-94c6-ab9b1afc75ff tempest-ServerActionsTestOtherA-1712118119 tempest-ServerActionsTestOtherA-1712118119-project-member] Using url versioning {{(pid=102602) process_request /opt/stack/glance/glance/api/middleware/version_negotiation.py:57}}
Jun 28 12:02:18.271597 np0000003878 devstack@g-api.service[102602]: DEBUG glance.api.middleware.version_negotiation [None req-9141029b-d8e2-4681-94c6-ab9b1afc75ff tempest-ServerActionsTestOtherA-1712118119 tempest-ServerActionsTestOtherA-1712118119-project-member] Matched version: v2 {{(pid=102602) process_request /opt/stack/glance/glance/api/middleware/version_negotiation.py:69}}
Jun 28 12:02:18.271842 np0000003878 devstack@g-api.service[102602]: DEBUG glance.api.middleware.version_negotiation [None req-9141029b-d8e2-4681-94c6-ab9b1afc75ff tempest-ServerActionsTestOtherA-1712118119 tempest-ServerActionsTestOtherA-1712118119-project-member] new path /v2/images/43887728-a7ac-4f6f-8312-fa06b714e390 {{(pid=102602) process_request /opt/stack/glance/glance/api/middleware/version_negotiation.py:70}}
Jun 28 12:02:18.283578 np0000003878 devstack@g-api.service[102602]: [pid: 102602|app: 0|req: 92/367] 127.0.0.1 () {44 vars in 1115 bytes} [Sun Jun 28 12:02:18 2026] GET /v2/images/43887728-a7ac-4f6f-8312-fa06b714e390 => generated 1044 bytes in 13 msecs (HTTP/1.1 200) 4 headers in 158 bytes (1 switches on core 0)
Jun 28 12:02:18.295756 np0000003878 devstack@g-api.service[102604]: DEBUG glance.api.middleware.version_negotiation [None req-9141029b-d8e2-4681-94c6-ab9b1afc75ff tempest-ServerActionsTestOtherA-1712118119 tempest-ServerActionsTestOtherA-1712118119-project-member] Determining version of request: GET /v2/schemas/image Accept: */* {{(pid=102604) process_request /opt/stack/glance/glance/api/middleware/version_negotiation.py:44}}
Jun 28 12:02:18.295756 np0000003878 devstack@g-api.service[102604]: DEBUG glance.api.middleware.version_negotiation [None req-9141029b-d8e2-4681-94c6-ab9b1afc75ff tempest-ServerActionsTestOtherA-1712118119 tempest-ServerActionsTestOtherA-1712118119-project-member] Using url versioning {{(pid=102604) process_request /opt/stack/glance/glance/api/middleware/version_negotiation.py:57}}
Jun 28 12:02:18.295756 np0000003878 devstack@g-api.service[102604]: DEBUG glance.api.middleware.version_negotiation [None req-9141029b-d8e2-4681-94c6-ab9b1afc75ff tempest-ServerActionsTestOtherA-1712118119 tempest-ServerActionsTestOtherA-1712118119-project-member] Matched version: v2 {{(pid=102604) process_request /opt/stack/glance/glance/api/middleware/version_negotiation.py:69}}
Jun 28 12:02:18.295756 np0000003878 devstack@g-api.service[102604]: DEBUG glance.api.middleware.version_negotiation [None req-9141029b-d8e2-4681-94c6-ab9b1afc75ff tempest-ServerActionsTestOtherA-1712118119 tempest-ServerActionsTestOtherA-1712118119-project-member] new path /v2/schemas/image {{(pid=102604) process_request /opt/stack/glance/glance/api/middleware/version_negotiation.py:70}}
Jun 28 12:02:18.303899 np0000003878 devstack@g-api.service[102604]: [pid: 102604|app: 0|req: 96/368] 127.0.0.1 () {44 vars in 1055 bytes} [Sun Jun 28 12:02:18 2026] GET /v2/schemas/image => generated 6083 bytes in 6 msecs (HTTP/1.1 200) 4 headers in 158 bytes (1 switches on core 0)
Jun 28 12:02:18.318188 np0000003878 devstack@g-api.service[102603]: DEBUG glance.api.middleware.version_negotiation [None req-9141029b-d8e2-4681-94c6-ab9b1afc75ff service glance] Determining version of request: GET /v2/schemas/image Accept: */* {{(pid=102603) process_request /opt/stack/glance/glance/api/middleware/version_negotiation.py:44}}
Jun 28 12:02:18.318330 np0000003878 devstack@g-api.service[102603]: DEBUG glance.api.middleware.version_negotiation [None req-9141029b-d8e2-4681-94c6-ab9b1afc75ff service glance] Using url versioning {{(pid=102603) process_request /opt/stack/glance/glance/api/middleware/version_negotiation.py:57}}
Jun 28 12:02:18.318455 np0000003878 devstack@g-api.service[102603]: DEBUG glance.api.middleware.version_negotiation [None req-9141029b-d8e2-4681-94c6-ab9b1afc75ff service glance] Matched version: v2 {{(pid=102603) process_request /opt/stack/glance/glance/api/middleware/version_negotiation.py:69}}
Jun 28 12:02:18.318561 np0000003878 devstack@g-api.service[102603]: DEBUG glance.api.middleware.version_negotiation [None req-9141029b-d8e2-4681-94c6-ab9b1afc75ff service glance] new path /v2/schemas/image {{(pid=102603) process_request /opt/stack/glance/glance/api/middleware/version_negotiation.py:70}}
Jun 28 12:02:18.320935 np0000003878 devstack@g-api.service[102603]: [pid: 102603|app: 0|req: 93/369] 127.0.0.1 () {44 vars in 1055 bytes} [Sun Jun 28 12:02:18 2026] GET /v2/schemas/image => generated 6083 bytes in 3 msecs (HTTP/1.1 200) 4 headers in 158 bytes (1 switches on core 0)
Jun 28 12:02:18.566922 np0000003878 devstack@g-api.service[102602]: DEBUG glance.api.middleware.version_negotiation [None req-9141029b-d8e2-4681-94c6-ab9b1afc75ff tempest-ServerActionsTestOtherA-1712118119 tempest-ServerActionsTestOtherA-1712118119-project-member] Determining version of request: GET /v2/images/207bf29e-a9c0-49e0-9a93-897bf1e357ca Accept: application/json {{(pid=102602) process_request /opt/stack/glance/glance/api/middleware/version_negotiation.py:44}}
Jun 28 12:02:18.567049 np0000003878 devstack@g-api.service[102602]: DEBUG glance.api.middleware.version_negotiation [None req-9141029b-d8e2-4681-94c6-ab9b1afc75ff tempest-ServerActionsTestOtherA-1712118119 tempest-ServerActionsTestOtherA-1712118119-project-member] Using url versioning {{(pid=102602) process_request /opt/stack/glance/glance/api/middleware/version_negotiation.py:57}}
Jun 28 12:02:18.567049 np0000003878 devstack@g-api.service[102602]: DEBUG glance.api.middleware.version_negotiation [None req-9141029b-d8e2-4681-94c6-ab9b1afc75ff tempest-ServerActionsTestOtherA-1712118119 tempest-ServerActionsTestOtherA-1712118119-project-member] Matched version: v2 {{(pid=102602) process_request /opt/stack/glance/glance/api/middleware/version_negotiation.py:69}}
Jun 28 12:02:18.567139 np0000003878 devstack@g-api.service[102602]: DEBUG glance.api.middleware.version_negotiation [None req-9141029b-d8e2-4681-94c6-ab9b1afc75ff tempest-ServerActionsTestOtherA-1712118119 tempest-ServerActionsTestOtherA-1712118119-project-member] new path /v2/images/207bf29e-a9c0-49e0-9a93-897bf1e357ca {{(pid=102602) process_request /opt/stack/glance/glance/api/middleware/version_negotiation.py:70}}
Jun 28 12:02:18.585460 np0000003878 devstack@g-api.service[102602]: [pid: 102602|app: 0|req: 93/370] 127.0.0.1 () {40 vars in 838 bytes} [Sun Jun 28 12:02:18 2026] GET /v2/images/207bf29e-a9c0-49e0-9a93-897bf1e357ca => generated 650 bytes in 17 msecs (HTTP/1.1 200) 4 headers in 157 bytes (1 switches on core 0)
Jun 28 12:02:19.602741 np0000003878 devstack@g-api.service[102604]: DEBUG glance.api.middleware.version_negotiation [None req-9141029b-d8e2-4681-94c6-ab9b1afc75ff tempest-ServerActionsTestOtherA-1712118119 tempest-ServerActionsTestOtherA-1712118119-project-member] Determining version of request: GET /v2/images/207bf29e-a9c0-49e0-9a93-897bf1e357ca Accept: application/json {{(pid=102604) process_request /opt/stack/glance/glance/api/middleware/version_negotiation.py:44}}
Jun 28 12:02:19.603167 np0000003878 devstack@g-api.service[102604]: DEBUG glance.api.middleware.version_negotiation [None req-9141029b-d8e2-4681-94c6-ab9b1afc75ff tempest-ServerActionsTestOtherA-1712118119 tempest-ServerActionsTestOtherA-1712118119-project-member] Using url versioning {{(pid=102604) process_request /opt/stack/glance/glance/api/middleware/version_negotiation.py:57}}
Jun 28 12:02:19.603272 np0000003878 devstack@g-api.service[102604]: DEBUG glance.api.middleware.version_negotiation [None req-9141029b-d8e2-4681-94c6-ab9b1afc75ff tempest-ServerActionsTestOtherA-1712118119 tempest-ServerActionsTestOtherA-1712118119-project-member] Matched version: v2 {{(pid=102604) process_request /opt/stack/glance/glance/api/middleware/version_negotiation.py:69}}
Jun 28 12:02:19.603439 np0000003878 devstack@g-api.service[102604]: DEBUG glance.api.middleware.version_negotiation [None req-9141029b-d8e2-4681-94c6-ab9b1afc75ff tempest-ServerActionsTestOtherA-1712118119 tempest-ServerActionsTestOtherA-1712118119-project-member] new path /v2/images/207bf29e-a9c0-49e0-9a93-897bf1e357ca {{(pid=102604) process_request /opt/stack/glance/glance/api/middleware/version_negotiation.py:70}}
Jun 28 12:02:19.621802 np0000003878 devstack@g-api.service[102604]: [pid: 102604|app: 0|req: 97/371] 127.0.0.1 () {40 vars in 838 bytes} [Sun Jun 28 12:02:19 2026] GET /v2/images/207bf29e-a9c0-49e0-9a93-897bf1e357ca => generated 650 bytes in 20 msecs (HTTP/1.1 200) 4 headers in 157 bytes (1 switches on core 0)
Jun 28 12:02:20.071843 np0000003878 devstack@g-api.service[102606]: DEBUG swiftclient [None req-90a08819-851f-489e-8171-5554058b9839 tempest-VolumesActionsTest-2144927821 tempest-VolumesActionsTest-2144927821-project-member] REQ: curl -i https://10.4.3.200:8080/v1/AUTH_89ba7b4eb0f84dc78e7ad54c2fbcd00d/glance/207bf29e-a9c0-49e0-9a93-897bf1e357ca-00001 -X PUT -H "X-Auth-Token: gAAAAABqQQ1J8VuE..." {{(pid=102606) http_log /opt/stack/data/venv/lib/python3.12/site-packages/swiftclient/client.py:160}}
Jun 28 12:02:20.071843 np0000003878 devstack@g-api.service[102606]: DEBUG swiftclient [None req-90a08819-851f-489e-8171-5554058b9839 tempest-VolumesActionsTest-2144927821 tempest-VolumesActionsTest-2144927821-project-member] RESP STATUS: 201 Created {{(pid=102606) http_log /opt/stack/data/venv/lib/python3.12/site-packages/swiftclient/client.py:161}}
Jun 28 12:02:20.072300 np0000003878 devstack@g-api.service[102606]: DEBUG swiftclient [None req-90a08819-851f-489e-8171-5554058b9839 tempest-VolumesActionsTest-2144927821 tempest-VolumesActionsTest-2144927821-project-member] RESP HEADERS: {'Date': 'Sun, 28 Jun 2026 12:02:20 GMT', 'Server': 'Apache/2.4.58 (Ubuntu)', 'Content-Type': 'text/html; charset=UTF-8', 'Content-Length': '0', 'Etag': 'eda9a9889837ac4bc81d6387d92c1bec', 'Last-Modified': 'Sun, 28 Jun 2026 12:02:18 GMT', 'X-Trans-Id': 'txa58a434d58dc4c9fa047a-006a410d49', 'X-Openstack-Request-Id': 'txa58a434d58dc4c9fa047a-006a410d49', 'Connection': 'close'} {{(pid=102606) http_log /opt/stack/data/venv/lib/python3.12/site-packages/swiftclient/client.py:162}}
Jun 28 12:02:20.072300 np0000003878 devstack@g-api.service[102606]: DEBUG glance_store._drivers.swift.store [None req-90a08819-851f-489e-8171-5554058b9839 tempest-VolumesActionsTest-2144927821 tempest-VolumesActionsTest-2144927821-project-member] Wrote chunk 207bf29e-a9c0-49e0-9a93-897bf1e357ca-00001 (1/?) of length 204800000 to Swift returning MD5 of content: eda9a9889837ac4bc81d6387d92c1bec {{(pid=102606) add /opt/stack/data/venv/lib/python3.12/site-packages/glance_store/_drivers/swift/store.py:1059}}
Jun 28 12:02:20.636136 np0000003878 devstack@g-api.service[102603]: DEBUG glance.api.middleware.version_negotiation [None req-9141029b-d8e2-4681-94c6-ab9b1afc75ff tempest-ServerActionsTestOtherA-1712118119 tempest-ServerActionsTestOtherA-1712118119-project-member] Determining version of request: GET /v2/images/207bf29e-a9c0-49e0-9a93-897bf1e357ca Accept: application/json {{(pid=102603) process_request /opt/stack/glance/glance/api/middleware/version_negotiation.py:44}}
Jun 28 12:02:20.636615 np0000003878 devstack@g-api.service[102603]: DEBUG glance.api.middleware.version_negotiation [None req-9141029b-d8e2-4681-94c6-ab9b1afc75ff tempest-ServerActionsTestOtherA-1712118119 tempest-ServerActionsTestOtherA-1712118119-project-member] Using url versioning {{(pid=102603) process_request /opt/stack/glance/glance/api/middleware/version_negotiation.py:57}}
Jun 28 12:02:20.636615 np0000003878 devstack@g-api.service[102603]: DEBUG glance.api.middleware.version_negotiation [None req-9141029b-d8e2-4681-94c6-ab9b1afc75ff tempest-ServerActionsTestOtherA-1712118119 tempest-ServerActionsTestOtherA-1712118119-project-member] Matched version: v2 {{(pid=102603) process_request /opt/stack/glance/glance/api/middleware/version_negotiation.py:69}}
Jun 28 12:02:20.636717 np0000003878 devstack@g-api.service[102603]: DEBUG glance.api.middleware.version_negotiation [None req-9141029b-d8e2-4681-94c6-ab9b1afc75ff tempest-ServerActionsTestOtherA-1712118119 tempest-ServerActionsTestOtherA-1712118119-project-member] new path /v2/images/207bf29e-a9c0-49e0-9a93-897bf1e357ca {{(pid=102603) process_request /opt/stack/glance/glance/api/middleware/version_negotiation.py:70}}
Jun 28 12:02:20.647815 np0000003878 devstack@g-api.service[102603]: [pid: 102603|app: 0|req: 94/372] 127.0.0.1 () {40 vars in 838 bytes} [Sun Jun 28 12:02:20 2026] GET /v2/images/207bf29e-a9c0-49e0-9a93-897bf1e357ca => generated 650 bytes in 12 msecs (HTTP/1.1 200) 4 headers in 157 bytes (1 switches on core 0)
Jun 28 12:02:21.662839 np0000003878 devstack@g-api.service[102602]: DEBUG glance.api.middleware.version_negotiation [None req-a69a49ec-ab1c-4209-98f1-b7e29baa1305 tempest-VolumesActionsTest-2144927821 tempest-VolumesActionsTest-2144927821-project-member] Determining version of request: GET /v2/images/207bf29e-a9c0-49e0-9a93-897bf1e357ca Accept: application/json {{(pid=102602) process_request /opt/stack/glance/glance/api/middleware/version_negotiation.py:44}}
Jun 28 12:02:21.662839 np0000003878 devstack@g-api.service[102602]: DEBUG glance.api.middleware.version_negotiation [None req-a69a49ec-ab1c-4209-98f1-b7e29baa1305 tempest-VolumesActionsTest-2144927821 tempest-VolumesActionsTest-2144927821-project-member] Using url versioning {{(pid=102602) process_request /opt/stack/glance/glance/api/middleware/version_negotiation.py:57}}
Jun 28 12:02:21.662839 np0000003878 devstack@g-api.service[102602]: DEBUG glance.api.middleware.version_negotiation [None req-a69a49ec-ab1c-4209-98f1-b7e29baa1305 tempest-VolumesActionsTest-2144927821 tempest-VolumesActionsTest-2144927821-project-member] Matched version: v2 {{(pid=102602) process_request /opt/stack/glance/glance/api/middleware/version_negotiation.py:69}}
Jun 28 12:02:21.662839 np0000003878 devstack@g-api.service[102602]: DEBUG glance.api.middleware.version_negotiation [None req-a69a49ec-ab1c-4209-98f1-b7e29baa1305 tempest-VolumesActionsTest-2144927821 tempest-VolumesActionsTest-2144927821-project-member] new path /v2/images/207bf29e-a9c0-49e0-9a93-897bf1e357ca {{(pid=102602) process_request /opt/stack/glance/glance/api/middleware/version_negotiation.py:70}}
Jun 28 12:02:21.687020 np0000003878 devstack@g-api.service[102602]: [pid: 102602|app: 0|req: 94/373] 127.0.0.1 () {40 vars in 838 bytes} [Sun Jun 28 12:02:21 2026] GET /v2/images/207bf29e-a9c0-49e0-9a93-897bf1e357ca => generated 650 bytes in 25 msecs (HTTP/1.1 200) 4 headers in 157 bytes (1 switches on core 0)
Jun 28 12:02:22.329337 np0000003878 devstack@g-api.service[102606]: DEBUG swiftclient [None req-90a08819-851f-489e-8171-5554058b9839 tempest-VolumesActionsTest-2144927821 tempest-VolumesActionsTest-2144927821-project-member] REQ: curl -i https://10.4.3.200:8080/v1/AUTH_89ba7b4eb0f84dc78e7ad54c2fbcd00d/glance/207bf29e-a9c0-49e0-9a93-897bf1e357ca-00002 -X PUT -H "X-Auth-Token: gAAAAABqQQ1J8VuE..." {{(pid=102606) http_log /opt/stack/data/venv/lib/python3.12/site-packages/swiftclient/client.py:160}}
Jun 28 12:02:22.329625 np0000003878 devstack@g-api.service[102606]: DEBUG swiftclient [None req-90a08819-851f-489e-8171-5554058b9839 tempest-VolumesActionsTest-2144927821 tempest-VolumesActionsTest-2144927821-project-member] RESP STATUS: 201 Created {{(pid=102606) http_log /opt/stack/data/venv/lib/python3.12/site-packages/swiftclient/client.py:161}}
Jun 28 12:02:22.329815 np0000003878 devstack@g-api.service[102606]: DEBUG swiftclient [None req-90a08819-851f-489e-8171-5554058b9839 tempest-VolumesActionsTest-2144927821 tempest-VolumesActionsTest-2144927821-project-member] RESP HEADERS: {'Date': 'Sun, 28 Jun 2026 12:02:22 GMT', 'Server': 'Apache/2.4.58 (Ubuntu)', 'Content-Type': 'text/html; charset=UTF-8', 'Content-Length': '0', 'Etag': 'eda9a9889837ac4bc81d6387d92c1bec', 'Last-Modified': 'Sun, 28 Jun 2026 12:02:21 GMT', 'X-Trans-Id': 'tx7d8107c9c795492082d8b-006a410d4c', 'X-Openstack-Request-Id': 'tx7d8107c9c795492082d8b-006a410d4c', 'Connection': 'close'} {{(pid=102606) http_log /opt/stack/data/venv/lib/python3.12/site-packages/swiftclient/client.py:162}}
Jun 28 12:02:22.329950 np0000003878 devstack@g-api.service[102606]: DEBUG glance_store._drivers.swift.store [None req-90a08819-851f-489e-8171-5554058b9839 tempest-VolumesActionsTest-2144927821 tempest-VolumesActionsTest-2144927821-project-member] Wrote chunk 207bf29e-a9c0-49e0-9a93-897bf1e357ca-00002 (2/?) of length 204800000 to Swift returning MD5 of content: eda9a9889837ac4bc81d6387d92c1bec {{(pid=102606) add /opt/stack/data/venv/lib/python3.12/site-packages/glance_store/_drivers/swift/store.py:1059}}
Jun 28 12:02:22.702934 np0000003878 devstack@g-api.service[102604]: DEBUG glance.api.middleware.version_negotiation [None req-8d18e15f-191e-4058-9055-4c505adc7c0a tempest-VolumesActionsTest-2144927821 tempest-VolumesActionsTest-2144927821-project-member] Determining version of request: GET /v2/images/207bf29e-a9c0-49e0-9a93-897bf1e357ca Accept: application/json {{(pid=102604) process_request /opt/stack/glance/glance/api/middleware/version_negotiation.py:44}}
Jun 28 12:02:22.704358 np0000003878 devstack@g-api.service[102604]: DEBUG glance.api.middleware.version_negotiation [None req-8d18e15f-191e-4058-9055-4c505adc7c0a tempest-VolumesActionsTest-2144927821 tempest-VolumesActionsTest-2144927821-project-member] Using url versioning {{(pid=102604) process_request /opt/stack/glance/glance/api/middleware/version_negotiation.py:57}}
Jun 28 12:02:22.704358 np0000003878 devstack@g-api.service[102604]: DEBUG glance.api.middleware.version_negotiation [None req-8d18e15f-191e-4058-9055-4c505adc7c0a tempest-VolumesActionsTest-2144927821 tempest-VolumesActionsTest-2144927821-project-member] Matched version: v2 {{(pid=102604) process_request /opt/stack/glance/glance/api/middleware/version_negotiation.py:69}}
Jun 28 12:02:22.704358 np0000003878 devstack@g-api.service[102604]: DEBUG glance.api.middleware.version_negotiation [None req-8d18e15f-191e-4058-9055-4c505adc7c0a tempest-VolumesActionsTest-2144927821 tempest-VolumesActionsTest-2144927821-project-member] new path /v2/images/207bf29e-a9c0-49e0-9a93-897bf1e357ca {{(pid=102604) process_request /opt/stack/glance/glance/api/middleware/version_negotiation.py:70}}
Jun 28 12:02:22.715578 np0000003878 devstack@g-api.service[102604]: [pid: 102604|app: 0|req: 98/374] 127.0.0.1 () {40 vars in 838 bytes} [Sun Jun 28 12:02:22 2026] GET /v2/images/207bf29e-a9c0-49e0-9a93-897bf1e357ca => generated 650 bytes in 13 msecs (HTTP/1.1 200) 4 headers in 157 bytes (1 switches on core 0)
Jun 28 12:02:23.730067 np0000003878 devstack@g-api.service[102603]: DEBUG glance.api.middleware.version_negotiation [None req-ce25eef9-8cb1-484d-ada0-aafc7fde9c74 tempest-VolumesActionsTest-2144927821 tempest-VolumesActionsTest-2144927821-project-member] Determining version of request: GET /v2/images/207bf29e-a9c0-49e0-9a93-897bf1e357ca Accept: application/json {{(pid=102603) process_request /opt/stack/glance/glance/api/middleware/version_negotiation.py:44}}
Jun 28 12:02:23.730535 np0000003878 devstack@g-api.service[102603]: DEBUG glance.api.middleware.version_negotiation [None req-ce25eef9-8cb1-484d-ada0-aafc7fde9c74 tempest-VolumesActionsTest-2144927821 tempest-VolumesActionsTest-2144927821-project-member] Using url versioning {{(pid=102603) process_request /opt/stack/glance/glance/api/middleware/version_negotiation.py:57}}
Jun 28 12:02:23.730535 np0000003878 devstack@g-api.service[102603]: DEBUG glance.api.middleware.version_negotiation [None req-ce25eef9-8cb1-484d-ada0-aafc7fde9c74 tempest-VolumesActionsTest-2144927821 tempest-VolumesActionsTest-2144927821-project-member] Matched version: v2 {{(pid=102603) process_request /opt/stack/glance/glance/api/middleware/version_negotiation.py:69}}
Jun 28 12:02:23.730629 np0000003878 devstack@g-api.service[102603]: DEBUG glance.api.middleware.version_negotiation [None req-ce25eef9-8cb1-484d-ada0-aafc7fde9c74 tempest-VolumesActionsTest-2144927821 tempest-VolumesActionsTest-2144927821-project-member] new path /v2/images/207bf29e-a9c0-49e0-9a93-897bf1e357ca {{(pid=102603) process_request /opt/stack/glance/glance/api/middleware/version_negotiation.py:70}}
Jun 28 12:02:23.746168 np0000003878 devstack@g-api.service[102603]: [pid: 102603|app: 0|req: 95/375] 127.0.0.1 () {40 vars in 838 bytes} [Sun Jun 28 12:02:23 2026] GET /v2/images/207bf29e-a9c0-49e0-9a93-897bf1e357ca => generated 650 bytes in 15 msecs (HTTP/1.1 200) 4 headers in 157 bytes (1 switches on core 0)
Jun 28 12:02:24.408645 np0000003878 devstack@g-api.service[102606]: DEBUG swiftclient [None req-90a08819-851f-489e-8171-5554058b9839 tempest-VolumesActionsTest-2144927821 tempest-VolumesActionsTest-2144927821-project-member] REQ: curl -i https://10.4.3.200:8080/v1/AUTH_89ba7b4eb0f84dc78e7ad54c2fbcd00d/glance/207bf29e-a9c0-49e0-9a93-897bf1e357ca-00003 -X PUT -H "X-Auth-Token: gAAAAABqQQ1J8VuE..." {{(pid=102606) http_log /opt/stack/data/venv/lib/python3.12/site-packages/swiftclient/client.py:160}}
Jun 28 12:02:24.408933 np0000003878 devstack@g-api.service[102606]: DEBUG swiftclient [None req-90a08819-851f-489e-8171-5554058b9839 tempest-VolumesActionsTest-2144927821 tempest-VolumesActionsTest-2144927821-project-member] RESP STATUS: 201 Created {{(pid=102606) http_log /opt/stack/data/venv/lib/python3.12/site-packages/swiftclient/client.py:161}}
Jun 28 12:02:24.408974 np0000003878 devstack@g-api.service[102606]: DEBUG swiftclient [None req-90a08819-851f-489e-8171-5554058b9839 tempest-VolumesActionsTest-2144927821 tempest-VolumesActionsTest-2144927821-project-member] RESP HEADERS: {'Date': 'Sun, 28 Jun 2026 12:02:24 GMT', 'Server': 'Apache/2.4.58 (Ubuntu)', 'Content-Type': 'text/html; charset=UTF-8', 'Content-Length': '0', 'Etag': 'eda9a9889837ac4bc81d6387d92c1bec', 'Last-Modified': 'Sun, 28 Jun 2026 12:02:23 GMT', 'X-Trans-Id': 'tx5e7285d79dec489294899-006a410d4e', 'X-Openstack-Request-Id': 'tx5e7285d79dec489294899-006a410d4e', 'Connection': 'close'} {{(pid=102606) http_log /opt/stack/data/venv/lib/python3.12/site-packages/swiftclient/client.py:162}}
Jun 28 12:02:24.409172 np0000003878 devstack@g-api.service[102606]: DEBUG glance_store._drivers.swift.store [None req-90a08819-851f-489e-8171-5554058b9839 tempest-VolumesActionsTest-2144927821 tempest-VolumesActionsTest-2144927821-project-member] Wrote chunk 207bf29e-a9c0-49e0-9a93-897bf1e357ca-00003 (3/?) of length 204800000 to Swift returning MD5 of content: eda9a9889837ac4bc81d6387d92c1bec {{(pid=102606) add /opt/stack/data/venv/lib/python3.12/site-packages/glance_store/_drivers/swift/store.py:1059}}
Jun 28 12:02:24.754891 np0000003878 devstack@g-api.service[102602]: DEBUG glance.api.middleware.version_negotiation [None req-d6e1c6a6-3c79-4a07-96ed-3c44bd38c633 tempest-VolumesActionsTest-2144927821 tempest-VolumesActionsTest-2144927821-project-member] Determining version of request: GET /v2/images/207bf29e-a9c0-49e0-9a93-897bf1e357ca Accept: application/json {{(pid=102602) process_request /opt/stack/glance/glance/api/middleware/version_negotiation.py:44}}
Jun 28 12:02:24.755375 np0000003878 devstack@g-api.service[102602]: DEBUG glance.api.middleware.version_negotiation [None req-d6e1c6a6-3c79-4a07-96ed-3c44bd38c633 tempest-VolumesActionsTest-2144927821 tempest-VolumesActionsTest-2144927821-project-member] Using url versioning {{(pid=102602) process_request /opt/stack/glance/glance/api/middleware/version_negotiation.py:57}}
Jun 28 12:02:24.755375 np0000003878 devstack@g-api.service[102602]: DEBUG glance.api.middleware.version_negotiation [None req-d6e1c6a6-3c79-4a07-96ed-3c44bd38c633 tempest-VolumesActionsTest-2144927821 tempest-VolumesActionsTest-2144927821-project-member] Matched version: v2 {{(pid=102602) process_request /opt/stack/glance/glance/api/middleware/version_negotiation.py:69}}
Jun 28 12:02:24.755486 np0000003878 devstack@g-api.service[102602]: DEBUG glance.api.middleware.version_negotiation [None req-d6e1c6a6-3c79-4a07-96ed-3c44bd38c633 tempest-VolumesActionsTest-2144927821 tempest-VolumesActionsTest-2144927821-project-member] new path /v2/images/207bf29e-a9c0-49e0-9a93-897bf1e357ca {{(pid=102602) process_request /opt/stack/glance/glance/api/middleware/version_negotiation.py:70}}
Jun 28 12:02:24.775270 np0000003878 devstack@g-api.service[102602]: [pid: 102602|app: 0|req: 95/376] 127.0.0.1 () {40 vars in 838 bytes} [Sun Jun 28 12:02:24 2026] GET /v2/images/207bf29e-a9c0-49e0-9a93-897bf1e357ca => generated 650 bytes in 21 msecs (HTTP/1.1 200) 4 headers in 157 bytes (1 switches on core 0)
Jun 28 12:02:25.789783 np0000003878 devstack@g-api.service[102604]: DEBUG glance.api.middleware.version_negotiation [None req-7a81edda-48a8-4b70-afcc-603852a6be89 tempest-VolumesActionsTest-2144927821 tempest-VolumesActionsTest-2144927821-project-member] Determining version of request: GET /v2/images/207bf29e-a9c0-49e0-9a93-897bf1e357ca Accept: application/json {{(pid=102604) process_request /opt/stack/glance/glance/api/middleware/version_negotiation.py:44}}
Jun 28 12:02:25.789783 np0000003878 devstack@g-api.service[102604]: DEBUG glance.api.middleware.version_negotiation [None req-7a81edda-48a8-4b70-afcc-603852a6be89 tempest-VolumesActionsTest-2144927821 tempest-VolumesActionsTest-2144927821-project-member] Using url versioning {{(pid=102604) process_request /opt/stack/glance/glance/api/middleware/version_negotiation.py:57}}
Jun 28 12:02:25.789783 np0000003878 devstack@g-api.service[102604]: DEBUG glance.api.middleware.version_negotiation [None req-7a81edda-48a8-4b70-afcc-603852a6be89 tempest-VolumesActionsTest-2144927821 tempest-VolumesActionsTest-2144927821-project-member] Matched version: v2 {{(pid=102604) process_request /opt/stack/glance/glance/api/middleware/version_negotiation.py:69}}
Jun 28 12:02:25.789783 np0000003878 devstack@g-api.service[102604]: DEBUG glance.api.middleware.version_negotiation [None req-7a81edda-48a8-4b70-afcc-603852a6be89 tempest-VolumesActionsTest-2144927821 tempest-VolumesActionsTest-2144927821-project-member] new path /v2/images/207bf29e-a9c0-49e0-9a93-897bf1e357ca {{(pid=102604) process_request /opt/stack/glance/glance/api/middleware/version_negotiation.py:70}}
Jun 28 12:02:25.803251 np0000003878 devstack@g-api.service[102604]: [pid: 102604|app: 0|req: 99/377] 127.0.0.1 () {40 vars in 838 bytes} [Sun Jun 28 12:02:25 2026] GET /v2/images/207bf29e-a9c0-49e0-9a93-897bf1e357ca => generated 650 bytes in 15 msecs (HTTP/1.1 200) 4 headers in 157 bytes (1 switches on core 0)
Jun 28 12:02:25.900419 np0000003878 devstack@g-api.service[102603]: DEBUG glance.api.middleware.version_negotiation [None req-5d34cd8b-e2e5-485e-a48b-bf127922b469 tempest-VolumesActionsTest-2144927821 tempest-VolumesActionsTest-2144927821-project-member] Determining version of request: GET /v2/schemas/image Accept: */* {{(pid=102603) process_request /opt/stack/glance/glance/api/middleware/version_negotiation.py:44}}
Jun 28 12:02:25.900863 np0000003878 devstack@g-api.service[102603]: DEBUG glance.api.middleware.version_negotiation [None req-5d34cd8b-e2e5-485e-a48b-bf127922b469 tempest-VolumesActionsTest-2144927821 tempest-VolumesActionsTest-2144927821-project-member] Using url versioning {{(pid=102603) process_request /opt/stack/glance/glance/api/middleware/version_negotiation.py:57}}
Jun 28 12:02:25.900863 np0000003878 devstack@g-api.service[102603]: DEBUG glance.api.middleware.version_negotiation [None req-5d34cd8b-e2e5-485e-a48b-bf127922b469 tempest-VolumesActionsTest-2144927821 tempest-VolumesActionsTest-2144927821-project-member] Matched version: v2 {{(pid=102603) process_request /opt/stack/glance/glance/api/middleware/version_negotiation.py:69}}
Jun 28 12:02:25.900863 np0000003878 devstack@g-api.service[102603]: DEBUG glance.api.middleware.version_negotiation [None req-5d34cd8b-e2e5-485e-a48b-bf127922b469 tempest-VolumesActionsTest-2144927821 tempest-VolumesActionsTest-2144927821-project-member] new path /v2/schemas/image {{(pid=102603) process_request /opt/stack/glance/glance/api/middleware/version_negotiation.py:70}}
Jun 28 12:02:25.907333 np0000003878 devstack@g-api.service[102603]: [pid: 102603|app: 0|req: 96/378] 127.0.0.1 () {44 vars in 1055 bytes} [Sun Jun 28 12:02:25 2026] GET /v2/schemas/image => generated 6083 bytes in 7 msecs (HTTP/1.1 200) 4 headers in 158 bytes (1 switches on core 0)
Jun 28 12:02:25.959609 np0000003878 devstack@g-api.service[102602]: DEBUG glance.api.middleware.version_negotiation [None req-002c3dc5-71b8-4030-8974-8085849b69e1 tempest-VolumesActionsTest-2144927821 tempest-VolumesActionsTest-2144927821-project-member] Determining version of request: POST /v2/images Accept: */* {{(pid=102602) process_request /opt/stack/glance/glance/api/middleware/version_negotiation.py:44}}
Jun 28 12:02:25.960160 np0000003878 devstack@g-api.service[102602]: DEBUG glance.api.middleware.version_negotiation [None req-002c3dc5-71b8-4030-8974-8085849b69e1 tempest-VolumesActionsTest-2144927821 tempest-VolumesActionsTest-2144927821-project-member] Using url versioning {{(pid=102602) process_request /opt/stack/glance/glance/api/middleware/version_negotiation.py:57}}
Jun 28 12:02:25.960160 np0000003878 devstack@g-api.service[102602]: DEBUG glance.api.middleware.version_negotiation [None req-002c3dc5-71b8-4030-8974-8085849b69e1 tempest-VolumesActionsTest-2144927821 tempest-VolumesActionsTest-2144927821-project-member] Matched version: v2 {{(pid=102602) process_request /opt/stack/glance/glance/api/middleware/version_negotiation.py:69}}
Jun 28 12:02:25.960242 np0000003878 devstack@g-api.service[102602]: DEBUG glance.api.middleware.version_negotiation [None req-002c3dc5-71b8-4030-8974-8085849b69e1 tempest-VolumesActionsTest-2144927821 tempest-VolumesActionsTest-2144927821-project-member] new path /v2/images {{(pid=102602) process_request /opt/stack/glance/glance/api/middleware/version_negotiation.py:70}}
Jun 28 12:02:26.682028 np0000003878 devstack@g-api.service[102606]: DEBUG swiftclient [None req-90a08819-851f-489e-8171-5554058b9839 tempest-VolumesActionsTest-2144927821 tempest-VolumesActionsTest-2144927821-project-member] REQ: curl -i https://10.4.3.200:8080/v1/AUTH_89ba7b4eb0f84dc78e7ad54c2fbcd00d/glance/207bf29e-a9c0-49e0-9a93-897bf1e357ca-00004 -X PUT -H "X-Auth-Token: gAAAAABqQQ1J8VuE..." {{(pid=102606) http_log /opt/stack/data/venv/lib/python3.12/site-packages/swiftclient/client.py:160}}
Jun 28 12:02:26.682393 np0000003878 devstack@g-api.service[102606]: DEBUG swiftclient [None req-90a08819-851f-489e-8171-5554058b9839 tempest-VolumesActionsTest-2144927821 tempest-VolumesActionsTest-2144927821-project-member] RESP STATUS: 201 Created {{(pid=102606) http_log /opt/stack/data/venv/lib/python3.12/site-packages/swiftclient/client.py:161}}
Jun 28 12:02:26.682393 np0000003878 devstack@g-api.service[102606]: DEBUG swiftclient [None req-90a08819-851f-489e-8171-5554058b9839 tempest-VolumesActionsTest-2144927821 tempest-VolumesActionsTest-2144927821-project-member] RESP HEADERS: {'Date': 'Sun, 28 Jun 2026 12:02:26 GMT', 'Server': 'Apache/2.4.58 (Ubuntu)', 'Content-Type': 'text/html; charset=UTF-8', 'Content-Length': '0', 'Etag': 'eda9a9889837ac4bc81d6387d92c1bec', 'Last-Modified': 'Sun, 28 Jun 2026 12:02:25 GMT', 'X-Trans-Id': 'tx95d093e628af4215b6b08-006a410d50', 'X-Openstack-Request-Id': 'tx95d093e628af4215b6b08-006a410d50', 'Connection': 'close'} {{(pid=102606) http_log /opt/stack/data/venv/lib/python3.12/site-packages/swiftclient/client.py:162}}
Jun 28 12:02:26.682519 np0000003878 devstack@g-api.service[102606]: DEBUG glance_store._drivers.swift.store [None req-90a08819-851f-489e-8171-5554058b9839 tempest-VolumesActionsTest-2144927821 tempest-VolumesActionsTest-2144927821-project-member] Wrote chunk 207bf29e-a9c0-49e0-9a93-897bf1e357ca-00004 (4/?) of length 204800000 to Swift returning MD5 of content: eda9a9889837ac4bc81d6387d92c1bec {{(pid=102606) add /opt/stack/data/venv/lib/python3.12/site-packages/glance_store/_drivers/swift/store.py:1059}}
Jun 28 12:02:26.784199 np0000003878 devstack@g-api.service[102602]: [pid: 102602|app: 0|req: 96/379] 127.0.0.1 () {46 vars in 1055 bytes} [Sun Jun 28 12:02:25 2026] POST /v2/images => generated 1336 bytes in 824 msecs (HTTP/1.1 201) 6 headers in 316 bytes (1 switches on core 0)
Jun 28 12:02:26.819438 np0000003878 devstack@g-api.service[102604]: DEBUG glance.api.middleware.version_negotiation [None req-6939c7f2-8a03-4544-80ac-e8db78cd96ed tempest-VolumesActionsTest-2144927821 tempest-VolumesActionsTest-2144927821-project-member] Determining version of request: GET /v2/images/207bf29e-a9c0-49e0-9a93-897bf1e357ca Accept: application/json {{(pid=102604) process_request /opt/stack/glance/glance/api/middleware/version_negotiation.py:44}}
Jun 28 12:02:26.820745 np0000003878 devstack@g-api.service[102604]: DEBUG glance.api.middleware.version_negotiation [None req-6939c7f2-8a03-4544-80ac-e8db78cd96ed tempest-VolumesActionsTest-2144927821 tempest-VolumesActionsTest-2144927821-project-member] Using url versioning {{(pid=102604) process_request /opt/stack/glance/glance/api/middleware/version_negotiation.py:57}}
Jun 28 12:02:26.820745 np0000003878 devstack@g-api.service[102604]: DEBUG glance.api.middleware.version_negotiation [None req-6939c7f2-8a03-4544-80ac-e8db78cd96ed tempest-VolumesActionsTest-2144927821 tempest-VolumesActionsTest-2144927821-project-member] Matched version: v2 {{(pid=102604) process_request /opt/stack/glance/glance/api/middleware/version_negotiation.py:69}}
Jun 28 12:02:26.821641 np0000003878 devstack@g-api.service[102604]: DEBUG glance.api.middleware.version_negotiation [None req-6939c7f2-8a03-4544-80ac-e8db78cd96ed tempest-VolumesActionsTest-2144927821 tempest-VolumesActionsTest-2144927821-project-member] new path /v2/images/207bf29e-a9c0-49e0-9a93-897bf1e357ca {{(pid=102604) process_request /opt/stack/glance/glance/api/middleware/version_negotiation.py:70}}
Jun 28 12:02:26.833608 np0000003878 devstack@g-api.service[102604]: [pid: 102604|app: 0|req: 100/380] 127.0.0.1 () {40 vars in 838 bytes} [Sun Jun 28 12:02:26 2026] GET /v2/images/207bf29e-a9c0-49e0-9a93-897bf1e357ca => generated 650 bytes in 15 msecs (HTTP/1.1 200) 4 headers in 157 bytes (1 switches on core 0)
Jun 28 12:02:27.850744 np0000003878 devstack@g-api.service[102603]: DEBUG glance.api.middleware.version_negotiation [None req-cc28c5e1-06c9-47ea-ae43-9659a5389c6d tempest-AttachVolumeShelveTestJSON-605771768 tempest-AttachVolumeShelveTestJSON-605771768-project-member] Determining version of request: GET /v2/images/207bf29e-a9c0-49e0-9a93-897bf1e357ca Accept: application/json {{(pid=102603) process_request /opt/stack/glance/glance/api/middleware/version_negotiation.py:44}}
Jun 28 12:02:27.850744 np0000003878 devstack@g-api.service[102603]: DEBUG glance.api.middleware.version_negotiation [None req-cc28c5e1-06c9-47ea-ae43-9659a5389c6d tempest-AttachVolumeShelveTestJSON-605771768 tempest-AttachVolumeShelveTestJSON-605771768-project-member] Using url versioning {{(pid=102603) process_request /opt/stack/glance/glance/api/middleware/version_negotiation.py:57}}
Jun 28 12:02:27.850744 np0000003878 devstack@g-api.service[102603]: DEBUG glance.api.middleware.version_negotiation [None req-cc28c5e1-06c9-47ea-ae43-9659a5389c6d tempest-AttachVolumeShelveTestJSON-605771768 tempest-AttachVolumeShelveTestJSON-605771768-project-member] Matched version: v2 {{(pid=102603) process_request /opt/stack/glance/glance/api/middleware/version_negotiation.py:69}}
