Jun 28 11:53:08.170228 np0000003878 nova-scheduler[96237]: DEBUG cotyledon.oslo_config_glue [-] profiler.es_scroll_time = 2m {{(pid=96237) log_opt_values /opt/stack/data/venv/lib/python3.12/site-packages/oslo_config/cfg.py:3253}}
Jun 28 11:53:08.170228 np0000003878 nova-scheduler[96237]: DEBUG cotyledon.oslo_config_glue [-] profiler.filter_error_trace = False {{(pid=96237) log_opt_values /opt/stack/data/venv/lib/python3.12/site-packages/oslo_config/cfg.py:3253}}
Jun 28 11:53:08.170228 np0000003878 nova-scheduler[96237]: DEBUG cotyledon.oslo_config_glue [-] profiler.hmac_keys = **** {{(pid=96237) log_opt_values /opt/stack/data/venv/lib/python3.12/site-packages/oslo_config/cfg.py:3253}}
Jun 28 11:53:08.170228 np0000003878 nova-scheduler[96237]: DEBUG cotyledon.oslo_config_glue [-] profiler.sentinel_service_name = mymaster {{(pid=96237) log_opt_values /opt/stack/data/venv/lib/python3.12/site-packages/oslo_config/cfg.py:3253}}
Jun 28 11:53:08.170228 np0000003878 nova-scheduler[96237]: DEBUG cotyledon.oslo_config_glue [-] profiler.socket_timeout = 0.1 {{(pid=96237) log_opt_values /opt/stack/data/venv/lib/python3.12/site-packages/oslo_config/cfg.py:3253}}
Jun 28 11:53:08.170228 np0000003878 nova-scheduler[96237]: DEBUG cotyledon.oslo_config_glue [-] profiler.trace_requests = False {{(pid=96237) log_opt_values /opt/stack/data/venv/lib/python3.12/site-packages/oslo_config/cfg.py:3253}}
Jun 28 11:53:08.170491 np0000003878 nova-scheduler[96237]: DEBUG cotyledon.oslo_config_glue [-] profiler.trace_sqlalchemy = False {{(pid=96237) log_opt_values /opt/stack/data/venv/lib/python3.12/site-packages/oslo_config/cfg.py:3253}}
Jun 28 11:53:08.170491 np0000003878 nova-scheduler[96237]: DEBUG cotyledon.oslo_config_glue [-] profiler_jaeger.process_tags = {} {{(pid=96237) log_opt_values /opt/stack/data/venv/lib/python3.12/site-packages/oslo_config/cfg.py:3253}}
Jun 28 11:53:08.170491 np0000003878 nova-scheduler[96237]: DEBUG cotyledon.oslo_config_glue [-] profiler_jaeger.service_name_prefix = None {{(pid=96237) log_opt_values /opt/stack/data/venv/lib/python3.12/site-packages/oslo_config/cfg.py:3253}}
Jun 28 11:53:08.170491 np0000003878 nova-scheduler[96237]: DEBUG cotyledon.oslo_config_glue [-] profiler_otlp.service_name_prefix = None {{(pid=96237) log_opt_values /opt/stack/data/venv/lib/python3.12/site-packages/oslo_config/cfg.py:3253}}
Jun 28 11:53:08.170491 np0000003878 nova-scheduler[96237]: DEBUG cotyledon.oslo_config_glue [-] oslo_messaging_rabbit.amqp_auto_delete = False {{(pid=96237) log_opt_values /opt/stack/data/venv/lib/python3.12/site-packages/oslo_config/cfg.py:3253}}
Jun 28 11:53:08.170491 np0000003878 nova-scheduler[96237]: DEBUG cotyledon.oslo_config_glue [-] oslo_messaging_rabbit.amqp_durable_queues = False {{(pid=96237) log_opt_values /opt/stack/data/venv/lib/python3.12/site-packages/oslo_config/cfg.py:3253}}
Jun 28 11:53:08.170491 np0000003878 nova-scheduler[96237]: DEBUG cotyledon.oslo_config_glue [-] oslo_messaging_rabbit.conn_pool_min_size = 2 {{(pid=96237) log_opt_values /opt/stack/data/venv/lib/python3.12/site-packages/oslo_config/cfg.py:3253}}
Jun 28 11:53:08.170491 np0000003878 nova-scheduler[96237]: DEBUG cotyledon.oslo_config_glue [-] oslo_messaging_rabbit.conn_pool_ttl = 1200 {{(pid=96237) log_opt_values /opt/stack/data/venv/lib/python3.12/site-packages/oslo_config/cfg.py:3253}}
Jun 28 11:53:08.170491 np0000003878 nova-scheduler[96237]: DEBUG cotyledon.oslo_config_glue [-] oslo_messaging_rabbit.direct_mandatory_flag = True {{(pid=96237) log_opt_values /opt/stack/data/venv/lib/python3.12/site-packages/oslo_config/cfg.py:3253}}
Jun 28 11:53:08.170838 np0000003878 nova-scheduler[96237]: DEBUG cotyledon.oslo_config_glue [-] oslo_messaging_rabbit.enable_cancel_on_failover = False {{(pid=96237) log_opt_values /opt/stack/data/venv/lib/python3.12/site-packages/oslo_config/cfg.py:3253}}
Jun 28 11:53:08.170838 np0000003878 nova-scheduler[96237]: DEBUG cotyledon.oslo_config_glue [-] oslo_messaging_rabbit.heartbeat_rate = 3 {{(pid=96237) log_opt_values /opt/stack/data/venv/lib/python3.12/site-packages/oslo_config/cfg.py:3253}}
Jun 28 11:53:08.170838 np0000003878 nova-scheduler[96237]: DEBUG cotyledon.oslo_config_glue [-] oslo_messaging_rabbit.heartbeat_timeout_threshold = 60 {{(pid=96237) log_opt_values /opt/stack/data/venv/lib/python3.12/site-packages/oslo_config/cfg.py:3253}}
Jun 28 11:53:08.170838 np0000003878 nova-scheduler[96237]: DEBUG cotyledon.oslo_config_glue [-] oslo_messaging_rabbit.hostname = np0000003878 {{(pid=96237) log_opt_values /opt/stack/data/venv/lib/python3.12/site-packages/oslo_config/cfg.py:3253}}
Jun 28 11:53:08.170838 np0000003878 nova-scheduler[96237]: DEBUG cotyledon.oslo_config_glue [-] oslo_messaging_rabbit.kombu_compression = None {{(pid=96237) log_opt_values /opt/stack/data/venv/lib/python3.12/site-packages/oslo_config/cfg.py:3253}}
Jun 28 11:53:08.170838 np0000003878 nova-scheduler[96237]: DEBUG cotyledon.oslo_config_glue [-] oslo_messaging_rabbit.kombu_failover_strategy = round-robin {{(pid=96237) log_opt_values /opt/stack/data/venv/lib/python3.12/site-packages/oslo_config/cfg.py:3253}}
Jun 28 11:53:08.170838 np0000003878 nova-scheduler[96237]: DEBUG cotyledon.oslo_config_glue [-] oslo_messaging_rabbit.kombu_missing_consumer_retry_timeout = 60 {{(pid=96237) log_opt_values /opt/stack/data/venv/lib/python3.12/site-packages/oslo_config/cfg.py:3253}}
Jun 28 11:53:08.170838 np0000003878 nova-scheduler[96237]: DEBUG cotyledon.oslo_config_glue [-] oslo_messaging_rabbit.kombu_reconnect_delay = 1.0 {{(pid=96237) log_opt_values /opt/stack/data/venv/lib/python3.12/site-packages/oslo_config/cfg.py:3253}}
Jun 28 11:53:08.170838 np0000003878 nova-scheduler[96237]: DEBUG cotyledon.oslo_config_glue [-] oslo_messaging_rabbit.kombu_reconnect_splay = 0.0 {{(pid=96237) log_opt_values /opt/stack/data/venv/lib/python3.12/site-packages/oslo_config/cfg.py:3253}}
Jun 28 11:53:08.171168 np0000003878 nova-scheduler[96237]: DEBUG cotyledon.oslo_config_glue [-] oslo_messaging_rabbit.processname = nova-scheduler {{(pid=96237) log_opt_values /opt/stack/data/venv/lib/python3.12/site-packages/oslo_config/cfg.py:3253}}
Jun 28 11:53:08.171168 np0000003878 nova-scheduler[96237]: DEBUG cotyledon.oslo_config_glue [-] oslo_messaging_rabbit.rabbit_ha_queues = False {{(pid=96237) log_opt_values /opt/stack/data/venv/lib/python3.12/site-packages/oslo_config/cfg.py:3253}}
Jun 28 11:53:08.171168 np0000003878 nova-scheduler[96237]: DEBUG cotyledon.oslo_config_glue [-] oslo_messaging_rabbit.rabbit_interval_max = 30 {{(pid=96237) log_opt_values /opt/stack/data/venv/lib/python3.12/site-packages/oslo_config/cfg.py:3253}}
Jun 28 11:53:08.171168 np0000003878 nova-scheduler[96237]: DEBUG cotyledon.oslo_config_glue [-] oslo_messaging_rabbit.rabbit_login_method = AMQPLAIN {{(pid=96237) log_opt_values /opt/stack/data/venv/lib/python3.12/site-packages/oslo_config/cfg.py:3253}}
Jun 28 11:53:08.171168 np0000003878 nova-scheduler[96237]: DEBUG cotyledon.oslo_config_glue [-] oslo_messaging_rabbit.rabbit_qos_prefetch_count = 0 {{(pid=96237) log_opt_values /opt/stack/data/venv/lib/python3.12/site-packages/oslo_config/cfg.py:3253}}
Jun 28 11:53:08.171168 np0000003878 nova-scheduler[96237]: DEBUG cotyledon.oslo_config_glue [-] oslo_messaging_rabbit.rabbit_quorum_delivery_limit = 0 {{(pid=96237) log_opt_values /opt/stack/data/venv/lib/python3.12/site-packages/oslo_config/cfg.py:3253}}
Jun 28 11:53:08.171168 np0000003878 nova-scheduler[96237]: DEBUG cotyledon.oslo_config_glue [-] oslo_messaging_rabbit.rabbit_quorum_max_memory_bytes = 0 {{(pid=96237) log_opt_values /opt/stack/data/venv/lib/python3.12/site-packages/oslo_config/cfg.py:3253}}
Jun 28 11:53:08.171168 np0000003878 nova-scheduler[96237]: DEBUG cotyledon.oslo_config_glue [-] oslo_messaging_rabbit.rabbit_quorum_max_memory_length = 0 {{(pid=96237) log_opt_values /opt/stack/data/venv/lib/python3.12/site-packages/oslo_config/cfg.py:3253}}
Jun 28 11:53:08.171168 np0000003878 nova-scheduler[96237]: DEBUG cotyledon.oslo_config_glue [-] oslo_messaging_rabbit.rabbit_quorum_queue = False {{(pid=96237) log_opt_values /opt/stack/data/venv/lib/python3.12/site-packages/oslo_config/cfg.py:3253}}
Jun 28 11:53:08.171480 np0000003878 nova-scheduler[96237]: DEBUG cotyledon.oslo_config_glue [-] oslo_messaging_rabbit.rabbit_retry_backoff = 2 {{(pid=96237) log_opt_values /opt/stack/data/venv/lib/python3.12/site-packages/oslo_config/cfg.py:3253}}
Jun 28 11:53:08.171480 np0000003878 nova-scheduler[96237]: DEBUG cotyledon.oslo_config_glue [-] oslo_messaging_rabbit.rabbit_retry_interval = 1 {{(pid=96237) log_opt_values /opt/stack/data/venv/lib/python3.12/site-packages/oslo_config/cfg.py:3253}}
Jun 28 11:53:08.171480 np0000003878 nova-scheduler[96237]: DEBUG cotyledon.oslo_config_glue [-] oslo_messaging_rabbit.rabbit_stream_fanout = False {{(pid=96237) log_opt_values /opt/stack/data/venv/lib/python3.12/site-packages/oslo_config/cfg.py:3253}}
Jun 28 11:53:08.171480 np0000003878 nova-scheduler[96237]: DEBUG cotyledon.oslo_config_glue [-] oslo_messaging_rabbit.rabbit_transient_queues_ttl = 1800 {{(pid=96237) log_opt_values /opt/stack/data/venv/lib/python3.12/site-packages/oslo_config/cfg.py:3253}}
Jun 28 11:53:08.171480 np0000003878 nova-scheduler[96237]: DEBUG cotyledon.oslo_config_glue [-] oslo_messaging_rabbit.rabbit_transient_quorum_queue = False {{(pid=96237) log_opt_values /opt/stack/data/venv/lib/python3.12/site-packages/oslo_config/cfg.py:3253}}
Jun 28 11:53:08.171480 np0000003878 nova-scheduler[96237]: DEBUG cotyledon.oslo_config_glue [-] oslo_messaging_rabbit.rpc_conn_pool_size = 30 {{(pid=96237) log_opt_values /opt/stack/data/venv/lib/python3.12/site-packages/oslo_config/cfg.py:3253}}
Jun 28 11:53:08.171480 np0000003878 nova-scheduler[96237]: DEBUG cotyledon.oslo_config_glue [-] oslo_messaging_rabbit.ssl = False {{(pid=96237) log_opt_values /opt/stack/data/venv/lib/python3.12/site-packages/oslo_config/cfg.py:3253}}
Jun 28 11:53:08.171480 np0000003878 nova-scheduler[96237]: DEBUG cotyledon.oslo_config_glue [-] oslo_messaging_rabbit.ssl_ca_file = {{(pid=96237) log_opt_values /opt/stack/data/venv/lib/python3.12/site-packages/oslo_config/cfg.py:3253}}
Jun 28 11:53:08.171480 np0000003878 nova-scheduler[96237]: DEBUG cotyledon.oslo_config_glue [-] oslo_messaging_rabbit.ssl_cert_file = {{(pid=96237) log_opt_values /opt/stack/data/venv/lib/python3.12/site-packages/oslo_config/cfg.py:3253}}
Jun 28 11:53:08.171779 np0000003878 nova-scheduler[96237]: DEBUG cotyledon.oslo_config_glue [-] oslo_messaging_rabbit.ssl_enforce_fips_mode = False {{(pid=96237) log_opt_values /opt/stack/data/venv/lib/python3.12/site-packages/oslo_config/cfg.py:3253}}
Jun 28 11:53:08.171779 np0000003878 nova-scheduler[96237]: DEBUG cotyledon.oslo_config_glue [-] oslo_messaging_rabbit.ssl_enforce_hostname_verification = True {{(pid=96237) log_opt_values /opt/stack/data/venv/lib/python3.12/site-packages/oslo_config/cfg.py:3253}}
Jun 28 11:53:08.171779 np0000003878 nova-scheduler[96237]: DEBUG cotyledon.oslo_config_glue [-] oslo_messaging_rabbit.ssl_key_file = {{(pid=96237) log_opt_values /opt/stack/data/venv/lib/python3.12/site-packages/oslo_config/cfg.py:3253}}
Jun 28 11:53:08.171779 np0000003878 nova-scheduler[96237]: DEBUG cotyledon.oslo_config_glue [-] oslo_messaging_rabbit.ssl_version = {{(pid=96237) log_opt_values /opt/stack/data/venv/lib/python3.12/site-packages/oslo_config/cfg.py:3253}}
Jun 28 11:53:08.171779 np0000003878 nova-scheduler[96237]: DEBUG cotyledon.oslo_config_glue [-] oslo_messaging_rabbit.use_queue_manager = False {{(pid=96237) log_opt_values /opt/stack/data/venv/lib/python3.12/site-packages/oslo_config/cfg.py:3253}}
Jun 28 11:53:08.171779 np0000003878 nova-scheduler[96237]: DEBUG cotyledon.oslo_config_glue [-] oslo_messaging_notifications.driver = ['messagingv2'] {{(pid=96237) log_opt_values /opt/stack/data/venv/lib/python3.12/site-packages/oslo_config/cfg.py:3253}}
Jun 28 11:53:08.171779 np0000003878 nova-scheduler[96237]: DEBUG cotyledon.oslo_config_glue [-] oslo_messaging_notifications.retry = -1 {{(pid=96237) log_opt_values /opt/stack/data/venv/lib/python3.12/site-packages/oslo_config/cfg.py:3253}}
Jun 28 11:53:08.171779 np0000003878 nova-scheduler[96237]: DEBUG cotyledon.oslo_config_glue [-] oslo_messaging_notifications.topics = ['notifications'] {{(pid=96237) log_opt_values /opt/stack/data/venv/lib/python3.12/site-packages/oslo_config/cfg.py:3253}}
Jun 28 11:53:08.171779 np0000003878 nova-scheduler[96237]: DEBUG cotyledon.oslo_config_glue [-] oslo_messaging_notifications.transport_url = **** {{(pid=96237) log_opt_values /opt/stack/data/venv/lib/python3.12/site-packages/oslo_config/cfg.py:3253}}
Jun 28 11:53:08.172015 np0000003878 nova-scheduler[96237]: DEBUG cotyledon.oslo_config_glue [-] oslo_limit.auth_section = None {{(pid=96237) log_opt_values /opt/stack/data/venv/lib/python3.12/site-packages/oslo_config/cfg.py:3253}}
Jun 28 11:53:08.172015 np0000003878 nova-scheduler[96237]: DEBUG cotyledon.oslo_config_glue [-] oslo_limit.auth_type = None {{(pid=96237) log_opt_values /opt/stack/data/venv/lib/python3.12/site-packages/oslo_config/cfg.py:3253}}
Jun 28 11:53:08.172015 np0000003878 nova-scheduler[96237]: DEBUG cotyledon.oslo_config_glue [-] oslo_limit.cafile = None {{(pid=96237) log_opt_values /opt/stack/data/venv/lib/python3.12/site-packages/oslo_config/cfg.py:3253}}
Jun 28 11:53:08.172015 np0000003878 nova-scheduler[96237]: DEBUG cotyledon.oslo_config_glue [-] oslo_limit.certfile = None {{(pid=96237) log_opt_values /opt/stack/data/venv/lib/python3.12/site-packages/oslo_config/cfg.py:3253}}
Jun 28 11:53:08.172015 np0000003878 nova-scheduler[96237]: DEBUG cotyledon.oslo_config_glue [-] oslo_limit.collect_timing = False {{(pid=96237) log_opt_values /opt/stack/data/venv/lib/python3.12/site-packages/oslo_config/cfg.py:3253}}
Jun 28 11:53:08.172015 np0000003878 nova-scheduler[96237]: DEBUG cotyledon.oslo_config_glue [-] oslo_limit.connect_retries = None {{(pid=96237) log_opt_values /opt/stack/data/venv/lib/python3.12/site-packages/oslo_config/cfg.py:3253}}
Jun 28 11:53:08.172015 np0000003878 nova-scheduler[96237]: DEBUG cotyledon.oslo_config_glue [-] oslo_limit.connect_retry_delay = None {{(pid=96237) log_opt_values /opt/stack/data/venv/lib/python3.12/site-packages/oslo_config/cfg.py:3253}}
Jun 28 11:53:08.172015 np0000003878 nova-scheduler[96237]: DEBUG cotyledon.oslo_config_glue [-] oslo_limit.endpoint_id = None {{(pid=96237) log_opt_values /opt/stack/data/venv/lib/python3.12/site-packages/oslo_config/cfg.py:3253}}
Jun 28 11:53:08.172015 np0000003878 nova-scheduler[96237]: DEBUG cotyledon.oslo_config_glue [-] oslo_limit.endpoint_interface = public {{(pid=96237) log_opt_values /opt/stack/data/venv/lib/python3.12/site-packages/oslo_config/cfg.py:3253}}
Jun 28 11:53:08.172274 np0000003878 nova-scheduler[96237]: DEBUG cotyledon.oslo_config_glue [-] oslo_limit.endpoint_override = None {{(pid=96237) log_opt_values /opt/stack/data/venv/lib/python3.12/site-packages/oslo_config/cfg.py:3253}}
Jun 28 11:53:08.172274 np0000003878 nova-scheduler[96237]: DEBUG cotyledon.oslo_config_glue [-] oslo_limit.endpoint_region_name = None {{(pid=96237) log_opt_values /opt/stack/data/venv/lib/python3.12/site-packages/oslo_config/cfg.py:3253}}
Jun 28 11:53:08.172274 np0000003878 nova-scheduler[96237]: DEBUG cotyledon.oslo_config_glue [-] oslo_limit.endpoint_service_name = None {{(pid=96237) log_opt_values /opt/stack/data/venv/lib/python3.12/site-packages/oslo_config/cfg.py:3253}}
Jun 28 11:53:08.172274 np0000003878 nova-scheduler[96237]: DEBUG cotyledon.oslo_config_glue [-] oslo_limit.endpoint_service_type = None {{(pid=96237) log_opt_values /opt/stack/data/venv/lib/python3.12/site-packages/oslo_config/cfg.py:3253}}
Jun 28 11:53:08.172274 np0000003878 nova-scheduler[96237]: DEBUG cotyledon.oslo_config_glue [-] oslo_limit.insecure = False {{(pid=96237) log_opt_values /opt/stack/data/venv/lib/python3.12/site-packages/oslo_config/cfg.py:3253}}
Jun 28 11:53:08.172274 np0000003878 nova-scheduler[96237]: DEBUG cotyledon.oslo_config_glue [-] oslo_limit.keyfile = None {{(pid=96237) log_opt_values /opt/stack/data/venv/lib/python3.12/site-packages/oslo_config/cfg.py:3253}}
Jun 28 11:53:08.172274 np0000003878 nova-scheduler[96237]: DEBUG cotyledon.oslo_config_glue [-] oslo_limit.max_version = None {{(pid=96237) log_opt_values /opt/stack/data/venv/lib/python3.12/site-packages/oslo_config/cfg.py:3253}}
Jun 28 11:53:08.172274 np0000003878 nova-scheduler[96237]: DEBUG cotyledon.oslo_config_glue [-] oslo_limit.min_version = None {{(pid=96237) log_opt_values /opt/stack/data/venv/lib/python3.12/site-packages/oslo_config/cfg.py:3253}}
Jun 28 11:53:08.172274 np0000003878 nova-scheduler[96237]: DEBUG cotyledon.oslo_config_glue [-] oslo_limit.region_name = None {{(pid=96237) log_opt_values /opt/stack/data/venv/lib/python3.12/site-packages/oslo_config/cfg.py:3253}}
Jun 28 11:53:08.172545 np0000003878 nova-scheduler[96237]: DEBUG cotyledon.oslo_config_glue [-] oslo_limit.retriable_status_codes = None {{(pid=96237) log_opt_values /opt/stack/data/venv/lib/python3.12/site-packages/oslo_config/cfg.py:3253}}
Jun 28 11:53:08.172545 np0000003878 nova-scheduler[96237]: DEBUG cotyledon.oslo_config_glue [-] oslo_limit.service_name = None {{(pid=96237) log_opt_values /opt/stack/data/venv/lib/python3.12/site-packages/oslo_config/cfg.py:3253}}
Jun 28 11:53:08.172545 np0000003878 nova-scheduler[96237]: DEBUG cotyledon.oslo_config_glue [-] oslo_limit.service_type = None {{(pid=96237) log_opt_values /opt/stack/data/venv/lib/python3.12/site-packages/oslo_config/cfg.py:3253}}
Jun 28 11:53:08.172545 np0000003878 nova-scheduler[96237]: DEBUG cotyledon.oslo_config_glue [-] oslo_limit.split_loggers = False {{(pid=96237) log_opt_values /opt/stack/data/venv/lib/python3.12/site-packages/oslo_config/cfg.py:3253}}
Jun 28 11:53:08.172545 np0000003878 nova-scheduler[96237]: DEBUG cotyledon.oslo_config_glue [-] oslo_limit.status_code_retries = None {{(pid=96237) log_opt_values /opt/stack/data/venv/lib/python3.12/site-packages/oslo_config/cfg.py:3253}}
Jun 28 11:53:08.172545 np0000003878 nova-scheduler[96237]: DEBUG cotyledon.oslo_config_glue [-] oslo_limit.status_code_retry_delay = None {{(pid=96237) log_opt_values /opt/stack/data/venv/lib/python3.12/site-packages/oslo_config/cfg.py:3253}}
Jun 28 11:53:08.172545 np0000003878 nova-scheduler[96237]: DEBUG cotyledon.oslo_config_glue [-] oslo_limit.timeout = None {{(pid=96237) log_opt_values /opt/stack/data/venv/lib/python3.12/site-packages/oslo_config/cfg.py:3253}}
Jun 28 11:53:08.172545 np0000003878 nova-scheduler[96237]: DEBUG cotyledon.oslo_config_glue [-] oslo_limit.valid_interfaces = None {{(pid=96237) log_opt_values /opt/stack/data/venv/lib/python3.12/site-packages/oslo_config/cfg.py:3253}}
Jun 28 11:53:08.172545 np0000003878 nova-scheduler[96237]: DEBUG cotyledon.oslo_config_glue [-] oslo_limit.version = None {{(pid=96237) log_opt_values /opt/stack/data/venv/lib/python3.12/site-packages/oslo_config/cfg.py:3253}}
Jun 28 11:53:08.172825 np0000003878 nova-scheduler[96237]: DEBUG cotyledon.oslo_config_glue [-] oslo_reports.file_event_handler = None {{(pid=96237) log_opt_values /opt/stack/data/venv/lib/python3.12/site-packages/oslo_config/cfg.py:3253}}
Jun 28 11:53:08.172825 np0000003878 nova-scheduler[96237]: DEBUG cotyledon.oslo_config_glue [-] oslo_reports.file_event_handler_interval = 1 {{(pid=96237) log_opt_values /opt/stack/data/venv/lib/python3.12/site-packages/oslo_config/cfg.py:3253}}
Jun 28 11:53:08.172825 np0000003878 nova-scheduler[96237]: DEBUG cotyledon.oslo_config_glue [-] oslo_reports.log_dir = None {{(pid=96237) log_opt_values /opt/stack/data/venv/lib/python3.12/site-packages/oslo_config/cfg.py:3253}}
Jun 28 11:53:08.172825 np0000003878 nova-scheduler[96237]: DEBUG cotyledon.oslo_config_glue [-] ******************************************************************************** {{(pid=96237) log_opt_values /opt/stack/data/venv/lib/python3.12/site-packages/oslo_config/cfg.py:3260}}
Jun 28 11:53:08.172825 np0000003878 nova-scheduler[96237]: DEBUG cotyledon._service_worker [-] Run service ServiceWrapper(3) [96237] {{(pid=96237) wait_forever /opt/stack/data/venv/lib/python3.12/site-packages/cotyledon/_service_worker.py:218}}
Jun 28 11:53:08.172825 np0000003878 nova-scheduler[96237]: INFO nova.service [-] Starting scheduler node (version 33.1.0)
Jun 28 11:53:08.172825 np0000003878 nova-scheduler[96237]: INFO dbcounter [None req-d6924358-1718-4183-8541-4426a7393bc4 None None] Registered counter for database nova_cell0
Jun 28 11:53:08.173041 np0000003878 nova-scheduler[96235]: DEBUG oslo_db.sqlalchemy.engines [None req-9035e17f-7ba2-4fec-ac8c-f03f3d6f54e3 None None] MySQL server mode set to STRICT_TRANS_TABLES,STRICT_ALL_TABLES,NO_ZERO_IN_DATE,NO_ZERO_DATE,ERROR_FOR_DIVISION_BY_ZERO,TRADITIONAL,NO_ENGINE_SUBSTITUTION {{(pid=96235) _check_effective_sql_mode /opt/stack/data/venv/lib/python3.12/site-packages/oslo_db/sqlalchemy/engines.py:325}}
Jun 28 11:53:08.173080 np0000003878 nova-scheduler[96233]: DEBUG oslo_db.sqlalchemy.engines [None req-298a0f70-c708-4465-be89-0282333a9fe4 None None] MySQL server mode set to STRICT_TRANS_TABLES,STRICT_ALL_TABLES,NO_ZERO_IN_DATE,NO_ZERO_DATE,ERROR_FOR_DIVISION_BY_ZERO,TRADITIONAL,NO_ENGINE_SUBSTITUTION {{(pid=96233) _check_effective_sql_mode /opt/stack/data/venv/lib/python3.12/site-packages/oslo_db/sqlalchemy/engines.py:325}}
Jun 28 11:53:08.173125 np0000003878 nova-scheduler[96231]: DEBUG oslo_db.sqlalchemy.engines [None req-da0c3847-6633-46bc-9603-d0813f214b8c None None] MySQL server mode set to STRICT_TRANS_TABLES,STRICT_ALL_TABLES,NO_ZERO_IN_DATE,NO_ZERO_DATE,ERROR_FOR_DIVISION_BY_ZERO,TRADITIONAL,NO_ENGINE_SUBSTITUTION {{(pid=96231) _check_effective_sql_mode /opt/stack/data/venv/lib/python3.12/site-packages/oslo_db/sqlalchemy/engines.py:325}}
Jun 28 11:53:08.173166 np0000003878 nova-scheduler[96235]: DEBUG dbcounter [-] [96235] Writer thread running {{(pid=96235) stat_writer /opt/stack/data/venv/lib/python3.12/site-packages/dbcounter.py:102}}
Jun 28 11:53:08.173208 np0000003878 nova-scheduler[96233]: DEBUG dbcounter [-] [96233] Writer thread running {{(pid=96233) stat_writer /opt/stack/data/venv/lib/python3.12/site-packages/dbcounter.py:102}}
Jun 28 11:53:08.173247 np0000003878 nova-scheduler[96237]: DEBUG oslo_db.sqlalchemy.engines [None req-d6924358-1718-4183-8541-4426a7393bc4 None None] MySQL server mode set to STRICT_TRANS_TABLES,STRICT_ALL_TABLES,NO_ZERO_IN_DATE,NO_ZERO_DATE,ERROR_FOR_DIVISION_BY_ZERO,TRADITIONAL,NO_ENGINE_SUBSTITUTION {{(pid=96237) _check_effective_sql_mode /opt/stack/data/venv/lib/python3.12/site-packages/oslo_db/sqlalchemy/engines.py:325}}
Jun 28 11:53:08.173283 np0000003878 nova-scheduler[96231]: DEBUG dbcounter [-] [96231] Writer thread running {{(pid=96231) stat_writer /opt/stack/data/venv/lib/python3.12/site-packages/dbcounter.py:102}}
Jun 28 11:53:08.176746 np0000003878 nova-scheduler[96237]: DEBUG dbcounter [-] [96237] Writer thread running {{(pid=96237) stat_writer /opt/stack/data/venv/lib/python3.12/site-packages/dbcounter.py:102}}
Jun 28 11:53:08.177581 np0000003878 nova-scheduler[96235]: DEBUG nova.service [None req-9035e17f-7ba2-4fec-ac8c-f03f3d6f54e3 None None] Creating RPC server for service: nova-scheduler on topic: scheduler {{(pid=96235) start /opt/stack/nova/nova/service.py:196}}
Jun 28 11:53:08.180358 np0000003878 nova-scheduler[96237]: DEBUG nova.service [None req-d6924358-1718-4183-8541-4426a7393bc4 None None] Creating RPC server for service: nova-scheduler on topic: scheduler {{(pid=96237) start /opt/stack/nova/nova/service.py:196}}
Jun 28 11:53:08.182930 np0000003878 nova-scheduler[96233]: DEBUG nova.service [None req-298a0f70-c708-4465-be89-0282333a9fe4 None None] Creating RPC server for service: nova-scheduler on topic: scheduler {{(pid=96233) start /opt/stack/nova/nova/service.py:196}}
Jun 28 11:53:08.185786 np0000003878 nova-scheduler[96231]: DEBUG nova.service [None req-da0c3847-6633-46bc-9603-d0813f214b8c None None] Creating RPC server for service: nova-scheduler on topic: scheduler {{(pid=96231) start /opt/stack/nova/nova/service.py:196}}
Jun 28 11:53:08.203750 np0000003878 nova-scheduler[96233]: DEBUG nova.service [None req-298a0f70-c708-4465-be89-0282333a9fe4 None None] Join ServiceGroup membership for this service scheduler {{(pid=96233) start /opt/stack/nova/nova/service.py:222}}
Jun 28 11:53:08.203750 np0000003878 nova-scheduler[96233]: DEBUG nova.servicegroup.drivers.db [None req-298a0f70-c708-4465-be89-0282333a9fe4 None None] DB_Driver: join new ServiceGroup member np0000003878 to the scheduler group, service = {{(pid=96233) join /opt/stack/nova/nova/servicegroup/drivers/db.py:44}}
Jun 28 11:53:08.206314 np0000003878 nova-scheduler[96237]: DEBUG nova.service [None req-d6924358-1718-4183-8541-4426a7393bc4 None None] Join ServiceGroup membership for this service scheduler {{(pid=96237) start /opt/stack/nova/nova/service.py:222}}
Jun 28 11:53:08.206488 np0000003878 nova-scheduler[96237]: DEBUG nova.servicegroup.drivers.db [None req-d6924358-1718-4183-8541-4426a7393bc4 None None] DB_Driver: join new ServiceGroup member np0000003878 to the scheduler group, service = {{(pid=96237) join /opt/stack/nova/nova/servicegroup/drivers/db.py:44}}
Jun 28 11:53:08.207889 np0000003878 nova-scheduler[96231]: DEBUG nova.service [None req-da0c3847-6633-46bc-9603-d0813f214b8c None None] Join ServiceGroup membership for this service scheduler {{(pid=96231) start /opt/stack/nova/nova/service.py:222}}
Jun 28 11:53:08.208111 np0000003878 nova-scheduler[96231]: DEBUG nova.servicegroup.drivers.db [None req-da0c3847-6633-46bc-9603-d0813f214b8c None None] DB_Driver: join new ServiceGroup member np0000003878 to the scheduler group, service = {{(pid=96231) join /opt/stack/nova/nova/servicegroup/drivers/db.py:44}}
Jun 28 11:53:08.212865 np0000003878 nova-scheduler[96235]: DEBUG nova.service [None req-9035e17f-7ba2-4fec-ac8c-f03f3d6f54e3 None None] Join ServiceGroup membership for this service scheduler {{(pid=96235) start /opt/stack/nova/nova/service.py:222}}
Jun 28 11:53:08.213069 np0000003878 nova-scheduler[96235]: DEBUG nova.servicegroup.drivers.db [None req-9035e17f-7ba2-4fec-ac8c-f03f3d6f54e3 None None] DB_Driver: join new ServiceGroup member np0000003878 to the scheduler group, service = {{(pid=96235) join /opt/stack/nova/nova/servicegroup/drivers/db.py:44}}
Jun 28 11:53:13.206732 np0000003878 nova-scheduler[96233]: DEBUG oslo.service.backend._threading.loopingcall [None req-3023e236-3ebb-4b46-93c9-08a87beb7e6b None None] Dynamic interval looping call 'nova.service.Service.periodic_tasks' sleeping for 60.00 seconds {{(pid=96233) _run_loop /opt/stack/data/venv/lib/python3.12/site-packages/oslo_service/backend/_threading/loopingcall.py:125}}
Jun 28 11:53:13.215769 np0000003878 nova-scheduler[96235]: DEBUG oslo.service.backend._threading.loopingcall [None req-892c7a41-38fa-4719-a84c-a3e0cfa21319 None None] Dynamic interval looping call 'nova.service.Service.periodic_tasks' sleeping for 60.00 seconds {{(pid=96235) _run_loop /opt/stack/data/venv/lib/python3.12/site-packages/oslo_service/backend/_threading/loopingcall.py:125}}
Jun 28 11:53:13.218352 np0000003878 nova-scheduler[96233]: DEBUG oslo.service.backend._threading.loopingcall [-] Fixed interval looping call 'nova.servicegroup.drivers.db.DbDriver._report_state' sleeping for 119.99 seconds {{(pid=96233) _run_loop /opt/stack/data/venv/lib/python3.12/site-packages/oslo_service/backend/_threading/loopingcall.py:125}}
Jun 28 11:53:13.219893 np0000003878 nova-scheduler[96231]: DEBUG oslo.service.backend._threading.loopingcall [-] Fixed interval looping call 'nova.servicegroup.drivers.db.DbDriver._report_state' sleeping for 119.99 seconds {{(pid=96231) _run_loop /opt/stack/data/venv/lib/python3.12/site-packages/oslo_service/backend/_threading/loopingcall.py:125}}
Jun 28 11:53:13.220473 np0000003878 nova-scheduler[96237]: DEBUG oslo.service.backend._threading.loopingcall [-] Fixed interval looping call 'nova.servicegroup.drivers.db.DbDriver._report_state' sleeping for 119.99 seconds {{(pid=96237) _run_loop /opt/stack/data/venv/lib/python3.12/site-packages/oslo_service/backend/_threading/loopingcall.py:125}}
Jun 28 11:53:13.221392 np0000003878 nova-scheduler[96235]: DEBUG oslo.service.backend._threading.loopingcall [-] Fixed interval looping call 'nova.servicegroup.drivers.db.DbDriver._report_state' sleeping for 119.99 seconds {{(pid=96235) _run_loop /opt/stack/data/venv/lib/python3.12/site-packages/oslo_service/backend/_threading/loopingcall.py:125}}
Jun 28 11:53:16.748286 np0000003878 nova-scheduler[94978]: DEBUG dbcounter [-] [94978] Writing DB stats nova_api:SELECT=3 {{(pid=94978) stat_writer /opt/stack/data/venv/lib/python3.12/site-packages/dbcounter.py:115}}
Jun 28 11:53:16.883852 np0000003878 nova-scheduler[94978]: DEBUG dbcounter [-] [94978] Writing DB stats nova_cell0:SELECT=1 {{(pid=94978) stat_writer /opt/stack/data/venv/lib/python3.12/site-packages/dbcounter.py:115}}
Jun 28 11:53:16.888901 np0000003878 nova-scheduler[94978]: DEBUG dbcounter [-] [94978] Writing DB stats nova_cell1:SELECT=1 {{(pid=94978) stat_writer /opt/stack/data/venv/lib/python3.12/site-packages/dbcounter.py:115}}
Jun 28 11:53:23.213853 np0000003878 nova-scheduler[96233]: DEBUG dbcounter [-] [96233] Writing DB stats nova_cell0:SELECT=5,nova_cell0:INSERT=1,nova_cell0:UPDATE=1 {{(pid=96233) stat_writer /opt/stack/data/venv/lib/python3.12/site-packages/dbcounter.py:115}}
Jun 28 11:53:23.217390 np0000003878 nova-scheduler[96231]: DEBUG dbcounter [-] [96231] Writing DB stats nova_cell0:SELECT=5,nova_cell0:INSERT=1,nova_cell0:UPDATE=1 {{(pid=96231) stat_writer /opt/stack/data/venv/lib/python3.12/site-packages/dbcounter.py:115}}
Jun 28 11:53:23.221740 np0000003878 nova-scheduler[96237]: DEBUG dbcounter [-] [96237] Writing DB stats nova_cell0:SELECT=3,nova_cell0:UPDATE=1 {{(pid=96237) stat_writer /opt/stack/data/venv/lib/python3.12/site-packages/dbcounter.py:115}}
Jun 28 11:53:23.222041 np0000003878 nova-scheduler[96235]: DEBUG dbcounter [-] [96235] Writing DB stats nova_cell0:SELECT=4,nova_cell0:INSERT=1 {{(pid=96235) stat_writer /opt/stack/data/venv/lib/python3.12/site-packages/dbcounter.py:115}}
Jun 28 11:53:47.210311 np0000003878 nova-scheduler[96231]: DEBUG oslo.service.backend._threading.loopingcall [None req-5cf6917e-7583-4022-9c15-73fb320fcb17 None None] Dynamic interval looping call 'nova.service.Service.periodic_tasks' sleeping for 60.00 seconds {{(pid=96231) _run_loop /opt/stack/data/venv/lib/python3.12/site-packages/oslo_service/backend/_threading/loopingcall.py:125}}
Jun 28 11:53:58.208360 np0000003878 nova-scheduler[96237]: DEBUG oslo.service.backend._threading.loopingcall [None req-761c695d-2256-47b3-9476-25c164fc1b24 None None] Dynamic interval looping call 'nova.service.Service.periodic_tasks' sleeping for 60.00 seconds {{(pid=96237) _run_loop /opt/stack/data/venv/lib/python3.12/site-packages/oslo_service/backend/_threading/loopingcall.py:125}}
Jun 28 11:54:13.207183 np0000003878 nova-scheduler[96233]: DEBUG oslo.service.backend._threading.loopingcall [None req-3023e236-3ebb-4b46-93c9-08a87beb7e6b None None] Dynamic interval looping call 'nova.service.Service.periodic_tasks' sleeping for 60.00 seconds {{(pid=96233) _run_loop /opt/stack/data/venv/lib/python3.12/site-packages/oslo_service/backend/_threading/loopingcall.py:125}}
Jun 28 11:54:13.216318 np0000003878 nova-scheduler[96235]: DEBUG oslo.service.backend._threading.loopingcall [None req-892c7a41-38fa-4719-a84c-a3e0cfa21319 None None] Dynamic interval looping call 'nova.service.Service.periodic_tasks' sleeping for 60.00 seconds {{(pid=96235) _run_loop /opt/stack/data/venv/lib/python3.12/site-packages/oslo_service/backend/_threading/loopingcall.py:125}}
Jun 28 11:54:47.210790 np0000003878 nova-scheduler[96231]: DEBUG oslo.service.backend._threading.loopingcall [None req-5cf6917e-7583-4022-9c15-73fb320fcb17 None None] Dynamic interval looping call 'nova.service.Service.periodic_tasks' sleeping for 60.00 seconds {{(pid=96231) _run_loop /opt/stack/data/venv/lib/python3.12/site-packages/oslo_service/backend/_threading/loopingcall.py:125}}
Jun 28 11:54:58.208913 np0000003878 nova-scheduler[96237]: DEBUG oslo.service.backend._threading.loopingcall [None req-761c695d-2256-47b3-9476-25c164fc1b24 None None] Dynamic interval looping call 'nova.service.Service.periodic_tasks' sleeping for 60.00 seconds {{(pid=96237) _run_loop /opt/stack/data/venv/lib/python3.12/site-packages/oslo_service/backend/_threading/loopingcall.py:125}}
Jun 28 11:55:13.207699 np0000003878 nova-scheduler[96233]: DEBUG oslo.service.backend._threading.loopingcall [None req-3023e236-3ebb-4b46-93c9-08a87beb7e6b None None] Dynamic interval looping call 'nova.service.Service.periodic_tasks' sleeping for 60.00 seconds {{(pid=96233) _run_loop /opt/stack/data/venv/lib/python3.12/site-packages/oslo_service/backend/_threading/loopingcall.py:125}}
Jun 28 11:55:13.216832 np0000003878 nova-scheduler[96235]: DEBUG oslo.service.backend._threading.loopingcall [None req-892c7a41-38fa-4719-a84c-a3e0cfa21319 None None] Dynamic interval looping call 'nova.service.Service.periodic_tasks' sleeping for 60.00 seconds {{(pid=96235) _run_loop /opt/stack/data/venv/lib/python3.12/site-packages/oslo_service/backend/_threading/loopingcall.py:125}}
Jun 28 11:55:13.219253 np0000003878 nova-scheduler[96233]: DEBUG oslo.service.backend._threading.loopingcall [-] Fixed interval looping call 'nova.servicegroup.drivers.db.DbDriver._report_state' sleeping for 119.99 seconds {{(pid=96233) _run_loop /opt/stack/data/venv/lib/python3.12/site-packages/oslo_service/backend/_threading/loopingcall.py:125}}
Jun 28 11:55:13.219632 np0000003878 nova-scheduler[96231]: DEBUG oslo.service.backend._threading.loopingcall [-] Fixed interval looping call 'nova.servicegroup.drivers.db.DbDriver._report_state' sleeping for 119.99 seconds {{(pid=96231) _run_loop /opt/stack/data/venv/lib/python3.12/site-packages/oslo_service/backend/_threading/loopingcall.py:125}}
Jun 28 11:55:13.220375 np0000003878 nova-scheduler[96237]: DEBUG oslo.service.backend._threading.loopingcall [-] Fixed interval looping call 'nova.servicegroup.drivers.db.DbDriver._report_state' sleeping for 119.99 seconds {{(pid=96237) _run_loop /opt/stack/data/venv/lib/python3.12/site-packages/oslo_service/backend/_threading/loopingcall.py:125}}
Jun 28 11:55:13.220907 np0000003878 nova-scheduler[96235]: DEBUG oslo.service.backend._threading.loopingcall [-] Fixed interval looping call 'nova.servicegroup.drivers.db.DbDriver._report_state' sleeping for 119.99 seconds {{(pid=96235) _run_loop /opt/stack/data/venv/lib/python3.12/site-packages/oslo_service/backend/_threading/loopingcall.py:125}}
Jun 28 11:55:23.212198 np0000003878 nova-scheduler[96233]: DEBUG dbcounter [-] [96233] Writing DB stats nova_cell0:SELECT=1,nova_cell0:UPDATE=1 {{(pid=96233) stat_writer /opt/stack/data/venv/lib/python3.12/site-packages/dbcounter.py:115}}
Jun 28 11:55:23.213410 np0000003878 nova-scheduler[96231]: DEBUG dbcounter [-] [96231] Writing DB stats nova_cell0:SELECT=1,nova_cell0:UPDATE=1 {{(pid=96231) stat_writer /opt/stack/data/venv/lib/python3.12/site-packages/dbcounter.py:115}}
Jun 28 11:55:23.214054 np0000003878 nova-scheduler[96237]: DEBUG dbcounter [-] [96237] Writing DB stats nova_cell0:SELECT=1,nova_cell0:UPDATE=1 {{(pid=96237) stat_writer /opt/stack/data/venv/lib/python3.12/site-packages/dbcounter.py:115}}
Jun 28 11:55:23.216461 np0000003878 nova-scheduler[96235]: DEBUG dbcounter [-] [96235] Writing DB stats nova_cell0:SELECT=1,nova_cell0:UPDATE=1 {{(pid=96235) stat_writer /opt/stack/data/venv/lib/python3.12/site-packages/dbcounter.py:115}}
Jun 28 11:55:44.459788 np0000003878 nova-scheduler[96233]: DEBUG nova.scheduler.manager [None req-e0867c89-5f22-42a7-9779-bf7211d7a857 tempest-ServerBootFromVolumeStableRescueTest-1976184484 tempest-ServerBootFromVolumeStableRescueTest-1976184484-project-member] Starting to schedule for instances: ['28859669-4bad-4af0-88ea-68d4aee11cf3'] {{(pid=96233) select_destinations /opt/stack/nova/nova/scheduler/manager.py:209}}
Jun 28 11:55:44.459788 np0000003878 nova-scheduler[96233]: DEBUG nova.scheduler.request_filter [None req-e0867c89-5f22-42a7-9779-bf7211d7a857 tempest-ServerBootFromVolumeStableRescueTest-1976184484 tempest-ServerBootFromVolumeStableRescueTest-1976184484-project-member] compute_status_filter request filter added forbidden trait COMPUTE_STATUS_DISABLED {{(pid=96233) compute_status_filter /opt/stack/nova/nova/scheduler/request_filter.py:253}}
Jun 28 11:55:44.460413 np0000003878 nova-scheduler[96233]: DEBUG nova.scheduler.request_filter [None req-e0867c89-5f22-42a7-9779-bf7211d7a857 tempest-ServerBootFromVolumeStableRescueTest-1976184484 tempest-ServerBootFromVolumeStableRescueTest-1976184484-project-member] Request filter 'compute_status_filter' took 0.0 seconds {{(pid=96233) wrapper /opt/stack/nova/nova/scheduler/request_filter.py:46}}
Jun 28 11:55:44.460413 np0000003878 nova-scheduler[96233]: DEBUG nova.scheduler.request_filter [None req-e0867c89-5f22-42a7-9779-bf7211d7a857 tempest-ServerBootFromVolumeStableRescueTest-1976184484 tempest-ServerBootFromVolumeStableRescueTest-1976184484-project-member] Request filter 'accelerators_filter' took 0.0 seconds {{(pid=96233) wrapper /opt/stack/nova/nova/scheduler/request_filter.py:46}}
Jun 28 11:55:44.460413 np0000003878 nova-scheduler[96233]: DEBUG nova.scheduler.request_filter [None req-e0867c89-5f22-42a7-9779-bf7211d7a857 tempest-ServerBootFromVolumeStableRescueTest-1976184484 tempest-ServerBootFromVolumeStableRescueTest-1976184484-project-member] Request filter 'packed_virtqueue_filter' took 0.0 seconds {{(pid=96233) wrapper /opt/stack/nova/nova/scheduler/request_filter.py:46}}
Jun 28 11:55:44.460951 np0000003878 nova-scheduler[96233]: DEBUG nova.scheduler.request_filter [None req-e0867c89-5f22-42a7-9779-bf7211d7a857 tempest-ServerBootFromVolumeStableRescueTest-1976184484 tempest-ServerBootFromVolumeStableRescueTest-1976184484-project-member] Request filter 'remote_managed_ports_filter' took 0.0 seconds {{(pid=96233) wrapper /opt/stack/nova/nova/scheduler/request_filter.py:46}}
Jun 28 11:55:44.460951 np0000003878 nova-scheduler[96233]: DEBUG nova.scheduler.request_filter [None req-e0867c89-5f22-42a7-9779-bf7211d7a857 tempest-ServerBootFromVolumeStableRescueTest-1976184484 tempest-ServerBootFromVolumeStableRescueTest-1976184484-project-member] ephemeral_encryption_filter skipped {{(pid=96233) ephemeral_encryption_filter /opt/stack/nova/nova/scheduler/request_filter.py:426}}
Jun 28 11:55:44.461165 np0000003878 nova-scheduler[96233]: DEBUG nova.scheduler.request_filter [None req-e0867c89-5f22-42a7-9779-bf7211d7a857 tempest-ServerBootFromVolumeStableRescueTest-1976184484 tempest-ServerBootFromVolumeStableRescueTest-1976184484-project-member] virtio_sound_filter skipped {{(pid=96233) virtio_sound_filter /opt/stack/nova/nova/scheduler/request_filter.py:460}}
Jun 28 11:55:44.461383 np0000003878 nova-scheduler[96233]: DEBUG nova.scheduler.request_filter [None req-e0867c89-5f22-42a7-9779-bf7211d7a857 tempest-ServerBootFromVolumeStableRescueTest-1976184484 tempest-ServerBootFromVolumeStableRescueTest-1976184484-project-member] tpm_secret_security_filter skipped {{(pid=96233) tpm_secret_security_filter /opt/stack/nova/nova/scheduler/request_filter.py:477}}
Jun 28 11:55:45.148343 np0000003878 nova-scheduler[96233]: INFO nova.utils [None req-e0867c89-5f22-42a7-9779-bf7211d7a857 tempest-ServerBootFromVolumeStableRescueTest-1976184484 tempest-ServerBootFromVolumeStableRescueTest-1976184484-project-member] The cell worker thread pool ForkProcess-2.cell_worker is initialized
Jun 28 11:55:45.148894 np0000003878 nova-scheduler[96233]: DEBUG oslo_concurrency.lockutils [None req-e0867c89-5f22-42a7-9779-bf7211d7a857 tempest-ServerBootFromVolumeStableRescueTest-1976184484 tempest-ServerBootFromVolumeStableRescueTest-1976184484-project-member] Acquiring lock "1982a284-3618-4537-ac88-903f33b8e4b0" by "nova.context.set_target_cell..get_or_set_cached_cell_and_set_connections" {{(pid=96233) inner /opt/stack/data/venv/lib/python3.12/site-packages/oslo_concurrency/lockutils.py:511}}
Jun 28 11:55:45.149185 np0000003878 nova-scheduler[96233]: DEBUG oslo_concurrency.lockutils [None req-e0867c89-5f22-42a7-9779-bf7211d7a857 tempest-ServerBootFromVolumeStableRescueTest-1976184484 tempest-ServerBootFromVolumeStableRescueTest-1976184484-project-member] Lock "1982a284-3618-4537-ac88-903f33b8e4b0" acquired by "nova.context.set_target_cell..get_or_set_cached_cell_and_set_connections" :: waited 0.000s {{(pid=96233) inner /opt/stack/data/venv/lib/python3.12/site-packages/oslo_concurrency/lockutils.py:524}}
Jun 28 11:55:45.151322 np0000003878 nova-scheduler[96233]: DEBUG oslo_concurrency.lockutils [None req-e0867c89-5f22-42a7-9779-bf7211d7a857 tempest-ServerBootFromVolumeStableRescueTest-1976184484 tempest-ServerBootFromVolumeStableRescueTest-1976184484-project-member] Lock "1982a284-3618-4537-ac88-903f33b8e4b0" "released" by "nova.context.set_target_cell..get_or_set_cached_cell_and_set_connections" :: held 0.002s {{(pid=96233) inner /opt/stack/data/venv/lib/python3.12/site-packages/oslo_concurrency/lockutils.py:543}}
Jun 28 11:55:45.153302 np0000003878 nova-scheduler[96233]: INFO dbcounter [None req-e0867c89-5f22-42a7-9779-bf7211d7a857 tempest-ServerBootFromVolumeStableRescueTest-1976184484 tempest-ServerBootFromVolumeStableRescueTest-1976184484-project-member] Registered counter for database nova_cell1
Jun 28 11:55:45.199859 np0000003878 nova-scheduler[96233]: DEBUG oslo_db.sqlalchemy.engines [None req-e0867c89-5f22-42a7-9779-bf7211d7a857 tempest-ServerBootFromVolumeStableRescueTest-1976184484 tempest-ServerBootFromVolumeStableRescueTest-1976184484-project-member] MySQL server mode set to STRICT_TRANS_TABLES,STRICT_ALL_TABLES,NO_ZERO_IN_DATE,NO_ZERO_DATE,ERROR_FOR_DIVISION_BY_ZERO,TRADITIONAL,NO_ENGINE_SUBSTITUTION {{(pid=96233) _check_effective_sql_mode /opt/stack/data/venv/lib/python3.12/site-packages/oslo_db/sqlalchemy/engines.py:325}}
Jun 28 11:55:45.207995 np0000003878 nova-scheduler[96233]: DEBUG dbcounter [-] [96233] Writer thread running {{(pid=96233) stat_writer /opt/stack/data/venv/lib/python3.12/site-packages/dbcounter.py:102}}
Jun 28 11:55:45.222744 np0000003878 nova-scheduler[96233]: DEBUG oslo_db.sqlalchemy.engines [None req-e0867c89-5f22-42a7-9779-bf7211d7a857 tempest-ServerBootFromVolumeStableRescueTest-1976184484 tempest-ServerBootFromVolumeStableRescueTest-1976184484-project-member] Parent process 94978 forked (96233) with an open database connection, which is being discarded and recreated. {{(pid=96233) checkout /opt/stack/data/venv/lib/python3.12/site-packages/oslo_db/sqlalchemy/engines.py:402}}
Jun 28 11:55:45.284050 np0000003878 nova-scheduler[96233]: DEBUG dbcounter [-] [96233] Writer thread running {{(pid=96233) stat_writer /opt/stack/data/venv/lib/python3.12/site-packages/dbcounter.py:102}}
Jun 28 11:55:45.289454 np0000003878 nova-scheduler[96233]: DEBUG oslo_concurrency.lockutils [None req-e0867c89-5f22-42a7-9779-bf7211d7a857 tempest-ServerBootFromVolumeStableRescueTest-1976184484 tempest-ServerBootFromVolumeStableRescueTest-1976184484-project-member] Acquiring lock "1982a284-3618-4537-ac88-903f33b8e4b0" by "nova.context.set_target_cell..get_or_set_cached_cell_and_set_connections" {{(pid=96233) inner /opt/stack/data/venv/lib/python3.12/site-packages/oslo_concurrency/lockutils.py:511}}
Jun 28 11:55:45.289703 np0000003878 nova-scheduler[96233]: DEBUG oslo_concurrency.lockutils [None req-e0867c89-5f22-42a7-9779-bf7211d7a857 tempest-ServerBootFromVolumeStableRescueTest-1976184484 tempest-ServerBootFromVolumeStableRescueTest-1976184484-project-member] Lock "1982a284-3618-4537-ac88-903f33b8e4b0" acquired by "nova.context.set_target_cell..get_or_set_cached_cell_and_set_connections" :: waited 0.000s {{(pid=96233) inner /opt/stack/data/venv/lib/python3.12/site-packages/oslo_concurrency/lockutils.py:524}}
Jun 28 11:55:45.290128 np0000003878 nova-scheduler[96233]: DEBUG oslo_concurrency.lockutils [None req-e0867c89-5f22-42a7-9779-bf7211d7a857 tempest-ServerBootFromVolumeStableRescueTest-1976184484 tempest-ServerBootFromVolumeStableRescueTest-1976184484-project-member] Lock "1982a284-3618-4537-ac88-903f33b8e4b0" "released" by "nova.context.set_target_cell..get_or_set_cached_cell_and_set_connections" :: held 0.000s {{(pid=96233) inner /opt/stack/data/venv/lib/python3.12/site-packages/oslo_concurrency/lockutils.py:543}}
Jun 28 11:55:45.294532 np0000003878 nova-scheduler[96233]: DEBUG oslo_concurrency.lockutils [None req-e0867c89-5f22-42a7-9779-bf7211d7a857 tempest-ServerBootFromVolumeStableRescueTest-1976184484 tempest-ServerBootFromVolumeStableRescueTest-1976184484-project-member] Acquiring lock "np0000003878-np0000003878" by "nova.scheduler.host_manager.HostState.update.._locked_update" {{(pid=96233) inner /opt/stack/data/venv/lib/python3.12/site-packages/oslo_concurrency/lockutils.py:511}}
Jun 28 11:55:45.294734 np0000003878 nova-scheduler[96233]: DEBUG oslo_concurrency.lockutils [None req-e0867c89-5f22-42a7-9779-bf7211d7a857 tempest-ServerBootFromVolumeStableRescueTest-1976184484 tempest-ServerBootFromVolumeStableRescueTest-1976184484-project-member] Lock "np0000003878-np0000003878" acquired by "nova.scheduler.host_manager.HostState.update.._locked_update" :: waited 0.000s {{(pid=96233) inner /opt/stack/data/venv/lib/python3.12/site-packages/oslo_concurrency/lockutils.py:524}}
Jun 28 11:55:45.295936 np0000003878 nova-scheduler[96233]: DEBUG nova.scheduler.host_manager [None req-e0867c89-5f22-42a7-9779-bf7211d7a857 tempest-ServerBootFromVolumeStableRescueTest-1976184484 tempest-ServerBootFromVolumeStableRescueTest-1976184484-project-member] Update host state from compute node: ComputeNode(cpu_allocation_ratio=4.0,cpu_info='{"arch": "x86_64", "model": "EPYC-Milan", "vendor": "AMD", "topology": {"cells": 1, "sockets": 16, "cores": 1, "threads": 1}, "maxphysaddr": {"mode": "emulate", "bits": 40}, "features": ["mds-no", "erms", "fpu", "pfthreshold", "3dnowprefetch", "rdpid", "avx2", "bmi1", "xgetbv1", "pcid", "sse4.1", "xsaveerptr", "lm", "arch-capabilities", "sha-ni", "flushbyasid", "fsrm", "adx", "cmp_legacy", "tsc", "misalignsse", "cx8", "pni", "clflushopt", "movbe", "tsc_adjust", "umip", "hypervisor", "mtrr", "rdseed", "rdctl-no", "stibp-always-on", "popcnt", "pschange-mc-no", "fsgsbase", "cmov", "syscall", "tsc-scale", "vpclmulqdq", "amd-psfd", "invpcid", "abm", "smep", "pse", "skip-l1dfl-vmentry", "sse4.2", "stibp", "cx16", "x2apic", "xsaves", "svm", "msr", "spec-ctrl", "avx", "ibpb", "wbnoinvd", "pause-filter", "lfence-always-serializing", "sse", "pdpe1gb", "clwb", "svme-addr-chk", "vme", "v-vmsave-vmload", "vgif", "sse4a", "perfctr_core", "mmx", "vaes", "xsaveopt", "rdrand", "virt-ssbd", "sep", "topoext", "pge", "vmcb-clean", "fxsr_opt", "fxsr", "clzero", "de", "nx", "f16c", "apic", "osvw", "pse36", "tsc-deadline", "ssse3", "gds-no", "sse2", "bmi2", "cr8legacy", "mce", "lbrv", "null-sel-clr-base", "xsave", "mmxext", "mca", "pku", "amd-stibp", "arat", "pat", "no-nested-data-bp", "xsavec", "clflush", "ssbd", "lahf_lm", "pae", "smap", "nrip-save", "aes", "amd-ssbd", "ibrs", "pclmuldq", "fma", "rdtscp", "npt"]}',created_at=2026-06-28T11:53:33Z,current_workload=0,deleted=False,deleted_at=None,disk_allocation_ratio=1.0,disk_available_least=74,free_disk_gb=95,free_ram_mb=63789,host='np0000003878',host_ip=10.4.3.200,hypervisor_hostname='np0000003878',hypervisor_type='QEMU',hypervisor_version=8002002,id=1,local_gb=95,local_gb_used=0,mapped=1,memory_mb=64301,memory_mb_used=512,metrics='[]',numa_topology='{"nova_object.name": "NUMATopology", "nova_object.namespace": "nova", "nova_object.version": "1.2", "nova_object.data": {"cells": [{"nova_object.name": "NUMACell", "nova_object.namespace": "nova", "nova_object.version": "1.5", "nova_object.data": {"id": 0, "cpuset": [0, 1, 2, 3, 4, 5, 6, 7, 8, 9, 10, 11, 12, 13, 14, 15], "pcpuset": [0, 1, 2, 3, 4, 5, 6, 7, 8, 9, 10, 11, 12, 13, 14, 15], "memory": 64301, "cpu_usage": 0, "memory_usage": 0, "pinned_cpus": [], "siblings": [[6], [12], [2], [15], [5], [11], [8], [14], [4], [1], [7], [10], [0], [13], [3], [9]], "mempages": [{"nova_object.name": "NUMAPagesTopology", "nova_object.namespace": "nova", "nova_object.version": "1.1", "nova_object.data": {"size_kb": 4, "total": 16461068, "used": 0, "reserved": 0}, "nova_object.changes": ["reserved", "size_kb", "total", "used"]}, {"nova_object.name": "NUMAPagesTopology", "nova_object.namespace": "nova", "nova_object.version": "1.1", "nova_object.data": {"size_kb": 2048, "total": 0, "used": 0, "reserved": 0}, "nova_object.changes": ["reserved", "size_kb", "total", "used"]}, {"nova_object.name": "NUMAPagesTopology", "nova_object.namespace": "nova", "nova_object.version": "1.1", "nova_object.data": {"size_kb": 1048576, "total": 0, "used": 0, "reserved": 0}, "nova_object.changes": ["reserved", "size_kb", "total", "used"]}], "network_metadata": {"nova_object.name": "NetworkMetadata", "nova_object.namespace": "nova", "nova_object.version": "1.0", "nova_object.data": {"physnets": [], "tunneled": false}, "nova_object.changes": ["physnets", "tunneled"]}, "socket": null}, "nova_object.changes": ["cpuset", "siblings", "pcpuset", "memory", "cpu_usage", "mempages", "memory_usage", "network_metadata", "pinned_cpus", "socket", "id"]}]}, "nova_object.changes": ["cells"]}',pci_device_pools=PciDevicePoolList,ram_allocation_ratio=1.0,running_vms=0,service_id=3,stats={failed_builds='0',uptime=' 11:55:19 up 25 min, 2 users, load average: 1.26, 1.46, 0.85
Jun 28 11:55:45.295936 np0000003878 nova-scheduler[96233]: '},supported_hv_specs=[HVSpec,HVSpec,HVSpec,HVSpec,HVSpec,HVSpec,HVSpec,HVSpec,HVSpec,HVSpec,HVSpec,HVSpec,HVSpec,HVSpec,HVSpec,HVSpec,HVSpec,HVSpec,HVSpec,HVSpec,HVSpec,HVSpec,HVSpec,HVSpec,HVSpec],updated_at=2026-06-28T11:55:21Z,uuid=574e84ef-2e50-4619-893a-ad35a7a82930,vcpus=16,vcpus_used=0) {{(pid=96233) _locked_update /opt/stack/nova/nova/scheduler/host_manager.py:168}}
