Jun 28 11:53:07.791210 np0000003878 devstack@neutron-api.service[90387]: DEBUG ovsdbapp.backend.ovs_idl.transaction [None req-84e836d3-9736-4397-a5df-cdf086e67e07 None None] Transaction caused no change {{(pid=90387) do_commit /opt/stack/data/venv/lib/python3.12/site-packages/ovsdbapp/backend/ovs_idl/transaction.py:129}}
Jun 28 11:53:07.794502 np0000003878 devstack@neutron-api.service[90388]: DEBUG ovsdbapp.backend.ovs_idl.transaction [None req-7938511a-8a38-492d-ad5e-b8eba28e894f None None] Running txn n=1 command(idx=0): CheckRevisionNumberCommand(_result=None, name=lrp-0d6a6ff2-b8a2-4a74-8a1b-586a840701e7, resource={'id': '0d6a6ff2-b8a2-4a74-8a1b-586a840701e7', 'name': '', 'network_id': 'aab3777a-538c-4bea-a6c2-6c24d3474fbf', 'project_id': 'f3a69b9f774243b28f4ba48599aeab84', 'mac_address': 'fa:16:3e:7b:55:95', 'admin_state_up': True, 'status': 'ACTIVE', 'device_id': '8aae2c7c-f45a-4bcb-a54a-f98e571878a5', 'device_owner': 'network:router_interface', 'standard_attr_id': 24, 'fixed_ips': [{'subnet_id': '92c00b69-4f60-4d27-8dd3-b46242940884', 'ip_address': 'fdad:171a:f41e::1'}], 'allowed_address_pairs': [], 'extra_dhcp_opts': [], 'security_groups': [], 'description': '', 'binding:vnic_type': 'normal', 'binding:profile': {}, 'binding:host_id': '', 'binding:vif_type': 'unbound', 'binding:vif_details': {}, 'port_security_enabled': False, 'tags': [], 'created_at': '2026-06-28T11:52:59Z', 'updated_at': '2026-06-28T11:53:02Z', 'revision_number': 4, 'tenant_id': 'f3a69b9f774243b28f4ba48599aeab84'}, resource_type=router_ports, if_exists=True) {{(pid=90388) do_commit /opt/stack/data/venv/lib/python3.12/site-packages/ovsdbapp/backend/ovs_idl/transaction.py:89}}
Jun 28 11:53:07.794984 np0000003878 devstack@neutron-api.service[90388]: DEBUG ovsdbapp.backend.ovs_idl.transaction [None req-7938511a-8a38-492d-ad5e-b8eba28e894f None None] Running txn n=1 command(idx=1): UpdateLRouterPortCommand(_result=None, name=lrp-0d6a6ff2-b8a2-4a74-8a1b-586a840701e7, columns={'external_ids': {'neutron:revision_number': '4', 'neutron:subnet_ids': '92c00b69-4f60-4d27-8dd3-b46242940884', 'neutron:network_name': 'neutron-aab3777a-538c-4bea-a6c2-6c24d3474fbf', 'neutron:is_ext_gw': 'False', 'neutron:router_name': 'neutron-8aae2c7c-f45a-4bcb-a54a-f98e571878a5'}, 'options': {}, 'networks': ['fdad:171a:f41e::1/64'], 'ipv6_ra_configs': {'address_mode': 'slaac', 'send_periodic': 'true', 'mtu': '1372'}}, if_exists=False) {{(pid=90388) do_commit /opt/stack/data/venv/lib/python3.12/site-packages/ovsdbapp/backend/ovs_idl/transaction.py:89}}
Jun 28 11:53:07.795493 np0000003878 devstack@neutron-api.service[90388]: DEBUG ovsdbapp.backend.ovs_idl.transaction [None req-7938511a-8a38-492d-ad5e-b8eba28e894f None None] Running txn n=1 command(idx=2): SetLRouterPortInLSwitchPortCommand(_result=None, lswitch_port=0d6a6ff2-b8a2-4a74-8a1b-586a840701e7, lrouter_port=lrp-0d6a6ff2-b8a2-4a74-8a1b-586a840701e7, is_gw_port=False, if_exists=True, lsp_address=router) {{(pid=90388) do_commit /opt/stack/data/venv/lib/python3.12/site-packages/ovsdbapp/backend/ovs_idl/transaction.py:89}}
Jun 28 11:53:07.796100 np0000003878 devstack@neutron-api.service[90388]: DEBUG ovsdbapp.backend.ovs_idl.transaction [None req-7938511a-8a38-492d-ad5e-b8eba28e894f None None] Transaction caused no change {{(pid=90388) do_commit /opt/stack/data/venv/lib/python3.12/site-packages/ovsdbapp/backend/ovs_idl/transaction.py:129}}
Jun 28 11:53:07.882485 np0000003878 devstack@neutron-api.service[90387]: DEBUG ovsdbapp.backend.ovs_idl.transaction [None req-84e836d3-9736-4397-a5df-cdf086e67e07 None None] Running txn n=1 command(idx=0): CheckRevisionNumberCommand(_result=None, name=lrp-0d6a6ff2-b8a2-4a74-8a1b-586a840701e7, resource={'id': '0d6a6ff2-b8a2-4a74-8a1b-586a840701e7', 'name': '', 'network_id': 'aab3777a-538c-4bea-a6c2-6c24d3474fbf', 'project_id': 'f3a69b9f774243b28f4ba48599aeab84', 'mac_address': 'fa:16:3e:7b:55:95', 'admin_state_up': True, 'status': 'ACTIVE', 'device_id': '8aae2c7c-f45a-4bcb-a54a-f98e571878a5', 'device_owner': 'network:router_interface', 'standard_attr_id': 24, 'fixed_ips': [{'subnet_id': '92c00b69-4f60-4d27-8dd3-b46242940884', 'ip_address': 'fdad:171a:f41e::1'}], 'allowed_address_pairs': [], 'extra_dhcp_opts': [], 'security_groups': [], 'description': '', 'binding:vnic_type': 'normal', 'binding:profile': {}, 'binding:host_id': '', 'binding:vif_type': 'unbound', 'binding:vif_details': {}, 'port_security_enabled': False, 'tags': [], 'created_at': '2026-06-28T11:52:59Z', 'updated_at': '2026-06-28T11:53:02Z', 'revision_number': 4, 'tenant_id': 'f3a69b9f774243b28f4ba48599aeab84'}, resource_type=router_ports, if_exists=True) {{(pid=90387) do_commit /opt/stack/data/venv/lib/python3.12/site-packages/ovsdbapp/backend/ovs_idl/transaction.py:89}}
Jun 28 11:53:07.882908 np0000003878 devstack@neutron-api.service[90387]: DEBUG ovsdbapp.backend.ovs_idl.transaction [None req-84e836d3-9736-4397-a5df-cdf086e67e07 None None] Running txn n=1 command(idx=1): UpdateLRouterPortCommand(_result=None, name=lrp-0d6a6ff2-b8a2-4a74-8a1b-586a840701e7, columns={'external_ids': {'neutron:revision_number': '4', 'neutron:subnet_ids': '92c00b69-4f60-4d27-8dd3-b46242940884', 'neutron:network_name': 'neutron-aab3777a-538c-4bea-a6c2-6c24d3474fbf', 'neutron:is_ext_gw': 'False', 'neutron:router_name': 'neutron-8aae2c7c-f45a-4bcb-a54a-f98e571878a5'}, 'options': {}, 'networks': ['fdad:171a:f41e::1/64'], 'ipv6_ra_configs': {'address_mode': 'slaac', 'send_periodic': 'true', 'mtu': '1372'}}, if_exists=False) {{(pid=90387) do_commit /opt/stack/data/venv/lib/python3.12/site-packages/ovsdbapp/backend/ovs_idl/transaction.py:89}}
Jun 28 11:53:07.883437 np0000003878 devstack@neutron-api.service[90387]: DEBUG ovsdbapp.backend.ovs_idl.transaction [None req-84e836d3-9736-4397-a5df-cdf086e67e07 None None] Running txn n=1 command(idx=2): SetLRouterPortInLSwitchPortCommand(_result=None, lswitch_port=0d6a6ff2-b8a2-4a74-8a1b-586a840701e7, lrouter_port=lrp-0d6a6ff2-b8a2-4a74-8a1b-586a840701e7, is_gw_port=False, if_exists=True, lsp_address=router) {{(pid=90387) do_commit /opt/stack/data/venv/lib/python3.12/site-packages/ovsdbapp/backend/ovs_idl/transaction.py:89}}
Jun 28 11:53:07.884048 np0000003878 devstack@neutron-api.service[90387]: DEBUG ovsdbapp.backend.ovs_idl.transaction [None req-84e836d3-9736-4397-a5df-cdf086e67e07 None None] Transaction caused no change {{(pid=90387) do_commit /opt/stack/data/venv/lib/python3.12/site-packages/ovsdbapp/backend/ovs_idl/transaction.py:129}}
Jun 28 11:53:07.885246 np0000003878 devstack@neutron-api.service[90388]: DEBUG ovsdbapp.backend.ovs_idl.transaction [None req-7938511a-8a38-492d-ad5e-b8eba28e894f None None] Running txn n=1 command(idx=0): CheckRevisionNumberCommand(_result=None, name=lrp-0d6a6ff2-b8a2-4a74-8a1b-586a840701e7, resource={'id': '0d6a6ff2-b8a2-4a74-8a1b-586a840701e7', 'name': '', 'network_id': 'aab3777a-538c-4bea-a6c2-6c24d3474fbf', 'project_id': 'f3a69b9f774243b28f4ba48599aeab84', 'mac_address': 'fa:16:3e:7b:55:95', 'admin_state_up': True, 'status': 'ACTIVE', 'device_id': '8aae2c7c-f45a-4bcb-a54a-f98e571878a5', 'device_owner': 'network:router_interface', 'standard_attr_id': 24, 'fixed_ips': [{'subnet_id': '92c00b69-4f60-4d27-8dd3-b46242940884', 'ip_address': 'fdad:171a:f41e::1'}], 'allowed_address_pairs': [], 'extra_dhcp_opts': [], 'security_groups': [], 'description': '', 'binding:vnic_type': 'normal', 'binding:profile': {}, 'binding:host_id': '', 'binding:vif_type': 'unbound', 'binding:vif_details': {}, 'port_security_enabled': False, 'tags': [], 'created_at': '2026-06-28T11:52:59Z', 'updated_at': '2026-06-28T11:53:02Z', 'revision_number': 4, 'tenant_id': 'f3a69b9f774243b28f4ba48599aeab84'}, resource_type=router_ports, if_exists=True) {{(pid=90388) do_commit /opt/stack/data/venv/lib/python3.12/site-packages/ovsdbapp/backend/ovs_idl/transaction.py:89}}
Jun 28 11:53:07.885531 np0000003878 devstack@neutron-api.service[90388]: DEBUG ovsdbapp.backend.ovs_idl.transaction [None req-7938511a-8a38-492d-ad5e-b8eba28e894f None None] Running txn n=1 command(idx=1): UpdateLRouterPortCommand(_result=None, name=lrp-0d6a6ff2-b8a2-4a74-8a1b-586a840701e7, columns={'external_ids': {'neutron:revision_number': '4', 'neutron:subnet_ids': '92c00b69-4f60-4d27-8dd3-b46242940884', 'neutron:network_name': 'neutron-aab3777a-538c-4bea-a6c2-6c24d3474fbf', 'neutron:is_ext_gw': 'False', 'neutron:router_name': 'neutron-8aae2c7c-f45a-4bcb-a54a-f98e571878a5'}, 'options': {}, 'networks': ['fdad:171a:f41e::1/64'], 'ipv6_ra_configs': {'address_mode': 'slaac', 'send_periodic': 'true', 'mtu': '1372'}}, if_exists=False) {{(pid=90388) do_commit /opt/stack/data/venv/lib/python3.12/site-packages/ovsdbapp/backend/ovs_idl/transaction.py:89}}
Jun 28 11:53:07.885909 np0000003878 devstack@neutron-api.service[90388]: DEBUG ovsdbapp.backend.ovs_idl.transaction [None req-7938511a-8a38-492d-ad5e-b8eba28e894f None None] Running txn n=1 command(idx=2): SetLRouterPortInLSwitchPortCommand(_result=None, lswitch_port=0d6a6ff2-b8a2-4a74-8a1b-586a840701e7, lrouter_port=lrp-0d6a6ff2-b8a2-4a74-8a1b-586a840701e7, is_gw_port=False, if_exists=True, lsp_address=router) {{(pid=90388) do_commit /opt/stack/data/venv/lib/python3.12/site-packages/ovsdbapp/backend/ovs_idl/transaction.py:89}}
Jun 28 11:53:07.886208 np0000003878 devstack@neutron-api.service[90388]: DEBUG ovsdbapp.backend.ovs_idl.transaction [None req-7938511a-8a38-492d-ad5e-b8eba28e894f None None] Transaction caused no change {{(pid=90388) do_commit /opt/stack/data/venv/lib/python3.12/site-packages/ovsdbapp/backend/ovs_idl/transaction.py:129}}
Jun 28 11:53:07.921485 np0000003878 devstack@neutron-api.service[90388]: INFO neutron.common.ovn.utils [None req-a24121c0-7ba1-438a-b245-e7574a9da337 None None] HA Chassis Group neutron-aab3777a-538c-4bea-a6c2-6c24d3474fbf synchronized; highest priority chassis e2a64bda-3f71-46a5-9eab-0f3654ccaedb
Jun 28 11:53:07.922179 np0000003878 devstack@neutron-api.service[90388]: DEBUG ovsdbapp.backend.ovs_idl.transaction [None req-7938511a-8a38-492d-ad5e-b8eba28e894f None None] Running txn n=1 command(idx=0): DbSetCommand(_result=None, table=HA_Chassis_Group, record=neutron-aab3777a-538c-4bea-a6c2-6c24d3474fbf, col_values=(('external_ids', {'neutron:availability_zone_hints': '', 'neutron:network_id': 'aab3777a-538c-4bea-a6c2-6c24d3474fbf', 'neutron:router_id': '8aae2c7c-f45a-4bcb-a54a-f98e571878a5'}),), if_exists=True) {{(pid=90388) do_commit /opt/stack/data/venv/lib/python3.12/site-packages/ovsdbapp/backend/ovs_idl/transaction.py:89}}
Jun 28 11:53:07.922487 np0000003878 devstack@neutron-api.service[90388]: DEBUG ovsdbapp.backend.ovs_idl.transaction [None req-7938511a-8a38-492d-ad5e-b8eba28e894f None None] Running txn n=1 command(idx=1): HAChassisGroupAddChassisCommand(_result=None, hcg=neutron-aab3777a-538c-4bea-a6c2-6c24d3474fbf, chassis=e2a64bda-3f71-46a5-9eab-0f3654ccaedb, priority=1, columns={}) {{(pid=90388) do_commit /opt/stack/data/venv/lib/python3.12/site-packages/ovsdbapp/backend/ovs_idl/transaction.py:89}}
Jun 28 11:53:07.922829 np0000003878 devstack@neutron-api.service[90388]: DEBUG ovsdbapp.backend.ovs_idl.transaction [None req-7938511a-8a38-492d-ad5e-b8eba28e894f None None] Transaction caused no change {{(pid=90388) do_commit /opt/stack/data/venv/lib/python3.12/site-packages/ovsdbapp/backend/ovs_idl/transaction.py:129}}
Jun 28 11:53:07.963199 np0000003878 devstack@neutron-api.service[90387]: DEBUG ovsdbapp.backend.ovs_idl.transaction [None req-84e836d3-9736-4397-a5df-cdf086e67e07 None None] Running txn n=1 command(idx=0): CheckRevisionNumberCommand(_result=None, name=lrp-0d6a6ff2-b8a2-4a74-8a1b-586a840701e7, resource={'id': '0d6a6ff2-b8a2-4a74-8a1b-586a840701e7', 'name': '', 'network_id': 'aab3777a-538c-4bea-a6c2-6c24d3474fbf', 'project_id': 'f3a69b9f774243b28f4ba48599aeab84', 'mac_address': 'fa:16:3e:7b:55:95', 'admin_state_up': True, 'status': 'ACTIVE', 'device_id': '8aae2c7c-f45a-4bcb-a54a-f98e571878a5', 'device_owner': 'network:router_interface', 'standard_attr_id': 24, 'fixed_ips': [{'subnet_id': '92c00b69-4f60-4d27-8dd3-b46242940884', 'ip_address': 'fdad:171a:f41e::1'}], 'allowed_address_pairs': [], 'extra_dhcp_opts': [], 'security_groups': [], 'description': '', 'binding:vnic_type': 'normal', 'binding:profile': {}, 'binding:host_id': '', 'binding:vif_type': 'unbound', 'binding:vif_details': {}, 'port_security_enabled': False, 'tags': [], 'created_at': '2026-06-28T11:52:59Z', 'updated_at': '2026-06-28T11:53:02Z', 'revision_number': 4, 'tenant_id': 'f3a69b9f774243b28f4ba48599aeab84'}, resource_type=router_ports, if_exists=True) {{(pid=90387) do_commit /opt/stack/data/venv/lib/python3.12/site-packages/ovsdbapp/backend/ovs_idl/transaction.py:89}}
Jun 28 11:53:07.963436 np0000003878 devstack@neutron-api.service[90387]: DEBUG ovsdbapp.backend.ovs_idl.transaction [None req-84e836d3-9736-4397-a5df-cdf086e67e07 None None] Running txn n=1 command(idx=1): UpdateLRouterPortCommand(_result=None, name=lrp-0d6a6ff2-b8a2-4a74-8a1b-586a840701e7, columns={'external_ids': {'neutron:revision_number': '4', 'neutron:subnet_ids': '92c00b69-4f60-4d27-8dd3-b46242940884', 'neutron:network_name': 'neutron-aab3777a-538c-4bea-a6c2-6c24d3474fbf', 'neutron:is_ext_gw': 'False', 'neutron:router_name': 'neutron-8aae2c7c-f45a-4bcb-a54a-f98e571878a5'}, 'options': {}, 'networks': ['fdad:171a:f41e::1/64'], 'ipv6_ra_configs': {'address_mode': 'slaac', 'send_periodic': 'true', 'mtu': '1372'}}, if_exists=False) {{(pid=90387) do_commit /opt/stack/data/venv/lib/python3.12/site-packages/ovsdbapp/backend/ovs_idl/transaction.py:89}}
Jun 28 11:53:07.963738 np0000003878 devstack@neutron-api.service[90387]: DEBUG ovsdbapp.backend.ovs_idl.transaction [None req-84e836d3-9736-4397-a5df-cdf086e67e07 None None] Running txn n=1 command(idx=2): SetLRouterPortInLSwitchPortCommand(_result=None, lswitch_port=0d6a6ff2-b8a2-4a74-8a1b-586a840701e7, lrouter_port=lrp-0d6a6ff2-b8a2-4a74-8a1b-586a840701e7, is_gw_port=False, if_exists=True, lsp_address=router) {{(pid=90387) do_commit /opt/stack/data/venv/lib/python3.12/site-packages/ovsdbapp/backend/ovs_idl/transaction.py:89}}
Jun 28 11:53:07.964042 np0000003878 devstack@neutron-api.service[90387]: DEBUG ovsdbapp.backend.ovs_idl.transaction [None req-84e836d3-9736-4397-a5df-cdf086e67e07 None None] Transaction caused no change {{(pid=90387) do_commit /opt/stack/data/venv/lib/python3.12/site-packages/ovsdbapp/backend/ovs_idl/transaction.py:129}}
Jun 28 11:53:08.003476 np0000003878 devstack@neutron-api.service[90387]: INFO neutron.common.ovn.utils [None req-2ecbac72-95e8-492b-aad1-20b7fe98bc86 None None] HA Chassis Group neutron-aab3777a-538c-4bea-a6c2-6c24d3474fbf synchronized; highest priority chassis e2a64bda-3f71-46a5-9eab-0f3654ccaedb
Jun 28 11:53:08.004097 np0000003878 devstack@neutron-api.service[90387]: DEBUG ovsdbapp.backend.ovs_idl.transaction [None req-84e836d3-9736-4397-a5df-cdf086e67e07 None None] Running txn n=1 command(idx=0): DbSetCommand(_result=None, table=HA_Chassis_Group, record=neutron-aab3777a-538c-4bea-a6c2-6c24d3474fbf, col_values=(('external_ids', {'neutron:availability_zone_hints': '', 'neutron:network_id': 'aab3777a-538c-4bea-a6c2-6c24d3474fbf', 'neutron:router_id': '8aae2c7c-f45a-4bcb-a54a-f98e571878a5'}),), if_exists=True) {{(pid=90387) do_commit /opt/stack/data/venv/lib/python3.12/site-packages/ovsdbapp/backend/ovs_idl/transaction.py:89}}
Jun 28 11:53:08.004403 np0000003878 devstack@neutron-api.service[90387]: DEBUG ovsdbapp.backend.ovs_idl.transaction [None req-84e836d3-9736-4397-a5df-cdf086e67e07 None None] Running txn n=1 command(idx=1): HAChassisGroupAddChassisCommand(_result=None, hcg=neutron-aab3777a-538c-4bea-a6c2-6c24d3474fbf, chassis=e2a64bda-3f71-46a5-9eab-0f3654ccaedb, priority=1, columns={}) {{(pid=90387) do_commit /opt/stack/data/venv/lib/python3.12/site-packages/ovsdbapp/backend/ovs_idl/transaction.py:89}}
Jun 28 11:53:08.004703 np0000003878 devstack@neutron-api.service[90387]: DEBUG ovsdbapp.backend.ovs_idl.transaction [None req-84e836d3-9736-4397-a5df-cdf086e67e07 None None] Transaction caused no change {{(pid=90387) do_commit /opt/stack/data/venv/lib/python3.12/site-packages/ovsdbapp/backend/ovs_idl/transaction.py:129}}
Jun 28 11:53:08.043913 np0000003878 devstack@neutron-api.service[90387]: INFO neutron.common.ovn.utils [None req-2ecbac72-95e8-492b-aad1-20b7fe98bc86 None None] HA Chassis Group neutron-aab3777a-538c-4bea-a6c2-6c24d3474fbf synchronized; highest priority chassis e2a64bda-3f71-46a5-9eab-0f3654ccaedb
Jun 28 11:53:08.046380 np0000003878 devstack@neutron-api.service[90387]: DEBUG ovsdbapp.backend.ovs_idl.transaction [None req-84e836d3-9736-4397-a5df-cdf086e67e07 None None] Running txn n=1 command(idx=0): DbSetCommand(_result=None, table=HA_Chassis_Group, record=neutron-aab3777a-538c-4bea-a6c2-6c24d3474fbf, col_values=(('external_ids', {'neutron:availability_zone_hints': '', 'neutron:network_id': 'aab3777a-538c-4bea-a6c2-6c24d3474fbf', 'neutron:router_id': '8aae2c7c-f45a-4bcb-a54a-f98e571878a5'}),), if_exists=True) {{(pid=90387) do_commit /opt/stack/data/venv/lib/python3.12/site-packages/ovsdbapp/backend/ovs_idl/transaction.py:89}}
Jun 28 11:53:08.046818 np0000003878 devstack@neutron-api.service[90387]: DEBUG ovsdbapp.backend.ovs_idl.transaction [None req-84e836d3-9736-4397-a5df-cdf086e67e07 None None] Running txn n=1 command(idx=1): HAChassisGroupAddChassisCommand(_result=None, hcg=neutron-aab3777a-538c-4bea-a6c2-6c24d3474fbf, chassis=e2a64bda-3f71-46a5-9eab-0f3654ccaedb, priority=1, columns={}) {{(pid=90387) do_commit /opt/stack/data/venv/lib/python3.12/site-packages/ovsdbapp/backend/ovs_idl/transaction.py:89}}
Jun 28 11:53:08.047150 np0000003878 devstack@neutron-api.service[90387]: DEBUG ovsdbapp.backend.ovs_idl.transaction [None req-84e836d3-9736-4397-a5df-cdf086e67e07 None None] Transaction caused no change {{(pid=90387) do_commit /opt/stack/data/venv/lib/python3.12/site-packages/ovsdbapp/backend/ovs_idl/transaction.py:129}}
Jun 28 11:53:10.740620 np0000003878 devstack@neutron-api.service[90387]: DEBUG futurist.periodics [-] Submitting periodic callback 'neutron.plugins.ml2.drivers.ovn.mech_driver.ovsdb.maintenance.HashRingHealthCheckPeriodics.touch_hash_ring_node' {{(pid=90387) _process_scheduled /opt/stack/data/venv/lib/python3.12/site-packages/futurist/periodics.py:784}}
Jun 28 11:53:10.741094 np0000003878 devstack@neutron-api.service[90387]: DEBUG neutron.plugins.ml2.drivers.ovn.mech_driver.ovsdb.maintenance [-] Touching Hash Ring node "d35b7d1cf1825cdd8aab8deb2495641e" from periodic health check thread {{(pid=90387) touch_hash_ring_node /opt/stack/neutron/neutron/plugins/ml2/drivers/ovn/mech_driver/ovsdb/maintenance.py:1419}}
Jun 28 11:53:11.727272 np0000003878 devstack@neutron-api.service[90385]: DEBUG futurist.periodics [-] Submitting periodic callback 'neutron.plugins.ml2.drivers.ovn.mech_driver.ovsdb.maintenance.HashRingHealthCheckPeriodics.touch_hash_ring_node' {{(pid=90385) _process_scheduled /opt/stack/data/venv/lib/python3.12/site-packages/futurist/periodics.py:784}}
Jun 28 11:53:11.727652 np0000003878 devstack@neutron-api.service[90385]: DEBUG neutron.plugins.ml2.drivers.ovn.mech_driver.ovsdb.maintenance [-] Touching Hash Ring node "d7035bb8a9fa53f08b0cb4ffe031da16" from periodic health check thread {{(pid=90385) touch_hash_ring_node /opt/stack/neutron/neutron/plugins/ml2/drivers/ovn/mech_driver/ovsdb/maintenance.py:1419}}
Jun 28 11:53:11.741938 np0000003878 devstack@neutron-api.service[90386]: DEBUG futurist.periodics [-] Submitting periodic callback 'neutron.plugins.ml2.drivers.ovn.mech_driver.ovsdb.maintenance.HashRingHealthCheckPeriodics.touch_hash_ring_node' {{(pid=90386) _process_scheduled /opt/stack/data/venv/lib/python3.12/site-packages/futurist/periodics.py:784}}
Jun 28 11:53:11.742336 np0000003878 devstack@neutron-api.service[90386]: DEBUG neutron.plugins.ml2.drivers.ovn.mech_driver.ovsdb.maintenance [-] Touching Hash Ring node "7d143204412057c1b670696c1cf798da" from periodic health check thread {{(pid=90386) touch_hash_ring_node /opt/stack/neutron/neutron/plugins/ml2/drivers/ovn/mech_driver/ovsdb/maintenance.py:1419}}
Jun 28 11:53:11.761639 np0000003878 devstack@neutron-api.service[90388]: DEBUG futurist.periodics [-] Submitting periodic callback 'neutron.plugins.ml2.drivers.ovn.mech_driver.ovsdb.maintenance.HashRingHealthCheckPeriodics.touch_hash_ring_node' {{(pid=90388) _process_scheduled /opt/stack/data/venv/lib/python3.12/site-packages/futurist/periodics.py:784}}
Jun 28 11:53:11.762026 np0000003878 devstack@neutron-api.service[90388]: DEBUG neutron.plugins.ml2.drivers.ovn.mech_driver.ovsdb.maintenance [-] Touching Hash Ring node "3e47ce5c2154586ab9867d7d8d79784c" from periodic health check thread {{(pid=90388) touch_hash_ring_node /opt/stack/neutron/neutron/plugins/ml2/drivers/ovn/mech_driver/ovsdb/maintenance.py:1419}}
Jun 28 11:53:20.748287 np0000003878 devstack@neutron-api.service[90387]: DEBUG dbcounter [-] [90387] Writing DB stats neutron:SELECT=1808,neutron:INSERT=670,neutron:DELETE=6,neutron:UPDATE=95 {{(pid=90387) stat_writer /opt/stack/data/venv/lib/python3.12/site-packages/dbcounter.py:115}}
Jun 28 11:53:21.734302 np0000003878 devstack@neutron-api.service[90385]: DEBUG dbcounter [-] [90385] Writing DB stats neutron:SELECT=527,neutron:INSERT=35,neutron:DELETE=7,neutron:UPDATE=23 {{(pid=90385) stat_writer /opt/stack/data/venv/lib/python3.12/site-packages/dbcounter.py:115}}
Jun 28 11:53:21.749878 np0000003878 devstack@neutron-api.service[90386]: DEBUG dbcounter [-] [90386] Writing DB stats neutron:SELECT=2104,neutron:INSERT=41,neutron:DELETE=9,neutron:UPDATE=61 {{(pid=90386) stat_writer /opt/stack/data/venv/lib/python3.12/site-packages/dbcounter.py:115}}
Jun 28 11:53:21.770296 np0000003878 devstack@neutron-api.service[90388]: DEBUG dbcounter [-] [90388] Writing DB stats neutron:SELECT=2036,neutron:INSERT=60,neutron:DELETE=8,neutron:UPDATE=67 {{(pid=90388) stat_writer /opt/stack/data/venv/lib/python3.12/site-packages/dbcounter.py:115}}
Jun 28 11:53:25.741232 np0000003878 devstack@neutron-api.service[90387]: DEBUG futurist.periodics [-] Submitting periodic callback 'neutron.plugins.ml2.drivers.ovn.mech_driver.ovsdb.maintenance.HashRingHealthCheckPeriodics.touch_hash_ring_node' {{(pid=90387) _process_scheduled /opt/stack/data/venv/lib/python3.12/site-packages/futurist/periodics.py:784}}
Jun 28 11:53:25.742797 np0000003878 devstack@neutron-api.service[90387]: DEBUG neutron.plugins.ml2.drivers.ovn.mech_driver.ovsdb.maintenance [-] Touching Hash Ring node "d35b7d1cf1825cdd8aab8deb2495641e" from periodic health check thread {{(pid=90387) touch_hash_ring_node /opt/stack/neutron/neutron/plugins/ml2/drivers/ovn/mech_driver/ovsdb/maintenance.py:1419}}
Jun 28 11:53:26.727895 np0000003878 devstack@neutron-api.service[90385]: DEBUG futurist.periodics [-] Submitting periodic callback 'neutron.plugins.ml2.drivers.ovn.mech_driver.ovsdb.maintenance.HashRingHealthCheckPeriodics.touch_hash_ring_node' {{(pid=90385) _process_scheduled /opt/stack/data/venv/lib/python3.12/site-packages/futurist/periodics.py:784}}
Jun 28 11:53:26.728385 np0000003878 devstack@neutron-api.service[90385]: DEBUG neutron.plugins.ml2.drivers.ovn.mech_driver.ovsdb.maintenance [-] Touching Hash Ring node "d7035bb8a9fa53f08b0cb4ffe031da16" from periodic health check thread {{(pid=90385) touch_hash_ring_node /opt/stack/neutron/neutron/plugins/ml2/drivers/ovn/mech_driver/ovsdb/maintenance.py:1419}}
Jun 28 11:53:26.742485 np0000003878 devstack@neutron-api.service[90386]: DEBUG futurist.periodics [-] Submitting periodic callback 'neutron.plugins.ml2.drivers.ovn.mech_driver.ovsdb.maintenance.HashRingHealthCheckPeriodics.touch_hash_ring_node' {{(pid=90386) _process_scheduled /opt/stack/data/venv/lib/python3.12/site-packages/futurist/periodics.py:784}}
Jun 28 11:53:26.742973 np0000003878 devstack@neutron-api.service[90386]: DEBUG neutron.plugins.ml2.drivers.ovn.mech_driver.ovsdb.maintenance [-] Touching Hash Ring node "7d143204412057c1b670696c1cf798da" from periodic health check thread {{(pid=90386) touch_hash_ring_node /opt/stack/neutron/neutron/plugins/ml2/drivers/ovn/mech_driver/ovsdb/maintenance.py:1419}}
Jun 28 11:53:26.762073 np0000003878 devstack@neutron-api.service[90388]: DEBUG futurist.periodics [-] Submitting periodic callback 'neutron.plugins.ml2.drivers.ovn.mech_driver.ovsdb.maintenance.HashRingHealthCheckPeriodics.touch_hash_ring_node' {{(pid=90388) _process_scheduled /opt/stack/data/venv/lib/python3.12/site-packages/futurist/periodics.py:784}}
Jun 28 11:53:26.762568 np0000003878 devstack@neutron-api.service[90388]: DEBUG neutron.plugins.ml2.drivers.ovn.mech_driver.ovsdb.maintenance [-] Touching Hash Ring node "3e47ce5c2154586ab9867d7d8d79784c" from periodic health check thread {{(pid=90388) touch_hash_ring_node /opt/stack/neutron/neutron/plugins/ml2/drivers/ovn/mech_driver/ovsdb/maintenance.py:1419}}
Jun 28 11:53:35.747686 np0000003878 devstack@neutron-api.service[90387]: DEBUG dbcounter [-] [90387] Writing DB stats neutron:UPDATE=1,neutron:SELECT=1 {{(pid=90387) stat_writer /opt/stack/data/venv/lib/python3.12/site-packages/dbcounter.py:115}}
Jun 28 11:53:36.735989 np0000003878 devstack@neutron-api.service[90385]: DEBUG dbcounter [-] [90385] Writing DB stats neutron:UPDATE=1,neutron:SELECT=1 {{(pid=90385) stat_writer /opt/stack/data/venv/lib/python3.12/site-packages/dbcounter.py:115}}
Jun 28 11:53:36.751631 np0000003878 devstack@neutron-api.service[90386]: DEBUG dbcounter [-] [90386] Writing DB stats neutron:UPDATE=1,neutron:SELECT=1 {{(pid=90386) stat_writer /opt/stack/data/venv/lib/python3.12/site-packages/dbcounter.py:115}}
Jun 28 11:53:36.770474 np0000003878 devstack@neutron-api.service[90388]: DEBUG dbcounter [-] [90388] Writing DB stats neutron:UPDATE=1,neutron:SELECT=1 {{(pid=90388) stat_writer /opt/stack/data/venv/lib/python3.12/site-packages/dbcounter.py:115}}
Jun 28 11:53:40.742002 np0000003878 devstack@neutron-api.service[90387]: DEBUG futurist.periodics [-] Submitting periodic callback 'neutron.plugins.ml2.drivers.ovn.mech_driver.ovsdb.maintenance.HashRingHealthCheckPeriodics.touch_hash_ring_node' {{(pid=90387) _process_scheduled /opt/stack/data/venv/lib/python3.12/site-packages/futurist/periodics.py:784}}
Jun 28 11:53:40.742414 np0000003878 devstack@neutron-api.service[90387]: DEBUG neutron.plugins.ml2.drivers.ovn.mech_driver.ovsdb.maintenance [-] Touching Hash Ring node "d35b7d1cf1825cdd8aab8deb2495641e" from periodic health check thread {{(pid=90387) touch_hash_ring_node /opt/stack/neutron/neutron/plugins/ml2/drivers/ovn/mech_driver/ovsdb/maintenance.py:1419}}
Jun 28 11:53:41.728449 np0000003878 devstack@neutron-api.service[90385]: DEBUG futurist.periodics [-] Submitting periodic callback 'neutron.plugins.ml2.drivers.ovn.mech_driver.ovsdb.maintenance.HashRingHealthCheckPeriodics.touch_hash_ring_node' {{(pid=90385) _process_scheduled /opt/stack/data/venv/lib/python3.12/site-packages/futurist/periodics.py:784}}
Jun 28 11:53:41.729035 np0000003878 devstack@neutron-api.service[90385]: DEBUG neutron.plugins.ml2.drivers.ovn.mech_driver.ovsdb.maintenance [-] Touching Hash Ring node "d7035bb8a9fa53f08b0cb4ffe031da16" from periodic health check thread {{(pid=90385) touch_hash_ring_node /opt/stack/neutron/neutron/plugins/ml2/drivers/ovn/mech_driver/ovsdb/maintenance.py:1419}}
Jun 28 11:53:41.742977 np0000003878 devstack@neutron-api.service[90386]: DEBUG futurist.periodics [-] Submitting periodic callback 'neutron.plugins.ml2.drivers.ovn.mech_driver.ovsdb.maintenance.HashRingHealthCheckPeriodics.touch_hash_ring_node' {{(pid=90386) _process_scheduled /opt/stack/data/venv/lib/python3.12/site-packages/futurist/periodics.py:784}}
Jun 28 11:53:41.743440 np0000003878 devstack@neutron-api.service[90386]: DEBUG neutron.plugins.ml2.drivers.ovn.mech_driver.ovsdb.maintenance [-] Touching Hash Ring node "7d143204412057c1b670696c1cf798da" from periodic health check thread {{(pid=90386) touch_hash_ring_node /opt/stack/neutron/neutron/plugins/ml2/drivers/ovn/mech_driver/ovsdb/maintenance.py:1419}}
Jun 28 11:53:41.762588 np0000003878 devstack@neutron-api.service[90388]: DEBUG futurist.periodics [-] Submitting periodic callback 'neutron.plugins.ml2.drivers.ovn.mech_driver.ovsdb.maintenance.HashRingHealthCheckPeriodics.touch_hash_ring_node' {{(pid=90388) _process_scheduled /opt/stack/data/venv/lib/python3.12/site-packages/futurist/periodics.py:784}}
Jun 28 11:53:41.763041 np0000003878 devstack@neutron-api.service[90388]: DEBUG neutron.plugins.ml2.drivers.ovn.mech_driver.ovsdb.maintenance [-] Touching Hash Ring node "3e47ce5c2154586ab9867d7d8d79784c" from periodic health check thread {{(pid=90388) touch_hash_ring_node /opt/stack/neutron/neutron/plugins/ml2/drivers/ovn/mech_driver/ovsdb/maintenance.py:1419}}
Jun 28 11:53:50.750275 np0000003878 devstack@neutron-api.service[90387]: DEBUG dbcounter [-] [90387] Writing DB stats neutron:UPDATE=1,neutron:SELECT=1 {{(pid=90387) stat_writer /opt/stack/data/venv/lib/python3.12/site-packages/dbcounter.py:115}}
Jun 28 11:53:51.734831 np0000003878 devstack@neutron-api.service[90385]: DEBUG dbcounter [-] [90385] Writing DB stats neutron:UPDATE=1,neutron:SELECT=1 {{(pid=90385) stat_writer /opt/stack/data/venv/lib/python3.12/site-packages/dbcounter.py:115}}
Jun 28 11:53:51.749970 np0000003878 devstack@neutron-api.service[90386]: DEBUG dbcounter [-] [90386] Writing DB stats neutron:UPDATE=1,neutron:SELECT=1 {{(pid=90386) stat_writer /opt/stack/data/venv/lib/python3.12/site-packages/dbcounter.py:115}}
Jun 28 11:53:51.769060 np0000003878 devstack@neutron-api.service[90388]: DEBUG dbcounter [-] [90388] Writing DB stats neutron:UPDATE=1,neutron:SELECT=1 {{(pid=90388) stat_writer /opt/stack/data/venv/lib/python3.12/site-packages/dbcounter.py:115}}
Jun 28 11:53:55.742504 np0000003878 devstack@neutron-api.service[90387]: DEBUG futurist.periodics [-] Submitting periodic callback 'neutron.plugins.ml2.drivers.ovn.mech_driver.ovsdb.maintenance.HashRingHealthCheckPeriodics.touch_hash_ring_node' {{(pid=90387) _process_scheduled /opt/stack/data/venv/lib/python3.12/site-packages/futurist/periodics.py:784}}
Jun 28 11:53:55.743068 np0000003878 devstack@neutron-api.service[90387]: DEBUG neutron.plugins.ml2.drivers.ovn.mech_driver.ovsdb.maintenance [-] Touching Hash Ring node "d35b7d1cf1825cdd8aab8deb2495641e" from periodic health check thread {{(pid=90387) touch_hash_ring_node /opt/stack/neutron/neutron/plugins/ml2/drivers/ovn/mech_driver/ovsdb/maintenance.py:1419}}
Jun 28 11:53:56.729247 np0000003878 devstack@neutron-api.service[90385]: DEBUG futurist.periodics [-] Submitting periodic callback 'neutron.plugins.ml2.drivers.ovn.mech_driver.ovsdb.maintenance.HashRingHealthCheckPeriodics.touch_hash_ring_node' {{(pid=90385) _process_scheduled /opt/stack/data/venv/lib/python3.12/site-packages/futurist/periodics.py:784}}
Jun 28 11:53:56.729681 np0000003878 devstack@neutron-api.service[90385]: DEBUG neutron.plugins.ml2.drivers.ovn.mech_driver.ovsdb.maintenance [-] Touching Hash Ring node "d7035bb8a9fa53f08b0cb4ffe031da16" from periodic health check thread {{(pid=90385) touch_hash_ring_node /opt/stack/neutron/neutron/plugins/ml2/drivers/ovn/mech_driver/ovsdb/maintenance.py:1419}}
Jun 28 11:53:56.743411 np0000003878 devstack@neutron-api.service[90386]: DEBUG futurist.periodics [-] Submitting periodic callback 'neutron.plugins.ml2.drivers.ovn.mech_driver.ovsdb.maintenance.HashRingHealthCheckPeriodics.touch_hash_ring_node' {{(pid=90386) _process_scheduled /opt/stack/data/venv/lib/python3.12/site-packages/futurist/periodics.py:784}}
Jun 28 11:53:56.743819 np0000003878 devstack@neutron-api.service[90386]: DEBUG neutron.plugins.ml2.drivers.ovn.mech_driver.ovsdb.maintenance [-] Touching Hash Ring node "7d143204412057c1b670696c1cf798da" from periodic health check thread {{(pid=90386) touch_hash_ring_node /opt/stack/neutron/neutron/plugins/ml2/drivers/ovn/mech_driver/ovsdb/maintenance.py:1419}}
Jun 28 11:53:56.763015 np0000003878 devstack@neutron-api.service[90388]: DEBUG futurist.periodics [-] Submitting periodic callback 'neutron.plugins.ml2.drivers.ovn.mech_driver.ovsdb.maintenance.HashRingHealthCheckPeriodics.touch_hash_ring_node' {{(pid=90388) _process_scheduled /opt/stack/data/venv/lib/python3.12/site-packages/futurist/periodics.py:784}}
Jun 28 11:53:56.763331 np0000003878 devstack@neutron-api.service[90388]: DEBUG neutron.plugins.ml2.drivers.ovn.mech_driver.ovsdb.maintenance [-] Touching Hash Ring node "3e47ce5c2154586ab9867d7d8d79784c" from periodic health check thread {{(pid=90388) touch_hash_ring_node /opt/stack/neutron/neutron/plugins/ml2/drivers/ovn/mech_driver/ovsdb/maintenance.py:1419}}
Jun 28 11:54:01.653188 np0000003878 devstack@neutron-api.service[90387]: DEBUG neutron.api.wsgi [None req-a0adf275-bd23-43e2-bcb2-42f115e196dc admin admin] Missing Content-Type {{(pid=90387) get_content_type /opt/stack/neutron/neutron/api/wsgi.py:80}}
Jun 28 11:54:01.653567 np0000003878 devstack@neutron-api.service[90387]: DEBUG neutron.api.wsgi [None req-a0adf275-bd23-43e2-bcb2-42f115e196dc admin admin] https://10.4.3.200/networking/v2.0/extensions returned with HTTP 200 {{(pid=90387) __call__ /opt/stack/neutron/neutron/api/wsgi.py:540}}
Jun 28 11:54:01.653985 np0000003878 devstack@neutron-api.service[90387]: [pid: 90387|app: 0|req: 10/34] 10.4.3.200 () {64 vars in 1292 bytes} [Sun Jun 28 11:54:01 2026] GET /networking/v2.0/extensions => generated 16171 bytes in 3 msecs (HTTP/1.1 200) 4 headers in 159 bytes (1 switches on core 0)
Jun 28 11:54:01.904096 np0000003878 devstack@neutron-api.service[90386]: INFO neutron.pecan_wsgi.hooks.translation [None req-01f017e4-fdad-426f-a3b1-0d76903d5e20 admin admin] GET failed (client error): The resource could not be found.
Jun 28 11:54:01.904783 np0000003878 devstack@neutron-api.service[90386]: [pid: 90386|app: 0|req: 9/35] 10.4.3.200 () {64 vars in 1294 bytes} [Sun Jun 28 11:54:01 2026] GET /networking/v2.0/networks/public => generated 108 bytes in 8 msecs (HTTP/1.1 404) 4 headers in 164 bytes (1 switches on core 0)
Jun 28 11:54:01.946545 np0000003878 devstack@neutron-api.service[90385]: DEBUG neutron.pecan_wsgi.hooks.policy_enforcement [None req-d1295e9c-27f4-46ef-a49b-2e52c2eb020c admin admin] Attributes excluded by policy engine: ['standard_attr_id'] {{(pid=90385) _exclude_attributes_by_policy /opt/stack/neutron/neutron/pecan_wsgi/hooks/policy_enforcement.py:259}}
Jun 28 11:54:01.947651 np0000003878 devstack@neutron-api.service[90385]: [pid: 90385|app: 0|req: 9/36] 10.4.3.200 () {64 vars in 1309 bytes} [Sun Jun 28 11:54:01 2026] GET /networking/v2.0/networks?name=public => generated 759 bytes in 37 msecs (HTTP/1.1 200) 4 headers in 157 bytes (1 switches on core 0)
Jun 28 11:54:02.132655 np0000003878 devstack@neutron-api.service[90388]: DEBUG neutron.api.v2.base [None req-db80b209-d4cf-499c-860a-99c248a0f88f admin admin] Request body: {'network': {'shared': True, 'admin_state_up': True, 'name': 'shared'}} {{(pid=90388) prepare_request_body /opt/stack/neutron/neutron/api/v2/base.py:727}}
Jun 28 11:54:02.143790 np0000003878 devstack@neutron-api.service[90388]: DEBUG neutron.pecan_wsgi.hooks.quota_enforcement [None req-db80b209-d4cf-499c-860a-99c248a0f88f admin admin] Made reservation on behalf of f3a69b9f774243b28f4ba48599aeab84 for: {'network': 1} {{(pid=90388) before /opt/stack/neutron/neutron/pecan_wsgi/hooks/quota_enforcement.py:66}}
Jun 28 11:54:02.146999 np0000003878 devstack@neutron-api.service[90388]: DEBUG neutron_lib.callbacks.manager [None req-db80b209-d4cf-499c-860a-99c248a0f88f admin admin] Publish callbacks ['neutron.plugins.ml2.plugin.SecurityGroupDbMixin._ensure_default_security_group_handler-447123'] for network (None), before_create {{(pid=90388) _notify_loop /opt/stack/data/venv/lib/python3.12/site-packages/neutron_lib/callbacks/manager.py:184}}
Jun 28 11:54:02.170282 np0000003878 devstack@neutron-api.service[90388]: WARNING neutron.services.revisions.revision_plugin [None req-db80b209-d4cf-499c-860a-99c248a0f88f admin admin] Could not find related network for resource to bump revision.
Jun 28 11:54:02.195578 np0000003878 devstack@neutron-api.service[90388]: DEBUG neutron.plugins.ml2.drivers.helpers [None req-db80b209-d4cf-499c-860a-99c248a0f88f admin admin] geneve segment allocate from pool success with {'geneve_vni': 12195} {{(pid=90388) allocate_partially_specified_segment /opt/stack/neutron/neutron/plugins/ml2/drivers/helpers.py:142}}
Jun 28 11:54:02.201347 np0000003878 devstack@neutron-api.service[90388]: DEBUG neutron_lib.callbacks.manager [None req-db80b209-d4cf-499c-860a-99c248a0f88f admin admin] Publish callbacks ['neutron.services.segments.db._add_segment_host_mapping_for_segment-8689242896374', 'neutron.plugins.ml2.plugin.Ml2Plugin._handle_segment_change-92865'] for segment (d0c12be9-00b3-49ec-8839-41769132a29b), precommit_create {{(pid=90388) _notify_loop /opt/stack/data/venv/lib/python3.12/site-packages/neutron_lib/callbacks/manager.py:184}}
Jun 28 11:54:02.201503 np0000003878 devstack@neutron-api.service[90388]: INFO neutron.db.segments_db [None req-db80b209-d4cf-499c-860a-99c248a0f88f admin admin] Added segment d0c12be9-00b3-49ec-8839-41769132a29b of type geneve for network ae933cfc-5ff0-471e-848a-658e7236e538
Jun 28 11:54:02.212289 np0000003878 devstack@neutron-api.service[90388]: DEBUG neutron_lib.callbacks.manager [None req-db80b209-d4cf-499c-860a-99c248a0f88f admin admin] Publish callbacks ['neutron.services.auto_allocate.db._ensure_external_network_default_value_callback-8689241566158'] for network (ae933cfc-5ff0-471e-848a-658e7236e538), precommit_create {{(pid=90388) _notify_loop /opt/stack/data/venv/lib/python3.12/site-packages/neutron_lib/callbacks/manager.py:184}}
Jun 28 11:54:02.221799 np0000003878 devstack@neutron-api.service[90388]: DEBUG neutron.plugins.ml2.drivers.ovn.mech_driver.mech_driver [None req-db80b209-d4cf-499c-860a-99c248a0f88f admin admin] Validating network segment with type geneve, segmentation ID 12195, physical network None {{(pid=90388) _validate_network_segments /opt/stack/neutron/neutron/plugins/ml2/drivers/ovn/mech_driver/mech_driver.py:646}}
Jun 28 11:54:02.221930 np0000003878 devstack@neutron-api.service[90388]: DEBUG neutron.db.ovn_revision_numbers_db [None req-db80b209-d4cf-499c-860a-99c248a0f88f admin admin] create_initial_revision uuid=ae933cfc-5ff0-471e-848a-658e7236e538, type=networks, rev=-1 {{(pid=90388) create_initial_revision /opt/stack/neutron/neutron/db/ovn_revision_numbers_db.py:98}}
Jun 28 11:54:02.227603 np0000003878 devstack@neutron-api.service[90388]: DEBUG neutron_lib.callbacks.manager [None req-db80b209-d4cf-499c-860a-99c248a0f88f admin admin] Publish callbacks ['neutron.plugins.ml2.ovo_rpc._ObjectChangeHandler.handle_event-1687928'] for network (ae933cfc-5ff0-471e-848a-658e7236e538), after_create {{(pid=90388) _notify_loop /opt/stack/data/venv/lib/python3.12/site-packages/neutron_lib/callbacks/manager.py:184}}
Jun 28 11:54:02.238474 np0000003878 devstack@neutron-api.service[90388]: DEBUG neutron.api.rpc.handlers.resources_rpc [None req-db80b209-d4cf-499c-860a-99c248a0f88f admin admin] Pushing event updated for resources: {'Network': ['ID=ae933cfc-5ff0-471e-848a-658e7236e538,revision_number=1']} {{(pid=90388) push /opt/stack/neutron/neutron/api/rpc/handlers/resources_rpc.py:237}}
Jun 28 11:54:02.242030 np0000003878 devstack@neutron-api.service[90388]: DEBUG ovsdbapp.backend.ovs_idl.transaction [None req-7938511a-8a38-492d-ad5e-b8eba28e894f None None] Running txn n=1 command(idx=0): CheckLivenessCommand(_result=None) {{(pid=90388) do_commit /opt/stack/data/venv/lib/python3.12/site-packages/ovsdbapp/backend/ovs_idl/transaction.py:89}}
Jun 28 11:54:02.248341 np0000003878 devstack@neutron-api.service[90388]: DEBUG neutron.plugins.ml2.drivers.ovn.mech_driver.ovsdb.ovsdb_monitor [-] ChassisAgentWriteEvent : Matched Chassis_Private, update, None None {{(pid=90388) matches /opt/stack/neutron/neutron/plugins/ml2/drivers/ovn/mech_driver/ovsdb/ovsdb_monitor.py:64}}
Jun 28 11:54:02.249208 np0000003878 devstack@neutron-api.service[90387]: DEBUG neutron.plugins.ml2.drivers.ovn.mech_driver.ovsdb.ovsdb_monitor [None req-4d35d028-c72e-40ff-9cd2-ba1d5829e4a1 None None] ChassisAgentWriteEvent : Matched Chassis_Private, update, None None {{(pid=90387) matches /opt/stack/neutron/neutron/plugins/ml2/drivers/ovn/mech_driver/ovsdb/ovsdb_monitor.py:64}}
Jun 28 11:54:02.249573 np0000003878 devstack@neutron-api.service[90386]: DEBUG neutron.plugins.ml2.drivers.ovn.mech_driver.ovsdb.ovsdb_monitor [None req-588e8255-f89d-430d-a759-057e6a7e5fd2 None None] ChassisAgentWriteEvent : Matched Chassis_Private, update, None None {{(pid=90386) matches /opt/stack/neutron/neutron/plugins/ml2/drivers/ovn/mech_driver/ovsdb/ovsdb_monitor.py:64}}
Jun 28 11:54:02.251207 np0000003878 devstack@neutron-api.service[90385]: DEBUG neutron.plugins.ml2.drivers.ovn.mech_driver.ovsdb.ovsdb_monitor [None req-c79174be-cf70-4ab6-9b88-be0c24035ebc None None] ChassisAgentWriteEvent : Matched Chassis_Private, update, None None {{(pid=90385) matches /opt/stack/neutron/neutron/plugins/ml2/drivers/ovn/mech_driver/ovsdb/ovsdb_monitor.py:64}}
Jun 28 11:54:02.256149 np0000003878 devstack@neutron-api.service[90388]: DEBUG neutron.common.ovn.hash_ring_manager [None req-7938511a-8a38-492d-ad5e-b8eba28e894f None None] Hash Ring loaded. 4 active nodes. 0 offline nodes {{(pid=90388) _load_hash_ring /opt/stack/neutron/neutron/common/ovn/hash_ring_manager.py:110}}
Jun 28 11:54:02.257105 np0000003878 devstack@neutron-api.service[90386]: DEBUG neutron.common.ovn.hash_ring_manager [None req-87bd996e-57df-45cc-bdc0-589710798585 None None] Hash Ring loaded. 4 active nodes. 0 offline nodes {{(pid=90386) _load_hash_ring /opt/stack/neutron/neutron/common/ovn/hash_ring_manager.py:110}}
Jun 28 11:54:02.257772 np0000003878 devstack@neutron-api.service[90385]: DEBUG neutron.common.ovn.hash_ring_manager [None req-fff67cb2-2674-4750-829a-28dd0fb7f863 None None] Hash Ring loaded. 4 active nodes. 0 offline nodes {{(pid=90385) _load_hash_ring /opt/stack/neutron/neutron/common/ovn/hash_ring_manager.py:110}}
Jun 28 11:54:02.257982 np0000003878 devstack@neutron-api.service[90388]: DEBUG neutron.common.ovn.hash_ring_manager [-] Hash Ring loaded. 4 active nodes. 0 offline nodes {{(pid=90388) _load_hash_ring /opt/stack/neutron/neutron/common/ovn/hash_ring_manager.py:110}}
Jun 28 11:54:02.258486 np0000003878 devstack@neutron-api.service[90386]: DEBUG neutron.common.ovn.hash_ring_manager [None req-588e8255-f89d-430d-a759-057e6a7e5fd2 None None] Hash Ring loaded. 4 active nodes. 0 offline nodes {{(pid=90386) _load_hash_ring /opt/stack/neutron/neutron/common/ovn/hash_ring_manager.py:110}}
Jun 28 11:54:02.259467 np0000003878 devstack@neutron-api.service[90387]: DEBUG neutron.common.ovn.hash_ring_manager [None req-84e836d3-9736-4397-a5df-cdf086e67e07 None None] Hash Ring loaded. 4 active nodes. 0 offline nodes {{(pid=90387) _load_hash_ring /opt/stack/neutron/neutron/common/ovn/hash_ring_manager.py:110}}
Jun 28 11:54:02.259467 np0000003878 devstack@neutron-api.service[90387]: DEBUG neutron.plugins.ml2.drivers.ovn.mech_driver.ovsdb.ovsdb_monitor [None req-84e836d3-9736-4397-a5df-cdf086e67e07 None None] Hash Ring: Node d35b7d1cf1825cdd8aab8deb2495641e (host: np0000003878) handling event "update" for row f0c72b78-d033-4dd9-8eb2-00114ea7ffdf (table: NB_Global) {{(pid=90387) notify /opt/stack/neutron/neutron/plugins/ml2/drivers/ovn/mech_driver/ovsdb/ovsdb_monitor.py:1015}}
Jun 28 11:54:02.260594 np0000003878 devstack@neutron-api.service[90387]: DEBUG neutron.plugins.ml2.drivers.ovn.mech_driver.ovsdb.ovsdb_monitor [None req-84e836d3-9736-4397-a5df-cdf086e67e07 None None] Hash Ring: Node d35b7d1cf1825cdd8aab8deb2495641e (host: np0000003878) handling event "update" for row f0c72b78-d033-4dd9-8eb2-00114ea7ffdf (table: NB_Global) {{(pid=90387) notify /opt/stack/neutron/neutron/plugins/ml2/drivers/ovn/mech_driver/ovsdb/ovsdb_monitor.py:1015}}
Jun 28 11:54:02.261129 np0000003878 devstack@neutron-api.service[90387]: DEBUG neutron.plugins.ml2.drivers.ovn.mech_driver.ovsdb.ovsdb_monitor [None req-84e836d3-9736-4397-a5df-cdf086e67e07 None None] Hash Ring: Node d35b7d1cf1825cdd8aab8deb2495641e (host: np0000003878) handling event "update" for row f0c72b78-d033-4dd9-8eb2-00114ea7ffdf (table: NB_Global) {{(pid=90387) notify /opt/stack/neutron/neutron/plugins/ml2/drivers/ovn/mech_driver/ovsdb/ovsdb_monitor.py:1015}}
Jun 28 11:54:02.261285 np0000003878 devstack@neutron-api.service[90385]: DEBUG neutron.common.ovn.hash_ring_manager [None req-c79174be-cf70-4ab6-9b88-be0c24035ebc None None] Hash Ring loaded. 4 active nodes. 0 offline nodes {{(pid=90385) _load_hash_ring /opt/stack/neutron/neutron/common/ovn/hash_ring_manager.py:110}}
Jun 28 11:54:02.261427 np0000003878 devstack@neutron-api.service[90387]: DEBUG neutron.common.ovn.hash_ring_manager [None req-4d35d028-c72e-40ff-9cd2-ba1d5829e4a1 None None] Hash Ring loaded. 4 active nodes. 0 offline nodes {{(pid=90387) _load_hash_ring /opt/stack/neutron/neutron/common/ovn/hash_ring_manager.py:110}}
Jun 28 11:54:02.261427 np0000003878 devstack@neutron-api.service[90387]: DEBUG neutron.plugins.ml2.drivers.ovn.mech_driver.ovsdb.ovsdb_monitor [None req-4d35d028-c72e-40ff-9cd2-ba1d5829e4a1 None None] Hash Ring: Node d35b7d1cf1825cdd8aab8deb2495641e (host: np0000003878) handling event "update" for row 9c9e3c76-19dd-4372-b08c-e2cda9245fcc (table: Chassis_Private) {{(pid=90387) notify /opt/stack/neutron/neutron/plugins/ml2/drivers/ovn/mech_driver/ovsdb/ovsdb_monitor.py:1015}}
Jun 28 11:54:02.262479 np0000003878 devstack@neutron-api.service[90387]: DEBUG neutron.plugins.ml2.drivers.ovn.mech_driver.ovsdb.ovsdb_monitor [None req-84e836d3-9736-4397-a5df-cdf086e67e07 None None] Hash Ring: Node d35b7d1cf1825cdd8aab8deb2495641e (host: np0000003878) handling event "update" for row f0c72b78-d033-4dd9-8eb2-00114ea7ffdf (table: NB_Global) {{(pid=90387) notify /opt/stack/neutron/neutron/plugins/ml2/drivers/ovn/mech_driver/ovsdb/ovsdb_monitor.py:1015}}
Jun 28 11:54:02.263180 np0000003878 devstack@neutron-api.service[90388]: DEBUG neutron.api.rpc.callbacks.version_manager [None req-db80b209-d4cf-499c-860a-99c248a0f88f admin admin] Tracked resource versions report:
Jun 28 11:54:02.263180 np0000003878 devstack@neutron-api.service[90388]: pushed versions:
Jun 28 11:54:02.263180 np0000003878 devstack@neutron-api.service[90388]: { 'AddressGroup': {'1.2'},
Jun 28 11:54:02.263180 np0000003878 devstack@neutron-api.service[90388]: 'Agent': {'1.1'},
Jun 28 11:54:02.263180 np0000003878 devstack@neutron-api.service[90388]: 'ConntrackHelper': {'1.0'},
Jun 28 11:54:02.263180 np0000003878 devstack@neutron-api.service[90388]: 'LocalIPAssociation': {'1.0'},
Jun 28 11:54:02.263180 np0000003878 devstack@neutron-api.service[90388]: 'Log': {'1.0'},
Jun 28 11:54:02.263180 np0000003878 devstack@neutron-api.service[90388]: 'NDPProxy': {'1.0'},
Jun 28 11:54:02.263180 np0000003878 devstack@neutron-api.service[90388]: 'Network': {'1.3'},
Jun 28 11:54:02.263180 np0000003878 devstack@neutron-api.service[90388]: 'Port': {'1.11'},
Jun 28 11:54:02.263180 np0000003878 devstack@neutron-api.service[90388]: 'PortForwarding': {'1.3'},
Jun 28 11:54:02.263180 np0000003878 devstack@neutron-api.service[90388]: 'QosPolicy': {'1.10'},
Jun 28 11:54:02.263180 np0000003878 devstack@neutron-api.service[90388]: 'SecurityGroup': {'1.6'},
Jun 28 11:54:02.263180 np0000003878 devstack@neutron-api.service[90388]: 'SecurityGroupRule': {'1.3'},
Jun 28 11:54:02.263180 np0000003878 devstack@neutron-api.service[90388]: 'SubPort': {'1.0'},
Jun 28 11:54:02.263180 np0000003878 devstack@neutron-api.service[90388]: 'Subnet': {'1.2'},
Jun 28 11:54:02.263180 np0000003878 devstack@neutron-api.service[90388]: 'Trunk': {'1.1'}}
Jun 28 11:54:02.263180 np0000003878 devstack@neutron-api.service[90388]: consumer versions:
Jun 28 11:54:02.263180 np0000003878 devstack@neutron-api.service[90388]: { OVN Neutron agent@np0000003878: {},
Jun 28 11:54:02.263180 np0000003878 devstack@neutron-api.service[90388]: OVN Controller Gateway agent@np0000003878: {}}
Jun 28 11:54:02.263180 np0000003878 devstack@neutron-api.service[90388]: {{(pid=90388) report /opt/stack/neutron/neutron/api/rpc/callbacks/version_manager.py:183}}
Jun 28 11:54:02.271177 np0000003878 devstack@neutron-api.service[90388]: DEBUG ovsdbapp.backend.ovs_idl.transaction [None req-7938511a-8a38-492d-ad5e-b8eba28e894f None None] Running txn n=1 command(idx=0): AddNetworkCommand(_result=None, network_uuid=ae933cfc-5ff0-471e-848a-658e7236e538, may_exist=True, columns={'external_ids': {'neutron:network_name': 'shared', 'neutron:mtu': '1372', 'neutron:revision_number': '1', 'neutron:availability_zone_hints': '', 'neutron:provnet-network-type': 'geneve'}, 'other_config': {'mcast_snoop': 'false', 'mcast_flood_unregistered': 'false', 'vlan-passthru': 'false'}}) {{(pid=90388) do_commit /opt/stack/data/venv/lib/python3.12/site-packages/ovsdbapp/backend/ovs_idl/transaction.py:89}}
Jun 28 11:54:02.273471 np0000003878 devstack@neutron-api.service[90387]: DEBUG neutron.plugins.ml2.drivers.ovn.mech_driver.ovsdb.ovsdb_monitor [None req-84e836d3-9736-4397-a5df-cdf086e67e07 None None] Hash Ring: Node d35b7d1cf1825cdd8aab8deb2495641e (host: np0000003878) handling event "create" for row ae933cfc-5ff0-471e-848a-658e7236e538 (table: Logical_Switch) {{(pid=90387) notify /opt/stack/neutron/neutron/plugins/ml2/drivers/ovn/mech_driver/ovsdb/ovsdb_monitor.py:1015}}
Jun 28 11:54:02.276058 np0000003878 devstack@neutron-api.service[90387]: DEBUG neutron.plugins.ml2.drivers.ovn.mech_driver.ovsdb.ovsdb_monitor [None req-4d35d028-c72e-40ff-9cd2-ba1d5829e4a1 None None] Hash Ring: Node d35b7d1cf1825cdd8aab8deb2495641e (host: np0000003878) handling event "create" for row 6d620408-311f-4286-8ec0-c73604823f20 (table: Datapath_Binding) {{(pid=90387) notify /opt/stack/neutron/neutron/plugins/ml2/drivers/ovn/mech_driver/ovsdb/ovsdb_monitor.py:1015}}
