Jul 03 09:33:59.013692 np0000004400 nova-conductor[98791]: DEBUG cotyledon.oslo_config_glue [-] profiler.es_scroll_time = 2m {{(pid=98791) log_opt_values /opt/stack/data/venv/lib/python3.12/site-packages/oslo_config/cfg.py:3253}}
Jul 03 09:33:59.013692 np0000004400 nova-conductor[98791]: DEBUG cotyledon.oslo_config_glue [-] profiler.filter_error_trace = False {{(pid=98791) log_opt_values /opt/stack/data/venv/lib/python3.12/site-packages/oslo_config/cfg.py:3253}}
Jul 03 09:33:59.013692 np0000004400 nova-conductor[98791]: DEBUG cotyledon.oslo_config_glue [-] profiler.hmac_keys = **** {{(pid=98791) log_opt_values /opt/stack/data/venv/lib/python3.12/site-packages/oslo_config/cfg.py:3253}}
Jul 03 09:33:59.013692 np0000004400 nova-conductor[98791]: DEBUG cotyledon.oslo_config_glue [-] profiler.sentinel_service_name = mymaster {{(pid=98791) log_opt_values /opt/stack/data/venv/lib/python3.12/site-packages/oslo_config/cfg.py:3253}}
Jul 03 09:33:59.013892 np0000004400 nova-conductor[98791]: DEBUG cotyledon.oslo_config_glue [-] profiler.socket_timeout = 0.1 {{(pid=98791) log_opt_values /opt/stack/data/venv/lib/python3.12/site-packages/oslo_config/cfg.py:3253}}
Jul 03 09:33:59.013892 np0000004400 nova-conductor[98791]: DEBUG cotyledon.oslo_config_glue [-] profiler.trace_requests = False {{(pid=98791) log_opt_values /opt/stack/data/venv/lib/python3.12/site-packages/oslo_config/cfg.py:3253}}
Jul 03 09:33:59.013892 np0000004400 nova-conductor[98791]: DEBUG cotyledon.oslo_config_glue [-] profiler.trace_sqlalchemy = False {{(pid=98791) log_opt_values /opt/stack/data/venv/lib/python3.12/site-packages/oslo_config/cfg.py:3253}}
Jul 03 09:33:59.013892 np0000004400 nova-conductor[98791]: DEBUG cotyledon.oslo_config_glue [-] profiler_jaeger.process_tags = {} {{(pid=98791) log_opt_values /opt/stack/data/venv/lib/python3.12/site-packages/oslo_config/cfg.py:3253}}
Jul 03 09:33:59.013892 np0000004400 nova-conductor[98791]: DEBUG cotyledon.oslo_config_glue [-] profiler_jaeger.service_name_prefix = None {{(pid=98791) log_opt_values /opt/stack/data/venv/lib/python3.12/site-packages/oslo_config/cfg.py:3253}}
Jul 03 09:33:59.013892 np0000004400 nova-conductor[98791]: DEBUG cotyledon.oslo_config_glue [-] profiler_otlp.service_name_prefix = None {{(pid=98791) log_opt_values /opt/stack/data/venv/lib/python3.12/site-packages/oslo_config/cfg.py:3253}}
Jul 03 09:33:59.013892 np0000004400 nova-conductor[98791]: DEBUG cotyledon.oslo_config_glue [-] oslo_messaging_rabbit.amqp_auto_delete = False {{(pid=98791) log_opt_values /opt/stack/data/venv/lib/python3.12/site-packages/oslo_config/cfg.py:3253}}
Jul 03 09:33:59.013892 np0000004400 nova-conductor[98791]: DEBUG cotyledon.oslo_config_glue [-] oslo_messaging_rabbit.amqp_durable_queues = False {{(pid=98791) log_opt_values /opt/stack/data/venv/lib/python3.12/site-packages/oslo_config/cfg.py:3253}}
Jul 03 09:33:59.013892 np0000004400 nova-conductor[98791]: DEBUG cotyledon.oslo_config_glue [-] oslo_messaging_rabbit.conn_pool_min_size = 2 {{(pid=98791) log_opt_values /opt/stack/data/venv/lib/python3.12/site-packages/oslo_config/cfg.py:3253}}
Jul 03 09:33:59.014069 np0000004400 nova-conductor[98791]: DEBUG cotyledon.oslo_config_glue [-] oslo_messaging_rabbit.conn_pool_ttl = 1200 {{(pid=98791) log_opt_values /opt/stack/data/venv/lib/python3.12/site-packages/oslo_config/cfg.py:3253}}
Jul 03 09:33:59.014069 np0000004400 nova-conductor[98791]: DEBUG cotyledon.oslo_config_glue [-] oslo_messaging_rabbit.direct_mandatory_flag = True {{(pid=98791) log_opt_values /opt/stack/data/venv/lib/python3.12/site-packages/oslo_config/cfg.py:3253}}
Jul 03 09:33:59.014069 np0000004400 nova-conductor[98791]: DEBUG cotyledon.oslo_config_glue [-] oslo_messaging_rabbit.enable_cancel_on_failover = False {{(pid=98791) log_opt_values /opt/stack/data/venv/lib/python3.12/site-packages/oslo_config/cfg.py:3253}}
Jul 03 09:33:59.014069 np0000004400 nova-conductor[98791]: DEBUG cotyledon.oslo_config_glue [-] oslo_messaging_rabbit.heartbeat_rate = 3 {{(pid=98791) log_opt_values /opt/stack/data/venv/lib/python3.12/site-packages/oslo_config/cfg.py:3253}}
Jul 03 09:33:59.014069 np0000004400 nova-conductor[98791]: DEBUG cotyledon.oslo_config_glue [-] oslo_messaging_rabbit.heartbeat_timeout_threshold = 60 {{(pid=98791) log_opt_values /opt/stack/data/venv/lib/python3.12/site-packages/oslo_config/cfg.py:3253}}
Jul 03 09:33:59.014069 np0000004400 nova-conductor[98791]: DEBUG cotyledon.oslo_config_glue [-] oslo_messaging_rabbit.hostname = np0000004400 {{(pid=98791) log_opt_values /opt/stack/data/venv/lib/python3.12/site-packages/oslo_config/cfg.py:3253}}
Jul 03 09:33:59.014069 np0000004400 nova-conductor[98791]: DEBUG cotyledon.oslo_config_glue [-] oslo_messaging_rabbit.kombu_compression = None {{(pid=98791) log_opt_values /opt/stack/data/venv/lib/python3.12/site-packages/oslo_config/cfg.py:3253}}
Jul 03 09:33:59.014069 np0000004400 nova-conductor[98791]: DEBUG cotyledon.oslo_config_glue [-] oslo_messaging_rabbit.kombu_failover_strategy = round-robin {{(pid=98791) log_opt_values /opt/stack/data/venv/lib/python3.12/site-packages/oslo_config/cfg.py:3253}}
Jul 03 09:33:59.014069 np0000004400 nova-conductor[98791]: DEBUG cotyledon.oslo_config_glue [-] oslo_messaging_rabbit.kombu_missing_consumer_retry_timeout = 60 {{(pid=98791) log_opt_values /opt/stack/data/venv/lib/python3.12/site-packages/oslo_config/cfg.py:3253}}
Jul 03 09:33:59.014254 np0000004400 nova-conductor[98791]: DEBUG cotyledon.oslo_config_glue [-] oslo_messaging_rabbit.kombu_reconnect_delay = 1.0 {{(pid=98791) log_opt_values /opt/stack/data/venv/lib/python3.12/site-packages/oslo_config/cfg.py:3253}}
Jul 03 09:33:59.014254 np0000004400 nova-conductor[98791]: DEBUG cotyledon.oslo_config_glue [-] oslo_messaging_rabbit.kombu_reconnect_splay = 0.0 {{(pid=98791) log_opt_values /opt/stack/data/venv/lib/python3.12/site-packages/oslo_config/cfg.py:3253}}
Jul 03 09:33:59.014254 np0000004400 nova-conductor[98791]: DEBUG cotyledon.oslo_config_glue [-] oslo_messaging_rabbit.processname = nova-conductor {{(pid=98791) log_opt_values /opt/stack/data/venv/lib/python3.12/site-packages/oslo_config/cfg.py:3253}}
Jul 03 09:33:59.014254 np0000004400 nova-conductor[98791]: DEBUG cotyledon.oslo_config_glue [-] oslo_messaging_rabbit.rabbit_ha_queues = False {{(pid=98791) log_opt_values /opt/stack/data/venv/lib/python3.12/site-packages/oslo_config/cfg.py:3253}}
Jul 03 09:33:59.014254 np0000004400 nova-conductor[98791]: DEBUG cotyledon.oslo_config_glue [-] oslo_messaging_rabbit.rabbit_interval_max = 30 {{(pid=98791) log_opt_values /opt/stack/data/venv/lib/python3.12/site-packages/oslo_config/cfg.py:3253}}
Jul 03 09:33:59.014254 np0000004400 nova-conductor[98791]: DEBUG cotyledon.oslo_config_glue [-] oslo_messaging_rabbit.rabbit_login_method = AMQPLAIN {{(pid=98791) log_opt_values /opt/stack/data/venv/lib/python3.12/site-packages/oslo_config/cfg.py:3253}}
Jul 03 09:33:59.014254 np0000004400 nova-conductor[98791]: DEBUG cotyledon.oslo_config_glue [-] oslo_messaging_rabbit.rabbit_qos_prefetch_count = 0 {{(pid=98791) log_opt_values /opt/stack/data/venv/lib/python3.12/site-packages/oslo_config/cfg.py:3253}}
Jul 03 09:33:59.014254 np0000004400 nova-conductor[98791]: DEBUG cotyledon.oslo_config_glue [-] oslo_messaging_rabbit.rabbit_quorum_delivery_limit = 0 {{(pid=98791) log_opt_values /opt/stack/data/venv/lib/python3.12/site-packages/oslo_config/cfg.py:3253}}
Jul 03 09:33:59.014254 np0000004400 nova-conductor[98791]: DEBUG cotyledon.oslo_config_glue [-] oslo_messaging_rabbit.rabbit_quorum_max_memory_bytes = 0 {{(pid=98791) log_opt_values /opt/stack/data/venv/lib/python3.12/site-packages/oslo_config/cfg.py:3253}}
Jul 03 09:33:59.014439 np0000004400 nova-conductor[98791]: DEBUG cotyledon.oslo_config_glue [-] oslo_messaging_rabbit.rabbit_quorum_max_memory_length = 0 {{(pid=98791) log_opt_values /opt/stack/data/venv/lib/python3.12/site-packages/oslo_config/cfg.py:3253}}
Jul 03 09:33:59.014439 np0000004400 nova-conductor[98791]: DEBUG cotyledon.oslo_config_glue [-] oslo_messaging_rabbit.rabbit_quorum_queue = False {{(pid=98791) log_opt_values /opt/stack/data/venv/lib/python3.12/site-packages/oslo_config/cfg.py:3253}}
Jul 03 09:33:59.014439 np0000004400 nova-conductor[98791]: DEBUG cotyledon.oslo_config_glue [-] oslo_messaging_rabbit.rabbit_retry_backoff = 2 {{(pid=98791) log_opt_values /opt/stack/data/venv/lib/python3.12/site-packages/oslo_config/cfg.py:3253}}
Jul 03 09:33:59.014439 np0000004400 nova-conductor[98791]: DEBUG cotyledon.oslo_config_glue [-] oslo_messaging_rabbit.rabbit_retry_interval = 1 {{(pid=98791) log_opt_values /opt/stack/data/venv/lib/python3.12/site-packages/oslo_config/cfg.py:3253}}
Jul 03 09:33:59.014439 np0000004400 nova-conductor[98791]: DEBUG cotyledon.oslo_config_glue [-] oslo_messaging_rabbit.rabbit_stream_fanout = False {{(pid=98791) log_opt_values /opt/stack/data/venv/lib/python3.12/site-packages/oslo_config/cfg.py:3253}}
Jul 03 09:33:59.014439 np0000004400 nova-conductor[98791]: DEBUG cotyledon.oslo_config_glue [-] oslo_messaging_rabbit.rabbit_transient_queues_ttl = 1800 {{(pid=98791) log_opt_values /opt/stack/data/venv/lib/python3.12/site-packages/oslo_config/cfg.py:3253}}
Jul 03 09:33:59.014439 np0000004400 nova-conductor[98791]: DEBUG cotyledon.oslo_config_glue [-] oslo_messaging_rabbit.rabbit_transient_quorum_queue = False {{(pid=98791) log_opt_values /opt/stack/data/venv/lib/python3.12/site-packages/oslo_config/cfg.py:3253}}
Jul 03 09:33:59.014439 np0000004400 nova-conductor[98791]: DEBUG cotyledon.oslo_config_glue [-] oslo_messaging_rabbit.rpc_conn_pool_size = 30 {{(pid=98791) log_opt_values /opt/stack/data/venv/lib/python3.12/site-packages/oslo_config/cfg.py:3253}}
Jul 03 09:33:59.014439 np0000004400 nova-conductor[98791]: DEBUG cotyledon.oslo_config_glue [-] oslo_messaging_rabbit.ssl = False {{(pid=98791) log_opt_values /opt/stack/data/venv/lib/python3.12/site-packages/oslo_config/cfg.py:3253}}
Jul 03 09:33:59.014613 np0000004400 nova-conductor[98791]: DEBUG cotyledon.oslo_config_glue [-] oslo_messaging_rabbit.ssl_ca_file = {{(pid=98791) log_opt_values /opt/stack/data/venv/lib/python3.12/site-packages/oslo_config/cfg.py:3253}}
Jul 03 09:33:59.014613 np0000004400 nova-conductor[98791]: DEBUG cotyledon.oslo_config_glue [-] oslo_messaging_rabbit.ssl_cert_file = {{(pid=98791) log_opt_values /opt/stack/data/venv/lib/python3.12/site-packages/oslo_config/cfg.py:3253}}
Jul 03 09:33:59.014613 np0000004400 nova-conductor[98791]: DEBUG cotyledon.oslo_config_glue [-] oslo_messaging_rabbit.ssl_enforce_fips_mode = False {{(pid=98791) log_opt_values /opt/stack/data/venv/lib/python3.12/site-packages/oslo_config/cfg.py:3253}}
Jul 03 09:33:59.014613 np0000004400 nova-conductor[98791]: DEBUG cotyledon.oslo_config_glue [-] oslo_messaging_rabbit.ssl_enforce_hostname_verification = True {{(pid=98791) log_opt_values /opt/stack/data/venv/lib/python3.12/site-packages/oslo_config/cfg.py:3253}}
Jul 03 09:33:59.014613 np0000004400 nova-conductor[98791]: DEBUG cotyledon.oslo_config_glue [-] oslo_messaging_rabbit.ssl_key_file = {{(pid=98791) log_opt_values /opt/stack/data/venv/lib/python3.12/site-packages/oslo_config/cfg.py:3253}}
Jul 03 09:33:59.014613 np0000004400 nova-conductor[98791]: DEBUG cotyledon.oslo_config_glue [-] oslo_messaging_rabbit.ssl_version = {{(pid=98791) log_opt_values /opt/stack/data/venv/lib/python3.12/site-packages/oslo_config/cfg.py:3253}}
Jul 03 09:33:59.014613 np0000004400 nova-conductor[98791]: DEBUG cotyledon.oslo_config_glue [-] oslo_messaging_rabbit.use_queue_manager = False {{(pid=98791) log_opt_values /opt/stack/data/venv/lib/python3.12/site-packages/oslo_config/cfg.py:3253}}
Jul 03 09:33:59.014613 np0000004400 nova-conductor[98791]: DEBUG cotyledon.oslo_config_glue [-] oslo_messaging_notifications.driver = ['messagingv2'] {{(pid=98791) log_opt_values /opt/stack/data/venv/lib/python3.12/site-packages/oslo_config/cfg.py:3253}}
Jul 03 09:33:59.014613 np0000004400 nova-conductor[98791]: DEBUG cotyledon.oslo_config_glue [-] oslo_messaging_notifications.retry = -1 {{(pid=98791) log_opt_values /opt/stack/data/venv/lib/python3.12/site-packages/oslo_config/cfg.py:3253}}
Jul 03 09:33:59.014809 np0000004400 nova-conductor[98791]: DEBUG cotyledon.oslo_config_glue [-] oslo_messaging_notifications.topics = ['notifications'] {{(pid=98791) log_opt_values /opt/stack/data/venv/lib/python3.12/site-packages/oslo_config/cfg.py:3253}}
Jul 03 09:33:59.014809 np0000004400 nova-conductor[98791]: DEBUG cotyledon.oslo_config_glue [-] oslo_messaging_notifications.transport_url = **** {{(pid=98791) log_opt_values /opt/stack/data/venv/lib/python3.12/site-packages/oslo_config/cfg.py:3253}}
Jul 03 09:33:59.014809 np0000004400 nova-conductor[98791]: DEBUG cotyledon.oslo_config_glue [-] oslo_limit.auth_section = None {{(pid=98791) log_opt_values /opt/stack/data/venv/lib/python3.12/site-packages/oslo_config/cfg.py:3253}}
Jul 03 09:33:59.014809 np0000004400 nova-conductor[98791]: DEBUG cotyledon.oslo_config_glue [-] oslo_limit.auth_type = None {{(pid=98791) log_opt_values /opt/stack/data/venv/lib/python3.12/site-packages/oslo_config/cfg.py:3253}}
Jul 03 09:33:59.014809 np0000004400 nova-conductor[98791]: DEBUG cotyledon.oslo_config_glue [-] oslo_limit.cafile = None {{(pid=98791) log_opt_values /opt/stack/data/venv/lib/python3.12/site-packages/oslo_config/cfg.py:3253}}
Jul 03 09:33:59.014809 np0000004400 nova-conductor[98791]: DEBUG cotyledon.oslo_config_glue [-] oslo_limit.certfile = None {{(pid=98791) log_opt_values /opt/stack/data/venv/lib/python3.12/site-packages/oslo_config/cfg.py:3253}}
Jul 03 09:33:59.014809 np0000004400 nova-conductor[98791]: DEBUG cotyledon.oslo_config_glue [-] oslo_limit.collect_timing = False {{(pid=98791) log_opt_values /opt/stack/data/venv/lib/python3.12/site-packages/oslo_config/cfg.py:3253}}
Jul 03 09:33:59.014809 np0000004400 nova-conductor[98791]: DEBUG cotyledon.oslo_config_glue [-] oslo_limit.connect_retries = None {{(pid=98791) log_opt_values /opt/stack/data/venv/lib/python3.12/site-packages/oslo_config/cfg.py:3253}}
Jul 03 09:33:59.014809 np0000004400 nova-conductor[98791]: DEBUG cotyledon.oslo_config_glue [-] oslo_limit.connect_retry_delay = None {{(pid=98791) log_opt_values /opt/stack/data/venv/lib/python3.12/site-packages/oslo_config/cfg.py:3253}}
Jul 03 09:33:59.014986 np0000004400 nova-conductor[98791]: DEBUG cotyledon.oslo_config_glue [-] oslo_limit.endpoint_id = None {{(pid=98791) log_opt_values /opt/stack/data/venv/lib/python3.12/site-packages/oslo_config/cfg.py:3253}}
Jul 03 09:33:59.014986 np0000004400 nova-conductor[98791]: DEBUG cotyledon.oslo_config_glue [-] oslo_limit.endpoint_interface = public {{(pid=98791) log_opt_values /opt/stack/data/venv/lib/python3.12/site-packages/oslo_config/cfg.py:3253}}
Jul 03 09:33:59.014986 np0000004400 nova-conductor[98791]: DEBUG cotyledon.oslo_config_glue [-] oslo_limit.endpoint_override = None {{(pid=98791) log_opt_values /opt/stack/data/venv/lib/python3.12/site-packages/oslo_config/cfg.py:3253}}
Jul 03 09:33:59.014986 np0000004400 nova-conductor[98791]: DEBUG cotyledon.oslo_config_glue [-] oslo_limit.endpoint_region_name = None {{(pid=98791) log_opt_values /opt/stack/data/venv/lib/python3.12/site-packages/oslo_config/cfg.py:3253}}
Jul 03 09:33:59.014986 np0000004400 nova-conductor[98791]: DEBUG cotyledon.oslo_config_glue [-] oslo_limit.endpoint_service_name = None {{(pid=98791) log_opt_values /opt/stack/data/venv/lib/python3.12/site-packages/oslo_config/cfg.py:3253}}
Jul 03 09:33:59.014986 np0000004400 nova-conductor[98791]: DEBUG cotyledon.oslo_config_glue [-] oslo_limit.endpoint_service_type = None {{(pid=98791) log_opt_values /opt/stack/data/venv/lib/python3.12/site-packages/oslo_config/cfg.py:3253}}
Jul 03 09:33:59.014986 np0000004400 nova-conductor[98791]: DEBUG cotyledon.oslo_config_glue [-] oslo_limit.insecure = False {{(pid=98791) log_opt_values /opt/stack/data/venv/lib/python3.12/site-packages/oslo_config/cfg.py:3253}}
Jul 03 09:33:59.014986 np0000004400 nova-conductor[98791]: DEBUG cotyledon.oslo_config_glue [-] oslo_limit.keyfile = None {{(pid=98791) log_opt_values /opt/stack/data/venv/lib/python3.12/site-packages/oslo_config/cfg.py:3253}}
Jul 03 09:33:59.014986 np0000004400 nova-conductor[98791]: DEBUG cotyledon.oslo_config_glue [-] oslo_limit.max_version = None {{(pid=98791) log_opt_values /opt/stack/data/venv/lib/python3.12/site-packages/oslo_config/cfg.py:3253}}
Jul 03 09:33:59.015175 np0000004400 nova-conductor[98791]: DEBUG cotyledon.oslo_config_glue [-] oslo_limit.min_version = None {{(pid=98791) log_opt_values /opt/stack/data/venv/lib/python3.12/site-packages/oslo_config/cfg.py:3253}}
Jul 03 09:33:59.015175 np0000004400 nova-conductor[98791]: DEBUG cotyledon.oslo_config_glue [-] oslo_limit.region_name = None {{(pid=98791) log_opt_values /opt/stack/data/venv/lib/python3.12/site-packages/oslo_config/cfg.py:3253}}
Jul 03 09:33:59.015175 np0000004400 nova-conductor[98791]: DEBUG cotyledon.oslo_config_glue [-] oslo_limit.retriable_status_codes = None {{(pid=98791) log_opt_values /opt/stack/data/venv/lib/python3.12/site-packages/oslo_config/cfg.py:3253}}
Jul 03 09:33:59.015175 np0000004400 nova-conductor[98791]: DEBUG cotyledon.oslo_config_glue [-] oslo_limit.service_name = None {{(pid=98791) log_opt_values /opt/stack/data/venv/lib/python3.12/site-packages/oslo_config/cfg.py:3253}}
Jul 03 09:33:59.015175 np0000004400 nova-conductor[98791]: DEBUG cotyledon.oslo_config_glue [-] oslo_limit.service_type = None {{(pid=98791) log_opt_values /opt/stack/data/venv/lib/python3.12/site-packages/oslo_config/cfg.py:3253}}
Jul 03 09:33:59.015175 np0000004400 nova-conductor[98791]: DEBUG cotyledon.oslo_config_glue [-] oslo_limit.split_loggers = False {{(pid=98791) log_opt_values /opt/stack/data/venv/lib/python3.12/site-packages/oslo_config/cfg.py:3253}}
Jul 03 09:33:59.015175 np0000004400 nova-conductor[98791]: DEBUG cotyledon.oslo_config_glue [-] oslo_limit.status_code_retries = None {{(pid=98791) log_opt_values /opt/stack/data/venv/lib/python3.12/site-packages/oslo_config/cfg.py:3253}}
Jul 03 09:33:59.015175 np0000004400 nova-conductor[98791]: DEBUG cotyledon.oslo_config_glue [-] oslo_limit.status_code_retry_delay = None {{(pid=98791) log_opt_values /opt/stack/data/venv/lib/python3.12/site-packages/oslo_config/cfg.py:3253}}
Jul 03 09:33:59.015175 np0000004400 nova-conductor[98791]: DEBUG cotyledon.oslo_config_glue [-] oslo_limit.timeout = None {{(pid=98791) log_opt_values /opt/stack/data/venv/lib/python3.12/site-packages/oslo_config/cfg.py:3253}}
Jul 03 09:33:59.015366 np0000004400 nova-conductor[98791]: DEBUG cotyledon.oslo_config_glue [-] oslo_limit.valid_interfaces = None {{(pid=98791) log_opt_values /opt/stack/data/venv/lib/python3.12/site-packages/oslo_config/cfg.py:3253}}
Jul 03 09:33:59.015366 np0000004400 nova-conductor[98791]: DEBUG cotyledon.oslo_config_glue [-] oslo_limit.version = None {{(pid=98791) log_opt_values /opt/stack/data/venv/lib/python3.12/site-packages/oslo_config/cfg.py:3253}}
Jul 03 09:33:59.015437 np0000004400 nova-conductor[98787]: INFO dbcounter [None req-e230f8c7-d4a3-43cc-b9f2-f3bc1b369aa4 None None] Registered counter for database nova_cell0
Jul 03 09:33:59.015467 np0000004400 nova-conductor[98791]: DEBUG cotyledon.oslo_config_glue [-] oslo_reports.file_event_handler = None {{(pid=98791) log_opt_values /opt/stack/data/venv/lib/python3.12/site-packages/oslo_config/cfg.py:3253}}
Jul 03 09:33:59.015467 np0000004400 nova-conductor[98791]: DEBUG cotyledon.oslo_config_glue [-] oslo_reports.file_event_handler_interval = 1 {{(pid=98791) log_opt_values /opt/stack/data/venv/lib/python3.12/site-packages/oslo_config/cfg.py:3253}}
Jul 03 09:33:59.015467 np0000004400 nova-conductor[98791]: DEBUG cotyledon.oslo_config_glue [-] oslo_reports.log_dir = None {{(pid=98791) log_opt_values /opt/stack/data/venv/lib/python3.12/site-packages/oslo_config/cfg.py:3253}}
Jul 03 09:33:59.015467 np0000004400 nova-conductor[98791]: DEBUG cotyledon.oslo_config_glue [-] ******************************************************************************** {{(pid=98791) log_opt_values /opt/stack/data/venv/lib/python3.12/site-packages/oslo_config/cfg.py:3260}}
Jul 03 09:33:59.015467 np0000004400 nova-conductor[98791]: DEBUG cotyledon._service_worker [-] Run service ServiceWrapper(3) [98791] {{(pid=98791) wait_forever /opt/stack/data/venv/lib/python3.12/site-packages/cotyledon/_service_worker.py:218}}
Jul 03 09:33:59.015467 np0000004400 nova-conductor[98791]: INFO nova.service [-] Starting conductor node (version 33.1.0)
Jul 03 09:33:59.015467 np0000004400 nova-conductor[98791]: INFO dbcounter [None req-6de26bd5-4d75-4848-bb46-0722f175b5f9 None None] Registered counter for database nova_cell0
Jul 03 09:33:59.015601 np0000004400 nova-conductor[98772]: DEBUG oslo_db.sqlalchemy.engines [None req-a9dfd177-0f14-49fa-b931-b84853268c1a None None] MySQL server mode set to STRICT_TRANS_TABLES,STRICT_ALL_TABLES,NO_ZERO_IN_DATE,NO_ZERO_DATE,ERROR_FOR_DIVISION_BY_ZERO,TRADITIONAL,NO_ENGINE_SUBSTITUTION {{(pid=98772) _check_effective_sql_mode /opt/stack/data/venv/lib/python3.12/site-packages/oslo_db/sqlalchemy/engines.py:325}}
Jul 03 09:33:59.015627 np0000004400 nova-conductor[98780]: DEBUG oslo_db.sqlalchemy.engines [None req-2175f41f-2623-4294-bae3-11643567d1b0 None None] MySQL server mode set to STRICT_TRANS_TABLES,STRICT_ALL_TABLES,NO_ZERO_IN_DATE,NO_ZERO_DATE,ERROR_FOR_DIVISION_BY_ZERO,TRADITIONAL,NO_ENGINE_SUBSTITUTION {{(pid=98780) _check_effective_sql_mode /opt/stack/data/venv/lib/python3.12/site-packages/oslo_db/sqlalchemy/engines.py:325}}
Jul 03 09:33:59.017016 np0000004400 nova-conductor[98772]: DEBUG dbcounter [-] [98772] Writer thread running {{(pid=98772) stat_writer /opt/stack/data/venv/lib/python3.12/site-packages/dbcounter.py:102}}
Jul 03 09:33:59.023257 np0000004400 nova-conductor[98780]: DEBUG dbcounter [-] [98780] Writer thread running {{(pid=98780) stat_writer /opt/stack/data/venv/lib/python3.12/site-packages/dbcounter.py:102}}
Jul 03 09:33:59.024840 np0000004400 nova-conductor[98787]: DEBUG oslo_db.sqlalchemy.engines [None req-e230f8c7-d4a3-43cc-b9f2-f3bc1b369aa4 None None] MySQL server mode set to STRICT_TRANS_TABLES,STRICT_ALL_TABLES,NO_ZERO_IN_DATE,NO_ZERO_DATE,ERROR_FOR_DIVISION_BY_ZERO,TRADITIONAL,NO_ENGINE_SUBSTITUTION {{(pid=98787) _check_effective_sql_mode /opt/stack/data/venv/lib/python3.12/site-packages/oslo_db/sqlalchemy/engines.py:325}}
Jul 03 09:33:59.028971 np0000004400 nova-conductor[98791]: DEBUG oslo_db.sqlalchemy.engines [None req-6de26bd5-4d75-4848-bb46-0722f175b5f9 None None] MySQL server mode set to STRICT_TRANS_TABLES,STRICT_ALL_TABLES,NO_ZERO_IN_DATE,NO_ZERO_DATE,ERROR_FOR_DIVISION_BY_ZERO,TRADITIONAL,NO_ENGINE_SUBSTITUTION {{(pid=98791) _check_effective_sql_mode /opt/stack/data/venv/lib/python3.12/site-packages/oslo_db/sqlalchemy/engines.py:325}}
Jul 03 09:33:59.033805 np0000004400 nova-conductor[98772]: DEBUG nova.service [None req-a9dfd177-0f14-49fa-b931-b84853268c1a None None] Creating RPC server for service: nova-conductor on topic: conductor {{(pid=98772) start /opt/stack/nova/nova/service.py:196}}
Jul 03 09:33:59.035085 np0000004400 nova-conductor[98787]: DEBUG dbcounter [-] [98787] Writer thread running {{(pid=98787) stat_writer /opt/stack/data/venv/lib/python3.12/site-packages/dbcounter.py:102}}
Jul 03 09:33:59.038028 np0000004400 nova-conductor[98787]: DEBUG nova.service [None req-e230f8c7-d4a3-43cc-b9f2-f3bc1b369aa4 None None] Creating RPC server for service: nova-conductor on topic: conductor {{(pid=98787) start /opt/stack/nova/nova/service.py:196}}
Jul 03 09:33:59.038777 np0000004400 nova-conductor[98791]: DEBUG dbcounter [-] [98791] Writer thread running {{(pid=98791) stat_writer /opt/stack/data/venv/lib/python3.12/site-packages/dbcounter.py:102}}
Jul 03 09:33:59.040617 np0000004400 nova-conductor[98780]: DEBUG nova.service [None req-2175f41f-2623-4294-bae3-11643567d1b0 None None] Creating RPC server for service: nova-conductor on topic: conductor {{(pid=98780) start /opt/stack/nova/nova/service.py:196}}
Jul 03 09:33:59.041172 np0000004400 nova-conductor[98791]: DEBUG nova.service [None req-6de26bd5-4d75-4848-bb46-0722f175b5f9 None None] Creating RPC server for service: nova-conductor on topic: conductor {{(pid=98791) start /opt/stack/nova/nova/service.py:196}}
Jul 03 09:33:59.058601 np0000004400 nova-conductor[98791]: DEBUG nova.service [None req-6de26bd5-4d75-4848-bb46-0722f175b5f9 None None] Join ServiceGroup membership for this service conductor {{(pid=98791) start /opt/stack/nova/nova/service.py:222}}
Jul 03 09:33:59.058692 np0000004400 nova-conductor[98772]: DEBUG nova.service [None req-a9dfd177-0f14-49fa-b931-b84853268c1a None None] Join ServiceGroup membership for this service conductor {{(pid=98772) start /opt/stack/nova/nova/service.py:222}}
Jul 03 09:33:59.058758 np0000004400 nova-conductor[98791]: DEBUG nova.servicegroup.drivers.db [None req-6de26bd5-4d75-4848-bb46-0722f175b5f9 None None] DB_Driver: join new ServiceGroup member np0000004400 to the conductor group, service = {{(pid=98791) join /opt/stack/nova/nova/servicegroup/drivers/db.py:44}}
Jul 03 09:33:59.059107 np0000004400 nova-conductor[98772]: DEBUG nova.servicegroup.drivers.db [None req-a9dfd177-0f14-49fa-b931-b84853268c1a None None] DB_Driver: join new ServiceGroup member np0000004400 to the conductor group, service = {{(pid=98772) join /opt/stack/nova/nova/servicegroup/drivers/db.py:44}}
Jul 03 09:33:59.059900 np0000004400 nova-conductor[98787]: DEBUG nova.service [None req-e230f8c7-d4a3-43cc-b9f2-f3bc1b369aa4 None None] Join ServiceGroup membership for this service conductor {{(pid=98787) start /opt/stack/nova/nova/service.py:222}}
Jul 03 09:33:59.060047 np0000004400 nova-conductor[98787]: DEBUG nova.servicegroup.drivers.db [None req-e230f8c7-d4a3-43cc-b9f2-f3bc1b369aa4 None None] DB_Driver: join new ServiceGroup member np0000004400 to the conductor group, service = {{(pid=98787) join /opt/stack/nova/nova/servicegroup/drivers/db.py:44}}
Jul 03 09:33:59.068142 np0000004400 nova-conductor[98780]: DEBUG nova.service [None req-2175f41f-2623-4294-bae3-11643567d1b0 None None] Join ServiceGroup membership for this service conductor {{(pid=98780) start /opt/stack/nova/nova/service.py:222}}
Jul 03 09:33:59.068142 np0000004400 nova-conductor[98780]: DEBUG nova.servicegroup.drivers.db [None req-2175f41f-2623-4294-bae3-11643567d1b0 None None] DB_Driver: join new ServiceGroup member np0000004400 to the conductor group, service = {{(pid=98780) join /opt/stack/nova/nova/servicegroup/drivers/db.py:44}}
Jul 03 09:34:04.072132 np0000004400 nova-conductor[98772]: DEBUG oslo.service.backend._threading.loopingcall [-] Fixed interval looping call 'nova.servicegroup.drivers.db.DbDriver._report_state' sleeping for 119.99 seconds {{(pid=98772) _run_loop /opt/stack/data/venv/lib/python3.12/site-packages/oslo_service/backend/_threading/loopingcall.py:125}}
Jul 03 09:34:04.072971 np0000004400 nova-conductor[98791]: DEBUG oslo.service.backend._threading.loopingcall [-] Fixed interval looping call 'nova.servicegroup.drivers.db.DbDriver._report_state' sleeping for 119.99 seconds {{(pid=98791) _run_loop /opt/stack/data/venv/lib/python3.12/site-packages/oslo_service/backend/_threading/loopingcall.py:125}}
Jul 03 09:34:04.073661 np0000004400 nova-conductor[98787]: DEBUG oslo.service.backend._threading.loopingcall [-] Fixed interval looping call 'nova.servicegroup.drivers.db.DbDriver._report_state' sleeping for 119.99 seconds {{(pid=98787) _run_loop /opt/stack/data/venv/lib/python3.12/site-packages/oslo_service/backend/_threading/loopingcall.py:125}}
Jul 03 09:34:04.076361 np0000004400 nova-conductor[98780]: DEBUG oslo.service.backend._threading.loopingcall [-] Fixed interval looping call 'nova.servicegroup.drivers.db.DbDriver._report_state' sleeping for 119.99 seconds {{(pid=98780) _run_loop /opt/stack/data/venv/lib/python3.12/site-packages/oslo_service/backend/_threading/loopingcall.py:125}}
Jul 03 09:34:07.670477 np0000004400 nova-conductor[97342]: DEBUG dbcounter [-] [97342] Writing DB stats nova_api:SELECT=1 {{(pid=97342) stat_writer /opt/stack/data/venv/lib/python3.12/site-packages/dbcounter.py:115}}
Jul 03 09:34:07.782215 np0000004400 nova-conductor[97342]: DEBUG dbcounter [-] [97342] Writing DB stats nova_cell0:SELECT=1 {{(pid=97342) stat_writer /opt/stack/data/venv/lib/python3.12/site-packages/dbcounter.py:115}}
Jul 03 09:34:07.786885 np0000004400 nova-conductor[97342]: DEBUG dbcounter [-] [97342] Writing DB stats nova_cell1:SELECT=1 {{(pid=97342) stat_writer /opt/stack/data/venv/lib/python3.12/site-packages/dbcounter.py:115}}
Jul 03 09:34:12.060463 np0000004400 nova-conductor[98791]: DEBUG oslo.service.backend._threading.loopingcall [None req-f6285023-c218-4841-9042-853412151883 None None] Dynamic interval looping call 'nova.service.Service.periodic_tasks' sleeping for 60.00 seconds {{(pid=98791) _run_loop /opt/stack/data/venv/lib/python3.12/site-packages/oslo_service/backend/_threading/loopingcall.py:125}}
Jul 03 09:34:14.069750 np0000004400 nova-conductor[98772]: DEBUG dbcounter [-] [98772] Writing DB stats nova_cell0:SELECT=4,nova_cell0:INSERT=1,nova_cell0:UPDATE=1 {{(pid=98772) stat_writer /opt/stack/data/venv/lib/python3.12/site-packages/dbcounter.py:115}}
Jul 03 09:34:14.070118 np0000004400 nova-conductor[98791]: DEBUG dbcounter [-] [98791] Writing DB stats nova_cell0:SELECT=3,nova_cell0:UPDATE=1 {{(pid=98791) stat_writer /opt/stack/data/venv/lib/python3.12/site-packages/dbcounter.py:115}}
Jul 03 09:34:14.071085 np0000004400 nova-conductor[98787]: DEBUG dbcounter [-] [98787] Writing DB stats nova_cell0:SELECT=3,nova_cell0:UPDATE=1 {{(pid=98787) stat_writer /opt/stack/data/venv/lib/python3.12/site-packages/dbcounter.py:115}}
Jul 03 09:34:14.073281 np0000004400 nova-conductor[98780]: DEBUG dbcounter [-] [98780] Writing DB stats nova_cell0:SELECT=5,nova_cell0:INSERT=1 {{(pid=98780) stat_writer /opt/stack/data/venv/lib/python3.12/site-packages/dbcounter.py:115}}
Jul 03 09:34:23.062260 np0000004400 nova-conductor[98787]: DEBUG oslo.service.backend._threading.loopingcall [None req-5eedc16c-5cf6-4dde-907d-d8e6489edd24 None None] Dynamic interval looping call 'nova.service.Service.periodic_tasks' sleeping for 60.00 seconds {{(pid=98787) _run_loop /opt/stack/data/venv/lib/python3.12/site-packages/oslo_service/backend/_threading/loopingcall.py:125}}
Jul 03 09:34:28.068845 np0000004400 nova-conductor[98780]: DEBUG oslo.service.backend._threading.loopingcall [None req-45c2f814-f6b2-4a0b-bc69-5d587650cd84 None None] Dynamic interval looping call 'nova.service.Service.periodic_tasks' sleeping for 60.00 seconds {{(pid=98780) _run_loop /opt/stack/data/venv/lib/python3.12/site-packages/oslo_service/backend/_threading/loopingcall.py:125}}
Jul 03 09:34:55.060884 np0000004400 nova-conductor[98772]: DEBUG oslo.service.backend._threading.loopingcall [None req-7ad653b1-e778-40b1-bff1-3846c6e90e43 None None] Dynamic interval looping call 'nova.service.Service.periodic_tasks' sleeping for 60.00 seconds {{(pid=98772) _run_loop /opt/stack/data/venv/lib/python3.12/site-packages/oslo_service/backend/_threading/loopingcall.py:125}}
Jul 03 09:35:12.060924 np0000004400 nova-conductor[98791]: DEBUG oslo.service.backend._threading.loopingcall [None req-f6285023-c218-4841-9042-853412151883 None None] Dynamic interval looping call 'nova.service.Service.periodic_tasks' sleeping for 60.00 seconds {{(pid=98791) _run_loop /opt/stack/data/venv/lib/python3.12/site-packages/oslo_service/backend/_threading/loopingcall.py:125}}
Jul 03 09:35:23.062916 np0000004400 nova-conductor[98787]: DEBUG oslo.service.backend._threading.loopingcall [None req-5eedc16c-5cf6-4dde-907d-d8e6489edd24 None None] Dynamic interval looping call 'nova.service.Service.periodic_tasks' sleeping for 60.00 seconds {{(pid=98787) _run_loop /opt/stack/data/venv/lib/python3.12/site-packages/oslo_service/backend/_threading/loopingcall.py:125}}
Jul 03 09:35:28.069442 np0000004400 nova-conductor[98780]: DEBUG oslo.service.backend._threading.loopingcall [None req-45c2f814-f6b2-4a0b-bc69-5d587650cd84 None None] Dynamic interval looping call 'nova.service.Service.periodic_tasks' sleeping for 60.00 seconds {{(pid=98780) _run_loop /opt/stack/data/venv/lib/python3.12/site-packages/oslo_service/backend/_threading/loopingcall.py:125}}
Jul 03 09:35:55.061315 np0000004400 nova-conductor[98772]: DEBUG oslo.service.backend._threading.loopingcall [None req-7ad653b1-e778-40b1-bff1-3846c6e90e43 None None] Dynamic interval looping call 'nova.service.Service.periodic_tasks' sleeping for 60.00 seconds {{(pid=98772) _run_loop /opt/stack/data/venv/lib/python3.12/site-packages/oslo_service/backend/_threading/loopingcall.py:125}}
Jul 03 09:36:04.074360 np0000004400 nova-conductor[98787]: DEBUG oslo.service.backend._threading.loopingcall [-] Fixed interval looping call 'nova.servicegroup.drivers.db.DbDriver._report_state' sleeping for 119.99 seconds {{(pid=98787) _run_loop /opt/stack/data/venv/lib/python3.12/site-packages/oslo_service/backend/_threading/loopingcall.py:125}}
Jul 03 09:36:04.074788 np0000004400 nova-conductor[98772]: DEBUG oslo.service.backend._threading.loopingcall [-] Fixed interval looping call 'nova.servicegroup.drivers.db.DbDriver._report_state' sleeping for 119.99 seconds {{(pid=98772) _run_loop /opt/stack/data/venv/lib/python3.12/site-packages/oslo_service/backend/_threading/loopingcall.py:125}}
Jul 03 09:36:04.076185 np0000004400 nova-conductor[98791]: DEBUG oslo.service.backend._threading.loopingcall [-] Fixed interval looping call 'nova.servicegroup.drivers.db.DbDriver._report_state' sleeping for 119.99 seconds {{(pid=98791) _run_loop /opt/stack/data/venv/lib/python3.12/site-packages/oslo_service/backend/_threading/loopingcall.py:125}}
Jul 03 09:36:04.076523 np0000004400 nova-conductor[98780]: DEBUG oslo.service.backend._threading.loopingcall [-] Fixed interval looping call 'nova.servicegroup.drivers.db.DbDriver._report_state' sleeping for 119.99 seconds {{(pid=98780) _run_loop /opt/stack/data/venv/lib/python3.12/site-packages/oslo_service/backend/_threading/loopingcall.py:125}}
Jul 03 09:36:12.061385 np0000004400 nova-conductor[98791]: DEBUG oslo.service.backend._threading.loopingcall [None req-f6285023-c218-4841-9042-853412151883 None None] Dynamic interval looping call 'nova.service.Service.periodic_tasks' sleeping for 60.00 seconds {{(pid=98791) _run_loop /opt/stack/data/venv/lib/python3.12/site-packages/oslo_service/backend/_threading/loopingcall.py:125}}
Jul 03 09:36:14.068485 np0000004400 nova-conductor[98787]: DEBUG dbcounter [-] [98787] Writing DB stats nova_cell0:SELECT=1,nova_cell0:UPDATE=1 {{(pid=98787) stat_writer /opt/stack/data/venv/lib/python3.12/site-packages/dbcounter.py:115}}
Jul 03 09:36:14.068893 np0000004400 nova-conductor[98772]: DEBUG dbcounter [-] [98772] Writing DB stats nova_cell0:SELECT=1,nova_cell0:UPDATE=1 {{(pid=98772) stat_writer /opt/stack/data/venv/lib/python3.12/site-packages/dbcounter.py:115}}
Jul 03 09:36:14.070462 np0000004400 nova-conductor[98791]: DEBUG dbcounter [-] [98791] Writing DB stats nova_cell0:SELECT=1,nova_cell0:UPDATE=1 {{(pid=98791) stat_writer /opt/stack/data/venv/lib/python3.12/site-packages/dbcounter.py:115}}
Jul 03 09:36:14.072227 np0000004400 nova-conductor[98780]: DEBUG dbcounter [-] [98780] Writing DB stats nova_cell0:SELECT=1 {{(pid=98780) stat_writer /opt/stack/data/venv/lib/python3.12/site-packages/dbcounter.py:115}}
Jul 03 09:36:20.334924 np0000004400 nova-conductor[98791]: DEBUG oslo_db.sqlalchemy.engines [None req-02d6e4e1-1b89-4bff-9f29-867c330d0c02 tempest-AttachVolumeNegativeTest-1106118001 tempest-AttachVolumeNegativeTest-1106118001-project-member] Parent process 97342 forked (98791) with an open database connection, which is being discarded and recreated. {{(pid=98791) checkout /opt/stack/data/venv/lib/python3.12/site-packages/oslo_db/sqlalchemy/engines.py:402}}
Jul 03 09:36:20.392211 np0000004400 nova-conductor[98791]: DEBUG dbcounter [-] [98791] Writer thread running {{(pid=98791) stat_writer /opt/stack/data/venv/lib/python3.12/site-packages/dbcounter.py:102}}
Jul 03 09:36:21.761642 np0000004400 nova-conductor[98772]: DEBUG dbcounter [-] [98772] Writer thread running {{(pid=98772) stat_writer /opt/stack/data/venv/lib/python3.12/site-packages/dbcounter.py:102}}
Jul 03 09:36:21.926027 np0000004400 nova-conductor[98791]: DEBUG nova.conductor.manager [None req-02d6e4e1-1b89-4bff-9f29-867c330d0c02 tempest-AttachVolumeNegativeTest-1106118001 tempest-AttachVolumeNegativeTest-1106118001-project-member] Took 1.53 seconds to select destinations for 1 instance(s). {{(pid=98791) _schedule_instances /opt/stack/nova/nova/conductor/manager.py:968}}
Jul 03 09:36:21.954484 np0000004400 nova-conductor[98791]: DEBUG oslo_concurrency.lockutils [None req-02d6e4e1-1b89-4bff-9f29-867c330d0c02 tempest-AttachVolumeNegativeTest-1106118001 tempest-AttachVolumeNegativeTest-1106118001-project-member] Acquiring lock "d6805468-f134-4815-abf5-0c5ddfd8471e" by "nova.context.set_target_cell..get_or_set_cached_cell_and_set_connections" {{(pid=98791) inner /opt/stack/data/venv/lib/python3.12/site-packages/oslo_concurrency/lockutils.py:511}}
Jul 03 09:36:21.954484 np0000004400 nova-conductor[98791]: DEBUG oslo_concurrency.lockutils [None req-02d6e4e1-1b89-4bff-9f29-867c330d0c02 tempest-AttachVolumeNegativeTest-1106118001 tempest-AttachVolumeNegativeTest-1106118001-project-member] Lock "d6805468-f134-4815-abf5-0c5ddfd8471e" acquired by "nova.context.set_target_cell..get_or_set_cached_cell_and_set_connections" :: waited 0.000s {{(pid=98791) inner /opt/stack/data/venv/lib/python3.12/site-packages/oslo_concurrency/lockutils.py:524}}
Jul 03 09:36:21.956102 np0000004400 nova-conductor[98791]: DEBUG oslo_concurrency.lockutils [None req-02d6e4e1-1b89-4bff-9f29-867c330d0c02 tempest-AttachVolumeNegativeTest-1106118001 tempest-AttachVolumeNegativeTest-1106118001-project-member] Lock "d6805468-f134-4815-abf5-0c5ddfd8471e" "released" by "nova.context.set_target_cell..get_or_set_cached_cell_and_set_connections" :: held 0.002s {{(pid=98791) inner /opt/stack/data/venv/lib/python3.12/site-packages/oslo_concurrency/lockutils.py:543}}
Jul 03 09:36:21.959600 np0000004400 nova-conductor[98791]: INFO dbcounter [None req-02d6e4e1-1b89-4bff-9f29-867c330d0c02 tempest-AttachVolumeNegativeTest-1106118001 tempest-AttachVolumeNegativeTest-1106118001-project-member] Registered counter for database nova_cell1
Jul 03 09:36:22.009598 np0000004400 nova-conductor[98791]: DEBUG oslo_db.sqlalchemy.engines [None req-02d6e4e1-1b89-4bff-9f29-867c330d0c02 tempest-AttachVolumeNegativeTest-1106118001 tempest-AttachVolumeNegativeTest-1106118001-project-member] MySQL server mode set to STRICT_TRANS_TABLES,STRICT_ALL_TABLES,NO_ZERO_IN_DATE,NO_ZERO_DATE,ERROR_FOR_DIVISION_BY_ZERO,TRADITIONAL,NO_ENGINE_SUBSTITUTION {{(pid=98791) _check_effective_sql_mode /opt/stack/data/venv/lib/python3.12/site-packages/oslo_db/sqlalchemy/engines.py:325}}
Jul 03 09:36:22.015773 np0000004400 nova-conductor[98791]: DEBUG dbcounter [-] [98791] Writer thread running {{(pid=98791) stat_writer /opt/stack/data/venv/lib/python3.12/site-packages/dbcounter.py:102}}
Jul 03 09:36:22.086885 np0000004400 nova-conductor[98791]: INFO nova.utils [None req-02d6e4e1-1b89-4bff-9f29-867c330d0c02 tempest-AttachVolumeNegativeTest-1106118001 tempest-AttachVolumeNegativeTest-1106118001-project-member] The cell worker thread pool ForkProcess-4.cell_worker is initialized
Jul 03 09:36:22.087276 np0000004400 nova-conductor[98791]: DEBUG oslo_concurrency.lockutils [None req-02d6e4e1-1b89-4bff-9f29-867c330d0c02 tempest-AttachVolumeNegativeTest-1106118001 tempest-AttachVolumeNegativeTest-1106118001-project-member] Acquiring lock "00000000-0000-0000-0000-000000000000" by "nova.context.set_target_cell..get_or_set_cached_cell_and_set_connections" {{(pid=98791) inner /opt/stack/data/venv/lib/python3.12/site-packages/oslo_concurrency/lockutils.py:511}}
Jul 03 09:36:22.087532 np0000004400 nova-conductor[98791]: DEBUG oslo_concurrency.lockutils [None req-02d6e4e1-1b89-4bff-9f29-867c330d0c02 tempest-AttachVolumeNegativeTest-1106118001 tempest-AttachVolumeNegativeTest-1106118001-project-member] Lock "00000000-0000-0000-0000-000000000000" acquired by "nova.context.set_target_cell..get_or_set_cached_cell_and_set_connections" :: waited 0.000s {{(pid=98791) inner /opt/stack/data/venv/lib/python3.12/site-packages/oslo_concurrency/lockutils.py:524}}
Jul 03 09:36:22.088036 np0000004400 nova-conductor[98791]: DEBUG oslo_concurrency.lockutils [None req-02d6e4e1-1b89-4bff-9f29-867c330d0c02 tempest-AttachVolumeNegativeTest-1106118001 tempest-AttachVolumeNegativeTest-1106118001-project-member] Lock "00000000-0000-0000-0000-000000000000" "released" by "nova.context.set_target_cell..get_or_set_cached_cell_and_set_connections" :: held 0.001s {{(pid=98791) inner /opt/stack/data/venv/lib/python3.12/site-packages/oslo_concurrency/lockutils.py:543}}
Jul 03 09:36:22.088977 np0000004400 nova-conductor[98791]: DEBUG oslo_concurrency.lockutils [None req-02d6e4e1-1b89-4bff-9f29-867c330d0c02 tempest-AttachVolumeNegativeTest-1106118001 tempest-AttachVolumeNegativeTest-1106118001-project-member] Acquiring lock "d6805468-f134-4815-abf5-0c5ddfd8471e" by "nova.context.set_target_cell..get_or_set_cached_cell_and_set_connections" {{(pid=98791) inner /opt/stack/data/venv/lib/python3.12/site-packages/oslo_concurrency/lockutils.py:511}}
Jul 03 09:36:22.088977 np0000004400 nova-conductor[98791]: DEBUG oslo_concurrency.lockutils [None req-02d6e4e1-1b89-4bff-9f29-867c330d0c02 tempest-AttachVolumeNegativeTest-1106118001 tempest-AttachVolumeNegativeTest-1106118001-project-member] Lock "d6805468-f134-4815-abf5-0c5ddfd8471e" acquired by "nova.context.set_target_cell..get_or_set_cached_cell_and_set_connections" :: waited 0.000s {{(pid=98791) inner /opt/stack/data/venv/lib/python3.12/site-packages/oslo_concurrency/lockutils.py:524}}
Jul 03 09:36:22.089067 np0000004400 nova-conductor[98791]: DEBUG oslo_concurrency.lockutils [None req-02d6e4e1-1b89-4bff-9f29-867c330d0c02 tempest-AttachVolumeNegativeTest-1106118001 tempest-AttachVolumeNegativeTest-1106118001-project-member] Lock "d6805468-f134-4815-abf5-0c5ddfd8471e" "released" by "nova.context.set_target_cell..get_or_set_cached_cell_and_set_connections" :: held 0.000s {{(pid=98791) inner /opt/stack/data/venv/lib/python3.12/site-packages/oslo_concurrency/lockutils.py:543}}
Jul 03 09:36:22.090714 np0000004400 nova-conductor[98791]: INFO dbcounter [None req-02d6e4e1-1b89-4bff-9f29-867c330d0c02 tempest-AttachVolumeNegativeTest-1106118001 tempest-AttachVolumeNegativeTest-1106118001-project-member] Registered counter for database nova_cell0
Jul 03 09:36:22.133266 np0000004400 nova-conductor[98791]: DEBUG oslo_db.sqlalchemy.engines [None req-02d6e4e1-1b89-4bff-9f29-867c330d0c02 tempest-AttachVolumeNegativeTest-1106118001 tempest-AttachVolumeNegativeTest-1106118001-project-member] MySQL server mode set to STRICT_TRANS_TABLES,STRICT_ALL_TABLES,NO_ZERO_IN_DATE,NO_ZERO_DATE,ERROR_FOR_DIVISION_BY_ZERO,TRADITIONAL,NO_ENGINE_SUBSTITUTION {{(pid=98791) _check_effective_sql_mode /opt/stack/data/venv/lib/python3.12/site-packages/oslo_db/sqlalchemy/engines.py:325}}
Jul 03 09:36:22.140289 np0000004400 nova-conductor[98791]: DEBUG dbcounter [-] [98791] Writer thread running {{(pid=98791) stat_writer /opt/stack/data/venv/lib/python3.12/site-packages/dbcounter.py:102}}
Jul 03 09:36:22.151255 np0000004400 nova-conductor[98791]: DEBUG nova.quota [None req-02d6e4e1-1b89-4bff-9f29-867c330d0c02 tempest-AttachVolumeNegativeTest-1106118001 tempest-AttachVolumeNegativeTest-1106118001-project-member] Getting quotas for project 299b4a6316174d68a0e57ced594774d2. Resources: {'cores', 'ram', 'instances'} {{(pid=98791) _get_quotas /opt/stack/nova/nova/quota.py:389}}
Jul 03 09:36:22.155049 np0000004400 nova-conductor[98791]: DEBUG nova.quota [None req-02d6e4e1-1b89-4bff-9f29-867c330d0c02 tempest-AttachVolumeNegativeTest-1106118001 tempest-AttachVolumeNegativeTest-1106118001-project-member] Getting quotas for user 07f43ed3cf1b43e185b7752b6eadbaaf and project 299b4a6316174d68a0e57ced594774d2. Resources: {'cores', 'ram', 'instances'} {{(pid=98791) _get_quotas /opt/stack/nova/nova/quota.py:379}}
Jul 03 09:36:22.169244 np0000004400 nova-conductor[98791]: DEBUG nova.conductor.manager [None req-02d6e4e1-1b89-4bff-9f29-867c330d0c02 tempest-AttachVolumeNegativeTest-1106118001 tempest-AttachVolumeNegativeTest-1106118001-project-member] [instance: a0730d3a-3ae3-462b-99e3-a3d36ab356ad] Selected host: np0000004400; Selected node: np0000004400; Alternates: [] {{(pid=98791) schedule_and_build_instances /opt/stack/nova/nova/conductor/manager.py:1784}}
Jul 03 09:36:22.170260 np0000004400 nova-conductor[98791]: DEBUG oslo_concurrency.lockutils [None req-02d6e4e1-1b89-4bff-9f29-867c330d0c02 tempest-AttachVolumeNegativeTest-1106118001 tempest-AttachVolumeNegativeTest-1106118001-project-member] Acquiring lock "d6805468-f134-4815-abf5-0c5ddfd8471e" by "nova.context.set_target_cell..get_or_set_cached_cell_and_set_connections" {{(pid=98791) inner /opt/stack/data/venv/lib/python3.12/site-packages/oslo_concurrency/lockutils.py:511}}
Jul 03 09:36:22.170260 np0000004400 nova-conductor[98791]: DEBUG oslo_concurrency.lockutils [None req-02d6e4e1-1b89-4bff-9f29-867c330d0c02 tempest-AttachVolumeNegativeTest-1106118001 tempest-AttachVolumeNegativeTest-1106118001-project-member] Lock "d6805468-f134-4815-abf5-0c5ddfd8471e" acquired by "nova.context.set_target_cell..get_or_set_cached_cell_and_set_connections" :: waited 0.000s {{(pid=98791) inner /opt/stack/data/venv/lib/python3.12/site-packages/oslo_concurrency/lockutils.py:524}}
Jul 03 09:36:22.170260 np0000004400 nova-conductor[98791]: DEBUG oslo_concurrency.lockutils [None req-02d6e4e1-1b89-4bff-9f29-867c330d0c02 tempest-AttachVolumeNegativeTest-1106118001 tempest-AttachVolumeNegativeTest-1106118001-project-member] Lock "d6805468-f134-4815-abf5-0c5ddfd8471e" "released" by "nova.context.set_target_cell..get_or_set_cached_cell_and_set_connections" :: held 0.000s {{(pid=98791) inner /opt/stack/data/venv/lib/python3.12/site-packages/oslo_concurrency/lockutils.py:543}}
Jul 03 09:36:22.186930 np0000004400 nova-conductor[98791]: DEBUG nova.conductor.manager [None req-02d6e4e1-1b89-4bff-9f29-867c330d0c02 tempest-AttachVolumeNegativeTest-1106118001 tempest-AttachVolumeNegativeTest-1106118001-project-member] [instance: a0730d3a-3ae3-462b-99e3-a3d36ab356ad] block_device_mapping [BlockDeviceMapping(attachment_id=,boot_index=0,connection_info=None,created_at=,delete_on_termination=True,deleted=,deleted_at=,destination_type='local',device_name=None,device_type='disk',disk_bus=None,encrypted=False,encryption_format=None,encryption_options=None,encryption_secret_uuid=None,guest_format=None,id=,image_id='c1946dda-7935-4a75-a25a-cf65d1d25617',instance=,instance_uuid=,no_device=False,snapshot_id=None,source_type='image',tag=None,updated_at=,uuid=,volume_id=None,volume_size=None,volume_type=None)] {{(pid=98791) _create_block_device_mapping /opt/stack/nova/nova/conductor/manager.py:1529}}
Jul 03 09:36:22.187456 np0000004400 nova-conductor[98791]: DEBUG oslo_concurrency.lockutils [None req-02d6e4e1-1b89-4bff-9f29-867c330d0c02 tempest-AttachVolumeNegativeTest-1106118001 tempest-AttachVolumeNegativeTest-1106118001-project-member] Acquiring lock "d6805468-f134-4815-abf5-0c5ddfd8471e" by "nova.context.set_target_cell..get_or_set_cached_cell_and_set_connections" {{(pid=98791) inner /opt/stack/data/venv/lib/python3.12/site-packages/oslo_concurrency/lockutils.py:511}}
Jul 03 09:36:22.187456 np0000004400 nova-conductor[98791]: DEBUG oslo_concurrency.lockutils [None req-02d6e4e1-1b89-4bff-9f29-867c330d0c02 tempest-AttachVolumeNegativeTest-1106118001 tempest-AttachVolumeNegativeTest-1106118001-project-member] Lock "d6805468-f134-4815-abf5-0c5ddfd8471e" acquired by "nova.context.set_target_cell..get_or_set_cached_cell_and_set_connections" :: waited 0.000s {{(pid=98791) inner /opt/stack/data/venv/lib/python3.12/site-packages/oslo_concurrency/lockutils.py:524}}
Jul 03 09:36:22.187850 np0000004400 nova-conductor[98791]: DEBUG oslo_concurrency.lockutils [None req-02d6e4e1-1b89-4bff-9f29-867c330d0c02 tempest-AttachVolumeNegativeTest-1106118001 tempest-AttachVolumeNegativeTest-1106118001-project-member] Lock "d6805468-f134-4815-abf5-0c5ddfd8471e" "released" by "nova.context.set_target_cell..get_or_set_cached_cell_and_set_connections" :: held 0.000s {{(pid=98791) inner /opt/stack/data/venv/lib/python3.12/site-packages/oslo_concurrency/lockutils.py:543}}
Jul 03 09:36:22.241118 np0000004400 nova-conductor[98791]: DEBUG oslo_concurrency.lockutils [None req-02d6e4e1-1b89-4bff-9f29-867c330d0c02 tempest-AttachVolumeNegativeTest-1106118001 tempest-AttachVolumeNegativeTest-1106118001-project-member] Acquiring lock "d6805468-f134-4815-abf5-0c5ddfd8471e" by "nova.context.set_target_cell..get_or_set_cached_cell_and_set_connections" {{(pid=98791) inner /opt/stack/data/venv/lib/python3.12/site-packages/oslo_concurrency/lockutils.py:511}}
Jul 03 09:36:22.241118 np0000004400 nova-conductor[98791]: DEBUG oslo_concurrency.lockutils [None req-02d6e4e1-1b89-4bff-9f29-867c330d0c02 tempest-AttachVolumeNegativeTest-1106118001 tempest-AttachVolumeNegativeTest-1106118001-project-member] Lock "d6805468-f134-4815-abf5-0c5ddfd8471e" acquired by "nova.context.set_target_cell..get_or_set_cached_cell_and_set_connections" :: waited 0.001s {{(pid=98791) inner /opt/stack/data/venv/lib/python3.12/site-packages/oslo_concurrency/lockutils.py:524}}
Jul 03 09:36:22.241118 np0000004400 nova-conductor[98791]: DEBUG oslo_concurrency.lockutils [None req-02d6e4e1-1b89-4bff-9f29-867c330d0c02 tempest-AttachVolumeNegativeTest-1106118001 tempest-AttachVolumeNegativeTest-1106118001-project-member] Lock "d6805468-f134-4815-abf5-0c5ddfd8471e" "released" by "nova.context.set_target_cell..get_or_set_cached_cell_and_set_connections" :: held 0.000s {{(pid=98791) inner /opt/stack/data/venv/lib/python3.12/site-packages/oslo_concurrency/lockutils.py:543}}
