May 20 18:38:07.365347 np0000001100 devstack@g-api.service[98907]: DEBUG glance.common.config [None req-c52a3502-1dca-4567-ba7f-67a8d27e5001 None None] database.db_max_retry_interval = 10 {{(pid=98907) log_opt_values /opt/stack/data/venv/lib/python3.12/site-packages/oslo_config/cfg.py:3256}}
May 20 18:38:07.365388 np0000001100 devstack@g-api.service[98906]: DEBUG glance.common.config [None req-2e953046-213b-4d93-9229-12681d4205ab None None] database.max_overflow = 50 {{(pid=98906) log_opt_values /opt/stack/data/venv/lib/python3.12/site-packages/oslo_config/cfg.py:3256}}
May 20 18:38:07.365415 np0000001100 devstack@g-api.service[98907]: DEBUG glance.common.config [None req-c52a3502-1dca-4567-ba7f-67a8d27e5001 None None] database.db_retry_interval = 1 {{(pid=98907) log_opt_values /opt/stack/data/venv/lib/python3.12/site-packages/oslo_config/cfg.py:3256}}
May 20 18:38:07.365439 np0000001100 devstack@g-api.service[98906]: DEBUG glance.common.config [None req-2e953046-213b-4d93-9229-12681d4205ab None None] database.max_pool_size = 5 {{(pid=98906) log_opt_values /opt/stack/data/venv/lib/python3.12/site-packages/oslo_config/cfg.py:3256}}
May 20 18:38:07.365464 np0000001100 devstack@g-api.service[98907]: DEBUG glance.common.config [None req-c52a3502-1dca-4567-ba7f-67a8d27e5001 None None] database.max_overflow = 50 {{(pid=98907) log_opt_values /opt/stack/data/venv/lib/python3.12/site-packages/oslo_config/cfg.py:3256}}
May 20 18:38:07.365485 np0000001100 devstack@g-api.service[98906]: DEBUG glance.common.config [None req-2e953046-213b-4d93-9229-12681d4205ab None None] database.max_retries = 10 {{(pid=98906) log_opt_values /opt/stack/data/venv/lib/python3.12/site-packages/oslo_config/cfg.py:3256}}
May 20 18:38:07.365507 np0000001100 devstack@g-api.service[98907]: DEBUG glance.common.config [None req-c52a3502-1dca-4567-ba7f-67a8d27e5001 None None] database.max_pool_size = 5 {{(pid=98907) log_opt_values /opt/stack/data/venv/lib/python3.12/site-packages/oslo_config/cfg.py:3256}}
May 20 18:38:07.365529 np0000001100 devstack@g-api.service[98906]: DEBUG glance.common.config [None req-2e953046-213b-4d93-9229-12681d4205ab None None] database.mysql_sql_mode = TRADITIONAL {{(pid=98906) log_opt_values /opt/stack/data/venv/lib/python3.12/site-packages/oslo_config/cfg.py:3256}}
May 20 18:38:07.365558 np0000001100 devstack@g-api.service[98907]: DEBUG glance.common.config [None req-c52a3502-1dca-4567-ba7f-67a8d27e5001 None None] database.max_retries = 10 {{(pid=98907) log_opt_values /opt/stack/data/venv/lib/python3.12/site-packages/oslo_config/cfg.py:3256}}
May 20 18:38:07.365585 np0000001100 devstack@g-api.service[98906]: DEBUG glance.common.config [None req-2e953046-213b-4d93-9229-12681d4205ab None None] database.mysql_wsrep_sync_wait = None {{(pid=98906) log_opt_values /opt/stack/data/venv/lib/python3.12/site-packages/oslo_config/cfg.py:3256}}
May 20 18:38:07.365611 np0000001100 devstack@g-api.service[98907]: DEBUG glance.common.config [None req-c52a3502-1dca-4567-ba7f-67a8d27e5001 None None] database.mysql_sql_mode = TRADITIONAL {{(pid=98907) log_opt_values /opt/stack/data/venv/lib/python3.12/site-packages/oslo_config/cfg.py:3256}}
May 20 18:38:07.365632 np0000001100 devstack@g-api.service[98906]: DEBUG glance.common.config [None req-2e953046-213b-4d93-9229-12681d4205ab None None] database.pool_timeout = None {{(pid=98906) log_opt_values /opt/stack/data/venv/lib/python3.12/site-packages/oslo_config/cfg.py:3256}}
May 20 18:38:07.365657 np0000001100 devstack@g-api.service[98907]: DEBUG glance.common.config [None req-c52a3502-1dca-4567-ba7f-67a8d27e5001 None None] database.mysql_wsrep_sync_wait = None {{(pid=98907) log_opt_values /opt/stack/data/venv/lib/python3.12/site-packages/oslo_config/cfg.py:3256}}
May 20 18:38:07.365680 np0000001100 devstack@g-api.service[98906]: DEBUG glance.common.config [None req-2e953046-213b-4d93-9229-12681d4205ab None None] database.retry_interval = 10 {{(pid=98906) log_opt_values /opt/stack/data/venv/lib/python3.12/site-packages/oslo_config/cfg.py:3256}}
May 20 18:38:07.365704 np0000001100 devstack@g-api.service[98907]: DEBUG glance.common.config [None req-c52a3502-1dca-4567-ba7f-67a8d27e5001 None None] database.pool_timeout = None {{(pid=98907) log_opt_values /opt/stack/data/venv/lib/python3.12/site-packages/oslo_config/cfg.py:3256}}
May 20 18:38:07.365726 np0000001100 devstack@g-api.service[98906]: DEBUG glance.common.config [None req-2e953046-213b-4d93-9229-12681d4205ab None None] database.slave_connection = **** {{(pid=98906) log_opt_values /opt/stack/data/venv/lib/python3.12/site-packages/oslo_config/cfg.py:3256}}
May 20 18:38:07.365749 np0000001100 devstack@g-api.service[98907]: DEBUG glance.common.config [None req-c52a3502-1dca-4567-ba7f-67a8d27e5001 None None] database.retry_interval = 10 {{(pid=98907) log_opt_values /opt/stack/data/venv/lib/python3.12/site-packages/oslo_config/cfg.py:3256}}
May 20 18:38:07.365775 np0000001100 devstack@g-api.service[98906]: DEBUG glance.common.config [None req-2e953046-213b-4d93-9229-12681d4205ab None None] database.sqlite_synchronous = True {{(pid=98906) log_opt_values /opt/stack/data/venv/lib/python3.12/site-packages/oslo_config/cfg.py:3256}}
May 20 18:38:07.365800 np0000001100 devstack@g-api.service[98907]: DEBUG glance.common.config [None req-c52a3502-1dca-4567-ba7f-67a8d27e5001 None None] database.slave_connection = **** {{(pid=98907) log_opt_values /opt/stack/data/venv/lib/python3.12/site-packages/oslo_config/cfg.py:3256}}
May 20 18:38:07.365825 np0000001100 devstack@g-api.service[98906]: DEBUG glance.common.config [None req-2e953046-213b-4d93-9229-12681d4205ab None None] database.synchronous_reader = True {{(pid=98906) log_opt_values /opt/stack/data/venv/lib/python3.12/site-packages/oslo_config/cfg.py:3256}}
May 20 18:38:07.365847 np0000001100 devstack@g-api.service[98907]: DEBUG glance.common.config [None req-c52a3502-1dca-4567-ba7f-67a8d27e5001 None None] database.sqlite_synchronous = True {{(pid=98907) log_opt_values /opt/stack/data/venv/lib/python3.12/site-packages/oslo_config/cfg.py:3256}}
May 20 18:38:07.365889 np0000001100 devstack@g-api.service[98906]: DEBUG glance.common.config [None req-2e953046-213b-4d93-9229-12681d4205ab None None] database.use_db_reconnect = False {{(pid=98906) log_opt_values /opt/stack/data/venv/lib/python3.12/site-packages/oslo_config/cfg.py:3256}}
May 20 18:38:07.365917 np0000001100 devstack@g-api.service[98907]: DEBUG glance.common.config [None req-c52a3502-1dca-4567-ba7f-67a8d27e5001 None None] database.synchronous_reader = True {{(pid=98907) log_opt_values /opt/stack/data/venv/lib/python3.12/site-packages/oslo_config/cfg.py:3256}}
May 20 18:38:07.365950 np0000001100 devstack@g-api.service[98906]: DEBUG glance.common.config [None req-2e953046-213b-4d93-9229-12681d4205ab None None] healthcheck.allowed_source_ranges = [] {{(pid=98906) log_opt_values /opt/stack/data/venv/lib/python3.12/site-packages/oslo_config/cfg.py:3256}}
May 20 18:38:07.365975 np0000001100 devstack@g-api.service[98907]: DEBUG glance.common.config [None req-c52a3502-1dca-4567-ba7f-67a8d27e5001 None None] database.use_db_reconnect = False {{(pid=98907) log_opt_values /opt/stack/data/venv/lib/python3.12/site-packages/oslo_config/cfg.py:3256}}
May 20 18:38:07.366002 np0000001100 devstack@g-api.service[98906]: DEBUG glance.common.config [None req-2e953046-213b-4d93-9229-12681d4205ab None None] healthcheck.backends = ['disable_by_file'] {{(pid=98906) log_opt_values /opt/stack/data/venv/lib/python3.12/site-packages/oslo_config/cfg.py:3256}}
May 20 18:38:07.366027 np0000001100 devstack@g-api.service[98907]: DEBUG glance.common.config [None req-c52a3502-1dca-4567-ba7f-67a8d27e5001 None None] healthcheck.allowed_source_ranges = [] {{(pid=98907) log_opt_values /opt/stack/data/venv/lib/python3.12/site-packages/oslo_config/cfg.py:3256}}
May 20 18:38:07.366050 np0000001100 devstack@g-api.service[98906]: DEBUG glance.common.config [None req-2e953046-213b-4d93-9229-12681d4205ab None None] healthcheck.detailed = False {{(pid=98906) log_opt_values /opt/stack/data/venv/lib/python3.12/site-packages/oslo_config/cfg.py:3256}}
May 20 18:38:07.366072 np0000001100 devstack@g-api.service[98907]: DEBUG glance.common.config [None req-c52a3502-1dca-4567-ba7f-67a8d27e5001 None None] healthcheck.backends = ['disable_by_file'] {{(pid=98907) log_opt_values /opt/stack/data/venv/lib/python3.12/site-packages/oslo_config/cfg.py:3256}}
May 20 18:38:07.366093 np0000001100 devstack@g-api.service[98906]: DEBUG glance.common.config [None req-2e953046-213b-4d93-9229-12681d4205ab None None] healthcheck.disable_by_file_path = None {{(pid=98906) log_opt_values /opt/stack/data/venv/lib/python3.12/site-packages/oslo_config/cfg.py:3256}}
May 20 18:38:07.366115 np0000001100 devstack@g-api.service[98907]: DEBUG glance.common.config [None req-c52a3502-1dca-4567-ba7f-67a8d27e5001 None None] healthcheck.detailed = False {{(pid=98907) log_opt_values /opt/stack/data/venv/lib/python3.12/site-packages/oslo_config/cfg.py:3256}}
May 20 18:38:07.366139 np0000001100 devstack@g-api.service[98906]: DEBUG glance.common.config [None req-2e953046-213b-4d93-9229-12681d4205ab None None] healthcheck.ignore_proxied_requests = False {{(pid=98906) log_opt_values /opt/stack/data/venv/lib/python3.12/site-packages/oslo_config/cfg.py:3256}}
May 20 18:38:07.366163 np0000001100 devstack@g-api.service[98907]: DEBUG glance.common.config [None req-c52a3502-1dca-4567-ba7f-67a8d27e5001 None None] healthcheck.disable_by_file_path = None {{(pid=98907) log_opt_values /opt/stack/data/venv/lib/python3.12/site-packages/oslo_config/cfg.py:3256}}
May 20 18:38:07.366192 np0000001100 devstack@g-api.service[98906]: DEBUG glance.common.config [None req-2e953046-213b-4d93-9229-12681d4205ab None None] ******************************************************************************** {{(pid=98906) log_opt_values /opt/stack/data/venv/lib/python3.12/site-packages/oslo_config/cfg.py:3263}}
May 20 18:38:07.366218 np0000001100 devstack@g-api.service[98907]: DEBUG glance.common.config [None req-c52a3502-1dca-4567-ba7f-67a8d27e5001 None None] healthcheck.ignore_proxied_requests = False {{(pid=98907) log_opt_values /opt/stack/data/venv/lib/python3.12/site-packages/oslo_config/cfg.py:3256}}
May 20 18:38:07.366218 np0000001100 devstack@g-api.service[98907]: DEBUG glance.common.config [None req-c52a3502-1dca-4567-ba7f-67a8d27e5001 None None] ******************************************************************************** {{(pid=98907) log_opt_values /opt/stack/data/venv/lib/python3.12/site-packages/oslo_config/cfg.py:3263}}
May 20 18:38:07.366261 np0000001100 devstack@g-api.service[98906]: WSGI app 0 (mountpoint='') ready in 2 seconds on interpreter 0x7cb0152a3668 pid: 98906 (default app)
May 20 18:38:07.366285 np0000001100 devstack@g-api.service[98907]: WSGI app 0 (mountpoint='') ready in 2 seconds on interpreter 0x7cb0152a3668 pid: 98907 (default app)
May 20 18:38:07.366310 np0000001100 devstack@g-api.service[98906]: DEBUG glance.api.middleware.version_negotiation [None req-2e953046-213b-4d93-9229-12681d4205ab None None] Determining version of request: GET / Accept: */* {{(pid=98906) process_request /opt/stack/glance/glance/api/middleware/version_negotiation.py:44}}
May 20 18:38:07.366310 np0000001100 devstack@g-api.service[98906]: DEBUG glance.api.middleware.version_negotiation [None req-2e953046-213b-4d93-9229-12681d4205ab None None] Using url versioning {{(pid=98906) process_request /opt/stack/glance/glance/api/middleware/version_negotiation.py:57}}
May 20 18:38:07.366310 np0000001100 devstack@g-api.service[98906]: DEBUG glance.api.middleware.version_negotiation [None req-2e953046-213b-4d93-9229-12681d4205ab None None] Unknown version. Returning version choices. {{(pid=98906) process_request /opt/stack/glance/glance/api/middleware/version_negotiation.py:64}}
May 20 18:38:07.366310 np0000001100 devstack@g-api.service[98906]: [pid: 98906|app: 0|req: 1/1] 127.0.0.1 () {34 vars in 455 bytes} [Wed May 20 18:38:07 2026] GET / => generated 1407 bytes in 1 msecs (HTTP/1.1 300) 3 headers in 106 bytes (1 switches on core 0)
May 20 18:38:09.211772 np0000001100 devstack@g-api.service[98907]: DEBUG glance.api.middleware.version_negotiation [None req-c52a3502-1dca-4567-ba7f-67a8d27e5001 None None] Determining version of request: GET / Accept: application/json {{(pid=98907) process_request /opt/stack/glance/glance/api/middleware/version_negotiation.py:44}}
May 20 18:38:09.212135 np0000001100 devstack@g-api.service[98907]: DEBUG glance.api.middleware.version_negotiation [None req-c52a3502-1dca-4567-ba7f-67a8d27e5001 None None] Using url versioning {{(pid=98907) process_request /opt/stack/glance/glance/api/middleware/version_negotiation.py:57}}
May 20 18:38:09.212135 np0000001100 devstack@g-api.service[98907]: DEBUG glance.api.middleware.version_negotiation [None req-c52a3502-1dca-4567-ba7f-67a8d27e5001 None None] Unknown version. Returning version choices. {{(pid=98907) process_request /opt/stack/glance/glance/api/middleware/version_negotiation.py:64}}
May 20 18:38:09.212824 np0000001100 devstack@g-api.service[98907]: [pid: 98907|app: 0|req: 1/2] 127.0.0.1 () {36 vars in 573 bytes} [Wed May 20 18:38:09 2026] GET / => generated 1407 bytes in 1 msecs (HTTP/1.1 300) 3 headers in 106 bytes (1 switches on core 0)
May 20 18:38:09.221716 np0000001100 devstack@g-api.service[98906]: DEBUG glance.api.middleware.version_negotiation [None req-2e953046-213b-4d93-9229-12681d4205ab None None] Determining version of request: POST /v2/images Accept: */* {{(pid=98906) process_request /opt/stack/glance/glance/api/middleware/version_negotiation.py:44}}
May 20 18:38:09.221995 np0000001100 devstack@g-api.service[98906]: DEBUG glance.api.middleware.version_negotiation [None req-2e953046-213b-4d93-9229-12681d4205ab None None] Using url versioning {{(pid=98906) process_request /opt/stack/glance/glance/api/middleware/version_negotiation.py:57}}
May 20 18:38:09.222191 np0000001100 devstack@g-api.service[98906]: DEBUG glance.api.middleware.version_negotiation [None req-2e953046-213b-4d93-9229-12681d4205ab None None] Matched version: v2 {{(pid=98906) process_request /opt/stack/glance/glance/api/middleware/version_negotiation.py:69}}
May 20 18:38:09.222283 np0000001100 devstack@g-api.service[98906]: DEBUG glance.api.middleware.version_negotiation [None req-2e953046-213b-4d93-9229-12681d4205ab None None] new path /v2/images {{(pid=98906) process_request /opt/stack/glance/glance/api/middleware/version_negotiation.py:70}}
May 20 18:38:10.211534 np0000001100 devstack@g-api.service[98906]: [pid: 98906|app: 0|req: 2/3] 127.0.0.1 () {42 vars in 836 bytes} [Wed May 20 18:38:09 2026] POST /v2/images => generated 807 bytes in 990 msecs (HTTP/1.1 201) 6 headers in 315 bytes (1 switches on core 0)
May 20 18:38:10.220157 np0000001100 devstack@g-api.service[98907]: DEBUG glance.api.middleware.version_negotiation [None req-c52a3502-1dca-4567-ba7f-67a8d27e5001 None None] Determining version of request: PUT /v2/images/f288bf4b-c69f-41d8-9f6e-d3ae1d78b518/stage Accept: {{(pid=98907) process_request /opt/stack/glance/glance/api/middleware/version_negotiation.py:44}}
May 20 18:38:10.220649 np0000001100 devstack@g-api.service[98907]: DEBUG glance.api.middleware.version_negotiation [None req-c52a3502-1dca-4567-ba7f-67a8d27e5001 None None] Using url versioning {{(pid=98907) process_request /opt/stack/glance/glance/api/middleware/version_negotiation.py:57}}
May 20 18:38:10.220837 np0000001100 devstack@g-api.service[98907]: DEBUG glance.api.middleware.version_negotiation [None req-c52a3502-1dca-4567-ba7f-67a8d27e5001 None None] Matched version: v2 {{(pid=98907) process_request /opt/stack/glance/glance/api/middleware/version_negotiation.py:69}}
May 20 18:38:10.220983 np0000001100 devstack@g-api.service[98907]: DEBUG glance.api.middleware.version_negotiation [None req-c52a3502-1dca-4567-ba7f-67a8d27e5001 None None] new path /v2/images/f288bf4b-c69f-41d8-9f6e-d3ae1d78b518/stage {{(pid=98907) process_request /opt/stack/glance/glance/api/middleware/version_negotiation.py:70}}
May 20 18:38:10.883333 np0000001100 devstack@g-api.service[98907]: DEBUG glance_store.backend [None req-f68ea033-b46c-4050-abfa-3d842cf50a6e admin admin] Attempting to import store cinder {{(pid=98907) _load_store /opt/stack/data/venv/lib/python3.12/site-packages/glance_store/backend.py:215}}
May 20 18:38:10.883517 np0000001100 devstack@g-api.service[98907]: DEBUG glance_store.backend [None req-f68ea033-b46c-4050-abfa-3d842cf50a6e admin admin] Attempting to import store file {{(pid=98907) _load_store /opt/stack/data/venv/lib/python3.12/site-packages/glance_store/backend.py:215}}
May 20 18:38:10.883665 np0000001100 devstack@g-api.service[98907]: DEBUG glance_store.backend [None req-f68ea033-b46c-4050-abfa-3d842cf50a6e admin admin] Attempting to import store glance.store.cinder.Store {{(pid=98907) _load_store /opt/stack/data/venv/lib/python3.12/site-packages/glance_store/backend.py:215}}
May 20 18:38:10.883798 np0000001100 devstack@g-api.service[98907]: DEBUG glance_store.backend [None req-f68ea033-b46c-4050-abfa-3d842cf50a6e admin admin] Attempting to import store glance.store.filesystem.Store {{(pid=98907) _load_store /opt/stack/data/venv/lib/python3.12/site-packages/glance_store/backend.py:215}}
May 20 18:38:10.883942 np0000001100 devstack@g-api.service[98907]: DEBUG glance_store.backend [None req-f68ea033-b46c-4050-abfa-3d842cf50a6e admin admin] Attempting to import store glance.store.http.Store {{(pid=98907) _load_store /opt/stack/data/venv/lib/python3.12/site-packages/glance_store/backend.py:215}}
May 20 18:38:10.884072 np0000001100 devstack@g-api.service[98907]: DEBUG glance_store.backend [None req-f68ea033-b46c-4050-abfa-3d842cf50a6e admin admin] Attempting to import store glance.store.rbd.Store {{(pid=98907) _load_store /opt/stack/data/venv/lib/python3.12/site-packages/glance_store/backend.py:215}}
May 20 18:38:10.884212 np0000001100 devstack@g-api.service[98907]: DEBUG glance_store.backend [None req-f68ea033-b46c-4050-abfa-3d842cf50a6e admin admin] Attempting to import store glance.store.s3.Store {{(pid=98907) _load_store /opt/stack/data/venv/lib/python3.12/site-packages/glance_store/backend.py:215}}
May 20 18:38:10.884336 np0000001100 devstack@g-api.service[98907]: DEBUG glance_store.backend [None req-f68ea033-b46c-4050-abfa-3d842cf50a6e admin admin] Attempting to import store glance.store.swift.Store {{(pid=98907) _load_store /opt/stack/data/venv/lib/python3.12/site-packages/glance_store/backend.py:215}}
May 20 18:38:10.884476 np0000001100 devstack@g-api.service[98907]: DEBUG glance_store.backend [None req-f68ea033-b46c-4050-abfa-3d842cf50a6e admin admin] Attempting to import store glance.store.vmware_datastore.Store {{(pid=98907) _load_store /opt/stack/data/venv/lib/python3.12/site-packages/glance_store/backend.py:215}}
May 20 18:38:10.884603 np0000001100 devstack@g-api.service[98907]: DEBUG glance_store.backend [None req-f68ea033-b46c-4050-abfa-3d842cf50a6e admin admin] Attempting to import store http {{(pid=98907) _load_store /opt/stack/data/venv/lib/python3.12/site-packages/glance_store/backend.py:215}}
May 20 18:38:10.884724 np0000001100 devstack@g-api.service[98907]: DEBUG glance_store.backend [None req-f68ea033-b46c-4050-abfa-3d842cf50a6e admin admin] Attempting to import store no_conf {{(pid=98907) _load_store /opt/stack/data/venv/lib/python3.12/site-packages/glance_store/backend.py:215}}
May 20 18:38:10.884848 np0000001100 devstack@g-api.service[98907]: DEBUG glance_store.backend [None req-f68ea033-b46c-4050-abfa-3d842cf50a6e admin admin] Attempting to import store rbd {{(pid=98907) _load_store /opt/stack/data/venv/lib/python3.12/site-packages/glance_store/backend.py:215}}
May 20 18:38:10.884996 np0000001100 devstack@g-api.service[98907]: DEBUG glance_store.backend [None req-f68ea033-b46c-4050-abfa-3d842cf50a6e admin admin] Attempting to import store s3 {{(pid=98907) _load_store /opt/stack/data/venv/lib/python3.12/site-packages/glance_store/backend.py:215}}
May 20 18:38:10.885121 np0000001100 devstack@g-api.service[98907]: DEBUG glance_store.backend [None req-f68ea033-b46c-4050-abfa-3d842cf50a6e admin admin] Attempting to import store swift {{(pid=98907) _load_store /opt/stack/data/venv/lib/python3.12/site-packages/glance_store/backend.py:215}}
May 20 18:38:10.885245 np0000001100 devstack@g-api.service[98907]: DEBUG glance_store.backend [None req-f68ea033-b46c-4050-abfa-3d842cf50a6e admin admin] Attempting to import store vmware {{(pid=98907) _load_store /opt/stack/data/venv/lib/python3.12/site-packages/glance_store/backend.py:215}}
May 20 18:38:10.885383 np0000001100 devstack@g-api.service[98907]: DEBUG glance_store.backend [None req-f68ea033-b46c-4050-abfa-3d842cf50a6e admin admin] Registering options for group glance_store {{(pid=98907) register_opts /opt/stack/data/venv/lib/python3.12/site-packages/glance_store/backend.py:144}}
May 20 18:38:10.885519 np0000001100 devstack@g-api.service[98907]: DEBUG glance_store.backend [None req-f68ea033-b46c-4050-abfa-3d842cf50a6e admin admin] Registering options for group glance_store {{(pid=98907) register_opts /opt/stack/data/venv/lib/python3.12/site-packages/glance_store/backend.py:144}}
May 20 18:38:10.885940 np0000001100 devstack@g-api.service[98907]: DEBUG glance_store.backend [None req-f68ea033-b46c-4050-abfa-3d842cf50a6e admin admin] Attempting to import store file {{(pid=98907) _load_store /opt/stack/data/venv/lib/python3.12/site-packages/glance_store/backend.py:215}}
May 20 18:38:10.886300 np0000001100 devstack@g-api.service[98907]: INFO glance_store._drivers.filesystem [None req-f68ea033-b46c-4050-abfa-3d842cf50a6e admin admin] Directory to write image files does not exist (/tmp/staging/). Creating.
May 20 18:38:10.886543 np0000001100 devstack@g-api.service[98907]: DEBUG glance_store.capabilities [None req-f68ea033-b46c-4050-abfa-3d842cf50a6e admin admin] Store glance_store._drivers.filesystem.Store doesn't support updating dynamic storage capabilities. Please overwrite 'update_capabilities' method of the store to implement updating logics if needed. {{(pid=98907) update_capabilities /opt/stack/data/venv/lib/python3.12/site-packages/glance_store/capabilities.py:91}}
May 20 18:38:11.445605 np0000001100 devstack@g-api.service[98907]: DEBUG glance_store._drivers.filesystem [None req-f68ea033-b46c-4050-abfa-3d842cf50a6e admin admin] Wrote 21430272 bytes to /tmp/staging/f288bf4b-c69f-41d8-9f6e-d3ae1d78b518 with checksum c8fc807773e5354afe61636071771906 and multihash c8fc807773e5354afe61636071771906 {{(pid=98907) add /opt/stack/data/venv/lib/python3.12/site-packages/glance_store/_drivers/filesystem.py:899}}
May 20 18:38:11.462339 np0000001100 devstack@g-api.service[98907]: [pid: 98907|app: 0|req: 2/4] 127.0.0.1 () {42 vars in 931 bytes} [Wed May 20 18:38:10 2026] PUT /v2/images/f288bf4b-c69f-41d8-9f6e-d3ae1d78b518/stage => generated 0 bytes in 1242 msecs (HTTP/1.1 204) 4 headers in 171 bytes (1 switches on core 0)
May 20 18:38:11.470215 np0000001100 devstack@g-api.service[98906]: DEBUG glance.api.middleware.version_negotiation [None req-d7c68037-3f26-4a02-a432-78ef0551bc0d admin admin] Determining version of request: POST /v2/images/f288bf4b-c69f-41d8-9f6e-d3ae1d78b518/import Accept: */* {{(pid=98906) process_request /opt/stack/glance/glance/api/middleware/version_negotiation.py:44}}
May 20 18:38:11.471345 np0000001100 devstack@g-api.service[98906]: DEBUG glance.api.middleware.version_negotiation [None req-d7c68037-3f26-4a02-a432-78ef0551bc0d admin admin] Using url versioning {{(pid=98906) process_request /opt/stack/glance/glance/api/middleware/version_negotiation.py:57}}
May 20 18:38:11.471345 np0000001100 devstack@g-api.service[98906]: DEBUG glance.api.middleware.version_negotiation [None req-d7c68037-3f26-4a02-a432-78ef0551bc0d admin admin] Matched version: v2 {{(pid=98906) process_request /opt/stack/glance/glance/api/middleware/version_negotiation.py:69}}
May 20 18:38:11.471345 np0000001100 devstack@g-api.service[98906]: DEBUG glance.api.middleware.version_negotiation [None req-d7c68037-3f26-4a02-a432-78ef0551bc0d admin admin] new path /v2/images/f288bf4b-c69f-41d8-9f6e-d3ae1d78b518/import {{(pid=98906) process_request /opt/stack/glance/glance/api/middleware/version_negotiation.py:70}}
May 20 18:38:11.901941 np0000001100 devstack@g-api.service[98906]: DEBUG glance.domain [None req-4af5a61f-5ce9-48f1-926b-7cb52ac510cd admin admin] Loading taskflow executor {{(pid=98906) new_task_executor /opt/stack/glance/glance/domain/__init__.py:530}}
May 20 18:38:12.089974 np0000001100 devstack@g-api.service[98906]: DEBUG oslo_concurrency.lockutils [None req-4af5a61f-5ce9-48f1-926b-7cb52ac510cd admin admin] Acquiring lock "tasks_pool" by "glance.api.common.memoize..memoizer_wrapper..memoizer" {{(pid=98906) inner /opt/stack/data/venv/lib/python3.12/site-packages/oslo_concurrency/lockutils.py:511}}
May 20 18:38:12.090116 np0000001100 devstack@g-api.service[98906]: DEBUG oslo_concurrency.lockutils [None req-4af5a61f-5ce9-48f1-926b-7cb52ac510cd admin admin] Lock "tasks_pool" acquired by "glance.api.common.memoize..memoizer_wrapper..memoizer" :: waited 0.000s {{(pid=98906) inner /opt/stack/data/venv/lib/python3.12/site-packages/oslo_concurrency/lockutils.py:524}}
May 20 18:38:12.090525 np0000001100 devstack@g-api.service[98906]: DEBUG glance.api.common [None req-4af5a61f-5ce9-48f1-926b-7cb52ac510cd admin admin] Initializing named threadpool 'tasks_pool' {{(pid=98906) _get_thread_pool /opt/stack/glance/glance/api/common.py:242}}
May 20 18:38:12.090634 np0000001100 devstack@g-api.service[98906]: DEBUG glance.async_ [None req-4af5a61f-5ce9-48f1-926b-7cb52ac510cd admin admin] Creating threadpool model 'ThreadPoolExecutor' with size 16 {{(pid=98906) __init__ /opt/stack/glance/glance/async_/__init__.py:100}}
May 20 18:38:12.090780 np0000001100 devstack@g-api.service[98906]: DEBUG oslo_concurrency.lockutils [None req-4af5a61f-5ce9-48f1-926b-7cb52ac510cd admin admin] Lock "tasks_pool" "released" by "glance.api.common.memoize..memoizer_wrapper..memoizer" :: held 0.001s {{(pid=98906) inner /opt/stack/data/venv/lib/python3.12/site-packages/oslo_concurrency/lockutils.py:543}}
May 20 18:38:12.090889 np0000001100 devstack@g-api.service[98906]: DEBUG glance.async_ [None req-4af5a61f-5ce9-48f1-926b-7cb52ac510cd admin admin] Spawning with ThreadPoolExecutor: >((,), {}) {{(pid=98906) spawn /opt/stack/glance/glance/async_/__init__.py:106}}
May 20 18:38:12.092657 np0000001100 devstack@g-api.service[98906]: [pid: 98906|app: 0|req: 3/5] 127.0.0.1 () {42 vars in 923 bytes} [Wed May 20 18:38:11 2026] POST /v2/images/f288bf4b-c69f-41d8-9f6e-d3ae1d78b518/import => generated 0 bytes in 623 msecs (HTTP/1.1 202) 4 headers in 169 bytes (1 switches on core 0)
May 20 18:38:12.098111 np0000001100 devstack@g-api.service[98906]: INFO glance.domain [-] Task [e35d078a-e37d-4b4f-8dec-f1503225406b] status changing from pending to processing
May 20 18:38:12.102937 np0000001100 devstack@g-api.service[98907]: DEBUG glance.api.middleware.version_negotiation [None req-f68ea033-b46c-4050-abfa-3d842cf50a6e admin admin] Determining version of request: GET /v2/images/f288bf4b-c69f-41d8-9f6e-d3ae1d78b518 Accept: */* {{(pid=98907) process_request /opt/stack/glance/glance/api/middleware/version_negotiation.py:44}}
May 20 18:38:12.103084 np0000001100 devstack@g-api.service[98907]: DEBUG glance.api.middleware.version_negotiation [None req-f68ea033-b46c-4050-abfa-3d842cf50a6e admin admin] Using url versioning {{(pid=98907) process_request /opt/stack/glance/glance/api/middleware/version_negotiation.py:57}}
May 20 18:38:12.103189 np0000001100 devstack@g-api.service[98907]: DEBUG glance.api.middleware.version_negotiation [None req-f68ea033-b46c-4050-abfa-3d842cf50a6e admin admin] Matched version: v2 {{(pid=98907) process_request /opt/stack/glance/glance/api/middleware/version_negotiation.py:69}}
May 20 18:38:12.103428 np0000001100 devstack@g-api.service[98907]: DEBUG glance.api.middleware.version_negotiation [None req-f68ea033-b46c-4050-abfa-3d842cf50a6e admin admin] new path /v2/images/f288bf4b-c69f-41d8-9f6e-d3ae1d78b518 {{(pid=98907) process_request /opt/stack/glance/glance/api/middleware/version_negotiation.py:70}}
May 20 18:38:12.108323 np0000001100 devstack@g-api.service[98906]: DEBUG glance.async_.taskflow_executor [-] Taskflow executor picked up the execution of task ID e35d078a-e37d-4b4f-8dec-f1503225406b of task type api_image_import {{(pid=98906) _run /opt/stack/glance/glance/async_/taskflow_executor.py:163}}
May 20 18:38:12.111314 np0000001100 devstack@g-api.service[98907]: [pid: 98907|app: 0|req: 3/6] 127.0.0.1 () {38 vars in 856 bytes} [Wed May 20 18:38:12 2026] GET /v2/images/f288bf4b-c69f-41d8-9f6e-d3ae1d78b518 => generated 879 bytes in 8 msecs (HTTP/1.1 200) 4 headers in 157 bytes (1 switches on core 0)
May 20 18:38:12.124189 np0000001100 devstack@g-api.service[98906]: DEBUG glance_store.backend [-] Attempting to import store cinder {{(pid=98906) _load_store /opt/stack/data/venv/lib/python3.12/site-packages/glance_store/backend.py:215}}
May 20 18:38:12.124341 np0000001100 devstack@g-api.service[98906]: DEBUG glance_store.backend [-] Attempting to import store file {{(pid=98906) _load_store /opt/stack/data/venv/lib/python3.12/site-packages/glance_store/backend.py:215}}
May 20 18:38:12.124388 np0000001100 devstack@g-api.service[98906]: DEBUG glance_store.backend [-] Attempting to import store glance.store.cinder.Store {{(pid=98906) _load_store /opt/stack/data/venv/lib/python3.12/site-packages/glance_store/backend.py:215}}
May 20 18:38:12.124459 np0000001100 devstack@g-api.service[98906]: DEBUG glance_store.backend [-] Attempting to import store glance.store.filesystem.Store {{(pid=98906) _load_store /opt/stack/data/venv/lib/python3.12/site-packages/glance_store/backend.py:215}}
May 20 18:38:12.124530 np0000001100 devstack@g-api.service[98906]: DEBUG glance_store.backend [-] Attempting to import store glance.store.http.Store {{(pid=98906) _load_store /opt/stack/data/venv/lib/python3.12/site-packages/glance_store/backend.py:215}}
May 20 18:38:12.124603 np0000001100 devstack@g-api.service[98906]: DEBUG glance_store.backend [-] Attempting to import store glance.store.rbd.Store {{(pid=98906) _load_store /opt/stack/data/venv/lib/python3.12/site-packages/glance_store/backend.py:215}}
May 20 18:38:12.124729 np0000001100 devstack@g-api.service[98906]: DEBUG glance_store.backend [-] Attempting to import store glance.store.s3.Store {{(pid=98906) _load_store /opt/stack/data/venv/lib/python3.12/site-packages/glance_store/backend.py:215}}
May 20 18:38:12.124781 np0000001100 devstack@g-api.service[98906]: DEBUG glance_store.backend [-] Attempting to import store glance.store.swift.Store {{(pid=98906) _load_store /opt/stack/data/venv/lib/python3.12/site-packages/glance_store/backend.py:215}}
May 20 18:38:12.124837 np0000001100 devstack@g-api.service[98906]: DEBUG glance_store.backend [-] Attempting to import store glance.store.vmware_datastore.Store {{(pid=98906) _load_store /opt/stack/data/venv/lib/python3.12/site-packages/glance_store/backend.py:215}}
May 20 18:38:12.124983 np0000001100 devstack@g-api.service[98906]: DEBUG glance_store.backend [-] Attempting to import store http {{(pid=98906) _load_store /opt/stack/data/venv/lib/python3.12/site-packages/glance_store/backend.py:215}}
May 20 18:38:12.125091 np0000001100 devstack@g-api.service[98906]: DEBUG glance_store.backend [-] Attempting to import store no_conf {{(pid=98906) _load_store /opt/stack/data/venv/lib/python3.12/site-packages/glance_store/backend.py:215}}
May 20 18:38:12.125187 np0000001100 devstack@g-api.service[98906]: DEBUG glance_store.backend [-] Attempting to import store rbd {{(pid=98906) _load_store /opt/stack/data/venv/lib/python3.12/site-packages/glance_store/backend.py:215}}
May 20 18:38:12.125274 np0000001100 devstack@g-api.service[98906]: DEBUG glance_store.backend [-] Attempting to import store s3 {{(pid=98906) _load_store /opt/stack/data/venv/lib/python3.12/site-packages/glance_store/backend.py:215}}
May 20 18:38:12.125373 np0000001100 devstack@g-api.service[98906]: DEBUG glance_store.backend [-] Attempting to import store swift {{(pid=98906) _load_store /opt/stack/data/venv/lib/python3.12/site-packages/glance_store/backend.py:215}}
May 20 18:38:12.125477 np0000001100 devstack@g-api.service[98906]: DEBUG glance_store.backend [-] Attempting to import store vmware {{(pid=98906) _load_store /opt/stack/data/venv/lib/python3.12/site-packages/glance_store/backend.py:215}}
May 20 18:38:12.125548 np0000001100 devstack@g-api.service[98906]: DEBUG glance_store.backend [-] Registering options for group glance_store {{(pid=98906) register_opts /opt/stack/data/venv/lib/python3.12/site-packages/glance_store/backend.py:144}}
May 20 18:38:12.125623 np0000001100 devstack@g-api.service[98906]: DEBUG glance_store.backend [-] Registering options for group glance_store {{(pid=98906) register_opts /opt/stack/data/venv/lib/python3.12/site-packages/glance_store/backend.py:144}}
May 20 18:38:12.125865 np0000001100 devstack@g-api.service[98906]: DEBUG glance_store.backend [-] Attempting to import store file {{(pid=98906) _load_store /opt/stack/data/venv/lib/python3.12/site-packages/glance_store/backend.py:215}}
May 20 18:38:12.126197 np0000001100 devstack@g-api.service[98906]: DEBUG glance_store.capabilities [-] Store glance_store._drivers.filesystem.Store doesn't support updating dynamic storage capabilities. Please overwrite 'update_capabilities' method of the store to implement updating logics if needed. {{(pid=98906) update_capabilities /opt/stack/data/venv/lib/python3.12/site-packages/glance_store/capabilities.py:91}}
May 20 18:38:12.133241 np0000001100 devstack@g-api.service[98906]: DEBUG glance.async_.flows.api_image_import [-] Image f288bf4b-c69f-41d8-9f6e-d3ae1d78b518 os_glance_importing_to_stores= {{(pid=98906) merge_store_list /opt/stack/glance/glance/async_/flows/api_image_import.py:277}}
May 20 18:38:12.133375 np0000001100 devstack@g-api.service[98906]: DEBUG glance.async_.flows.api_image_import [-] Image f288bf4b-c69f-41d8-9f6e-d3ae1d78b518 os_glance_failed_import= {{(pid=98906) merge_store_list /opt/stack/glance/glance/async_/flows/api_image_import.py:277}}
May 20 18:38:12.136734 np0000001100 devstack@g-api.service[98906]: DEBUG glance.async_.flows.api_image_import [-] Image f288bf4b-c69f-41d8-9f6e-d3ae1d78b518 status changing from uploading to importing {{(pid=98906) __exit__ /opt/stack/glance/glance/async_/flows/api_image_import.py:166}}
May 20 18:38:12.558673 np0000001100 devstack@g-api.service[98906]: DEBUG glance.async_ [-] Creating threadpool model 'ThreadPoolExecutor' with size 10 {{(pid=98906) __init__ /opt/stack/glance/glance/async_/__init__.py:100}}
May 20 18:38:12.582388 np0000001100 devstack@g-api.service[98906]: DEBUG glance.async_.taskflow_executor [-] Flow 'api_image_import' (1fb7d919-b21a-45ae-90ac-219585f3f231) transitioned into state 'RUNNING' from state 'PENDING' {{(pid=98906) _flow_receiver /opt/stack/data/venv/lib/python3.12/site-packages/taskflow/listeners/logging.py:160}}
May 20 18:38:12.584777 np0000001100 devstack@g-api.service[98906]: DEBUG glance.async_.taskflow_executor [-] Task 'api_image_import-ImageLock-e35d078a-e37d-4b4f-8dec-f1503225406b' (9b4c7db0-261e-4c2b-9016-93a10f654482) transitioned into state 'RUNNING' from state 'PENDING' {{(pid=98906) _task_receiver /opt/stack/data/venv/lib/python3.12/site-packages/taskflow/listeners/logging.py:242}}
May 20 18:38:12.590285 np0000001100 devstack@g-api.service[98906]: DEBUG glance.async_.flows.api_image_import [-] Image f288bf4b-c69f-41d8-9f6e-d3ae1d78b518 import task e35d078a-e37d-4b4f-8dec-f1503225406b lock confirmed {{(pid=98906) execute /opt/stack/glance/glance/async_/flows/api_image_import.py:477}}
May 20 18:38:12.591160 np0000001100 devstack@g-api.service[98906]: DEBUG glance.async_.taskflow_executor [-] Task 'api_image_import-ImageLock-e35d078a-e37d-4b4f-8dec-f1503225406b' (9b4c7db0-261e-4c2b-9016-93a10f654482) transitioned into state 'SUCCESS' from state 'RUNNING' with result 'None' {{(pid=98906) _task_receiver /opt/stack/data/venv/lib/python3.12/site-packages/taskflow/listeners/logging.py:218}}
May 20 18:38:12.592093 np0000001100 devstack@g-api.service[98906]: DEBUG glance.async_.taskflow_executor [-] Task 'api_image_import-ConfigureStaging-e35d078a-e37d-4b4f-8dec-f1503225406b' (8d97b09d-1ef3-4130-b0e7-4b61227e0afe) transitioned into state 'RUNNING' from state 'PENDING' {{(pid=98906) _task_receiver /opt/stack/data/venv/lib/python3.12/site-packages/taskflow/listeners/logging.py:242}}
May 20 18:38:12.593194 np0000001100 devstack@g-api.service[98906]: DEBUG glance.async_.taskflow_executor [-] Task 'api_image_import-ConfigureStaging-e35d078a-e37d-4b4f-8dec-f1503225406b' (8d97b09d-1ef3-4130-b0e7-4b61227e0afe) transitioned into state 'SUCCESS' from state 'RUNNING' with result 'file:///tmp/staging/f288bf4b-c69f-41d8-9f6e-d3ae1d78b518' {{(pid=98906) _task_receiver /opt/stack/data/venv/lib/python3.12/site-packages/taskflow/listeners/logging.py:218}}
May 20 18:38:12.594055 np0000001100 devstack@g-api.service[98906]: DEBUG glance.async_.taskflow_executor [-] Task 'api_image_import--ImportToStore-e35d078a-e37d-4b4f-8dec-f1503225406b' (8a0c0b51-0d08-467f-a1a4-7948867d08f1) transitioned into state 'RUNNING' from state 'PENDING' {{(pid=98906) _task_receiver /opt/stack/data/venv/lib/python3.12/site-packages/taskflow/listeners/logging.py:242}}
May 20 18:38:12.598132 np0000001100 devstack@g-api.service[98906]: INFO glance.common.scripts.image_import.main [-] Task e35d078a-e37d-4b4f-8dec-f1503225406b: Got image data uri file:///tmp/staging/f288bf4b-c69f-41d8-9f6e-d3ae1d78b518 to be imported
May 20 18:38:12.599289 np0000001100 devstack@g-api.service[98906]: DEBUG glance.location [-] Enabling in-flight format inspection for qcow2 {{(pid=98906) set_data /opt/stack/glance/glance/location.py:616}}
May 20 18:38:12.599619 np0000001100 devstack@g-api.service[98906]: DEBUG glance_store.backend [-] Attempting to import store swift {{(pid=98906) _load_store /opt/stack/data/venv/lib/python3.12/site-packages/glance_store/backend.py:215}}
May 20 18:38:12.600798 np0000001100 devstack@g-api.service[98906]: DEBUG glance_store.capabilities [-] Store glance_store._drivers.swift.store.SingleTenantStore doesn't support updating dynamic storage capabilities. Please overwrite 'update_capabilities' method of the store to implement updating logics if needed. {{(pid=98906) update_capabilities /opt/stack/data/venv/lib/python3.12/site-packages/glance_store/capabilities.py:91}}
May 20 18:38:12.600865 np0000001100 devstack@g-api.service[98906]: DEBUG glance_store.driver [-] Late loading location class glance_store._drivers.swift.store.StoreLocation {{(pid=98906) get_store_location_class /opt/stack/data/venv/lib/python3.12/site-packages/glance_store/driver.py:134}}
May 20 18:38:12.600941 np0000001100 devstack@g-api.service[98906]: DEBUG glance_store.location [-] Registering scheme swift+https with {'store': , 'location_class': , 'store_entry': 'swift'} {{(pid=98906) register_scheme_map /opt/stack/data/venv/lib/python3.12/site-packages/glance_store/location.py:146}}
May 20 18:38:12.601007 np0000001100 devstack@g-api.service[98906]: DEBUG glance_store.location [-] Registering scheme swift+https with {'store': , 'location_class': , 'store_entry': 'swift'} {{(pid=98906) register_scheme_map /opt/stack/data/venv/lib/python3.12/site-packages/glance_store/location.py:146}}
May 20 18:38:12.601043 np0000001100 devstack@g-api.service[98906]: DEBUG glance_store.location [-] Registering scheme swift with {'store': , 'location_class': , 'store_entry': 'swift'} {{(pid=98906) register_scheme_map /opt/stack/data/venv/lib/python3.12/site-packages/glance_store/location.py:146}}
May 20 18:38:12.601103 np0000001100 devstack@g-api.service[98906]: DEBUG glance_store.location [-] Registering scheme swift+https with {'store': , 'location_class': , 'store_entry': 'swift'} {{(pid=98906) register_scheme_map /opt/stack/data/venv/lib/python3.12/site-packages/glance_store/location.py:146}}
May 20 18:38:12.601147 np0000001100 devstack@g-api.service[98906]: DEBUG glance_store.location [-] Registering scheme swift with {'store': , 'location_class': , 'store_entry': 'swift'} {{(pid=98906) register_scheme_map /opt/stack/data/venv/lib/python3.12/site-packages/glance_store/location.py:146}}
May 20 18:38:12.601194 np0000001100 devstack@g-api.service[98906]: DEBUG glance_store.location [-] Registering scheme swift+http with {'store': , 'location_class': , 'store_entry': 'swift'} {{(pid=98906) register_scheme_map /opt/stack/data/venv/lib/python3.12/site-packages/glance_store/location.py:146}}
May 20 18:38:12.601250 np0000001100 devstack@g-api.service[98906]: DEBUG glance_store.location [-] Registering scheme swift+https with {'store': , 'location_class': , 'store_entry': 'swift'} {{(pid=98906) register_scheme_map /opt/stack/data/venv/lib/python3.12/site-packages/glance_store/location.py:146}}
May 20 18:38:12.601306 np0000001100 devstack@g-api.service[98906]: DEBUG glance_store.location [-] Registering scheme swift with {'store': , 'location_class': , 'store_entry': 'swift'} {{(pid=98906) register_scheme_map /opt/stack/data/venv/lib/python3.12/site-packages/glance_store/location.py:146}}
May 20 18:38:12.601370 np0000001100 devstack@g-api.service[98906]: DEBUG glance_store.location [-] Registering scheme swift+http with {'store': , 'location_class': , 'store_entry': 'swift'} {{(pid=98906) register_scheme_map /opt/stack/data/venv/lib/python3.12/site-packages/glance_store/location.py:146}}
May 20 18:38:12.601402 np0000001100 devstack@g-api.service[98906]: DEBUG glance_store.location [-] Registering scheme swift+config with {'store': , 'location_class': , 'store_entry': 'swift'} {{(pid=98906) register_scheme_map /opt/stack/data/venv/lib/python3.12/site-packages/glance_store/location.py:146}}
May 20 18:38:13.022295 np0000001100 devstack@g-api.service[98906]: INFO swiftclient [-] REQ: curl -i https://10.4.3.243:8080/v1/AUTH_3e87f663dc6248f6b5faa5b3d806a582/glance -I -H "X-Auth-Token: gAAAAABqDf-UrERu..."
May 20 18:38:13.022419 np0000001100 devstack@g-api.service[98906]: INFO swiftclient [-] RESP STATUS: 404 Not Found
May 20 18:38:13.022523 np0000001100 devstack@g-api.service[98906]: INFO swiftclient [-] RESP HEADERS: {'Date': 'Wed, 20 May 2026 18:38:13 GMT', 'Server': 'Apache/2.4.58 (Ubuntu)', 'Content-Type': 'text/html; charset=UTF-8', 'X-Trans-Id': 'txf3d86f17bd77457ca8906-006a0dff94', 'X-Openstack-Request-Id': 'txf3d86f17bd77457ca8906-006a0dff94', 'Connection': 'close'}
May 20 18:38:13.022761 np0000001100 devstack@g-api.service[98906]: INFO glance_store._drivers.swift.store [-] Creating swift container glance
May 20 18:38:13.072072 np0000001100 devstack@g-api.service[98906]: DEBUG swiftclient [-] REQ: curl -i https://10.4.3.243:8080/v1/AUTH_3e87f663dc6248f6b5faa5b3d806a582/glance -X PUT -H "X-Auth-Token: gAAAAABqDf-UrERu..." -H "Content-Length: 0" {{(pid=98906) http_log /opt/stack/data/venv/lib/python3.12/site-packages/swiftclient/client.py:160}}
May 20 18:38:13.072178 np0000001100 devstack@g-api.service[98906]: DEBUG swiftclient [-] RESP STATUS: 201 Created {{(pid=98906) http_log /opt/stack/data/venv/lib/python3.12/site-packages/swiftclient/client.py:161}}
May 20 18:38:13.072305 np0000001100 devstack@g-api.service[98906]: DEBUG swiftclient [-] RESP HEADERS: {'Date': 'Wed, 20 May 2026 18:38:13 GMT', 'Server': 'Apache/2.4.58 (Ubuntu)', 'Content-Type': 'text/html; charset=UTF-8', 'Content-Length': '0', 'X-Trans-Id': 'txd91bad826fb549f98c58f-006a0dff95', 'X-Openstack-Request-Id': 'txd91bad826fb549f98c58f-006a0dff95', 'Connection': 'close'} {{(pid=98906) http_log /opt/stack/data/venv/lib/python3.12/site-packages/swiftclient/client.py:162}}
May 20 18:38:13.072420 np0000001100 devstack@g-api.service[98906]: DEBUG glance_store._drivers.swift.store [-] Adding image object 'f288bf4b-c69f-41d8-9f6e-d3ae1d78b518' to Swift {{(pid=98906) add /opt/stack/data/venv/lib/python3.12/site-packages/glance_store/_drivers/swift/store.py:978}}
May 20 18:38:13.077170 np0000001100 devstack@g-api.service[98906]: DEBUG oslo_utils.imageutils.format_inspector [-] Format inspector for vmdk does not match, excluding from consideration (Signature KDMV not found: b'QFI\xfb') {{(pid=98906) _process_chunk /opt/stack/data/venv/lib/python3.12/site-packages/oslo_utils/imageutils/format_inspector.py:1538}}
May 20 18:38:13.080320 np0000001100 devstack@g-api.service[98906]: DEBUG oslo_utils.imageutils.format_inspector [-] Format inspector for vhdx does not match, excluding from consideration (Region signature not found at 30000) {{(pid=98906) _process_chunk /opt/stack/data/venv/lib/python3.12/site-packages/oslo_utils/imageutils/format_inspector.py:1538}}
May 20 18:38:13.378623 np0000001100 devstack@g-api.service[98906]: DEBUG swiftclient [-] REQ: curl -i https://10.4.3.243:8080/v1/AUTH_3e87f663dc6248f6b5faa5b3d806a582/glance/f288bf4b-c69f-41d8-9f6e-d3ae1d78b518 -X PUT -H "X-Auth-Token: gAAAAABqDf-UrERu..." -H "Content-Length: 21430272" {{(pid=98906) http_log /opt/stack/data/venv/lib/python3.12/site-packages/swiftclient/client.py:160}}
May 20 18:38:13.378723 np0000001100 devstack@g-api.service[98906]: DEBUG swiftclient [-] RESP STATUS: 201 Created {{(pid=98906) http_log /opt/stack/data/venv/lib/python3.12/site-packages/swiftclient/client.py:161}}
May 20 18:38:13.378892 np0000001100 devstack@g-api.service[98906]: DEBUG swiftclient [-] RESP HEADERS: {'Date': 'Wed, 20 May 2026 18:38:13 GMT', 'Server': 'Apache/2.4.58 (Ubuntu)', 'Content-Type': 'text/html; charset=UTF-8', 'Content-Length': '0', 'Etag': 'c8fc807773e5354afe61636071771906', 'Last-Modified': 'Wed, 20 May 2026 18:38:14 GMT', 'X-Trans-Id': 'tx01f263d9b8df49a69a6be-006a0dff95', 'X-Openstack-Request-Id': 'tx01f263d9b8df49a69a6be-006a0dff95', 'Connection': 'close'} {{(pid=98906) http_log /opt/stack/data/venv/lib/python3.12/site-packages/swiftclient/client.py:162}}
May 20 18:38:13.391893 np0000001100 devstack@g-api.service[98906]: INFO glance.location [-] Image format matched and virtual size computed: 117440512
May 20 18:38:13.400017 np0000001100 devstack@g-api.service[98906]: DEBUG glance.async_.flows.api_image_import [-] Image f288bf4b-c69f-41d8-9f6e-d3ae1d78b518 status changing from importing to active {{(pid=98906) __exit__ /opt/stack/glance/glance/async_/flows/api_image_import.py:166}}
May 20 18:38:13.421823 np0000001100 devstack@g-api.service[98906]: DEBUG glance_store.backend [-] Attempting to import store swift {{(pid=98906) _load_store /opt/stack/data/venv/lib/python3.12/site-packages/glance_store/backend.py:215}}
May 20 18:38:13.423106 np0000001100 devstack@g-api.service[98906]: DEBUG glance_store.capabilities [-] Store glance_store._drivers.swift.store.SingleTenantStore doesn't support updating dynamic storage capabilities. Please overwrite 'update_capabilities' method of the store to implement updating logics if needed. {{(pid=98906) update_capabilities /opt/stack/data/venv/lib/python3.12/site-packages/glance_store/capabilities.py:91}}
May 20 18:38:13.423244 np0000001100 devstack@g-api.service[98906]: DEBUG glance_store.driver [-] Late loading location class glance_store._drivers.swift.store.StoreLocation {{(pid=98906) get_store_location_class /opt/stack/data/venv/lib/python3.12/site-packages/glance_store/driver.py:134}}
May 20 18:38:13.423395 np0000001100 devstack@g-api.service[98906]: DEBUG glance_store.location [-] Registering scheme swift+https with {'store': , 'location_class': , 'store_entry': 'swift'} {{(pid=98906) register_scheme_map /opt/stack/data/venv/lib/python3.12/site-packages/glance_store/location.py:146}}
May 20 18:38:13.423526 np0000001100 devstack@g-api.service[98906]: DEBUG glance_store.location [-] Registering scheme swift+https with {'store': , 'location_class': , 'store_entry': 'swift'} {{(pid=98906) register_scheme_map /opt/stack/data/venv/lib/python3.12/site-packages/glance_store/location.py:146}}
May 20 18:38:13.423645 np0000001100 devstack@g-api.service[98906]: DEBUG glance_store.location [-] Registering scheme swift with {'store': , 'location_class': , 'store_entry': 'swift'} {{(pid=98906) register_scheme_map /opt/stack/data/venv/lib/python3.12/site-packages/glance_store/location.py:146}}
May 20 18:38:13.423773 np0000001100 devstack@g-api.service[98906]: DEBUG glance_store.location [-] Registering scheme swift+https with {'store': , 'location_class': , 'store_entry': 'swift'} {{(pid=98906) register_scheme_map /opt/stack/data/venv/lib/python3.12/site-packages/glance_store/location.py:146}}
May 20 18:38:13.423926 np0000001100 devstack@g-api.service[98906]: DEBUG glance_store.location [-] Registering scheme swift with {'store': , 'location_class': , 'store_entry': 'swift'} {{(pid=98906) register_scheme_map /opt/stack/data/venv/lib/python3.12/site-packages/glance_store/location.py:146}}
May 20 18:38:13.424085 np0000001100 devstack@g-api.service[98906]: DEBUG glance_store.location [-] Registering scheme swift+http with {'store': , 'location_class': , 'store_entry': 'swift'} {{(pid=98906) register_scheme_map /opt/stack/data/venv/lib/python3.12/site-packages/glance_store/location.py:146}}
May 20 18:38:13.424255 np0000001100 devstack@g-api.service[98906]: DEBUG glance_store.location [-] Registering scheme swift+https with {'store': , 'location_class': , 'store_entry': 'swift'} {{(pid=98906) register_scheme_map /opt/stack/data/venv/lib/python3.12/site-packages/glance_store/location.py:146}}
May 20 18:38:13.424328 np0000001100 devstack@g-api.service[98906]: DEBUG glance_store.location [-] Registering scheme swift with {'store': , 'location_class': , 'store_entry': 'swift'} {{(pid=98906) register_scheme_map /opt/stack/data/venv/lib/python3.12/site-packages/glance_store/location.py:146}}
