May 20 18:37:22.415150 np0000001100 neutron-periodic-workers[88921]: DEBUG cotyledon.oslo_config_glue [-] ovn.dns_servers = [] {{(pid=88921) log_opt_values /opt/stack/data/venv/lib/python3.12/site-packages/oslo_config/cfg.py:3256}}
May 20 18:37:22.415150 np0000001100 neutron-periodic-workers[88921]: DEBUG cotyledon.oslo_config_glue [-] ovn.enable_distributed_floating_ip = False {{(pid=88921) log_opt_values /opt/stack/data/venv/lib/python3.12/site-packages/oslo_config/cfg.py:3256}}
May 20 18:37:22.415150 np0000001100 neutron-periodic-workers[88921]: DEBUG cotyledon.oslo_config_glue [-] ovn.fdb_age_threshold = 300 {{(pid=88921) log_opt_values /opt/stack/data/venv/lib/python3.12/site-packages/oslo_config/cfg.py:3256}}
May 20 18:37:22.415150 np0000001100 neutron-periodic-workers[88921]: DEBUG cotyledon.oslo_config_glue [-] ovn.ha_failover_strategy = normal {{(pid=88921) log_opt_values /opt/stack/data/venv/lib/python3.12/site-packages/oslo_config/cfg.py:3256}}
May 20 18:37:22.415150 np0000001100 neutron-periodic-workers[88921]: DEBUG cotyledon.oslo_config_glue [-] ovn.live_migration_activation_strategy = rarp {{(pid=88921) log_opt_values /opt/stack/data/venv/lib/python3.12/site-packages/oslo_config/cfg.py:3256}}
May 20 18:37:22.415150 np0000001100 neutron-periodic-workers[88921]: DEBUG cotyledon.oslo_config_glue [-] ovn.localnet_learn_fdb = False {{(pid=88921) log_opt_values /opt/stack/data/venv/lib/python3.12/site-packages/oslo_config/cfg.py:3256}}
May 20 18:37:22.415150 np0000001100 neutron-periodic-workers[88921]: DEBUG cotyledon.oslo_config_glue [-] ovn.mac_binding_age_threshold = 300 {{(pid=88921) log_opt_values /opt/stack/data/venv/lib/python3.12/site-packages/oslo_config/cfg.py:3256}}
May 20 18:37:22.415150 np0000001100 neutron-periodic-workers[88921]: DEBUG cotyledon.oslo_config_glue [-] ovn.neutron_sync_mode = log {{(pid=88921) log_opt_values /opt/stack/data/venv/lib/python3.12/site-packages/oslo_config/cfg.py:3256}}
May 20 18:37:22.415323 np0000001100 neutron-periodic-workers[88921]: DEBUG cotyledon.oslo_config_glue [-] ovn.ovn_dhcp4_global_options = {} {{(pid=88921) log_opt_values /opt/stack/data/venv/lib/python3.12/site-packages/oslo_config/cfg.py:3256}}
May 20 18:37:22.415323 np0000001100 neutron-periodic-workers[88921]: DEBUG cotyledon.oslo_config_glue [-] ovn.ovn_dhcp6_global_options = {} {{(pid=88921) log_opt_values /opt/stack/data/venv/lib/python3.12/site-packages/oslo_config/cfg.py:3256}}
May 20 18:37:22.415323 np0000001100 neutron-periodic-workers[88921]: DEBUG cotyledon.oslo_config_glue [-] ovn.ovn_l3_scheduler = leastloaded {{(pid=88921) log_opt_values /opt/stack/data/venv/lib/python3.12/site-packages/oslo_config/cfg.py:3256}}
May 20 18:37:22.415323 np0000001100 neutron-periodic-workers[88921]: DEBUG cotyledon.oslo_config_glue [-] ovn.ovn_metadata_enabled = True {{(pid=88921) log_opt_values /opt/stack/data/venv/lib/python3.12/site-packages/oslo_config/cfg.py:3256}}
May 20 18:37:22.415323 np0000001100 neutron-periodic-workers[88921]: DEBUG cotyledon.oslo_config_glue [-] ovn.ovn_nb_ca_cert = /opt/stack/data/CA/int-ca/ca-chain.pem {{(pid=88921) log_opt_values /opt/stack/data/venv/lib/python3.12/site-packages/oslo_config/cfg.py:3256}}
May 20 18:37:22.415323 np0000001100 neutron-periodic-workers[88921]: DEBUG cotyledon.oslo_config_glue [-] ovn.ovn_nb_certificate = /opt/stack/data/CA/int-ca/devstack-cert.crt {{(pid=88921) log_opt_values /opt/stack/data/venv/lib/python3.12/site-packages/oslo_config/cfg.py:3256}}
May 20 18:37:22.415323 np0000001100 neutron-periodic-workers[88921]: DEBUG cotyledon.oslo_config_glue [-] ovn.ovn_nb_connection = ['ssl:10.4.3.243:6641'] {{(pid=88921) log_opt_values /opt/stack/data/venv/lib/python3.12/site-packages/oslo_config/cfg.py:3256}}
May 20 18:37:22.415323 np0000001100 neutron-periodic-workers[88921]: DEBUG cotyledon.oslo_config_glue [-] ovn.ovn_nb_private_key = /opt/stack/data/CA/int-ca/private/devstack-cert.key {{(pid=88921) log_opt_values /opt/stack/data/venv/lib/python3.12/site-packages/oslo_config/cfg.py:3256}}
May 20 18:37:22.415528 np0000001100 neutron-periodic-workers[88921]: DEBUG cotyledon.oslo_config_glue [-] ovn.ovn_router_indirect_snat = False {{(pid=88921) log_opt_values /opt/stack/data/venv/lib/python3.12/site-packages/oslo_config/cfg.py:3256}}
May 20 18:37:22.415528 np0000001100 neutron-periodic-workers[88921]: DEBUG cotyledon.oslo_config_glue [-] ovn.ovn_sb_ca_cert = /opt/stack/data/CA/int-ca/ca-chain.pem {{(pid=88921) log_opt_values /opt/stack/data/venv/lib/python3.12/site-packages/oslo_config/cfg.py:3256}}
May 20 18:37:22.415528 np0000001100 neutron-periodic-workers[88921]: DEBUG cotyledon.oslo_config_glue [-] ovn.ovn_sb_certificate = /opt/stack/data/CA/int-ca/devstack-cert.crt {{(pid=88921) log_opt_values /opt/stack/data/venv/lib/python3.12/site-packages/oslo_config/cfg.py:3256}}
May 20 18:37:22.415528 np0000001100 neutron-periodic-workers[88921]: DEBUG cotyledon.oslo_config_glue [-] ovn.ovn_sb_connection = ['ssl:10.4.3.243:6642'] {{(pid=88921) log_opt_values /opt/stack/data/venv/lib/python3.12/site-packages/oslo_config/cfg.py:3256}}
May 20 18:37:22.415528 np0000001100 neutron-periodic-workers[88921]: DEBUG cotyledon.oslo_config_glue [-] ovn.ovn_sb_private_key = /opt/stack/data/CA/int-ca/private/devstack-cert.key {{(pid=88921) log_opt_values /opt/stack/data/venv/lib/python3.12/site-packages/oslo_config/cfg.py:3256}}
May 20 18:37:22.415528 np0000001100 neutron-periodic-workers[88921]: DEBUG cotyledon.oslo_config_glue [-] ovn.ovs_create_tap = False {{(pid=88921) log_opt_values /opt/stack/data/venv/lib/python3.12/site-packages/oslo_config/cfg.py:3256}}
May 20 18:37:22.415528 np0000001100 neutron-periodic-workers[88921]: DEBUG cotyledon.oslo_config_glue [-] ovn.ovsdb_connection_timeout = 180 {{(pid=88921) log_opt_values /opt/stack/data/venv/lib/python3.12/site-packages/oslo_config/cfg.py:3256}}
May 20 18:37:22.415528 np0000001100 neutron-periodic-workers[88921]: DEBUG cotyledon.oslo_config_glue [-] ovn.ovsdb_log_level = INFO {{(pid=88921) log_opt_values /opt/stack/data/venv/lib/python3.12/site-packages/oslo_config/cfg.py:3256}}
May 20 18:37:22.415677 np0000001100 neutron-periodic-workers[88921]: DEBUG cotyledon.oslo_config_glue [-] ovn.ovsdb_probe_interval = 60000 {{(pid=88921) log_opt_values /opt/stack/data/venv/lib/python3.12/site-packages/oslo_config/cfg.py:3256}}
May 20 18:37:22.415677 np0000001100 neutron-periodic-workers[88921]: DEBUG cotyledon.oslo_config_glue [-] ovn.ovsdb_retry_max_interval = 180 {{(pid=88921) log_opt_values /opt/stack/data/venv/lib/python3.12/site-packages/oslo_config/cfg.py:3256}}
May 20 18:37:22.415677 np0000001100 neutron-periodic-workers[88921]: DEBUG cotyledon.oslo_config_glue [-] ovn.stateless_nat_enabled = False {{(pid=88921) log_opt_values /opt/stack/data/venv/lib/python3.12/site-packages/oslo_config/cfg.py:3256}}
May 20 18:37:22.415677 np0000001100 neutron-periodic-workers[88921]: DEBUG cotyledon.oslo_config_glue [-] ovn.vhost_sock_dir = /var/run/openvswitch {{(pid=88921) log_opt_values /opt/stack/data/venv/lib/python3.12/site-packages/oslo_config/cfg.py:3256}}
May 20 18:37:22.415677 np0000001100 neutron-periodic-workers[88921]: DEBUG cotyledon.oslo_config_glue [-] OVS.bridge_mac_table_size = 50000 {{(pid=88921) log_opt_values /opt/stack/data/venv/lib/python3.12/site-packages/oslo_config/cfg.py:3256}}
May 20 18:37:22.415677 np0000001100 neutron-periodic-workers[88921]: DEBUG cotyledon.oslo_config_glue [-] OVS.igmp_flood = False {{(pid=88921) log_opt_values /opt/stack/data/venv/lib/python3.12/site-packages/oslo_config/cfg.py:3256}}
May 20 18:37:22.415677 np0000001100 neutron-periodic-workers[88921]: DEBUG cotyledon.oslo_config_glue [-] OVS.igmp_flood_reports = True {{(pid=88921) log_opt_values /opt/stack/data/venv/lib/python3.12/site-packages/oslo_config/cfg.py:3256}}
May 20 18:37:22.415677 np0000001100 neutron-periodic-workers[88921]: DEBUG cotyledon.oslo_config_glue [-] OVS.igmp_flood_unregistered = False {{(pid=88921) log_opt_values /opt/stack/data/venv/lib/python3.12/site-packages/oslo_config/cfg.py:3256}}
May 20 18:37:22.415677 np0000001100 neutron-periodic-workers[88921]: DEBUG cotyledon.oslo_config_glue [-] OVS.igmp_snooping_enable = False {{(pid=88921) log_opt_values /opt/stack/data/venv/lib/python3.12/site-packages/oslo_config/cfg.py:3256}}
May 20 18:37:22.415849 np0000001100 neutron-periodic-workers[88921]: DEBUG cotyledon.oslo_config_glue [-] OVS.ovsdb_timeout = 10 {{(pid=88921) log_opt_values /opt/stack/data/venv/lib/python3.12/site-packages/oslo_config/cfg.py:3256}}
May 20 18:37:22.415849 np0000001100 neutron-periodic-workers[88921]: DEBUG cotyledon.oslo_config_glue [-] ovn_nb_global.fdb_removal_limit = 0 {{(pid=88921) log_opt_values /opt/stack/data/venv/lib/python3.12/site-packages/oslo_config/cfg.py:3256}}
May 20 18:37:22.415849 np0000001100 neutron-periodic-workers[88921]: DEBUG cotyledon.oslo_config_glue [-] ovn_nb_global.ignore_lsp_down = False {{(pid=88921) log_opt_values /opt/stack/data/venv/lib/python3.12/site-packages/oslo_config/cfg.py:3256}}
May 20 18:37:22.415849 np0000001100 neutron-periodic-workers[88921]: DEBUG cotyledon.oslo_config_glue [-] ovn_nb_global.mac_binding_removal_limit = 0 {{(pid=88921) log_opt_values /opt/stack/data/venv/lib/python3.12/site-packages/oslo_config/cfg.py:3256}}
May 20 18:37:22.415849 np0000001100 neutron-periodic-workers[88921]: DEBUG cotyledon.oslo_config_glue [-] ******************************************************************************** {{(pid=88921) log_opt_values /opt/stack/data/venv/lib/python3.12/site-packages/oslo_config/cfg.py:3263}}
May 20 18:37:22.415849 np0000001100 neutron-periodic-workers[88921]: DEBUG cotyledon._service_worker [-] Run service ServiceWrapper(0) [88921] {{(pid=88921) wait_forever /opt/stack/data/venv/lib/python3.12/site-packages/cotyledon/_service_worker.py:218}}
May 20 18:37:32.090800 np0000001100 neutron-periodic-workers[88021]: DEBUG dbcounter [-] [88021] Writing DB stats neutron:SELECT=4 {{(pid=88021) stat_writer /opt/stack/data/venv/lib/python3.12/site-packages/dbcounter.py:115}}
May 20 18:38:13.365345 np0000001100 neutron-periodic-workers[88891]: DEBUG oslo_db.sqlalchemy.engines [None req-f8cc3619-97f9-46dc-a55b-f17c175bbb3c None None] Parent process 88021 forked (88891) with an open database connection, which is being discarded and recreated. {{(pid=88891) checkout /opt/stack/data/venv/lib/python3.12/site-packages/oslo_db/sqlalchemy/engines.py:402}}
May 20 18:38:13.370455 np0000001100 neutron-periodic-workers[88891]: DEBUG dbcounter [-] [88891] Writer thread running {{(pid=88891) stat_writer /opt/stack/data/venv/lib/python3.12/site-packages/dbcounter.py:102}}
May 20 18:38:13.381869 np0000001100 neutron-periodic-workers[88891]: DEBUG oslo.service.backend._threading.loopingcall [None req-f8cc3619-97f9-46dc-a55b-f17c175bbb3c None None] Fixed interval looping call 'neutron.plugins.ml2.plugin.DhcpAgentSchedulerDbMixin.remove_networks_from_down_agents' sleeping for 36.98 seconds {{(pid=88891) _run_loop /opt/stack/data/venv/lib/python3.12/site-packages/oslo_service/backend/_threading/loopingcall.py:125}}
May 20 18:38:17.385867 np0000001100 neutron-periodic-workers[88895]: DEBUG dbcounter [-] [88895] Writer thread running {{(pid=88895) stat_writer /opt/stack/data/venv/lib/python3.12/site-packages/dbcounter.py:102}}
May 20 18:38:17.388588 np0000001100 neutron-periodic-workers[88895]: DEBUG neutron.db.agents_db [None req-4cff885e-4aaf-4211-9ee2-c939342a9153 None None] Agent healthcheck: found 0 active agents {{(pid=88895) agent_health_check /opt/stack/neutron/neutron/db/agents_db.py:322}}
May 20 18:38:17.388755 np0000001100 neutron-periodic-workers[88895]: DEBUG oslo.service.backend._threading.loopingcall [None req-4cff885e-4aaf-4211-9ee2-c939342a9153 None None] Fixed interval looping call 'neutron.plugins.ml2.plugin.AgentDbMixin.agent_health_check' sleeping for 36.99 seconds {{(pid=88895) _run_loop /opt/stack/data/venv/lib/python3.12/site-packages/oslo_service/backend/_threading/loopingcall.py:125}}
May 20 18:38:23.380615 np0000001100 neutron-periodic-workers[88891]: DEBUG dbcounter [-] [88891] Writing DB stats neutron:SELECT=3 {{(pid=88891) stat_writer /opt/stack/data/venv/lib/python3.12/site-packages/dbcounter.py:115}}
May 20 18:38:27.386252 np0000001100 neutron-periodic-workers[88895]: DEBUG dbcounter [-] [88895] Writing DB stats neutron:SELECT=1 {{(pid=88895) stat_writer /opt/stack/data/venv/lib/python3.12/site-packages/dbcounter.py:115}}
May 20 18:38:37.438814 np0000001100 neutron-periodic-workers[88921]: DEBUG dbcounter [-] [88921] Writer thread running {{(pid=88921) stat_writer /opt/stack/data/venv/lib/python3.12/site-packages/dbcounter.py:102}}
May 20 18:38:37.450098 np0000001100 neutron-periodic-workers[88921]: DEBUG oslo.service.backend._threading.loopingcall [None req-f2516c50-8b73-4524-86ff-e9a63bd066cd None None] Fixed interval looping call 'neutron.services.ovn_l3.plugin.L3_NAT_dbonly_mixin._clean_garbage' sleeping for 299.96 seconds {{(pid=88921) _run_loop /opt/stack/data/venv/lib/python3.12/site-packages/oslo_service/backend/_threading/loopingcall.py:125}}
May 20 18:38:47.439772 np0000001100 neutron-periodic-workers[88921]: DEBUG dbcounter [-] [88921] Writing DB stats neutron:SELECT=1 {{(pid=88921) stat_writer /opt/stack/data/venv/lib/python3.12/site-packages/dbcounter.py:115}}
May 20 18:38:50.368162 np0000001100 neutron-periodic-workers[88891]: DEBUG oslo.service.backend._threading.loopingcall [None req-f8cc3619-97f9-46dc-a55b-f17c175bbb3c None None] Fixed interval looping call 'neutron.plugins.ml2.plugin.DhcpAgentSchedulerDbMixin.remove_networks_from_down_agents' sleeping for 36.99 seconds {{(pid=88891) _run_loop /opt/stack/data/venv/lib/python3.12/site-packages/oslo_service/backend/_threading/loopingcall.py:125}}
May 20 18:38:54.382257 np0000001100 neutron-periodic-workers[88895]: DEBUG neutron.db.agents_db [None req-4cff885e-4aaf-4211-9ee2-c939342a9153 None None] Agent healthcheck: found 0 active agents {{(pid=88895) agent_health_check /opt/stack/neutron/neutron/db/agents_db.py:322}}
May 20 18:38:54.382718 np0000001100 neutron-periodic-workers[88895]: DEBUG oslo.service.backend._threading.loopingcall [None req-4cff885e-4aaf-4211-9ee2-c939342a9153 None None] Fixed interval looping call 'neutron.plugins.ml2.plugin.AgentDbMixin.agent_health_check' sleeping for 37.00 seconds {{(pid=88895) _run_loop /opt/stack/data/venv/lib/python3.12/site-packages/oslo_service/backend/_threading/loopingcall.py:125}}
May 20 18:39:00.367758 np0000001100 neutron-periodic-workers[88891]: DEBUG dbcounter [-] [88891] Writing DB stats neutron:SELECT=3 {{(pid=88891) stat_writer /opt/stack/data/venv/lib/python3.12/site-packages/dbcounter.py:115}}
May 20 18:39:04.381688 np0000001100 neutron-periodic-workers[88895]: DEBUG dbcounter [-] [88895] Writing DB stats neutron:SELECT=1 {{(pid=88895) stat_writer /opt/stack/data/venv/lib/python3.12/site-packages/dbcounter.py:115}}
May 20 18:39:22.394647 np0000001100 neutron-periodic-workers[88907]: DEBUG dbcounter [-] [88907] Writer thread running {{(pid=88907) stat_writer /opt/stack/data/venv/lib/python3.12/site-packages/dbcounter.py:102}}
May 20 18:39:22.396469 np0000001100 neutron-periodic-workers[88907]: DEBUG oslo.service.backend._threading.loopingcall [None req-f44e7892-4d9c-48c2-8cfe-14981a53f284 None None] Fixed interval looping call 'neutron.db.quota.driver_nolock.DbQuotaNoLockDriver._remove_expired_reservations' sleeping for 119.99 seconds {{(pid=88907) _run_loop /opt/stack/data/venv/lib/python3.12/site-packages/oslo_service/backend/_threading/loopingcall.py:125}}
May 20 18:39:27.364744 np0000001100 neutron-periodic-workers[88891]: DEBUG oslo.service.backend._threading.loopingcall [None req-f8cc3619-97f9-46dc-a55b-f17c175bbb3c None None] Fixed interval looping call 'neutron.plugins.ml2.plugin.DhcpAgentSchedulerDbMixin.remove_networks_from_down_agents' sleeping for 36.99 seconds {{(pid=88891) _run_loop /opt/stack/data/venv/lib/python3.12/site-packages/oslo_service/backend/_threading/loopingcall.py:125}}
May 20 18:39:31.385725 np0000001100 neutron-periodic-workers[88895]: DEBUG neutron.db.agents_db [None req-4cff885e-4aaf-4211-9ee2-c939342a9153 None None] Agent healthcheck: found 0 active agents {{(pid=88895) agent_health_check /opt/stack/neutron/neutron/db/agents_db.py:322}}
May 20 18:39:31.386198 np0000001100 neutron-periodic-workers[88895]: DEBUG oslo.service.backend._threading.loopingcall [None req-4cff885e-4aaf-4211-9ee2-c939342a9153 None None] Fixed interval looping call 'neutron.plugins.ml2.plugin.AgentDbMixin.agent_health_check' sleeping for 37.00 seconds {{(pid=88895) _run_loop /opt/stack/data/venv/lib/python3.12/site-packages/oslo_service/backend/_threading/loopingcall.py:125}}
May 20 18:39:37.363863 np0000001100 neutron-periodic-workers[88891]: DEBUG dbcounter [-] [88891] Writing DB stats neutron:SELECT=3 {{(pid=88891) stat_writer /opt/stack/data/venv/lib/python3.12/site-packages/dbcounter.py:115}}
May 20 18:39:41.385449 np0000001100 neutron-periodic-workers[88895]: DEBUG dbcounter [-] [88895] Writing DB stats neutron:SELECT=1 {{(pid=88895) stat_writer /opt/stack/data/venv/lib/python3.12/site-packages/dbcounter.py:115}}
May 20 18:39:42.395144 np0000001100 neutron-periodic-workers[88907]: DEBUG dbcounter [-] [88907] Writing DB stats neutron:DELETE=1 {{(pid=88907) stat_writer /opt/stack/data/venv/lib/python3.12/site-packages/dbcounter.py:115}}
May 20 18:40:04.359967 np0000001100 neutron-periodic-workers[88891]: DEBUG oslo.service.backend._threading.loopingcall [None req-f8cc3619-97f9-46dc-a55b-f17c175bbb3c None None] Fixed interval looping call 'neutron.plugins.ml2.plugin.DhcpAgentSchedulerDbMixin.remove_networks_from_down_agents' sleeping for 37.00 seconds {{(pid=88891) _run_loop /opt/stack/data/venv/lib/python3.12/site-packages/oslo_service/backend/_threading/loopingcall.py:125}}
May 20 18:40:08.388893 np0000001100 neutron-periodic-workers[88895]: DEBUG neutron.db.agents_db [None req-4cff885e-4aaf-4211-9ee2-c939342a9153 None None] Agent healthcheck: found 0 active agents {{(pid=88895) agent_health_check /opt/stack/neutron/neutron/db/agents_db.py:322}}
May 20 18:40:08.389436 np0000001100 neutron-periodic-workers[88895]: DEBUG oslo.service.backend._threading.loopingcall [None req-4cff885e-4aaf-4211-9ee2-c939342a9153 None None] Fixed interval looping call 'neutron.plugins.ml2.plugin.AgentDbMixin.agent_health_check' sleeping for 37.00 seconds {{(pid=88895) _run_loop /opt/stack/data/venv/lib/python3.12/site-packages/oslo_service/backend/_threading/loopingcall.py:125}}
May 20 18:40:14.359185 np0000001100 neutron-periodic-workers[88891]: DEBUG dbcounter [-] [88891] Writing DB stats neutron:SELECT=3 {{(pid=88891) stat_writer /opt/stack/data/venv/lib/python3.12/site-packages/dbcounter.py:115}}
May 20 18:40:18.388084 np0000001100 neutron-periodic-workers[88895]: DEBUG dbcounter [-] [88895] Writing DB stats neutron:SELECT=1 {{(pid=88895) stat_writer /opt/stack/data/venv/lib/python3.12/site-packages/dbcounter.py:115}}
May 20 18:40:41.365203 np0000001100 neutron-periodic-workers[88891]: DEBUG oslo.service.backend._threading.loopingcall [None req-f8cc3619-97f9-46dc-a55b-f17c175bbb3c None None] Fixed interval looping call 'neutron.plugins.ml2.plugin.DhcpAgentSchedulerDbMixin.remove_networks_from_down_agents' sleeping for 37.00 seconds {{(pid=88891) _run_loop /opt/stack/data/venv/lib/python3.12/site-packages/oslo_service/backend/_threading/loopingcall.py:125}}
May 20 18:40:45.392276 np0000001100 neutron-periodic-workers[88895]: DEBUG neutron.db.agents_db [None req-4cff885e-4aaf-4211-9ee2-c939342a9153 None None] Agent healthcheck: found 0 active agents {{(pid=88895) agent_health_check /opt/stack/neutron/neutron/db/agents_db.py:322}}
May 20 18:40:45.393016 np0000001100 neutron-periodic-workers[88895]: DEBUG oslo.service.backend._threading.loopingcall [None req-4cff885e-4aaf-4211-9ee2-c939342a9153 None None] Fixed interval looping call 'neutron.plugins.ml2.plugin.AgentDbMixin.agent_health_check' sleeping for 37.00 seconds {{(pid=88895) _run_loop /opt/stack/data/venv/lib/python3.12/site-packages/oslo_service/backend/_threading/loopingcall.py:125}}
May 20 18:40:51.364555 np0000001100 neutron-periodic-workers[88891]: DEBUG dbcounter [-] [88891] Writing DB stats neutron:SELECT=3 {{(pid=88891) stat_writer /opt/stack/data/venv/lib/python3.12/site-packages/dbcounter.py:115}}
May 20 18:40:55.392397 np0000001100 neutron-periodic-workers[88895]: DEBUG dbcounter [-] [88895] Writing DB stats neutron:SELECT=1 {{(pid=88895) stat_writer /opt/stack/data/venv/lib/python3.12/site-packages/dbcounter.py:115}}
May 20 18:41:18.371574 np0000001100 neutron-periodic-workers[88891]: DEBUG oslo.service.backend._threading.loopingcall [None req-f8cc3619-97f9-46dc-a55b-f17c175bbb3c None None] Fixed interval looping call 'neutron.plugins.ml2.plugin.DhcpAgentSchedulerDbMixin.remove_networks_from_down_agents' sleeping for 36.99 seconds {{(pid=88891) _run_loop /opt/stack/data/venv/lib/python3.12/site-packages/oslo_service/backend/_threading/loopingcall.py:125}}
May 20 18:41:22.396914 np0000001100 neutron-periodic-workers[88907]: DEBUG oslo.service.backend._threading.loopingcall [None req-f44e7892-4d9c-48c2-8cfe-14981a53f284 None None] Fixed interval looping call 'neutron.db.quota.driver_nolock.DbQuotaNoLockDriver._remove_expired_reservations' sleeping for 119.99 seconds {{(pid=88907) _run_loop /opt/stack/data/venv/lib/python3.12/site-packages/oslo_service/backend/_threading/loopingcall.py:125}}
May 20 18:41:22.399352 np0000001100 neutron-periodic-workers[88895]: DEBUG neutron.db.agents_db [None req-4cff885e-4aaf-4211-9ee2-c939342a9153 None None] Agent healthcheck: found 0 active agents {{(pid=88895) agent_health_check /opt/stack/neutron/neutron/db/agents_db.py:322}}
May 20 18:41:22.401212 np0000001100 neutron-periodic-workers[88895]: DEBUG oslo.service.backend._threading.loopingcall [None req-4cff885e-4aaf-4211-9ee2-c939342a9153 None None] Fixed interval looping call 'neutron.plugins.ml2.plugin.AgentDbMixin.agent_health_check' sleeping for 36.99 seconds {{(pid=88895) _run_loop /opt/stack/data/venv/lib/python3.12/site-packages/oslo_service/backend/_threading/loopingcall.py:125}}
May 20 18:41:28.370669 np0000001100 neutron-periodic-workers[88891]: DEBUG dbcounter [-] [88891] Writing DB stats neutron:SELECT=3 {{(pid=88891) stat_writer /opt/stack/data/venv/lib/python3.12/site-packages/dbcounter.py:115}}
May 20 18:41:32.389472 np0000001100 neutron-periodic-workers[88907]: DEBUG dbcounter [-] [88907] Writing DB stats neutron:DELETE=1 {{(pid=88907) stat_writer /opt/stack/data/venv/lib/python3.12/site-packages/dbcounter.py:115}}
May 20 18:41:32.398677 np0000001100 neutron-periodic-workers[88895]: DEBUG dbcounter [-] [88895] Writing DB stats neutron:SELECT=1 {{(pid=88895) stat_writer /opt/stack/data/venv/lib/python3.12/site-packages/dbcounter.py:115}}
May 20 18:41:55.367547 np0000001100 neutron-periodic-workers[88891]: DEBUG oslo.service.backend._threading.loopingcall [None req-f8cc3619-97f9-46dc-a55b-f17c175bbb3c None None] Fixed interval looping call 'neutron.plugins.ml2.plugin.DhcpAgentSchedulerDbMixin.remove_networks_from_down_agents' sleeping for 36.99 seconds {{(pid=88891) _run_loop /opt/stack/data/venv/lib/python3.12/site-packages/oslo_service/backend/_threading/loopingcall.py:125}}
May 20 18:41:59.407717 np0000001100 neutron-periodic-workers[88895]: DEBUG neutron.db.agents_db [None req-4cff885e-4aaf-4211-9ee2-c939342a9153 None None] Agent healthcheck: found 0 active agents {{(pid=88895) agent_health_check /opt/stack/neutron/neutron/db/agents_db.py:322}}
May 20 18:41:59.408168 np0000001100 neutron-periodic-workers[88895]: DEBUG oslo.service.backend._threading.loopingcall [None req-4cff885e-4aaf-4211-9ee2-c939342a9153 None None] Fixed interval looping call 'neutron.plugins.ml2.plugin.AgentDbMixin.agent_health_check' sleeping for 36.98 seconds {{(pid=88895) _run_loop /opt/stack/data/venv/lib/python3.12/site-packages/oslo_service/backend/_threading/loopingcall.py:125}}
May 20 18:42:05.366736 np0000001100 neutron-periodic-workers[88891]: DEBUG dbcounter [-] [88891] Writing DB stats neutron:SELECT=3 {{(pid=88891) stat_writer /opt/stack/data/venv/lib/python3.12/site-packages/dbcounter.py:115}}
May 20 18:42:09.400380 np0000001100 neutron-periodic-workers[88895]: DEBUG dbcounter [-] [88895] Writing DB stats neutron:SELECT=1 {{(pid=88895) stat_writer /opt/stack/data/venv/lib/python3.12/site-packages/dbcounter.py:115}}
May 20 18:42:32.365511 np0000001100 neutron-periodic-workers[88891]: DEBUG oslo.service.backend._threading.loopingcall [None req-f8cc3619-97f9-46dc-a55b-f17c175bbb3c None None] Fixed interval looping call 'neutron.plugins.ml2.plugin.DhcpAgentSchedulerDbMixin.remove_networks_from_down_agents' sleeping for 36.99 seconds {{(pid=88891) _run_loop /opt/stack/data/venv/lib/python3.12/site-packages/oslo_service/backend/_threading/loopingcall.py:125}}
May 20 18:42:36.391353 np0000001100 neutron-periodic-workers[88895]: DEBUG neutron.db.agents_db [None req-4cff885e-4aaf-4211-9ee2-c939342a9153 None None] Agent healthcheck: found 0 active agents {{(pid=88895) agent_health_check /opt/stack/neutron/neutron/db/agents_db.py:322}}
May 20 18:42:36.391353 np0000001100 neutron-periodic-workers[88895]: DEBUG oslo.service.backend._threading.loopingcall [None req-4cff885e-4aaf-4211-9ee2-c939342a9153 None None] Fixed interval looping call 'neutron.plugins.ml2.plugin.AgentDbMixin.agent_health_check' sleeping for 37.00 seconds {{(pid=88895) _run_loop /opt/stack/data/venv/lib/python3.12/site-packages/oslo_service/backend/_threading/loopingcall.py:125}}
May 20 18:42:42.364826 np0000001100 neutron-periodic-workers[88891]: DEBUG dbcounter [-] [88891] Writing DB stats neutron:SELECT=3 {{(pid=88891) stat_writer /opt/stack/data/venv/lib/python3.12/site-packages/dbcounter.py:115}}
May 20 18:42:46.390069 np0000001100 neutron-periodic-workers[88895]: DEBUG dbcounter [-] [88895] Writing DB stats neutron:SELECT=1 {{(pid=88895) stat_writer /opt/stack/data/venv/lib/python3.12/site-packages/dbcounter.py:115}}
May 20 18:43:09.371927 np0000001100 neutron-periodic-workers[88891]: DEBUG oslo.service.backend._threading.loopingcall [None req-f8cc3619-97f9-46dc-a55b-f17c175bbb3c None None] Fixed interval looping call 'neutron.plugins.ml2.plugin.DhcpAgentSchedulerDbMixin.remove_networks_from_down_agents' sleeping for 36.99 seconds {{(pid=88891) _run_loop /opt/stack/data/venv/lib/python3.12/site-packages/oslo_service/backend/_threading/loopingcall.py:125}}
May 20 18:43:13.394740 np0000001100 neutron-periodic-workers[88895]: DEBUG neutron.db.agents_db [None req-4cff885e-4aaf-4211-9ee2-c939342a9153 None None] Agent healthcheck: found 0 active agents {{(pid=88895) agent_health_check /opt/stack/neutron/neutron/db/agents_db.py:322}}
May 20 18:43:13.395154 np0000001100 neutron-periodic-workers[88895]: DEBUG oslo.service.backend._threading.loopingcall [None req-4cff885e-4aaf-4211-9ee2-c939342a9153 None None] Fixed interval looping call 'neutron.plugins.ml2.plugin.AgentDbMixin.agent_health_check' sleeping for 37.00 seconds {{(pid=88895) _run_loop /opt/stack/data/venv/lib/python3.12/site-packages/oslo_service/backend/_threading/loopingcall.py:125}}
May 20 18:43:19.366668 np0000001100 neutron-periodic-workers[88891]: DEBUG dbcounter [-] [88891] Writing DB stats neutron:SELECT=3 {{(pid=88891) stat_writer /opt/stack/data/venv/lib/python3.12/site-packages/dbcounter.py:115}}
May 20 18:43:22.388517 np0000001100 neutron-periodic-workers[88907]: DEBUG oslo.service.backend._threading.loopingcall [None req-f44e7892-4d9c-48c2-8cfe-14981a53f284 None None] Fixed interval looping call 'neutron.db.quota.driver_nolock.DbQuotaNoLockDriver._remove_expired_reservations' sleeping for 119.99 seconds {{(pid=88907) _run_loop /opt/stack/data/venv/lib/python3.12/site-packages/oslo_service/backend/_threading/loopingcall.py:125}}
May 20 18:43:23.395665 np0000001100 neutron-periodic-workers[88895]: DEBUG dbcounter [-] [88895] Writing DB stats neutron:SELECT=1 {{(pid=88895) stat_writer /opt/stack/data/venv/lib/python3.12/site-packages/dbcounter.py:115}}
May 20 18:43:32.387405 np0000001100 neutron-periodic-workers[88907]: DEBUG dbcounter [-] [88907] Writing DB stats neutron:DELETE=1 {{(pid=88907) stat_writer /opt/stack/data/venv/lib/python3.12/site-packages/dbcounter.py:115}}
May 20 18:43:37.418568 np0000001100 neutron-periodic-workers[88921]: DEBUG oslo.service.backend._threading.loopingcall [None req-f2516c50-8b73-4524-86ff-e9a63bd066cd None None] Fixed interval looping call 'neutron.services.ovn_l3.plugin.L3_NAT_dbonly_mixin._clean_garbage' sleeping for 299.99 seconds {{(pid=88921) _run_loop /opt/stack/data/venv/lib/python3.12/site-packages/oslo_service/backend/_threading/loopingcall.py:125}}
May 20 18:43:46.367233 np0000001100 neutron-periodic-workers[88891]: DEBUG oslo.service.backend._threading.loopingcall [None req-f8cc3619-97f9-46dc-a55b-f17c175bbb3c None None] Fixed interval looping call 'neutron.plugins.ml2.plugin.DhcpAgentSchedulerDbMixin.remove_networks_from_down_agents' sleeping for 36.99 seconds {{(pid=88891) _run_loop /opt/stack/data/venv/lib/python3.12/site-packages/oslo_service/backend/_threading/loopingcall.py:125}}
May 20 18:43:47.413143 np0000001100 neutron-periodic-workers[88921]: DEBUG dbcounter [-] [88921] Writing DB stats neutron:SELECT=1 {{(pid=88921) stat_writer /opt/stack/data/venv/lib/python3.12/site-packages/dbcounter.py:115}}
May 20 18:43:50.400639 np0000001100 neutron-periodic-workers[88895]: DEBUG neutron.db.agents_db [None req-4cff885e-4aaf-4211-9ee2-c939342a9153 None None] Agent healthcheck: found 0 active agents {{(pid=88895) agent_health_check /opt/stack/neutron/neutron/db/agents_db.py:322}}
May 20 18:43:50.401054 np0000001100 neutron-periodic-workers[88895]: DEBUG oslo.service.backend._threading.loopingcall [None req-4cff885e-4aaf-4211-9ee2-c939342a9153 None None] Fixed interval looping call 'neutron.plugins.ml2.plugin.AgentDbMixin.agent_health_check' sleeping for 37.00 seconds {{(pid=88895) _run_loop /opt/stack/data/venv/lib/python3.12/site-packages/oslo_service/backend/_threading/loopingcall.py:125}}
May 20 18:43:56.366582 np0000001100 neutron-periodic-workers[88891]: DEBUG dbcounter [-] [88891] Writing DB stats neutron:SELECT=3 {{(pid=88891) stat_writer /opt/stack/data/venv/lib/python3.12/site-packages/dbcounter.py:115}}
May 20 18:44:00.399747 np0000001100 neutron-periodic-workers[88895]: DEBUG dbcounter [-] [88895] Writing DB stats neutron:SELECT=1 {{(pid=88895) stat_writer /opt/stack/data/venv/lib/python3.12/site-packages/dbcounter.py:115}}
May 20 18:44:23.371212 np0000001100 neutron-periodic-workers[88891]: DEBUG oslo.service.backend._threading.loopingcall [None req-f8cc3619-97f9-46dc-a55b-f17c175bbb3c None None] Fixed interval looping call 'neutron.plugins.ml2.plugin.DhcpAgentSchedulerDbMixin.remove_networks_from_down_agents' sleeping for 36.99 seconds {{(pid=88891) _run_loop /opt/stack/data/venv/lib/python3.12/site-packages/oslo_service/backend/_threading/loopingcall.py:125}}
May 20 18:44:27.404965 np0000001100 neutron-periodic-workers[88895]: DEBUG neutron.db.agents_db [None req-4cff885e-4aaf-4211-9ee2-c939342a9153 None None] Agent healthcheck: found 0 active agents {{(pid=88895) agent_health_check /opt/stack/neutron/neutron/db/agents_db.py:322}}
May 20 18:44:27.405315 np0000001100 neutron-periodic-workers[88895]: DEBUG oslo.service.backend._threading.loopingcall [None req-4cff885e-4aaf-4211-9ee2-c939342a9153 None None] Fixed interval looping call 'neutron.plugins.ml2.plugin.AgentDbMixin.agent_health_check' sleeping for 37.00 seconds {{(pid=88895) _run_loop /opt/stack/data/venv/lib/python3.12/site-packages/oslo_service/backend/_threading/loopingcall.py:125}}
May 20 18:44:33.370075 np0000001100 neutron-periodic-workers[88891]: DEBUG dbcounter [-] [88891] Writing DB stats neutron:SELECT=3 {{(pid=88891) stat_writer /opt/stack/data/venv/lib/python3.12/site-packages/dbcounter.py:115}}
May 20 18:44:37.403826 np0000001100 neutron-periodic-workers[88895]: DEBUG dbcounter [-] [88895] Writing DB stats neutron:SELECT=1 {{(pid=88895) stat_writer /opt/stack/data/venv/lib/python3.12/site-packages/dbcounter.py:115}}
May 20 18:45:00.372888 np0000001100 neutron-periodic-workers[88891]: DEBUG oslo.service.backend._threading.loopingcall [None req-f8cc3619-97f9-46dc-a55b-f17c175bbb3c None None] Fixed interval looping call 'neutron.plugins.ml2.plugin.DhcpAgentSchedulerDbMixin.remove_networks_from_down_agents' sleeping for 36.99 seconds {{(pid=88891) _run_loop /opt/stack/data/venv/lib/python3.12/site-packages/oslo_service/backend/_threading/loopingcall.py:125}}
May 20 18:45:04.417289 np0000001100 neutron-periodic-workers[88895]: DEBUG neutron.db.agents_db [None req-4cff885e-4aaf-4211-9ee2-c939342a9153 None None] Agent healthcheck: found 0 active agents {{(pid=88895) agent_health_check /opt/stack/neutron/neutron/db/agents_db.py:322}}
May 20 18:45:04.417289 np0000001100 neutron-periodic-workers[88895]: DEBUG oslo.service.backend._threading.loopingcall [None req-4cff885e-4aaf-4211-9ee2-c939342a9153 None None] Fixed interval looping call 'neutron.plugins.ml2.plugin.AgentDbMixin.agent_health_check' sleeping for 37.00 seconds {{(pid=88895) _run_loop /opt/stack/data/venv/lib/python3.12/site-packages/oslo_service/backend/_threading/loopingcall.py:125}}
May 20 18:45:10.372262 np0000001100 neutron-periodic-workers[88891]: DEBUG dbcounter [-] [88891] Writing DB stats neutron:SELECT=3 {{(pid=88891) stat_writer /opt/stack/data/venv/lib/python3.12/site-packages/dbcounter.py:115}}
May 20 18:45:14.408067 np0000001100 neutron-periodic-workers[88895]: DEBUG dbcounter [-] [88895] Writing DB stats neutron:SELECT=1 {{(pid=88895) stat_writer /opt/stack/data/venv/lib/python3.12/site-packages/dbcounter.py:115}}
May 20 18:45:22.382429 np0000001100 neutron-periodic-workers[88907]: DEBUG oslo.service.backend._threading.loopingcall [None req-f44e7892-4d9c-48c2-8cfe-14981a53f284 None None] Fixed interval looping call 'neutron.db.quota.driver_nolock.DbQuotaNoLockDriver._remove_expired_reservations' sleeping for 120.00 seconds {{(pid=88907) _run_loop /opt/stack/data/venv/lib/python3.12/site-packages/oslo_service/backend/_threading/loopingcall.py:125}}
May 20 18:45:32.382118 np0000001100 neutron-periodic-workers[88907]: DEBUG dbcounter [-] [88907] Writing DB stats neutron:DELETE=1 {{(pid=88907) stat_writer /opt/stack/data/venv/lib/python3.12/site-packages/dbcounter.py:115}}
May 20 18:45:37.369094 np0000001100 neutron-periodic-workers[88891]: DEBUG oslo.service.backend._threading.loopingcall [None req-f8cc3619-97f9-46dc-a55b-f17c175bbb3c None None] Fixed interval looping call 'neutron.plugins.ml2.plugin.DhcpAgentSchedulerDbMixin.remove_networks_from_down_agents' sleeping for 36.99 seconds {{(pid=88891) _run_loop /opt/stack/data/venv/lib/python3.12/site-packages/oslo_service/backend/_threading/loopingcall.py:125}}
May 20 18:45:41.416164 np0000001100 neutron-periodic-workers[88895]: DEBUG neutron.db.agents_db [None req-4cff885e-4aaf-4211-9ee2-c939342a9153 None None] Agent healthcheck: found 0 active agents {{(pid=88895) agent_health_check /opt/stack/neutron/neutron/db/agents_db.py:322}}
May 20 18:45:41.416164 np0000001100 neutron-periodic-workers[88895]: DEBUG oslo.service.backend._threading.loopingcall [None req-4cff885e-4aaf-4211-9ee2-c939342a9153 None None] Fixed interval looping call 'neutron.plugins.ml2.plugin.AgentDbMixin.agent_health_check' sleeping for 36.99 seconds {{(pid=88895) _run_loop /opt/stack/data/venv/lib/python3.12/site-packages/oslo_service/backend/_threading/loopingcall.py:125}}
May 20 18:45:47.368901 np0000001100 neutron-periodic-workers[88891]: DEBUG dbcounter [-] [88891] Writing DB stats neutron:SELECT=3 {{(pid=88891) stat_writer /opt/stack/data/venv/lib/python3.12/site-packages/dbcounter.py:115}}
May 20 18:45:51.416161 np0000001100 neutron-periodic-workers[88895]: DEBUG dbcounter [-] [88895] Writing DB stats neutron:SELECT=1 {{(pid=88895) stat_writer /opt/stack/data/venv/lib/python3.12/site-packages/dbcounter.py:115}}
May 20 18:46:14.368373 np0000001100 neutron-periodic-workers[88891]: DEBUG oslo.service.backend._threading.loopingcall [None req-f8cc3619-97f9-46dc-a55b-f17c175bbb3c None None] Fixed interval looping call 'neutron.plugins.ml2.plugin.DhcpAgentSchedulerDbMixin.remove_networks_from_down_agents' sleeping for 36.99 seconds {{(pid=88891) _run_loop /opt/stack/data/venv/lib/python3.12/site-packages/oslo_service/backend/_threading/loopingcall.py:125}}
May 20 18:46:18.409066 np0000001100 neutron-periodic-workers[88895]: DEBUG neutron.db.agents_db [None req-4cff885e-4aaf-4211-9ee2-c939342a9153 None None] Agent healthcheck: found 0 active agents {{(pid=88895) agent_health_check /opt/stack/neutron/neutron/db/agents_db.py:322}}
May 20 18:46:18.409461 np0000001100 neutron-periodic-workers[88895]: DEBUG oslo.service.backend._threading.loopingcall [None req-4cff885e-4aaf-4211-9ee2-c939342a9153 None None] Fixed interval looping call 'neutron.plugins.ml2.plugin.AgentDbMixin.agent_health_check' sleeping for 37.00 seconds {{(pid=88895) _run_loop /opt/stack/data/venv/lib/python3.12/site-packages/oslo_service/backend/_threading/loopingcall.py:125}}
May 20 18:46:24.367371 np0000001100 neutron-periodic-workers[88891]: DEBUG dbcounter [-] [88891] Writing DB stats neutron:SELECT=3 {{(pid=88891) stat_writer /opt/stack/data/venv/lib/python3.12/site-packages/dbcounter.py:115}}
May 20 18:46:28.411302 np0000001100 neutron-periodic-workers[88895]: DEBUG dbcounter [-] [88895] Writing DB stats neutron:SELECT=1 {{(pid=88895) stat_writer /opt/stack/data/venv/lib/python3.12/site-packages/dbcounter.py:115}}
May 20 18:46:51.365355 np0000001100 neutron-periodic-workers[88891]: DEBUG oslo.service.backend._threading.loopingcall [None req-f8cc3619-97f9-46dc-a55b-f17c175bbb3c None None] Fixed interval looping call 'neutron.plugins.ml2.plugin.DhcpAgentSchedulerDbMixin.remove_networks_from_down_agents' sleeping for 36.99 seconds {{(pid=88891) _run_loop /opt/stack/data/venv/lib/python3.12/site-packages/oslo_service/backend/_threading/loopingcall.py:125}}
May 20 18:46:55.414987 np0000001100 neutron-periodic-workers[88895]: DEBUG neutron.db.agents_db [None req-4cff885e-4aaf-4211-9ee2-c939342a9153 None None] Agent healthcheck: found 0 active agents {{(pid=88895) agent_health_check /opt/stack/neutron/neutron/db/agents_db.py:322}}
May 20 18:46:55.414987 np0000001100 neutron-periodic-workers[88895]: DEBUG oslo.service.backend._threading.loopingcall [None req-4cff885e-4aaf-4211-9ee2-c939342a9153 None None] Fixed interval looping call 'neutron.plugins.ml2.plugin.AgentDbMixin.agent_health_check' sleeping for 36.99 seconds {{(pid=88895) _run_loop /opt/stack/data/venv/lib/python3.12/site-packages/oslo_service/backend/_threading/loopingcall.py:125}}
May 20 18:47:01.364338 np0000001100 neutron-periodic-workers[88891]: DEBUG dbcounter [-] [88891] Writing DB stats neutron:SELECT=3 {{(pid=88891) stat_writer /opt/stack/data/venv/lib/python3.12/site-packages/dbcounter.py:115}}
May 20 18:47:05.414060 np0000001100 neutron-periodic-workers[88895]: DEBUG dbcounter [-] [88895] Writing DB stats neutron:SELECT=1 {{(pid=88895) stat_writer /opt/stack/data/venv/lib/python3.12/site-packages/dbcounter.py:115}}
May 20 18:47:22.385504 np0000001100 neutron-periodic-workers[88907]: DEBUG oslo.service.backend._threading.loopingcall [None req-f44e7892-4d9c-48c2-8cfe-14981a53f284 None None] Fixed interval looping call 'neutron.db.quota.driver_nolock.DbQuotaNoLockDriver._remove_expired_reservations' sleeping for 120.00 seconds {{(pid=88907) _run_loop /opt/stack/data/venv/lib/python3.12/site-packages/oslo_service/backend/_threading/loopingcall.py:125}}
May 20 18:47:28.370475 np0000001100 neutron-periodic-workers[88891]: DEBUG oslo.service.backend._threading.loopingcall [None req-f8cc3619-97f9-46dc-a55b-f17c175bbb3c None None] Fixed interval looping call 'neutron.plugins.ml2.plugin.DhcpAgentSchedulerDbMixin.remove_networks_from_down_agents' sleeping for 36.99 seconds {{(pid=88891) _run_loop /opt/stack/data/venv/lib/python3.12/site-packages/oslo_service/backend/_threading/loopingcall.py:125}}
May 20 18:47:32.385153 np0000001100 neutron-periodic-workers[88907]: DEBUG dbcounter [-] [88907] Writing DB stats neutron:DELETE=1 {{(pid=88907) stat_writer /opt/stack/data/venv/lib/python3.12/site-packages/dbcounter.py:115}}
May 20 18:47:32.411032 np0000001100 neutron-periodic-workers[88895]: DEBUG neutron.db.agents_db [None req-4cff885e-4aaf-4211-9ee2-c939342a9153 None None] Agent healthcheck: found 0 active agents {{(pid=88895) agent_health_check /opt/stack/neutron/neutron/db/agents_db.py:322}}
May 20 18:47:32.411032 np0000001100 neutron-periodic-workers[88895]: DEBUG oslo.service.backend._threading.loopingcall [None req-4cff885e-4aaf-4211-9ee2-c939342a9153 None None] Fixed interval looping call 'neutron.plugins.ml2.plugin.AgentDbMixin.agent_health_check' sleeping for 37.00 seconds {{(pid=88895) _run_loop /opt/stack/data/venv/lib/python3.12/site-packages/oslo_service/backend/_threading/loopingcall.py:125}}
May 20 18:47:38.365805 np0000001100 neutron-periodic-workers[88891]: DEBUG dbcounter [-] [88891] Writing DB stats neutron:SELECT=3 {{(pid=88891) stat_writer /opt/stack/data/venv/lib/python3.12/site-packages/dbcounter.py:115}}
May 20 18:47:42.410304 np0000001100 neutron-periodic-workers[88895]: DEBUG dbcounter [-] [88895] Writing DB stats neutron:SELECT=1 {{(pid=88895) stat_writer /opt/stack/data/venv/lib/python3.12/site-packages/dbcounter.py:115}}
May 20 18:48:05.367844 np0000001100 neutron-periodic-workers[88891]: DEBUG oslo.service.backend._threading.loopingcall [None req-f8cc3619-97f9-46dc-a55b-f17c175bbb3c None None] Fixed interval looping call 'neutron.plugins.ml2.plugin.DhcpAgentSchedulerDbMixin.remove_networks_from_down_agents' sleeping for 36.99 seconds {{(pid=88891) _run_loop /opt/stack/data/venv/lib/python3.12/site-packages/oslo_service/backend/_threading/loopingcall.py:125}}
May 20 18:48:09.412555 np0000001100 neutron-periodic-workers[88895]: DEBUG neutron.db.agents_db [None req-4cff885e-4aaf-4211-9ee2-c939342a9153 None None] Agent healthcheck: found 0 active agents {{(pid=88895) agent_health_check /opt/stack/neutron/neutron/db/agents_db.py:322}}
May 20 18:48:09.412967 np0000001100 neutron-periodic-workers[88895]: DEBUG oslo.service.backend._threading.loopingcall [None req-4cff885e-4aaf-4211-9ee2-c939342a9153 None None] Fixed interval looping call 'neutron.plugins.ml2.plugin.AgentDbMixin.agent_health_check' sleeping for 37.00 seconds {{(pid=88895) _run_loop /opt/stack/data/venv/lib/python3.12/site-packages/oslo_service/backend/_threading/loopingcall.py:125}}
May 20 18:48:15.367512 np0000001100 neutron-periodic-workers[88891]: DEBUG dbcounter [-] [88891] Writing DB stats neutron:SELECT=3 {{(pid=88891) stat_writer /opt/stack/data/venv/lib/python3.12/site-packages/dbcounter.py:115}}
May 20 18:48:19.411855 np0000001100 neutron-periodic-workers[88895]: DEBUG dbcounter [-] [88895] Writing DB stats neutron:SELECT=1 {{(pid=88895) stat_writer /opt/stack/data/venv/lib/python3.12/site-packages/dbcounter.py:115}}
May 20 18:48:37.418195 np0000001100 neutron-periodic-workers[88921]: DEBUG oslo.service.backend._threading.loopingcall [None req-f2516c50-8b73-4524-86ff-e9a63bd066cd None None] Fixed interval looping call 'neutron.services.ovn_l3.plugin.L3_NAT_dbonly_mixin._clean_garbage' sleeping for 299.99 seconds {{(pid=88921) _run_loop /opt/stack/data/venv/lib/python3.12/site-packages/oslo_service/backend/_threading/loopingcall.py:125}}
May 20 18:48:42.367193 np0000001100 neutron-periodic-workers[88891]: DEBUG oslo.service.backend._threading.loopingcall [None req-f8cc3619-97f9-46dc-a55b-f17c175bbb3c None None] Fixed interval looping call 'neutron.plugins.ml2.plugin.DhcpAgentSchedulerDbMixin.remove_networks_from_down_agents' sleeping for 36.99 seconds {{(pid=88891) _run_loop /opt/stack/data/venv/lib/python3.12/site-packages/oslo_service/backend/_threading/loopingcall.py:125}}
May 20 18:48:46.420797 np0000001100 neutron-periodic-workers[88895]: DEBUG neutron.db.agents_db [None req-4cff885e-4aaf-4211-9ee2-c939342a9153 None None] Agent healthcheck: found 0 active agents {{(pid=88895) agent_health_check /opt/stack/neutron/neutron/db/agents_db.py:322}}
May 20 18:48:46.421739 np0000001100 neutron-periodic-workers[88895]: DEBUG oslo.service.backend._threading.loopingcall [None req-4cff885e-4aaf-4211-9ee2-c939342a9153 None None] Fixed interval looping call 'neutron.plugins.ml2.plugin.AgentDbMixin.agent_health_check' sleeping for 36.99 seconds {{(pid=88895) _run_loop /opt/stack/data/venv/lib/python3.12/site-packages/oslo_service/backend/_threading/loopingcall.py:125}}
May 20 18:48:47.411872 np0000001100 neutron-periodic-workers[88921]: DEBUG dbcounter [-] [88921] Writing DB stats neutron:SELECT=1 {{(pid=88921) stat_writer /opt/stack/data/venv/lib/python3.12/site-packages/dbcounter.py:115}}
May 20 18:48:52.367013 np0000001100 neutron-periodic-workers[88891]: DEBUG dbcounter [-] [88891] Writing DB stats neutron:SELECT=3 {{(pid=88891) stat_writer /opt/stack/data/venv/lib/python3.12/site-packages/dbcounter.py:115}}
May 20 18:48:56.419304 np0000001100 neutron-periodic-workers[88895]: DEBUG dbcounter [-] [88895] Writing DB stats neutron:SELECT=1 {{(pid=88895) stat_writer /opt/stack/data/venv/lib/python3.12/site-packages/dbcounter.py:115}}
May 20 18:49:19.377148 np0000001100 neutron-periodic-workers[88891]: DEBUG oslo.service.backend._threading.loopingcall [None req-f8cc3619-97f9-46dc-a55b-f17c175bbb3c None None] Fixed interval looping call 'neutron.plugins.ml2.plugin.DhcpAgentSchedulerDbMixin.remove_networks_from_down_agents' sleeping for 36.98 seconds {{(pid=88891) _run_loop /opt/stack/data/venv/lib/python3.12/site-packages/oslo_service/backend/_threading/loopingcall.py:125}}
May 20 18:49:22.389909 np0000001100 neutron-periodic-workers[88907]: DEBUG oslo.service.backend._threading.loopingcall [None req-f44e7892-4d9c-48c2-8cfe-14981a53f284 None None] Fixed interval looping call 'neutron.db.quota.driver_nolock.DbQuotaNoLockDriver._remove_expired_reservations' sleeping for 120.00 seconds {{(pid=88907) _run_loop /opt/stack/data/venv/lib/python3.12/site-packages/oslo_service/backend/_threading/loopingcall.py:125}}
May 20 18:49:23.417688 np0000001100 neutron-periodic-workers[88895]: DEBUG neutron.db.agents_db [None req-4cff885e-4aaf-4211-9ee2-c939342a9153 None None] Agent healthcheck: found 0 active agents {{(pid=88895) agent_health_check /opt/stack/neutron/neutron/db/agents_db.py:322}}
May 20 18:49:23.418253 np0000001100 neutron-periodic-workers[88895]: DEBUG oslo.service.backend._threading.loopingcall [None req-4cff885e-4aaf-4211-9ee2-c939342a9153 None None] Fixed interval looping call 'neutron.plugins.ml2.plugin.AgentDbMixin.agent_health_check' sleeping for 36.99 seconds {{(pid=88895) _run_loop /opt/stack/data/venv/lib/python3.12/site-packages/oslo_service/backend/_threading/loopingcall.py:125}}
May 20 18:49:29.376544 np0000001100 neutron-periodic-workers[88891]: DEBUG dbcounter [-] [88891] Writing DB stats neutron:SELECT=3 {{(pid=88891) stat_writer /opt/stack/data/venv/lib/python3.12/site-packages/dbcounter.py:115}}
May 20 18:49:32.389657 np0000001100 neutron-periodic-workers[88907]: DEBUG dbcounter [-] [88907] Writing DB stats neutron:DELETE=1 {{(pid=88907) stat_writer /opt/stack/data/venv/lib/python3.12/site-packages/dbcounter.py:115}}
May 20 18:49:33.413845 np0000001100 neutron-periodic-workers[88895]: DEBUG dbcounter [-] [88895] Writing DB stats neutron:SELECT=1 {{(pid=88895) stat_writer /opt/stack/data/venv/lib/python3.12/site-packages/dbcounter.py:115}}
May 20 18:49:56.364307 np0000001100 neutron-periodic-workers[88891]: DEBUG oslo.service.backend._threading.loopingcall [None req-f8cc3619-97f9-46dc-a55b-f17c175bbb3c None None] Fixed interval looping call 'neutron.plugins.ml2.plugin.DhcpAgentSchedulerDbMixin.remove_networks_from_down_agents' sleeping for 36.99 seconds {{(pid=88891) _run_loop /opt/stack/data/venv/lib/python3.12/site-packages/oslo_service/backend/_threading/loopingcall.py:125}}
May 20 18:50:00.411377 np0000001100 neutron-periodic-workers[88895]: DEBUG neutron.db.agents_db [None req-4cff885e-4aaf-4211-9ee2-c939342a9153 None None] Agent healthcheck: found 0 active agents {{(pid=88895) agent_health_check /opt/stack/neutron/neutron/db/agents_db.py:322}}
May 20 18:50:00.411773 np0000001100 neutron-periodic-workers[88895]: DEBUG oslo.service.backend._threading.loopingcall [None req-4cff885e-4aaf-4211-9ee2-c939342a9153 None None] Fixed interval looping call 'neutron.plugins.ml2.plugin.AgentDbMixin.agent_health_check' sleeping for 37.00 seconds {{(pid=88895) _run_loop /opt/stack/data/venv/lib/python3.12/site-packages/oslo_service/backend/_threading/loopingcall.py:125}}
May 20 18:50:06.362817 np0000001100 neutron-periodic-workers[88891]: DEBUG dbcounter [-] [88891] Writing DB stats neutron:SELECT=3 {{(pid=88891) stat_writer /opt/stack/data/venv/lib/python3.12/site-packages/dbcounter.py:115}}
May 20 18:50:10.410229 np0000001100 neutron-periodic-workers[88895]: DEBUG dbcounter [-] [88895] Writing DB stats neutron:SELECT=1 {{(pid=88895) stat_writer /opt/stack/data/venv/lib/python3.12/site-packages/dbcounter.py:115}}
May 20 18:50:33.365833 np0000001100 neutron-periodic-workers[88891]: DEBUG oslo.service.backend._threading.loopingcall [None req-f8cc3619-97f9-46dc-a55b-f17c175bbb3c None None] Fixed interval looping call 'neutron.plugins.ml2.plugin.DhcpAgentSchedulerDbMixin.remove_networks_from_down_agents' sleeping for 36.99 seconds {{(pid=88891) _run_loop /opt/stack/data/venv/lib/python3.12/site-packages/oslo_service/backend/_threading/loopingcall.py:125}}
May 20 18:50:37.415012 np0000001100 neutron-periodic-workers[88895]: DEBUG neutron.db.agents_db [None req-4cff885e-4aaf-4211-9ee2-c939342a9153 None None] Agent healthcheck: found 0 active agents {{(pid=88895) agent_health_check /opt/stack/neutron/neutron/db/agents_db.py:322}}
