May 22 11:13:49.386969 np0000001256 nova-scheduler[95706]: DEBUG cotyledon.oslo_config_glue [-] oslo_messaging_notifications.topics = ['notifications'] {{(pid=95706) log_opt_values /opt/stack/data/venv/lib/python3.12/site-packages/oslo_config/cfg.py:3256}}
May 22 11:13:49.386969 np0000001256 nova-scheduler[95706]: DEBUG cotyledon.oslo_config_glue [-] oslo_messaging_notifications.transport_url = **** {{(pid=95706) log_opt_values /opt/stack/data/venv/lib/python3.12/site-packages/oslo_config/cfg.py:3256}}
May 22 11:13:49.386969 np0000001256 nova-scheduler[95706]: DEBUG cotyledon.oslo_config_glue [-] oslo_limit.auth_section = None {{(pid=95706) log_opt_values /opt/stack/data/venv/lib/python3.12/site-packages/oslo_config/cfg.py:3256}}
May 22 11:13:49.386969 np0000001256 nova-scheduler[95706]: DEBUG cotyledon.oslo_config_glue [-] oslo_limit.auth_type = None {{(pid=95706) log_opt_values /opt/stack/data/venv/lib/python3.12/site-packages/oslo_config/cfg.py:3256}}
May 22 11:13:49.386969 np0000001256 nova-scheduler[95706]: DEBUG cotyledon.oslo_config_glue [-] oslo_limit.cafile = None {{(pid=95706) log_opt_values /opt/stack/data/venv/lib/python3.12/site-packages/oslo_config/cfg.py:3256}}
May 22 11:13:49.387202 np0000001256 nova-scheduler[95706]: DEBUG cotyledon.oslo_config_glue [-] oslo_limit.certfile = None {{(pid=95706) log_opt_values /opt/stack/data/venv/lib/python3.12/site-packages/oslo_config/cfg.py:3256}}
May 22 11:13:49.387202 np0000001256 nova-scheduler[95706]: DEBUG cotyledon.oslo_config_glue [-] oslo_limit.collect_timing = False {{(pid=95706) log_opt_values /opt/stack/data/venv/lib/python3.12/site-packages/oslo_config/cfg.py:3256}}
May 22 11:13:49.387202 np0000001256 nova-scheduler[95706]: DEBUG cotyledon.oslo_config_glue [-] oslo_limit.connect_retries = None {{(pid=95706) log_opt_values /opt/stack/data/venv/lib/python3.12/site-packages/oslo_config/cfg.py:3256}}
May 22 11:13:49.387202 np0000001256 nova-scheduler[95706]: DEBUG cotyledon.oslo_config_glue [-] oslo_limit.connect_retry_delay = None {{(pid=95706) log_opt_values /opt/stack/data/venv/lib/python3.12/site-packages/oslo_config/cfg.py:3256}}
May 22 11:13:49.387202 np0000001256 nova-scheduler[95706]: DEBUG cotyledon.oslo_config_glue [-] oslo_limit.endpoint_id = None {{(pid=95706) log_opt_values /opt/stack/data/venv/lib/python3.12/site-packages/oslo_config/cfg.py:3256}}
May 22 11:13:49.387202 np0000001256 nova-scheduler[95706]: DEBUG cotyledon.oslo_config_glue [-] oslo_limit.endpoint_interface = public {{(pid=95706) log_opt_values /opt/stack/data/venv/lib/python3.12/site-packages/oslo_config/cfg.py:3256}}
May 22 11:13:49.387202 np0000001256 nova-scheduler[95706]: DEBUG cotyledon.oslo_config_glue [-] oslo_limit.endpoint_override = None {{(pid=95706) log_opt_values /opt/stack/data/venv/lib/python3.12/site-packages/oslo_config/cfg.py:3256}}
May 22 11:13:49.387202 np0000001256 nova-scheduler[95706]: DEBUG cotyledon.oslo_config_glue [-] oslo_limit.endpoint_region_name = None {{(pid=95706) log_opt_values /opt/stack/data/venv/lib/python3.12/site-packages/oslo_config/cfg.py:3256}}
May 22 11:13:49.387202 np0000001256 nova-scheduler[95706]: DEBUG cotyledon.oslo_config_glue [-] oslo_limit.endpoint_service_name = None {{(pid=95706) log_opt_values /opt/stack/data/venv/lib/python3.12/site-packages/oslo_config/cfg.py:3256}}
May 22 11:13:49.387354 np0000001256 nova-scheduler[95706]: DEBUG cotyledon.oslo_config_glue [-] oslo_limit.endpoint_service_type = None {{(pid=95706) log_opt_values /opt/stack/data/venv/lib/python3.12/site-packages/oslo_config/cfg.py:3256}}
May 22 11:13:49.387354 np0000001256 nova-scheduler[95706]: DEBUG cotyledon.oslo_config_glue [-] oslo_limit.insecure = False {{(pid=95706) log_opt_values /opt/stack/data/venv/lib/python3.12/site-packages/oslo_config/cfg.py:3256}}
May 22 11:13:49.387354 np0000001256 nova-scheduler[95706]: DEBUG cotyledon.oslo_config_glue [-] oslo_limit.keyfile = None {{(pid=95706) log_opt_values /opt/stack/data/venv/lib/python3.12/site-packages/oslo_config/cfg.py:3256}}
May 22 11:13:49.387354 np0000001256 nova-scheduler[95706]: DEBUG cotyledon.oslo_config_glue [-] oslo_limit.max_version = None {{(pid=95706) log_opt_values /opt/stack/data/venv/lib/python3.12/site-packages/oslo_config/cfg.py:3256}}
May 22 11:13:49.387354 np0000001256 nova-scheduler[95706]: DEBUG cotyledon.oslo_config_glue [-] oslo_limit.min_version = None {{(pid=95706) log_opt_values /opt/stack/data/venv/lib/python3.12/site-packages/oslo_config/cfg.py:3256}}
May 22 11:13:49.387354 np0000001256 nova-scheduler[95706]: DEBUG cotyledon.oslo_config_glue [-] oslo_limit.region_name = None {{(pid=95706) log_opt_values /opt/stack/data/venv/lib/python3.12/site-packages/oslo_config/cfg.py:3256}}
May 22 11:13:49.387354 np0000001256 nova-scheduler[95706]: DEBUG cotyledon.oslo_config_glue [-] oslo_limit.retriable_status_codes = None {{(pid=95706) log_opt_values /opt/stack/data/venv/lib/python3.12/site-packages/oslo_config/cfg.py:3256}}
May 22 11:13:49.387354 np0000001256 nova-scheduler[95706]: DEBUG cotyledon.oslo_config_glue [-] oslo_limit.service_name = None {{(pid=95706) log_opt_values /opt/stack/data/venv/lib/python3.12/site-packages/oslo_config/cfg.py:3256}}
May 22 11:13:49.387354 np0000001256 nova-scheduler[95706]: DEBUG cotyledon.oslo_config_glue [-] oslo_limit.service_type = None {{(pid=95706) log_opt_values /opt/stack/data/venv/lib/python3.12/site-packages/oslo_config/cfg.py:3256}}
May 22 11:13:49.387544 np0000001256 nova-scheduler[95706]: DEBUG cotyledon.oslo_config_glue [-] oslo_limit.split_loggers = False {{(pid=95706) log_opt_values /opt/stack/data/venv/lib/python3.12/site-packages/oslo_config/cfg.py:3256}}
May 22 11:13:49.387544 np0000001256 nova-scheduler[95706]: DEBUG cotyledon.oslo_config_glue [-] oslo_limit.status_code_retries = None {{(pid=95706) log_opt_values /opt/stack/data/venv/lib/python3.12/site-packages/oslo_config/cfg.py:3256}}
May 22 11:13:49.387544 np0000001256 nova-scheduler[95706]: DEBUG cotyledon.oslo_config_glue [-] oslo_limit.status_code_retry_delay = None {{(pid=95706) log_opt_values /opt/stack/data/venv/lib/python3.12/site-packages/oslo_config/cfg.py:3256}}
May 22 11:13:49.387544 np0000001256 nova-scheduler[95706]: DEBUG cotyledon.oslo_config_glue [-] oslo_limit.timeout = None {{(pid=95706) log_opt_values /opt/stack/data/venv/lib/python3.12/site-packages/oslo_config/cfg.py:3256}}
May 22 11:13:49.387544 np0000001256 nova-scheduler[95706]: DEBUG cotyledon.oslo_config_glue [-] oslo_limit.valid_interfaces = None {{(pid=95706) log_opt_values /opt/stack/data/venv/lib/python3.12/site-packages/oslo_config/cfg.py:3256}}
May 22 11:13:49.387544 np0000001256 nova-scheduler[95706]: DEBUG cotyledon.oslo_config_glue [-] oslo_limit.version = None {{(pid=95706) log_opt_values /opt/stack/data/venv/lib/python3.12/site-packages/oslo_config/cfg.py:3256}}
May 22 11:13:49.387544 np0000001256 nova-scheduler[95706]: DEBUG cotyledon.oslo_config_glue [-] oslo_reports.file_event_handler = None {{(pid=95706) log_opt_values /opt/stack/data/venv/lib/python3.12/site-packages/oslo_config/cfg.py:3256}}
May 22 11:13:49.387544 np0000001256 nova-scheduler[95706]: DEBUG cotyledon.oslo_config_glue [-] oslo_reports.file_event_handler_interval = 1 {{(pid=95706) log_opt_values /opt/stack/data/venv/lib/python3.12/site-packages/oslo_config/cfg.py:3256}}
May 22 11:13:49.387544 np0000001256 nova-scheduler[95706]: DEBUG cotyledon.oslo_config_glue [-] oslo_reports.log_dir = None {{(pid=95706) log_opt_values /opt/stack/data/venv/lib/python3.12/site-packages/oslo_config/cfg.py:3256}}
May 22 11:13:49.387718 np0000001256 nova-scheduler[95706]: DEBUG cotyledon.oslo_config_glue [-] ******************************************************************************** {{(pid=95706) log_opt_values /opt/stack/data/venv/lib/python3.12/site-packages/oslo_config/cfg.py:3263}}
May 22 11:13:49.387718 np0000001256 nova-scheduler[95706]: DEBUG cotyledon._service_worker [-] Run service ServiceWrapper(2) [95706] {{(pid=95706) wait_forever /opt/stack/data/venv/lib/python3.12/site-packages/cotyledon/_service_worker.py:218}}
May 22 11:13:49.387718 np0000001256 nova-scheduler[95706]: INFO nova.service [-] Starting scheduler node (version 33.1.0)
May 22 11:13:49.387718 np0000001256 nova-scheduler[95706]: INFO dbcounter [None req-236fa64e-179a-42a5-b0e4-0720d64bfcf7 None None] Registered counter for database nova_cell0
May 22 11:13:49.387789 np0000001256 nova-scheduler[95702]: DEBUG nova.service [None req-5318d80d-d76c-4591-afc4-fee9953109c6 None None] Creating RPC server for service: nova-scheduler on topic: scheduler {{(pid=95702) start /opt/stack/nova/nova/service.py:195}}
May 22 11:13:49.387817 np0000001256 nova-scheduler[95704]: DEBUG dbcounter [-] [95704] Writer thread running {{(pid=95704) stat_writer /opt/stack/data/venv/lib/python3.12/site-packages/dbcounter.py:102}}
May 22 11:13:49.387844 np0000001256 nova-scheduler[95706]: DEBUG oslo_db.sqlalchemy.engines [None req-236fa64e-179a-42a5-b0e4-0720d64bfcf7 None None] MySQL server mode set to STRICT_TRANS_TABLES,STRICT_ALL_TABLES,NO_ZERO_IN_DATE,NO_ZERO_DATE,ERROR_FOR_DIVISION_BY_ZERO,TRADITIONAL,NO_ENGINE_SUBSTITUTION {{(pid=95706) _check_effective_sql_mode /opt/stack/data/venv/lib/python3.12/site-packages/oslo_db/sqlalchemy/engines.py:325}}
May 22 11:13:49.389031 np0000001256 nova-scheduler[95704]: DEBUG nova.service [None req-27285e61-d22b-44a6-b679-f816739fbb60 None None] Creating RPC server for service: nova-scheduler on topic: scheduler {{(pid=95704) start /opt/stack/nova/nova/service.py:195}}
May 22 11:13:49.395764 np0000001256 nova-scheduler[95706]: DEBUG dbcounter [-] [95706] Writer thread running {{(pid=95706) stat_writer /opt/stack/data/venv/lib/python3.12/site-packages/dbcounter.py:102}}
May 22 11:13:49.398530 np0000001256 nova-scheduler[95706]: DEBUG nova.service [None req-236fa64e-179a-42a5-b0e4-0720d64bfcf7 None None] Creating RPC server for service: nova-scheduler on topic: scheduler {{(pid=95706) start /opt/stack/nova/nova/service.py:195}}
May 22 11:13:49.409453 np0000001256 nova-scheduler[95702]: DEBUG nova.service [None req-5318d80d-d76c-4591-afc4-fee9953109c6 None None] Join ServiceGroup membership for this service scheduler {{(pid=95702) start /opt/stack/nova/nova/service.py:221}}
May 22 11:13:49.409651 np0000001256 nova-scheduler[95702]: DEBUG nova.servicegroup.drivers.db [None req-5318d80d-d76c-4591-afc4-fee9953109c6 None None] DB_Driver: join new ServiceGroup member np0000001256 to the scheduler group, service = {{(pid=95702) join /opt/stack/nova/nova/servicegroup/drivers/db.py:44}}
May 22 11:13:49.414245 np0000001256 nova-scheduler[95704]: DEBUG nova.service [None req-27285e61-d22b-44a6-b679-f816739fbb60 None None] Join ServiceGroup membership for this service scheduler {{(pid=95704) start /opt/stack/nova/nova/service.py:221}}
May 22 11:13:49.414530 np0000001256 nova-scheduler[95704]: DEBUG nova.servicegroup.drivers.db [None req-27285e61-d22b-44a6-b679-f816739fbb60 None None] DB_Driver: join new ServiceGroup member np0000001256 to the scheduler group, service = {{(pid=95704) join /opt/stack/nova/nova/servicegroup/drivers/db.py:44}}
May 22 11:13:49.417207 np0000001256 nova-scheduler[95706]: DEBUG nova.service [None req-236fa64e-179a-42a5-b0e4-0720d64bfcf7 None None] Join ServiceGroup membership for this service scheduler {{(pid=95706) start /opt/stack/nova/nova/service.py:221}}
May 22 11:13:49.417665 np0000001256 nova-scheduler[95706]: DEBUG nova.servicegroup.drivers.db [None req-236fa64e-179a-42a5-b0e4-0720d64bfcf7 None None] DB_Driver: join new ServiceGroup member np0000001256 to the scheduler group, service = {{(pid=95706) join /opt/stack/nova/nova/servicegroup/drivers/db.py:44}}
May 22 11:13:51.420069 np0000001256 nova-scheduler[95706]: DEBUG oslo.service.backend._threading.loopingcall [None req-13401a8d-71e4-4fb3-84de-a649ec3d3217 None None] Dynamic interval looping call 'nova.service.Service.periodic_tasks' sleeping for 60.00 seconds {{(pid=95706) _run_loop /opt/stack/data/venv/lib/python3.12/site-packages/oslo_service/backend/_threading/loopingcall.py:125}}
May 22 11:13:54.433820 np0000001256 nova-scheduler[95706]: DEBUG oslo.service.backend._threading.loopingcall [-] Fixed interval looping call 'nova.servicegroup.drivers.db.DbDriver._report_state' sleeping for 119.99 seconds {{(pid=95706) _run_loop /opt/stack/data/venv/lib/python3.12/site-packages/oslo_service/backend/_threading/loopingcall.py:125}}
May 22 11:13:54.435178 np0000001256 nova-scheduler[95702]: DEBUG oslo.service.backend._threading.loopingcall [-] Fixed interval looping call 'nova.servicegroup.drivers.db.DbDriver._report_state' sleeping for 119.98 seconds {{(pid=95702) _run_loop /opt/stack/data/venv/lib/python3.12/site-packages/oslo_service/backend/_threading/loopingcall.py:125}}
May 22 11:13:54.438599 np0000001256 nova-scheduler[95704]: DEBUG oslo.service.backend._threading.loopingcall [-] Fixed interval looping call 'nova.servicegroup.drivers.db.DbDriver._report_state' sleeping for 119.98 seconds {{(pid=95704) _run_loop /opt/stack/data/venv/lib/python3.12/site-packages/oslo_service/backend/_threading/loopingcall.py:125}}
May 22 11:13:58.058898 np0000001256 nova-scheduler[94429]: DEBUG dbcounter [-] [94429] Writing DB stats nova_api:SELECT=3 {{(pid=94429) stat_writer /opt/stack/data/venv/lib/python3.12/site-packages/dbcounter.py:115}}
May 22 11:13:58.151335 np0000001256 nova-scheduler[94429]: DEBUG dbcounter [-] [94429] Writing DB stats nova_cell1:SELECT=1 {{(pid=94429) stat_writer /opt/stack/data/venv/lib/python3.12/site-packages/dbcounter.py:115}}
May 22 11:13:58.155755 np0000001256 nova-scheduler[94429]: DEBUG dbcounter [-] [94429] Writing DB stats nova_cell0:SELECT=1 {{(pid=94429) stat_writer /opt/stack/data/venv/lib/python3.12/site-packages/dbcounter.py:115}}
May 22 11:14:04.429233 np0000001256 nova-scheduler[95702]: DEBUG dbcounter [-] [95702] Writing DB stats nova_cell0:SELECT=4,nova_cell0:INSERT=1,nova_cell0:UPDATE=1 {{(pid=95702) stat_writer /opt/stack/data/venv/lib/python3.12/site-packages/dbcounter.py:115}}
May 22 11:14:04.431445 np0000001256 nova-scheduler[95706]: DEBUG dbcounter [-] [95706] Writing DB stats nova_cell0:SELECT=3,nova_cell0:UPDATE=1 {{(pid=95706) stat_writer /opt/stack/data/venv/lib/python3.12/site-packages/dbcounter.py:115}}
May 22 11:14:04.436166 np0000001256 nova-scheduler[95704]: DEBUG dbcounter [-] [95704] Writing DB stats nova_cell0:SELECT=3,nova_cell0:UPDATE=1 {{(pid=95704) stat_writer /opt/stack/data/venv/lib/python3.12/site-packages/dbcounter.py:115}}
May 22 11:14:08.412660 np0000001256 nova-scheduler[95702]: DEBUG oslo.service.backend._threading.loopingcall [None req-c8c6d1ee-bd3a-44e1-8949-282475a9b472 None None] Dynamic interval looping call 'nova.service.Service.periodic_tasks' sleeping for 60.00 seconds {{(pid=95702) _run_loop /opt/stack/data/venv/lib/python3.12/site-packages/oslo_service/backend/_threading/loopingcall.py:125}}
May 22 11:14:44.417672 np0000001256 nova-scheduler[95704]: DEBUG oslo.service.backend._threading.loopingcall [None req-739ecd70-397e-4270-a024-5763bdff8bce None None] Dynamic interval looping call 'nova.service.Service.periodic_tasks' sleeping for 60.00 seconds {{(pid=95704) _run_loop /opt/stack/data/venv/lib/python3.12/site-packages/oslo_service/backend/_threading/loopingcall.py:125}}
May 22 11:14:51.420569 np0000001256 nova-scheduler[95706]: DEBUG oslo.service.backend._threading.loopingcall [None req-13401a8d-71e4-4fb3-84de-a649ec3d3217 None None] Dynamic interval looping call 'nova.service.Service.periodic_tasks' sleeping for 60.00 seconds {{(pid=95706) _run_loop /opt/stack/data/venv/lib/python3.12/site-packages/oslo_service/backend/_threading/loopingcall.py:125}}
May 22 11:15:08.413240 np0000001256 nova-scheduler[95702]: DEBUG oslo.service.backend._threading.loopingcall [None req-c8c6d1ee-bd3a-44e1-8949-282475a9b472 None None] Dynamic interval looping call 'nova.service.Service.periodic_tasks' sleeping for 60.00 seconds {{(pid=95702) _run_loop /opt/stack/data/venv/lib/python3.12/site-packages/oslo_service/backend/_threading/loopingcall.py:125}}
May 22 11:15:44.418231 np0000001256 nova-scheduler[95704]: DEBUG oslo.service.backend._threading.loopingcall [None req-739ecd70-397e-4270-a024-5763bdff8bce None None] Dynamic interval looping call 'nova.service.Service.periodic_tasks' sleeping for 60.00 seconds {{(pid=95704) _run_loop /opt/stack/data/venv/lib/python3.12/site-packages/oslo_service/backend/_threading/loopingcall.py:125}}
May 22 11:15:51.421064 np0000001256 nova-scheduler[95706]: DEBUG oslo.service.backend._threading.loopingcall [None req-13401a8d-71e4-4fb3-84de-a649ec3d3217 None None] Dynamic interval looping call 'nova.service.Service.periodic_tasks' sleeping for 60.00 seconds {{(pid=95706) _run_loop /opt/stack/data/venv/lib/python3.12/site-packages/oslo_service/backend/_threading/loopingcall.py:125}}
May 22 11:15:54.427055 np0000001256 nova-scheduler[95702]: DEBUG oslo.service.backend._threading.loopingcall [-] Fixed interval looping call 'nova.servicegroup.drivers.db.DbDriver._report_state' sleeping for 119.99 seconds {{(pid=95702) _run_loop /opt/stack/data/venv/lib/python3.12/site-packages/oslo_service/backend/_threading/loopingcall.py:125}}
May 22 11:15:54.427436 np0000001256 nova-scheduler[95704]: DEBUG oslo.service.backend._threading.loopingcall [-] Fixed interval looping call 'nova.servicegroup.drivers.db.DbDriver._report_state' sleeping for 119.99 seconds {{(pid=95704) _run_loop /opt/stack/data/venv/lib/python3.12/site-packages/oslo_service/backend/_threading/loopingcall.py:125}}
May 22 11:15:54.428071 np0000001256 nova-scheduler[95706]: DEBUG oslo.service.backend._threading.loopingcall [-] Fixed interval looping call 'nova.servicegroup.drivers.db.DbDriver._report_state' sleeping for 120.00 seconds {{(pid=95706) _run_loop /opt/stack/data/venv/lib/python3.12/site-packages/oslo_service/backend/_threading/loopingcall.py:125}}
May 22 11:16:04.418117 np0000001256 nova-scheduler[95702]: DEBUG dbcounter [-] [95702] Writing DB stats nova_cell0:SELECT=1,nova_cell0:UPDATE=1 {{(pid=95702) stat_writer /opt/stack/data/venv/lib/python3.12/site-packages/dbcounter.py:115}}
May 22 11:16:04.420738 np0000001256 nova-scheduler[95704]: DEBUG dbcounter [-] [95704] Writing DB stats nova_cell0:SELECT=1,nova_cell0:UPDATE=1 {{(pid=95704) stat_writer /opt/stack/data/venv/lib/python3.12/site-packages/dbcounter.py:115}}
May 22 11:16:04.427359 np0000001256 nova-scheduler[95706]: DEBUG dbcounter [-] [95706] Writing DB stats nova_cell0:SELECT=1,nova_cell0:UPDATE=1 {{(pid=95706) stat_writer /opt/stack/data/venv/lib/python3.12/site-packages/dbcounter.py:115}}
May 22 11:16:08.414669 np0000001256 nova-scheduler[95702]: DEBUG oslo.service.backend._threading.loopingcall [None req-c8c6d1ee-bd3a-44e1-8949-282475a9b472 None None] Dynamic interval looping call 'nova.service.Service.periodic_tasks' sleeping for 60.00 seconds {{(pid=95702) _run_loop /opt/stack/data/venv/lib/python3.12/site-packages/oslo_service/backend/_threading/loopingcall.py:125}}
May 22 11:16:28.901723 np0000001256 nova-scheduler[95702]: DEBUG nova.scheduler.manager [None req-5569c61d-e9fc-4a2a-905d-2798c8a19238 tempest-DeleteServersTestJSON-1178664171 tempest-DeleteServersTestJSON-1178664171-project-member] Starting to schedule for instances: ['be7980b0-1db7-4327-ae2c-6e3e3c3a55eb'] {{(pid=95702) select_destinations /opt/stack/nova/nova/scheduler/manager.py:210}}
May 22 11:16:28.906222 np0000001256 nova-scheduler[95702]: DEBUG nova.scheduler.request_filter [None req-5569c61d-e9fc-4a2a-905d-2798c8a19238 tempest-DeleteServersTestJSON-1178664171 tempest-DeleteServersTestJSON-1178664171-project-member] compute_status_filter request filter added forbidden trait COMPUTE_STATUS_DISABLED {{(pid=95702) compute_status_filter /opt/stack/nova/nova/scheduler/request_filter.py:253}}
May 22 11:16:28.906222 np0000001256 nova-scheduler[95702]: DEBUG nova.scheduler.request_filter [None req-5569c61d-e9fc-4a2a-905d-2798c8a19238 tempest-DeleteServersTestJSON-1178664171 tempest-DeleteServersTestJSON-1178664171-project-member] Request filter 'compute_status_filter' took 0.0 seconds {{(pid=95702) wrapper /opt/stack/nova/nova/scheduler/request_filter.py:46}}
May 22 11:16:28.906222 np0000001256 nova-scheduler[95702]: DEBUG nova.scheduler.request_filter [None req-5569c61d-e9fc-4a2a-905d-2798c8a19238 tempest-DeleteServersTestJSON-1178664171 tempest-DeleteServersTestJSON-1178664171-project-member] Request filter 'accelerators_filter' took 0.0 seconds {{(pid=95702) wrapper /opt/stack/nova/nova/scheduler/request_filter.py:46}}
May 22 11:16:28.906222 np0000001256 nova-scheduler[95702]: DEBUG nova.scheduler.request_filter [None req-5569c61d-e9fc-4a2a-905d-2798c8a19238 tempest-DeleteServersTestJSON-1178664171 tempest-DeleteServersTestJSON-1178664171-project-member] Request filter 'packed_virtqueue_filter' took 0.0 seconds {{(pid=95702) wrapper /opt/stack/nova/nova/scheduler/request_filter.py:46}}
May 22 11:16:28.906222 np0000001256 nova-scheduler[95702]: DEBUG nova.scheduler.request_filter [None req-5569c61d-e9fc-4a2a-905d-2798c8a19238 tempest-DeleteServersTestJSON-1178664171 tempest-DeleteServersTestJSON-1178664171-project-member] Request filter 'remote_managed_ports_filter' took 0.0 seconds {{(pid=95702) wrapper /opt/stack/nova/nova/scheduler/request_filter.py:46}}
May 22 11:16:28.906486 np0000001256 nova-scheduler[95702]: DEBUG nova.scheduler.request_filter [None req-5569c61d-e9fc-4a2a-905d-2798c8a19238 tempest-DeleteServersTestJSON-1178664171 tempest-DeleteServersTestJSON-1178664171-project-member] ephemeral_encryption_filter skipped {{(pid=95702) ephemeral_encryption_filter /opt/stack/nova/nova/scheduler/request_filter.py:426}}
May 22 11:16:28.906486 np0000001256 nova-scheduler[95702]: DEBUG nova.scheduler.request_filter [None req-5569c61d-e9fc-4a2a-905d-2798c8a19238 tempest-DeleteServersTestJSON-1178664171 tempest-DeleteServersTestJSON-1178664171-project-member] virtio_sound_filter skipped {{(pid=95702) virtio_sound_filter /opt/stack/nova/nova/scheduler/request_filter.py:460}}
May 22 11:16:28.906684 np0000001256 nova-scheduler[95702]: DEBUG nova.scheduler.request_filter [None req-5569c61d-e9fc-4a2a-905d-2798c8a19238 tempest-DeleteServersTestJSON-1178664171 tempest-DeleteServersTestJSON-1178664171-project-member] tpm_secret_security_filter skipped {{(pid=95702) tpm_secret_security_filter /opt/stack/nova/nova/scheduler/request_filter.py:477}}
May 22 11:16:29.464855 np0000001256 nova-scheduler[95702]: INFO nova.utils [None req-5569c61d-e9fc-4a2a-905d-2798c8a19238 tempest-DeleteServersTestJSON-1178664171 tempest-DeleteServersTestJSON-1178664171-project-member] The cell worker thread pool ForkProcess-1.cell_worker is initialized
May 22 11:16:29.465283 np0000001256 nova-scheduler[95702]: DEBUG oslo_concurrency.lockutils [None req-5569c61d-e9fc-4a2a-905d-2798c8a19238 tempest-DeleteServersTestJSON-1178664171 tempest-DeleteServersTestJSON-1178664171-project-member] Acquiring lock "a7a4ca77-8e14-456b-be5b-e920396b2fe0" by "nova.context.set_target_cell..get_or_set_cached_cell_and_set_connections" {{(pid=95702) inner /opt/stack/data/venv/lib/python3.12/site-packages/oslo_concurrency/lockutils.py:511}}
May 22 11:16:29.465524 np0000001256 nova-scheduler[95702]: DEBUG oslo_concurrency.lockutils [None req-5569c61d-e9fc-4a2a-905d-2798c8a19238 tempest-DeleteServersTestJSON-1178664171 tempest-DeleteServersTestJSON-1178664171-project-member] Lock "a7a4ca77-8e14-456b-be5b-e920396b2fe0" acquired by "nova.context.set_target_cell..get_or_set_cached_cell_and_set_connections" :: waited 0.000s {{(pid=95702) inner /opt/stack/data/venv/lib/python3.12/site-packages/oslo_concurrency/lockutils.py:524}}
May 22 11:16:29.466946 np0000001256 nova-scheduler[95702]: DEBUG oslo_concurrency.lockutils [None req-5569c61d-e9fc-4a2a-905d-2798c8a19238 tempest-DeleteServersTestJSON-1178664171 tempest-DeleteServersTestJSON-1178664171-project-member] Lock "a7a4ca77-8e14-456b-be5b-e920396b2fe0" "released" by "nova.context.set_target_cell..get_or_set_cached_cell_and_set_connections" :: held 0.001s {{(pid=95702) inner /opt/stack/data/venv/lib/python3.12/site-packages/oslo_concurrency/lockutils.py:543}}
May 22 11:16:29.469758 np0000001256 nova-scheduler[95702]: INFO dbcounter [None req-5569c61d-e9fc-4a2a-905d-2798c8a19238 tempest-DeleteServersTestJSON-1178664171 tempest-DeleteServersTestJSON-1178664171-project-member] Registered counter for database nova_cell1
May 22 11:16:29.477136 np0000001256 nova-scheduler[95702]: DEBUG oslo_db.sqlalchemy.engines [None req-5569c61d-e9fc-4a2a-905d-2798c8a19238 tempest-DeleteServersTestJSON-1178664171 tempest-DeleteServersTestJSON-1178664171-project-member] MySQL server mode set to STRICT_TRANS_TABLES,STRICT_ALL_TABLES,NO_ZERO_IN_DATE,NO_ZERO_DATE,ERROR_FOR_DIVISION_BY_ZERO,TRADITIONAL,NO_ENGINE_SUBSTITUTION {{(pid=95702) _check_effective_sql_mode /opt/stack/data/venv/lib/python3.12/site-packages/oslo_db/sqlalchemy/engines.py:325}}
May 22 11:16:29.483271 np0000001256 nova-scheduler[95702]: DEBUG dbcounter [-] [95702] Writer thread running {{(pid=95702) stat_writer /opt/stack/data/venv/lib/python3.12/site-packages/dbcounter.py:102}}
May 22 11:16:29.498642 np0000001256 nova-scheduler[95702]: DEBUG oslo_db.sqlalchemy.engines [None req-5569c61d-e9fc-4a2a-905d-2798c8a19238 tempest-DeleteServersTestJSON-1178664171 tempest-DeleteServersTestJSON-1178664171-project-member] Parent process 94429 forked (95702) with an open database connection, which is being discarded and recreated. {{(pid=95702) checkout /opt/stack/data/venv/lib/python3.12/site-packages/oslo_db/sqlalchemy/engines.py:402}}
May 22 11:16:29.506075 np0000001256 nova-scheduler[95702]: DEBUG dbcounter [-] [95702] Writer thread running {{(pid=95702) stat_writer /opt/stack/data/venv/lib/python3.12/site-packages/dbcounter.py:102}}
May 22 11:16:29.508886 np0000001256 nova-scheduler[95702]: DEBUG oslo_concurrency.lockutils [None req-5569c61d-e9fc-4a2a-905d-2798c8a19238 tempest-DeleteServersTestJSON-1178664171 tempest-DeleteServersTestJSON-1178664171-project-member] Acquiring lock "a7a4ca77-8e14-456b-be5b-e920396b2fe0" by "nova.context.set_target_cell..get_or_set_cached_cell_and_set_connections" {{(pid=95702) inner /opt/stack/data/venv/lib/python3.12/site-packages/oslo_concurrency/lockutils.py:511}}
May 22 11:16:29.509057 np0000001256 nova-scheduler[95702]: DEBUG oslo_concurrency.lockutils [None req-5569c61d-e9fc-4a2a-905d-2798c8a19238 tempest-DeleteServersTestJSON-1178664171 tempest-DeleteServersTestJSON-1178664171-project-member] Lock "a7a4ca77-8e14-456b-be5b-e920396b2fe0" acquired by "nova.context.set_target_cell..get_or_set_cached_cell_and_set_connections" :: waited 0.000s {{(pid=95702) inner /opt/stack/data/venv/lib/python3.12/site-packages/oslo_concurrency/lockutils.py:524}}
May 22 11:16:29.509242 np0000001256 nova-scheduler[95702]: DEBUG oslo_concurrency.lockutils [None req-5569c61d-e9fc-4a2a-905d-2798c8a19238 tempest-DeleteServersTestJSON-1178664171 tempest-DeleteServersTestJSON-1178664171-project-member] Lock "a7a4ca77-8e14-456b-be5b-e920396b2fe0" "released" by "nova.context.set_target_cell..get_or_set_cached_cell_and_set_connections" :: held 0.000s {{(pid=95702) inner /opt/stack/data/venv/lib/python3.12/site-packages/oslo_concurrency/lockutils.py:543}}
May 22 11:16:29.512317 np0000001256 nova-scheduler[95702]: DEBUG oslo_concurrency.lockutils [None req-5569c61d-e9fc-4a2a-905d-2798c8a19238 tempest-DeleteServersTestJSON-1178664171 tempest-DeleteServersTestJSON-1178664171-project-member] Acquiring lock "('np0000001256', 'np0000001256')" by "nova.scheduler.host_manager.HostState.update.._locked_update" {{(pid=95702) inner /opt/stack/data/venv/lib/python3.12/site-packages/oslo_concurrency/lockutils.py:511}}
May 22 11:16:29.512440 np0000001256 nova-scheduler[95702]: DEBUG oslo_concurrency.lockutils [None req-5569c61d-e9fc-4a2a-905d-2798c8a19238 tempest-DeleteServersTestJSON-1178664171 tempest-DeleteServersTestJSON-1178664171-project-member] Lock "('np0000001256', 'np0000001256')" acquired by "nova.scheduler.host_manager.HostState.update.._locked_update" :: waited 0.000s {{(pid=95702) inner /opt/stack/data/venv/lib/python3.12/site-packages/oslo_concurrency/lockutils.py:524}}
May 22 11:16:29.513540 np0000001256 nova-scheduler[95702]: DEBUG nova.scheduler.host_manager [None req-5569c61d-e9fc-4a2a-905d-2798c8a19238 tempest-DeleteServersTestJSON-1178664171 tempest-DeleteServersTestJSON-1178664171-project-member] Update host state from compute node: ComputeNode(cpu_allocation_ratio=4.0,cpu_info='{"arch": "x86_64", "model": "EPYC-Milan", "vendor": "AMD", "topology": {"cells": 1, "sockets": 12, "cores": 1, "threads": 1}, "maxphysaddr": {"mode": "emulate", "bits": 40}, "features": ["osvw", "tsc-deadline", "mce", "popcnt", "perfctr_core", "fpu", "virt-ssbd", "clzero", "pge", "lbrv", "aes", "de", "pse36", "sse4.2", "pause-filter", "amd-psfd", "xsavec", "xgetbv1", "ibrs", "amd-ssbd", "x2apic", "pae", "pni", "misalignsse", "mmxext", "rdseed", "lfence-always-serializing", "ssbd", "cr8legacy", "erms", "msr", "topoext", "xsaveerptr", "vme", "movbe", "hypervisor", "sha-ni", "tsc_adjust", "pdpe1gb", "fsrm", "vaes", "pse", "smep", "nx", "spec-ctrl", "npt", "amd-stibp", "pfthreshold", "svme-addr-chk", "rdtscp", "vpclmulqdq", "arat", "avx2", "tsc-scale", "avx", "lahf_lm", "bmi2", "ssse3", "smap", "rdctl-no", "stibp-always-on", "clflushopt", "mtrr", "nrip-save", "invpcid", "rdpid", "sse4a", "adx", "mds-no", "tsc", "pcid", "pschange-mc-no", "ibpb", "sep", "3dnowprefetch", "mmx", "vmcb-clean", "sse", "stibp", "apic", "xsaveopt", "pat", "v-vmsave-vmload", "null-sel-clr-base", "xsaves", "clflush", "skip-l1dfl-vmentry", "sse2", "bmi1", "f16c", "cx16", "no-nested-data-bp", "pclmuldq", "vgif", "fxsr", "rdrand", "flushbyasid", "sse4.1", "lm", "syscall", "cmp_legacy", "wbnoinvd", "umip", "abm", "fma", "cmov", "fxsr_opt", "mca", "pku", "gds-no", "fsgsbase", "arch-capabilities", "xsave", "svm", "clwb", "cx8"]}',created_at=2026-05-22T11:14:14Z,current_workload=0,deleted=False,deleted_at=None,disk_allocation_ratio=1.0,disk_available_least=74,free_disk_gb=95,free_ram_mb=23518,host='np0000001256',host_ip=10.4.3.168,hypervisor_hostname='np0000001256',hypervisor_type='QEMU',hypervisor_version=8002002,id=1,local_gb=95,local_gb_used=0,mapped=1,memory_mb=24030,memory_mb_used=512,metrics='[]',numa_topology='{"nova_object.name": "NUMATopology", "nova_object.namespace": "nova", "nova_object.version": "1.2", "nova_object.data": {"cells": [{"nova_object.name": "NUMACell", "nova_object.namespace": "nova", "nova_object.version": "1.5", "nova_object.data": {"id": 0, "cpuset": [0, 1, 2, 3, 4, 5, 6, 7, 8, 9, 10, 11], "pcpuset": [0, 1, 2, 3, 4, 5, 6, 7, 8, 9, 10, 11], "memory": 24030, "cpu_usage": 0, "memory_usage": 0, "pinned_cpus": [], "siblings": [[6], [2], [5], [11], [8], [4], [1], [7], [10], [0], [3], [9]], "mempages": [{"nova_object.name": "NUMAPagesTopology", "nova_object.namespace": "nova", "nova_object.version": "1.1", "nova_object.data": {"size_kb": 4, "total": 6151798, "used": 0, "reserved": 0}, "nova_object.changes": ["total", "size_kb", "used", "reserved"]}, {"nova_object.name": "NUMAPagesTopology", "nova_object.namespace": "nova", "nova_object.version": "1.1", "nova_object.data": {"size_kb": 2048, "total": 0, "used": 0, "reserved": 0}, "nova_object.changes": ["total", "size_kb", "used", "reserved"]}, {"nova_object.name": "NUMAPagesTopology", "nova_object.namespace": "nova", "nova_object.version": "1.1", "nova_object.data": {"size_kb": 1048576, "total": 0, "used": 0, "reserved": 0}, "nova_object.changes": ["total", "size_kb", "used", "reserved"]}], "network_metadata": {"nova_object.name": "NetworkMetadata", "nova_object.namespace": "nova", "nova_object.version": "1.0", "nova_object.data": {"physnets": [], "tunneled": false}, "nova_object.changes": ["tunneled", "physnets"]}, "socket": null}, "nova_object.changes": ["network_metadata", "pcpuset", "siblings", "pinned_cpus", "socket", "memory_usage", "cpu_usage", "memory", "mempages", "cpuset", "id"]}]}, "nova_object.changes": ["cells"]}',pci_device_pools=PciDevicePoolList,ram_allocation_ratio=1.0,running_vms=0,service_id=2,stats={failed_builds='0',uptime=' 11:16:00 up 25 min, 2 users, load average: 1.14, 1.37, 0.84
May 22 11:16:29.513540 np0000001256 nova-scheduler[95702]: '},supported_hv_specs=[HVSpec,HVSpec,HVSpec,HVSpec,HVSpec,HVSpec,HVSpec,HVSpec,HVSpec,HVSpec,HVSpec,HVSpec,HVSpec,HVSpec,HVSpec,HVSpec,HVSpec,HVSpec,HVSpec,HVSpec,HVSpec,HVSpec,HVSpec,HVSpec,HVSpec],updated_at=2026-05-22T11:16:02Z,uuid=0fde0e7d-dd97-47f3-b917-dedb32676961,vcpus=12,vcpus_used=0) {{(pid=95702) _locked_update /opt/stack/nova/nova/scheduler/host_manager.py:168}}
May 22 11:16:29.514243 np0000001256 nova-scheduler[95702]: DEBUG nova.scheduler.host_manager [None req-5569c61d-e9fc-4a2a-905d-2798c8a19238 tempest-DeleteServersTestJSON-1178664171 tempest-DeleteServersTestJSON-1178664171-project-member] Update host state with aggregates: [] {{(pid=95702) _locked_update /opt/stack/nova/nova/scheduler/host_manager.py:171}}
May 22 11:16:29.514343 np0000001256 nova-scheduler[95702]: DEBUG nova.scheduler.host_manager [None req-5569c61d-e9fc-4a2a-905d-2798c8a19238 tempest-DeleteServersTestJSON-1178664171 tempest-DeleteServersTestJSON-1178664171-project-member] Update host state with service dict: {'id': 2, 'uuid': 'c1ee5920-87a7-40b1-975f-16eb6aea7a14', 'host': 'np0000001256', 'binary': 'nova-compute', 'topic': 'compute', 'report_count': 2, 'disabled': False, 'disabled_reason': None, 'last_seen_up': datetime.datetime(2026, 5, 22, 11, 16, 23, tzinfo=datetime.timezone.utc), 'forced_down': False, 'version': 72, 'created_at': datetime.datetime(2026, 5, 22, 11, 14, 12, tzinfo=datetime.timezone.utc), 'updated_at': datetime.datetime(2026, 5, 22, 11, 16, 23, tzinfo=datetime.timezone.utc), 'deleted_at': None, 'deleted': False} {{(pid=95702) _locked_update /opt/stack/nova/nova/scheduler/host_manager.py:174}}
May 22 11:16:29.514498 np0000001256 nova-scheduler[95702]: DEBUG nova.scheduler.host_manager [None req-5569c61d-e9fc-4a2a-905d-2798c8a19238 tempest-DeleteServersTestJSON-1178664171 tempest-DeleteServersTestJSON-1178664171-project-member] Update host state with instances: [] {{(pid=95702) _locked_update /opt/stack/nova/nova/scheduler/host_manager.py:177}}
May 22 11:16:29.514590 np0000001256 nova-scheduler[95702]: DEBUG oslo_concurrency.lockutils [None req-5569c61d-e9fc-4a2a-905d-2798c8a19238 tempest-DeleteServersTestJSON-1178664171 tempest-DeleteServersTestJSON-1178664171-project-member] Lock "('np0000001256', 'np0000001256')" "released" by "nova.scheduler.host_manager.HostState.update.._locked_update" :: held 0.002s {{(pid=95702) inner /opt/stack/data/venv/lib/python3.12/site-packages/oslo_concurrency/lockutils.py:543}}
May 22 11:16:29.515000 np0000001256 nova-scheduler[95702]: DEBUG nova.filters [None req-5569c61d-e9fc-4a2a-905d-2798c8a19238 tempest-DeleteServersTestJSON-1178664171 tempest-DeleteServersTestJSON-1178664171-project-member] Starting with 1 host(s) {{(pid=95702) get_filtered_objects /opt/stack/nova/nova/filters.py:70}}
May 22 11:16:29.515196 np0000001256 nova-scheduler[95702]: DEBUG nova.filters [None req-5569c61d-e9fc-4a2a-905d-2798c8a19238 tempest-DeleteServersTestJSON-1178664171 tempest-DeleteServersTestJSON-1178664171-project-member] Filter ComputeFilter returned 1 host(s) {{(pid=95702) get_filtered_objects /opt/stack/nova/nova/filters.py:102}}
May 22 11:16:29.515318 np0000001256 nova-scheduler[95702]: DEBUG nova.filters [None req-5569c61d-e9fc-4a2a-905d-2798c8a19238 tempest-DeleteServersTestJSON-1178664171 tempest-DeleteServersTestJSON-1178664171-project-member] Filter ComputeCapabilitiesFilter returned 1 host(s) {{(pid=95702) get_filtered_objects /opt/stack/nova/nova/filters.py:102}}
May 22 11:16:29.515507 np0000001256 nova-scheduler[95702]: DEBUG nova.filters [None req-5569c61d-e9fc-4a2a-905d-2798c8a19238 tempest-DeleteServersTestJSON-1178664171 tempest-DeleteServersTestJSON-1178664171-project-member] Filter ImagePropertiesFilter returned 1 host(s) {{(pid=95702) get_filtered_objects /opt/stack/nova/nova/filters.py:102}}
May 22 11:16:29.515614 np0000001256 nova-scheduler[95702]: DEBUG nova.filters [None req-5569c61d-e9fc-4a2a-905d-2798c8a19238 tempest-DeleteServersTestJSON-1178664171 tempest-DeleteServersTestJSON-1178664171-project-member] Filter ServerGroupAntiAffinityFilter returned 1 host(s) {{(pid=95702) get_filtered_objects /opt/stack/nova/nova/filters.py:102}}
May 22 11:16:29.515713 np0000001256 nova-scheduler[95702]: DEBUG nova.filters [None req-5569c61d-e9fc-4a2a-905d-2798c8a19238 tempest-DeleteServersTestJSON-1178664171 tempest-DeleteServersTestJSON-1178664171-project-member] Filter ServerGroupAffinityFilter returned 1 host(s) {{(pid=95702) get_filtered_objects /opt/stack/nova/nova/filters.py:102}}
May 22 11:16:29.515834 np0000001256 nova-scheduler[95702]: DEBUG nova.filters [None req-5569c61d-e9fc-4a2a-905d-2798c8a19238 tempest-DeleteServersTestJSON-1178664171 tempest-DeleteServersTestJSON-1178664171-project-member] Filter SameHostFilter returned 1 host(s) {{(pid=95702) get_filtered_objects /opt/stack/nova/nova/filters.py:102}}
May 22 11:16:29.515932 np0000001256 nova-scheduler[95702]: DEBUG nova.filters [None req-5569c61d-e9fc-4a2a-905d-2798c8a19238 tempest-DeleteServersTestJSON-1178664171 tempest-DeleteServersTestJSON-1178664171-project-member] Filter DifferentHostFilter returned 1 host(s) {{(pid=95702) get_filtered_objects /opt/stack/nova/nova/filters.py:102}}
May 22 11:16:29.516042 np0000001256 nova-scheduler[95702]: DEBUG nova.scheduler.manager [None req-5569c61d-e9fc-4a2a-905d-2798c8a19238 tempest-DeleteServersTestJSON-1178664171 tempest-DeleteServersTestJSON-1178664171-project-member] Filtered [(np0000001256, np0000001256) ram: 23518MB disk: 75776MB io_ops: 0 instances: 0, allocation_candidates: 1] {{(pid=95702) _get_sorted_hosts /opt/stack/nova/nova/scheduler/manager.py:743}}
May 22 11:16:29.516215 np0000001256 nova-scheduler[95702]: DEBUG nova.scheduler.manager [None req-5569c61d-e9fc-4a2a-905d-2798c8a19238 tempest-DeleteServersTestJSON-1178664171 tempest-DeleteServersTestJSON-1178664171-project-member] Weighed [WeighedHost [host: (np0000001256, np0000001256) ram: 23518MB disk: 75776MB io_ops: 0 instances: 0, allocation_candidates: 1, weight: 0.0]] {{(pid=95702) _get_sorted_hosts /opt/stack/nova/nova/scheduler/manager.py:765}}
May 22 11:16:29.516370 np0000001256 nova-scheduler[95702]: DEBUG nova.scheduler.utils [None req-5569c61d-e9fc-4a2a-905d-2798c8a19238 tempest-DeleteServersTestJSON-1178664171 tempest-DeleteServersTestJSON-1178664171-project-member] Attempting to claim resources in the placement API for instance be7980b0-1db7-4327-ae2c-6e3e3c3a55eb {{(pid=95702) claim_resources /opt/stack/nova/nova/scheduler/utils.py:1304}}
May 22 11:16:29.655726 np0000001256 nova-scheduler[95702]: DEBUG nova.scheduler.manager [None req-5569c61d-e9fc-4a2a-905d-2798c8a19238 tempest-DeleteServersTestJSON-1178664171 tempest-DeleteServersTestJSON-1178664171-project-member] [instance: be7980b0-1db7-4327-ae2c-6e3e3c3a55eb] Selected host: (np0000001256, np0000001256) ram: 23518MB disk: 75776MB io_ops: 0 instances: 0, allocation_candidates: 1 {{(pid=95702) _consume_selected_host /opt/stack/nova/nova/scheduler/manager.py:625}}
May 22 11:16:29.655992 np0000001256 nova-scheduler[95702]: DEBUG oslo_concurrency.lockutils [None req-5569c61d-e9fc-4a2a-905d-2798c8a19238 tempest-DeleteServersTestJSON-1178664171 tempest-DeleteServersTestJSON-1178664171-project-member] Acquiring lock "('np0000001256', 'np0000001256')" by "nova.scheduler.host_manager.HostState.consume_from_request.._locked" {{(pid=95702) inner /opt/stack/data/venv/lib/python3.12/site-packages/oslo_concurrency/lockutils.py:511}}
May 22 11:16:29.656132 np0000001256 nova-scheduler[95702]: DEBUG oslo_concurrency.lockutils [None req-5569c61d-e9fc-4a2a-905d-2798c8a19238 tempest-DeleteServersTestJSON-1178664171 tempest-DeleteServersTestJSON-1178664171-project-member] Lock "('np0000001256', 'np0000001256')" acquired by "nova.scheduler.host_manager.HostState.consume_from_request.._locked" :: waited 0.000s {{(pid=95702) inner /opt/stack/data/venv/lib/python3.12/site-packages/oslo_concurrency/lockutils.py:524}}
May 22 11:16:29.656369 np0000001256 nova-scheduler[95702]: DEBUG oslo_concurrency.lockutils [None req-5569c61d-e9fc-4a2a-905d-2798c8a19238 tempest-DeleteServersTestJSON-1178664171 tempest-DeleteServersTestJSON-1178664171-project-member] Lock "('np0000001256', 'np0000001256')" "released" by "nova.scheduler.host_manager.HostState.consume_from_request.._locked" :: held 0.000s {{(pid=95702) inner /opt/stack/data/venv/lib/python3.12/site-packages/oslo_concurrency/lockutils.py:543}}
May 22 11:16:31.116716 np0000001256 nova-scheduler[95704]: DEBUG nova.scheduler.manager [None req-43b0a2af-4c60-4515-a5cb-f4163c667091 tempest-ServerActionsTestOtherB-1524458370 tempest-ServerActionsTestOtherB-1524458370-project-member] Starting to schedule for instances: ['a1f71d59-ad5d-4011-bf4a-7813c6c5e57c'] {{(pid=95704) select_destinations /opt/stack/nova/nova/scheduler/manager.py:210}}
May 22 11:16:31.117246 np0000001256 nova-scheduler[95704]: DEBUG nova.scheduler.request_filter [None req-43b0a2af-4c60-4515-a5cb-f4163c667091 tempest-ServerActionsTestOtherB-1524458370 tempest-ServerActionsTestOtherB-1524458370-project-member] compute_status_filter request filter added forbidden trait COMPUTE_STATUS_DISABLED {{(pid=95704) compute_status_filter /opt/stack/nova/nova/scheduler/request_filter.py:253}}
May 22 11:16:31.117472 np0000001256 nova-scheduler[95704]: DEBUG nova.scheduler.request_filter [None req-43b0a2af-4c60-4515-a5cb-f4163c667091 tempest-ServerActionsTestOtherB-1524458370 tempest-ServerActionsTestOtherB-1524458370-project-member] Request filter 'compute_status_filter' took 0.0 seconds {{(pid=95704) wrapper /opt/stack/nova/nova/scheduler/request_filter.py:46}}
May 22 11:16:31.118988 np0000001256 nova-scheduler[95704]: DEBUG nova.scheduler.request_filter [None req-43b0a2af-4c60-4515-a5cb-f4163c667091 tempest-ServerActionsTestOtherB-1524458370 tempest-ServerActionsTestOtherB-1524458370-project-member] Request filter 'accelerators_filter' took 0.0 seconds {{(pid=95704) wrapper /opt/stack/nova/nova/scheduler/request_filter.py:46}}
May 22 11:16:31.122183 np0000001256 nova-scheduler[95704]: DEBUG nova.scheduler.request_filter [None req-43b0a2af-4c60-4515-a5cb-f4163c667091 tempest-ServerActionsTestOtherB-1524458370 tempest-ServerActionsTestOtherB-1524458370-project-member] Request filter 'packed_virtqueue_filter' took 0.0 seconds {{(pid=95704) wrapper /opt/stack/nova/nova/scheduler/request_filter.py:46}}
May 22 11:16:31.122183 np0000001256 nova-scheduler[95704]: DEBUG nova.scheduler.request_filter [None req-43b0a2af-4c60-4515-a5cb-f4163c667091 tempest-ServerActionsTestOtherB-1524458370 tempest-ServerActionsTestOtherB-1524458370-project-member] Request filter 'remote_managed_ports_filter' took 0.0 seconds {{(pid=95704) wrapper /opt/stack/nova/nova/scheduler/request_filter.py:46}}
May 22 11:16:31.122183 np0000001256 nova-scheduler[95704]: DEBUG nova.scheduler.request_filter [None req-43b0a2af-4c60-4515-a5cb-f4163c667091 tempest-ServerActionsTestOtherB-1524458370 tempest-ServerActionsTestOtherB-1524458370-project-member] ephemeral_encryption_filter skipped {{(pid=95704) ephemeral_encryption_filter /opt/stack/nova/nova/scheduler/request_filter.py:426}}
May 22 11:16:31.122183 np0000001256 nova-scheduler[95704]: DEBUG nova.scheduler.request_filter [None req-43b0a2af-4c60-4515-a5cb-f4163c667091 tempest-ServerActionsTestOtherB-1524458370 tempest-ServerActionsTestOtherB-1524458370-project-member] virtio_sound_filter skipped {{(pid=95704) virtio_sound_filter /opt/stack/nova/nova/scheduler/request_filter.py:460}}
May 22 11:16:31.122183 np0000001256 nova-scheduler[95704]: DEBUG nova.scheduler.request_filter [None req-43b0a2af-4c60-4515-a5cb-f4163c667091 tempest-ServerActionsTestOtherB-1524458370 tempest-ServerActionsTestOtherB-1524458370-project-member] tpm_secret_security_filter skipped {{(pid=95704) tpm_secret_security_filter /opt/stack/nova/nova/scheduler/request_filter.py:477}}
May 22 11:16:31.233841 np0000001256 nova-scheduler[95704]: INFO nova.utils [None req-43b0a2af-4c60-4515-a5cb-f4163c667091 tempest-ServerActionsTestOtherB-1524458370 tempest-ServerActionsTestOtherB-1524458370-project-member] The cell worker thread pool ForkProcess-2.cell_worker is initialized
May 22 11:16:31.233841 np0000001256 nova-scheduler[95704]: DEBUG oslo_concurrency.lockutils [None req-43b0a2af-4c60-4515-a5cb-f4163c667091 tempest-ServerActionsTestOtherB-1524458370 tempest-ServerActionsTestOtherB-1524458370-project-member] Acquiring lock "a7a4ca77-8e14-456b-be5b-e920396b2fe0" by "nova.context.set_target_cell..get_or_set_cached_cell_and_set_connections" {{(pid=95704) inner /opt/stack/data/venv/lib/python3.12/site-packages/oslo_concurrency/lockutils.py:511}}
May 22 11:16:31.233930 np0000001256 nova-scheduler[95704]: DEBUG oslo_concurrency.lockutils [None req-43b0a2af-4c60-4515-a5cb-f4163c667091 tempest-ServerActionsTestOtherB-1524458370 tempest-ServerActionsTestOtherB-1524458370-project-member] Lock "a7a4ca77-8e14-456b-be5b-e920396b2fe0" acquired by "nova.context.set_target_cell..get_or_set_cached_cell_and_set_connections" :: waited 0.000s {{(pid=95704) inner /opt/stack/data/venv/lib/python3.12/site-packages/oslo_concurrency/lockutils.py:524}}
May 22 11:16:31.236238 np0000001256 nova-scheduler[95704]: DEBUG oslo_concurrency.lockutils [None req-43b0a2af-4c60-4515-a5cb-f4163c667091 tempest-ServerActionsTestOtherB-1524458370 tempest-ServerActionsTestOtherB-1524458370-project-member] Lock "a7a4ca77-8e14-456b-be5b-e920396b2fe0" "released" by "nova.context.set_target_cell..get_or_set_cached_cell_and_set_connections" :: held 0.002s {{(pid=95704) inner /opt/stack/data/venv/lib/python3.12/site-packages/oslo_concurrency/lockutils.py:543}}
May 22 11:16:31.239032 np0000001256 nova-scheduler[95704]: INFO dbcounter [None req-43b0a2af-4c60-4515-a5cb-f4163c667091 tempest-ServerActionsTestOtherB-1524458370 tempest-ServerActionsTestOtherB-1524458370-project-member] Registered counter for database nova_cell1
May 22 11:16:31.246300 np0000001256 nova-scheduler[95704]: DEBUG oslo_db.sqlalchemy.engines [None req-43b0a2af-4c60-4515-a5cb-f4163c667091 tempest-ServerActionsTestOtherB-1524458370 tempest-ServerActionsTestOtherB-1524458370-project-member] MySQL server mode set to STRICT_TRANS_TABLES,STRICT_ALL_TABLES,NO_ZERO_IN_DATE,NO_ZERO_DATE,ERROR_FOR_DIVISION_BY_ZERO,TRADITIONAL,NO_ENGINE_SUBSTITUTION {{(pid=95704) _check_effective_sql_mode /opt/stack/data/venv/lib/python3.12/site-packages/oslo_db/sqlalchemy/engines.py:325}}
May 22 11:16:31.253131 np0000001256 nova-scheduler[95704]: DEBUG dbcounter [-] [95704] Writer thread running {{(pid=95704) stat_writer /opt/stack/data/venv/lib/python3.12/site-packages/dbcounter.py:102}}
May 22 11:16:31.273719 np0000001256 nova-scheduler[95704]: DEBUG dbcounter [-] [95704] Writer thread running {{(pid=95704) stat_writer /opt/stack/data/venv/lib/python3.12/site-packages/dbcounter.py:102}}
May 22 11:16:31.277574 np0000001256 nova-scheduler[95704]: DEBUG oslo_concurrency.lockutils [None req-43b0a2af-4c60-4515-a5cb-f4163c667091 tempest-ServerActionsTestOtherB-1524458370 tempest-ServerActionsTestOtherB-1524458370-project-member] Acquiring lock "a7a4ca77-8e14-456b-be5b-e920396b2fe0" by "nova.context.set_target_cell..get_or_set_cached_cell_and_set_connections" {{(pid=95704) inner /opt/stack/data/venv/lib/python3.12/site-packages/oslo_concurrency/lockutils.py:511}}
May 22 11:16:31.277783 np0000001256 nova-scheduler[95704]: DEBUG oslo_concurrency.lockutils [None req-43b0a2af-4c60-4515-a5cb-f4163c667091 tempest-ServerActionsTestOtherB-1524458370 tempest-ServerActionsTestOtherB-1524458370-project-member] Lock "a7a4ca77-8e14-456b-be5b-e920396b2fe0" acquired by "nova.context.set_target_cell..get_or_set_cached_cell_and_set_connections" :: waited 0.000s {{(pid=95704) inner /opt/stack/data/venv/lib/python3.12/site-packages/oslo_concurrency/lockutils.py:524}}
May 22 11:16:31.280109 np0000001256 nova-scheduler[95704]: DEBUG oslo_concurrency.lockutils [None req-43b0a2af-4c60-4515-a5cb-f4163c667091 tempest-ServerActionsTestOtherB-1524458370 tempest-ServerActionsTestOtherB-1524458370-project-member] Lock "a7a4ca77-8e14-456b-be5b-e920396b2fe0" "released" by "nova.context.set_target_cell..get_or_set_cached_cell_and_set_connections" :: held 0.000s {{(pid=95704) inner /opt/stack/data/venv/lib/python3.12/site-packages/oslo_concurrency/lockutils.py:543}}
May 22 11:16:31.281413 np0000001256 nova-scheduler[95704]: DEBUG oslo_concurrency.lockutils [None req-43b0a2af-4c60-4515-a5cb-f4163c667091 tempest-ServerActionsTestOtherB-1524458370 tempest-ServerActionsTestOtherB-1524458370-project-member] Acquiring lock "('np0000001256', 'np0000001256')" by "nova.scheduler.host_manager.HostState.update.._locked_update" {{(pid=95704) inner /opt/stack/data/venv/lib/python3.12/site-packages/oslo_concurrency/lockutils.py:511}}
May 22 11:16:31.282058 np0000001256 nova-scheduler[95704]: DEBUG oslo_concurrency.lockutils [None req-43b0a2af-4c60-4515-a5cb-f4163c667091 tempest-ServerActionsTestOtherB-1524458370 tempest-ServerActionsTestOtherB-1524458370-project-member] Lock "('np0000001256', 'np0000001256')" acquired by "nova.scheduler.host_manager.HostState.update.._locked_update" :: waited 0.000s {{(pid=95704) inner /opt/stack/data/venv/lib/python3.12/site-packages/oslo_concurrency/lockutils.py:524}}
