May 15 07:49:35.220462 np0000000819 nova-scheduler[95399]: DEBUG cotyledon.oslo_config_glue [-] oslo_messaging_rabbit.ssl_enforce_fips_mode = False {{(pid=95399) log_opt_values /opt/stack/data/venv/lib/python3.12/site-packages/oslo_config/cfg.py:3006}}
May 15 07:49:35.220462 np0000000819 nova-scheduler[95399]: DEBUG cotyledon.oslo_config_glue [-] oslo_messaging_rabbit.ssl_key_file = {{(pid=95399) log_opt_values /opt/stack/data/venv/lib/python3.12/site-packages/oslo_config/cfg.py:3006}}
May 15 07:49:35.220462 np0000000819 nova-scheduler[95399]: DEBUG cotyledon.oslo_config_glue [-] oslo_messaging_rabbit.ssl_version = {{(pid=95399) log_opt_values /opt/stack/data/venv/lib/python3.12/site-packages/oslo_config/cfg.py:3006}}
May 15 07:49:35.220462 np0000000819 nova-scheduler[95399]: DEBUG cotyledon.oslo_config_glue [-] oslo_messaging_rabbit.use_queue_manager = False {{(pid=95399) log_opt_values /opt/stack/data/venv/lib/python3.12/site-packages/oslo_config/cfg.py:3006}}
May 15 07:49:35.220462 np0000000819 nova-scheduler[95399]: DEBUG cotyledon.oslo_config_glue [-] oslo_messaging_notifications.driver = ['messagingv2'] {{(pid=95399) log_opt_values /opt/stack/data/venv/lib/python3.12/site-packages/oslo_config/cfg.py:3006}}
May 15 07:49:35.220462 np0000000819 nova-scheduler[95399]: DEBUG cotyledon.oslo_config_glue [-] oslo_messaging_notifications.retry = -1 {{(pid=95399) log_opt_values /opt/stack/data/venv/lib/python3.12/site-packages/oslo_config/cfg.py:3006}}
May 15 07:49:35.220629 np0000000819 nova-scheduler[95355]: DEBUG nova.service [None req-28dcf461-263c-4d7e-be1a-775bac1d931f None None] Creating RPC server for service: nova-scheduler on topic: scheduler {{(pid=95355) start /opt/stack/nova/nova/service.py:195}}
May 15 07:49:35.220659 np0000000819 nova-scheduler[95399]: DEBUG cotyledon.oslo_config_glue [-] oslo_messaging_notifications.topics = ['notifications'] {{(pid=95399) log_opt_values /opt/stack/data/venv/lib/python3.12/site-packages/oslo_config/cfg.py:3006}}
May 15 07:49:35.220659 np0000000819 nova-scheduler[95399]: DEBUG cotyledon.oslo_config_glue [-] oslo_messaging_notifications.transport_url = **** {{(pid=95399) log_opt_values /opt/stack/data/venv/lib/python3.12/site-packages/oslo_config/cfg.py:3006}}
May 15 07:49:35.220659 np0000000819 nova-scheduler[95399]: DEBUG cotyledon.oslo_config_glue [-] oslo_limit.auth_section = None {{(pid=95399) log_opt_values /opt/stack/data/venv/lib/python3.12/site-packages/oslo_config/cfg.py:3006}}
May 15 07:49:35.220659 np0000000819 nova-scheduler[95399]: DEBUG cotyledon.oslo_config_glue [-] oslo_limit.auth_type = None {{(pid=95399) log_opt_values /opt/stack/data/venv/lib/python3.12/site-packages/oslo_config/cfg.py:3006}}
May 15 07:49:35.220659 np0000000819 nova-scheduler[95399]: DEBUG cotyledon.oslo_config_glue [-] oslo_limit.cafile = None {{(pid=95399) log_opt_values /opt/stack/data/venv/lib/python3.12/site-packages/oslo_config/cfg.py:3006}}
May 15 07:49:35.220659 np0000000819 nova-scheduler[95399]: DEBUG cotyledon.oslo_config_glue [-] oslo_limit.certfile = None {{(pid=95399) log_opt_values /opt/stack/data/venv/lib/python3.12/site-packages/oslo_config/cfg.py:3006}}
May 15 07:49:35.220659 np0000000819 nova-scheduler[95399]: DEBUG cotyledon.oslo_config_glue [-] oslo_limit.collect_timing = False {{(pid=95399) log_opt_values /opt/stack/data/venv/lib/python3.12/site-packages/oslo_config/cfg.py:3006}}
May 15 07:49:35.220659 np0000000819 nova-scheduler[95399]: DEBUG cotyledon.oslo_config_glue [-] oslo_limit.connect_retries = None {{(pid=95399) log_opt_values /opt/stack/data/venv/lib/python3.12/site-packages/oslo_config/cfg.py:3006}}
May 15 07:49:35.220659 np0000000819 nova-scheduler[95399]: DEBUG cotyledon.oslo_config_glue [-] oslo_limit.connect_retry_delay = None {{(pid=95399) log_opt_values /opt/stack/data/venv/lib/python3.12/site-packages/oslo_config/cfg.py:3006}}
May 15 07:49:35.220848 np0000000819 nova-scheduler[95399]: DEBUG cotyledon.oslo_config_glue [-] oslo_limit.endpoint_id = None {{(pid=95399) log_opt_values /opt/stack/data/venv/lib/python3.12/site-packages/oslo_config/cfg.py:3006}}
May 15 07:49:35.220848 np0000000819 nova-scheduler[95399]: DEBUG cotyledon.oslo_config_glue [-] oslo_limit.endpoint_interface = public {{(pid=95399) log_opt_values /opt/stack/data/venv/lib/python3.12/site-packages/oslo_config/cfg.py:3006}}
May 15 07:49:35.220848 np0000000819 nova-scheduler[95399]: DEBUG cotyledon.oslo_config_glue [-] oslo_limit.endpoint_override = None {{(pid=95399) log_opt_values /opt/stack/data/venv/lib/python3.12/site-packages/oslo_config/cfg.py:3006}}
May 15 07:49:35.220848 np0000000819 nova-scheduler[95399]: DEBUG cotyledon.oslo_config_glue [-] oslo_limit.endpoint_region_name = None {{(pid=95399) log_opt_values /opt/stack/data/venv/lib/python3.12/site-packages/oslo_config/cfg.py:3006}}
May 15 07:49:35.220848 np0000000819 nova-scheduler[95399]: DEBUG cotyledon.oslo_config_glue [-] oslo_limit.endpoint_service_name = None {{(pid=95399) log_opt_values /opt/stack/data/venv/lib/python3.12/site-packages/oslo_config/cfg.py:3006}}
May 15 07:49:35.220848 np0000000819 nova-scheduler[95399]: DEBUG cotyledon.oslo_config_glue [-] oslo_limit.endpoint_service_type = None {{(pid=95399) log_opt_values /opt/stack/data/venv/lib/python3.12/site-packages/oslo_config/cfg.py:3006}}
May 15 07:49:35.220848 np0000000819 nova-scheduler[95399]: DEBUG cotyledon.oslo_config_glue [-] oslo_limit.insecure = False {{(pid=95399) log_opt_values /opt/stack/data/venv/lib/python3.12/site-packages/oslo_config/cfg.py:3006}}
May 15 07:49:35.220848 np0000000819 nova-scheduler[95399]: DEBUG cotyledon.oslo_config_glue [-] oslo_limit.keyfile = None {{(pid=95399) log_opt_values /opt/stack/data/venv/lib/python3.12/site-packages/oslo_config/cfg.py:3006}}
May 15 07:49:35.220848 np0000000819 nova-scheduler[95399]: DEBUG cotyledon.oslo_config_glue [-] oslo_limit.max_version = None {{(pid=95399) log_opt_values /opt/stack/data/venv/lib/python3.12/site-packages/oslo_config/cfg.py:3006}}
May 15 07:49:35.221041 np0000000819 nova-scheduler[95399]: DEBUG cotyledon.oslo_config_glue [-] oslo_limit.min_version = None {{(pid=95399) log_opt_values /opt/stack/data/venv/lib/python3.12/site-packages/oslo_config/cfg.py:3006}}
May 15 07:49:35.221041 np0000000819 nova-scheduler[95399]: DEBUG cotyledon.oslo_config_glue [-] oslo_limit.region_name = None {{(pid=95399) log_opt_values /opt/stack/data/venv/lib/python3.12/site-packages/oslo_config/cfg.py:3006}}
May 15 07:49:35.221041 np0000000819 nova-scheduler[95399]: DEBUG cotyledon.oslo_config_glue [-] oslo_limit.retriable_status_codes = None {{(pid=95399) log_opt_values /opt/stack/data/venv/lib/python3.12/site-packages/oslo_config/cfg.py:3006}}
May 15 07:49:35.221041 np0000000819 nova-scheduler[95399]: DEBUG cotyledon.oslo_config_glue [-] oslo_limit.service_name = None {{(pid=95399) log_opt_values /opt/stack/data/venv/lib/python3.12/site-packages/oslo_config/cfg.py:3006}}
May 15 07:49:35.221041 np0000000819 nova-scheduler[95399]: DEBUG cotyledon.oslo_config_glue [-] oslo_limit.service_type = None {{(pid=95399) log_opt_values /opt/stack/data/venv/lib/python3.12/site-packages/oslo_config/cfg.py:3006}}
May 15 07:49:35.221041 np0000000819 nova-scheduler[95399]: DEBUG cotyledon.oslo_config_glue [-] oslo_limit.split_loggers = False {{(pid=95399) log_opt_values /opt/stack/data/venv/lib/python3.12/site-packages/oslo_config/cfg.py:3006}}
May 15 07:49:35.221041 np0000000819 nova-scheduler[95399]: DEBUG cotyledon.oslo_config_glue [-] oslo_limit.status_code_retries = None {{(pid=95399) log_opt_values /opt/stack/data/venv/lib/python3.12/site-packages/oslo_config/cfg.py:3006}}
May 15 07:49:35.221041 np0000000819 nova-scheduler[95399]: DEBUG cotyledon.oslo_config_glue [-] oslo_limit.status_code_retry_delay = None {{(pid=95399) log_opt_values /opt/stack/data/venv/lib/python3.12/site-packages/oslo_config/cfg.py:3006}}
May 15 07:49:35.221041 np0000000819 nova-scheduler[95399]: DEBUG cotyledon.oslo_config_glue [-] oslo_limit.timeout = None {{(pid=95399) log_opt_values /opt/stack/data/venv/lib/python3.12/site-packages/oslo_config/cfg.py:3006}}
May 15 07:49:35.221209 np0000000819 nova-scheduler[95399]: DEBUG cotyledon.oslo_config_glue [-] oslo_limit.valid_interfaces = None {{(pid=95399) log_opt_values /opt/stack/data/venv/lib/python3.12/site-packages/oslo_config/cfg.py:3006}}
May 15 07:49:35.221209 np0000000819 nova-scheduler[95399]: DEBUG cotyledon.oslo_config_glue [-] oslo_limit.version = None {{(pid=95399) log_opt_values /opt/stack/data/venv/lib/python3.12/site-packages/oslo_config/cfg.py:3006}}
May 15 07:49:35.221209 np0000000819 nova-scheduler[95399]: DEBUG cotyledon.oslo_config_glue [-] oslo_reports.file_event_handler = None {{(pid=95399) log_opt_values /opt/stack/data/venv/lib/python3.12/site-packages/oslo_config/cfg.py:3006}}
May 15 07:49:35.221209 np0000000819 nova-scheduler[95399]: DEBUG cotyledon.oslo_config_glue [-] oslo_reports.file_event_handler_interval = 1 {{(pid=95399) log_opt_values /opt/stack/data/venv/lib/python3.12/site-packages/oslo_config/cfg.py:3006}}
May 15 07:49:35.221209 np0000000819 nova-scheduler[95399]: DEBUG cotyledon.oslo_config_glue [-] oslo_reports.log_dir = None {{(pid=95399) log_opt_values /opt/stack/data/venv/lib/python3.12/site-packages/oslo_config/cfg.py:3006}}
May 15 07:49:35.221209 np0000000819 nova-scheduler[95399]: DEBUG cotyledon.oslo_config_glue [-] ******************************************************************************** {{(pid=95399) log_opt_values /opt/stack/data/venv/lib/python3.12/site-packages/oslo_config/cfg.py:3013}}
May 15 07:49:35.221209 np0000000819 nova-scheduler[95399]: DEBUG cotyledon._service_worker [-] Run service ServiceWrapper(2) [95399] {{(pid=95399) wait_forever /opt/stack/data/venv/lib/python3.12/site-packages/cotyledon/_service_worker.py:218}}
May 15 07:49:35.221209 np0000000819 nova-scheduler[95399]: INFO nova.service [-] Starting scheduler node (version 33.1.0)
May 15 07:49:35.221351 np0000000819 nova-scheduler[95353]: DEBUG nova.service [None req-371edd73-291a-4bfa-8b38-3a700b4789c8 None None] Join ServiceGroup membership for this service scheduler {{(pid=95353) start /opt/stack/nova/nova/service.py:221}}
May 15 07:49:35.221351 np0000000819 nova-scheduler[95353]: DEBUG nova.servicegroup.drivers.db [None req-371edd73-291a-4bfa-8b38-3a700b4789c8 None None] DB_Driver: join new ServiceGroup member np0000000819 to the scheduler group, service = {{(pid=95353) join /opt/stack/nova/nova/servicegroup/drivers/db.py:44}}
May 15 07:49:35.221398 np0000000819 nova-scheduler[95399]: INFO dbcounter [None req-3fad4542-0ec2-4ec4-8af8-eab46b2f6faa None None] Registered counter for database nova_cell0
May 15 07:49:35.230574 np0000000819 nova-scheduler[95399]: DEBUG oslo_db.sqlalchemy.engines [None req-3fad4542-0ec2-4ec4-8af8-eab46b2f6faa None None] MySQL server mode set to STRICT_TRANS_TABLES,STRICT_ALL_TABLES,NO_ZERO_IN_DATE,NO_ZERO_DATE,ERROR_FOR_DIVISION_BY_ZERO,TRADITIONAL,NO_ENGINE_SUBSTITUTION {{(pid=95399) _check_effective_sql_mode /opt/stack/data/venv/lib/python3.12/site-packages/oslo_db/sqlalchemy/engines.py:325}}
May 15 07:49:35.232380 np0000000819 nova-scheduler[95355]: DEBUG nova.service [None req-28dcf461-263c-4d7e-be1a-775bac1d931f None None] Join ServiceGroup membership for this service scheduler {{(pid=95355) start /opt/stack/nova/nova/service.py:221}}
May 15 07:49:35.232573 np0000000819 nova-scheduler[95355]: DEBUG nova.servicegroup.drivers.db [None req-28dcf461-263c-4d7e-be1a-775bac1d931f None None] DB_Driver: join new ServiceGroup member np0000000819 to the scheduler group, service = {{(pid=95355) join /opt/stack/nova/nova/servicegroup/drivers/db.py:44}}
May 15 07:49:35.239701 np0000000819 nova-scheduler[95399]: DEBUG dbcounter [-] [95399] Writer thread running {{(pid=95399) stat_writer /opt/stack/data/venv/lib/python3.12/site-packages/dbcounter.py:102}}
May 15 07:49:35.242802 np0000000819 nova-scheduler[95399]: DEBUG nova.service [None req-3fad4542-0ec2-4ec4-8af8-eab46b2f6faa None None] Creating RPC server for service: nova-scheduler on topic: scheduler {{(pid=95399) start /opt/stack/nova/nova/service.py:195}}
May 15 07:49:35.265816 np0000000819 nova-scheduler[95399]: DEBUG nova.service [None req-3fad4542-0ec2-4ec4-8af8-eab46b2f6faa None None] Join ServiceGroup membership for this service scheduler {{(pid=95399) start /opt/stack/nova/nova/service.py:221}}
May 15 07:49:35.266066 np0000000819 nova-scheduler[95399]: DEBUG nova.servicegroup.drivers.db [None req-3fad4542-0ec2-4ec4-8af8-eab46b2f6faa None None] DB_Driver: join new ServiceGroup member np0000000819 to the scheduler group, service = {{(pid=95399) join /opt/stack/nova/nova/servicegroup/drivers/db.py:44}}
May 15 07:49:40.235383 np0000000819 nova-scheduler[95353]: DEBUG oslo.service.backend._threading.loopingcall [-] Fixed interval looping call 'nova.servicegroup.drivers.db.DbDriver._report_state' sleeping for 119.99 seconds {{(pid=95353) _run_loop /opt/stack/data/venv/lib/python3.12/site-packages/oslo_service/backend/_threading/loopingcall.py:125}}
May 15 07:49:40.242494 np0000000819 nova-scheduler[95355]: DEBUG oslo.service.backend._threading.loopingcall [-] Fixed interval looping call 'nova.servicegroup.drivers.db.DbDriver._report_state' sleeping for 119.99 seconds {{(pid=95355) _run_loop /opt/stack/data/venv/lib/python3.12/site-packages/oslo_service/backend/_threading/loopingcall.py:125}}
May 15 07:49:40.276272 np0000000819 nova-scheduler[95399]: DEBUG oslo.service.backend._threading.loopingcall [-] Fixed interval looping call 'nova.servicegroup.drivers.db.DbDriver._report_state' sleeping for 119.99 seconds {{(pid=95399) _run_loop /opt/stack/data/venv/lib/python3.12/site-packages/oslo_service/backend/_threading/loopingcall.py:125}}
May 15 07:49:43.878467 np0000000819 nova-scheduler[94139]: DEBUG dbcounter [-] [94139] Writing DB stats nova_api:SELECT=3 {{(pid=94139) stat_writer /opt/stack/data/venv/lib/python3.12/site-packages/dbcounter.py:115}}
May 15 07:49:43.970531 np0000000819 nova-scheduler[94139]: DEBUG dbcounter [-] [94139] Writing DB stats nova_cell0:SELECT=1 {{(pid=94139) stat_writer /opt/stack/data/venv/lib/python3.12/site-packages/dbcounter.py:115}}
May 15 07:49:43.974335 np0000000819 nova-scheduler[94139]: DEBUG dbcounter [-] [94139] Writing DB stats nova_cell1:SELECT=1 {{(pid=94139) stat_writer /opt/stack/data/venv/lib/python3.12/site-packages/dbcounter.py:115}}
May 15 07:49:50.230212 np0000000819 nova-scheduler[95353]: DEBUG dbcounter [-] [95353] Writing DB stats nova_cell0:SELECT=4,nova_cell0:INSERT=1,nova_cell0:UPDATE=1 {{(pid=95353) stat_writer /opt/stack/data/venv/lib/python3.12/site-packages/dbcounter.py:115}}
May 15 07:49:50.240050 np0000000819 nova-scheduler[95355]: DEBUG dbcounter [-] [95355] Writing DB stats nova_cell0:SELECT=3 {{(pid=95355) stat_writer /opt/stack/data/venv/lib/python3.12/site-packages/dbcounter.py:115}}
May 15 07:49:50.273736 np0000000819 nova-scheduler[95399]: DEBUG dbcounter [-] [95399] Writing DB stats nova_cell0:SELECT=3 {{(pid=95399) stat_writer /opt/stack/data/venv/lib/python3.12/site-packages/dbcounter.py:115}}
May 15 07:49:55.234609 np0000000819 nova-scheduler[95355]: DEBUG oslo.service.backend._threading.loopingcall [None req-19cfa92e-c80f-48ee-8a88-c8e4fdb8017c None None] Dynamic interval looping call 'nova.service.Service.periodic_tasks' sleeping for 60.00 seconds {{(pid=95355) _run_loop /opt/stack/data/venv/lib/python3.12/site-packages/oslo_service/backend/_threading/loopingcall.py:125}}
May 15 07:50:08.268279 np0000000819 nova-scheduler[95399]: DEBUG oslo.service.backend._threading.loopingcall [None req-f9508c2c-7acb-4abc-840d-77352f1577e9 None None] Dynamic interval looping call 'nova.service.Service.periodic_tasks' sleeping for 60.00 seconds {{(pid=95399) _run_loop /opt/stack/data/venv/lib/python3.12/site-packages/oslo_service/backend/_threading/loopingcall.py:125}}
May 15 07:50:17.222898 np0000000819 nova-scheduler[95353]: DEBUG oslo.service.backend._threading.loopingcall [None req-a61ebcab-e80d-45e4-b7b7-87aa72620f27 None None] Dynamic interval looping call 'nova.service.Service.periodic_tasks' sleeping for 60.00 seconds {{(pid=95353) _run_loop /opt/stack/data/venv/lib/python3.12/site-packages/oslo_service/backend/_threading/loopingcall.py:125}}
May 15 07:50:55.235089 np0000000819 nova-scheduler[95355]: DEBUG oslo.service.backend._threading.loopingcall [None req-19cfa92e-c80f-48ee-8a88-c8e4fdb8017c None None] Dynamic interval looping call 'nova.service.Service.periodic_tasks' sleeping for 60.00 seconds {{(pid=95355) _run_loop /opt/stack/data/venv/lib/python3.12/site-packages/oslo_service/backend/_threading/loopingcall.py:125}}
May 15 07:51:08.268950 np0000000819 nova-scheduler[95399]: DEBUG oslo.service.backend._threading.loopingcall [None req-f9508c2c-7acb-4abc-840d-77352f1577e9 None None] Dynamic interval looping call 'nova.service.Service.periodic_tasks' sleeping for 60.00 seconds {{(pid=95399) _run_loop /opt/stack/data/venv/lib/python3.12/site-packages/oslo_service/backend/_threading/loopingcall.py:125}}
May 15 07:51:17.223334 np0000000819 nova-scheduler[95353]: DEBUG oslo.service.backend._threading.loopingcall [None req-a61ebcab-e80d-45e4-b7b7-87aa72620f27 None None] Dynamic interval looping call 'nova.service.Service.periodic_tasks' sleeping for 60.00 seconds {{(pid=95353) _run_loop /opt/stack/data/venv/lib/python3.12/site-packages/oslo_service/backend/_threading/loopingcall.py:125}}
May 15 07:51:40.235021 np0000000819 nova-scheduler[95353]: DEBUG oslo.service.backend._threading.loopingcall [-] Fixed interval looping call 'nova.servicegroup.drivers.db.DbDriver._report_state' sleeping for 119.99 seconds {{(pid=95353) _run_loop /opt/stack/data/venv/lib/python3.12/site-packages/oslo_service/backend/_threading/loopingcall.py:125}}
May 15 07:51:40.235679 np0000000819 nova-scheduler[95355]: DEBUG oslo.service.backend._threading.loopingcall [-] Fixed interval looping call 'nova.servicegroup.drivers.db.DbDriver._report_state' sleeping for 120.00 seconds {{(pid=95355) _run_loop /opt/stack/data/venv/lib/python3.12/site-packages/oslo_service/backend/_threading/loopingcall.py:125}}
May 15 07:51:40.269945 np0000000819 nova-scheduler[95399]: DEBUG oslo.service.backend._threading.loopingcall [-] Fixed interval looping call 'nova.servicegroup.drivers.db.DbDriver._report_state' sleeping for 120.00 seconds {{(pid=95399) _run_loop /opt/stack/data/venv/lib/python3.12/site-packages/oslo_service/backend/_threading/loopingcall.py:125}}
May 15 07:51:50.229254 np0000000819 nova-scheduler[95353]: DEBUG dbcounter [-] [95353] Writing DB stats nova_cell0:SELECT=1,nova_cell0:UPDATE=1 {{(pid=95353) stat_writer /opt/stack/data/venv/lib/python3.12/site-packages/dbcounter.py:115}}
May 15 07:51:50.234498 np0000000819 nova-scheduler[95355]: DEBUG dbcounter [-] [95355] Writing DB stats nova_cell0:SELECT=1 {{(pid=95355) stat_writer /opt/stack/data/venv/lib/python3.12/site-packages/dbcounter.py:115}}
May 15 07:51:50.268429 np0000000819 nova-scheduler[95399]: DEBUG dbcounter [-] [95399] Writing DB stats nova_cell0:SELECT=1 {{(pid=95399) stat_writer /opt/stack/data/venv/lib/python3.12/site-packages/dbcounter.py:115}}
May 15 07:51:55.235780 np0000000819 nova-scheduler[95355]: DEBUG oslo.service.backend._threading.loopingcall [None req-19cfa92e-c80f-48ee-8a88-c8e4fdb8017c None None] Dynamic interval looping call 'nova.service.Service.periodic_tasks' sleeping for 60.00 seconds {{(pid=95355) _run_loop /opt/stack/data/venv/lib/python3.12/site-packages/oslo_service/backend/_threading/loopingcall.py:125}}
May 15 07:52:08.269463 np0000000819 nova-scheduler[95399]: DEBUG oslo.service.backend._threading.loopingcall [None req-f9508c2c-7acb-4abc-840d-77352f1577e9 None None] Dynamic interval looping call 'nova.service.Service.periodic_tasks' sleeping for 60.00 seconds {{(pid=95399) _run_loop /opt/stack/data/venv/lib/python3.12/site-packages/oslo_service/backend/_threading/loopingcall.py:125}}
May 15 07:52:17.223834 np0000000819 nova-scheduler[95353]: DEBUG oslo.service.backend._threading.loopingcall [None req-a61ebcab-e80d-45e4-b7b7-87aa72620f27 None None] Dynamic interval looping call 'nova.service.Service.periodic_tasks' sleeping for 60.00 seconds {{(pid=95353) _run_loop /opt/stack/data/venv/lib/python3.12/site-packages/oslo_service/backend/_threading/loopingcall.py:125}}
May 15 07:52:22.471566 np0000000819 nova-scheduler[95353]: DEBUG nova.scheduler.manager [None req-9487bad0-89af-4337-b0cf-27ceca92ad62 tempest-AttachVolumeNegativeTest-1225019846 tempest-AttachVolumeNegativeTest-1225019846-project-member] Starting to schedule for instances: ['b4e88d10-ba3d-4277-8830-1f2a5fbadb34'] {{(pid=95353) select_destinations /opt/stack/nova/nova/scheduler/manager.py:210}}
May 15 07:52:22.472452 np0000000819 nova-scheduler[95353]: DEBUG nova.scheduler.request_filter [None req-9487bad0-89af-4337-b0cf-27ceca92ad62 tempest-AttachVolumeNegativeTest-1225019846 tempest-AttachVolumeNegativeTest-1225019846-project-member] compute_status_filter request filter added forbidden trait COMPUTE_STATUS_DISABLED {{(pid=95353) compute_status_filter /opt/stack/nova/nova/scheduler/request_filter.py:253}}
May 15 07:52:22.472640 np0000000819 nova-scheduler[95353]: DEBUG nova.scheduler.request_filter [None req-9487bad0-89af-4337-b0cf-27ceca92ad62 tempest-AttachVolumeNegativeTest-1225019846 tempest-AttachVolumeNegativeTest-1225019846-project-member] Request filter 'compute_status_filter' took 0.0 seconds {{(pid=95353) wrapper /opt/stack/nova/nova/scheduler/request_filter.py:46}}
May 15 07:52:22.474249 np0000000819 nova-scheduler[95353]: DEBUG nova.scheduler.request_filter [None req-9487bad0-89af-4337-b0cf-27ceca92ad62 tempest-AttachVolumeNegativeTest-1225019846 tempest-AttachVolumeNegativeTest-1225019846-project-member] Request filter 'accelerators_filter' took 0.0 seconds {{(pid=95353) wrapper /opt/stack/nova/nova/scheduler/request_filter.py:46}}
May 15 07:52:22.474249 np0000000819 nova-scheduler[95353]: DEBUG nova.scheduler.request_filter [None req-9487bad0-89af-4337-b0cf-27ceca92ad62 tempest-AttachVolumeNegativeTest-1225019846 tempest-AttachVolumeNegativeTest-1225019846-project-member] Request filter 'packed_virtqueue_filter' took 0.0 seconds {{(pid=95353) wrapper /opt/stack/nova/nova/scheduler/request_filter.py:46}}
May 15 07:52:22.474484 np0000000819 nova-scheduler[95355]: DEBUG nova.scheduler.manager [None req-82590f7a-19ab-49bf-96a5-f5cf87aa016b tempest-AttachVolumeShelveTestJSON-1334196956 tempest-AttachVolumeShelveTestJSON-1334196956-project-member] Starting to schedule for instances: ['d5cd0665-2baa-49dd-9df7-ef06f50878c8'] {{(pid=95355) select_destinations /opt/stack/nova/nova/scheduler/manager.py:210}}
May 15 07:52:22.474814 np0000000819 nova-scheduler[95353]: DEBUG nova.scheduler.request_filter [None req-9487bad0-89af-4337-b0cf-27ceca92ad62 tempest-AttachVolumeNegativeTest-1225019846 tempest-AttachVolumeNegativeTest-1225019846-project-member] Request filter 'remote_managed_ports_filter' took 0.0 seconds {{(pid=95353) wrapper /opt/stack/nova/nova/scheduler/request_filter.py:46}}
May 15 07:52:22.474814 np0000000819 nova-scheduler[95353]: DEBUG nova.scheduler.request_filter [None req-9487bad0-89af-4337-b0cf-27ceca92ad62 tempest-AttachVolumeNegativeTest-1225019846 tempest-AttachVolumeNegativeTest-1225019846-project-member] ephemeral_encryption_filter skipped {{(pid=95353) ephemeral_encryption_filter /opt/stack/nova/nova/scheduler/request_filter.py:426}}
May 15 07:52:22.474814 np0000000819 nova-scheduler[95353]: DEBUG nova.scheduler.request_filter [None req-9487bad0-89af-4337-b0cf-27ceca92ad62 tempest-AttachVolumeNegativeTest-1225019846 tempest-AttachVolumeNegativeTest-1225019846-project-member] virtio_sound_filter skipped {{(pid=95353) virtio_sound_filter /opt/stack/nova/nova/scheduler/request_filter.py:460}}
May 15 07:52:22.474814 np0000000819 nova-scheduler[95353]: DEBUG nova.scheduler.request_filter [None req-9487bad0-89af-4337-b0cf-27ceca92ad62 tempest-AttachVolumeNegativeTest-1225019846 tempest-AttachVolumeNegativeTest-1225019846-project-member] tpm_secret_security_filter skipped {{(pid=95353) tpm_secret_security_filter /opt/stack/nova/nova/scheduler/request_filter.py:477}}
May 15 07:52:22.474940 np0000000819 nova-scheduler[95355]: DEBUG nova.scheduler.request_filter [None req-82590f7a-19ab-49bf-96a5-f5cf87aa016b tempest-AttachVolumeShelveTestJSON-1334196956 tempest-AttachVolumeShelveTestJSON-1334196956-project-member] compute_status_filter request filter added forbidden trait COMPUTE_STATUS_DISABLED {{(pid=95355) compute_status_filter /opt/stack/nova/nova/scheduler/request_filter.py:253}}
May 15 07:52:22.475605 np0000000819 nova-scheduler[95355]: DEBUG nova.scheduler.request_filter [None req-82590f7a-19ab-49bf-96a5-f5cf87aa016b tempest-AttachVolumeShelveTestJSON-1334196956 tempest-AttachVolumeShelveTestJSON-1334196956-project-member] Request filter 'compute_status_filter' took 0.0 seconds {{(pid=95355) wrapper /opt/stack/nova/nova/scheduler/request_filter.py:46}}
May 15 07:52:22.476114 np0000000819 nova-scheduler[95355]: DEBUG nova.scheduler.request_filter [None req-82590f7a-19ab-49bf-96a5-f5cf87aa016b tempest-AttachVolumeShelveTestJSON-1334196956 tempest-AttachVolumeShelveTestJSON-1334196956-project-member] Request filter 'accelerators_filter' took 0.0 seconds {{(pid=95355) wrapper /opt/stack/nova/nova/scheduler/request_filter.py:46}}
May 15 07:52:22.476648 np0000000819 nova-scheduler[95355]: DEBUG nova.scheduler.request_filter [None req-82590f7a-19ab-49bf-96a5-f5cf87aa016b tempest-AttachVolumeShelveTestJSON-1334196956 tempest-AttachVolumeShelveTestJSON-1334196956-project-member] Request filter 'packed_virtqueue_filter' took 0.0 seconds {{(pid=95355) wrapper /opt/stack/nova/nova/scheduler/request_filter.py:46}}
May 15 07:52:22.477019 np0000000819 nova-scheduler[95355]: DEBUG nova.scheduler.request_filter [None req-82590f7a-19ab-49bf-96a5-f5cf87aa016b tempest-AttachVolumeShelveTestJSON-1334196956 tempest-AttachVolumeShelveTestJSON-1334196956-project-member] Request filter 'remote_managed_ports_filter' took 0.0 seconds {{(pid=95355) wrapper /opt/stack/nova/nova/scheduler/request_filter.py:46}}
May 15 07:52:22.477212 np0000000819 nova-scheduler[95355]: DEBUG nova.scheduler.request_filter [None req-82590f7a-19ab-49bf-96a5-f5cf87aa016b tempest-AttachVolumeShelveTestJSON-1334196956 tempest-AttachVolumeShelveTestJSON-1334196956-project-member] ephemeral_encryption_filter skipped {{(pid=95355) ephemeral_encryption_filter /opt/stack/nova/nova/scheduler/request_filter.py:426}}
May 15 07:52:22.477397 np0000000819 nova-scheduler[95355]: DEBUG nova.scheduler.request_filter [None req-82590f7a-19ab-49bf-96a5-f5cf87aa016b tempest-AttachVolumeShelveTestJSON-1334196956 tempest-AttachVolumeShelveTestJSON-1334196956-project-member] virtio_sound_filter skipped {{(pid=95355) virtio_sound_filter /opt/stack/nova/nova/scheduler/request_filter.py:460}}
May 15 07:52:22.478567 np0000000819 nova-scheduler[95355]: DEBUG nova.scheduler.request_filter [None req-82590f7a-19ab-49bf-96a5-f5cf87aa016b tempest-AttachVolumeShelveTestJSON-1334196956 tempest-AttachVolumeShelveTestJSON-1334196956-project-member] tpm_secret_security_filter skipped {{(pid=95355) tpm_secret_security_filter /opt/stack/nova/nova/scheduler/request_filter.py:477}}
May 15 07:52:22.934262 np0000000819 nova-scheduler[95353]: INFO nova.utils [None req-9487bad0-89af-4337-b0cf-27ceca92ad62 tempest-AttachVolumeNegativeTest-1225019846 tempest-AttachVolumeNegativeTest-1225019846-project-member] The cell worker thread pool ForkProcess-1.cell_worker is initialized
May 15 07:52:22.934262 np0000000819 nova-scheduler[95353]: DEBUG oslo_concurrency.lockutils [None req-9487bad0-89af-4337-b0cf-27ceca92ad62 tempest-AttachVolumeNegativeTest-1225019846 tempest-AttachVolumeNegativeTest-1225019846-project-member] Acquiring lock "42805dc8-137e-4033-a9dc-cf41c05531e6" by "nova.context.set_target_cell..get_or_set_cached_cell_and_set_connections" {{(pid=95353) inner /opt/stack/data/venv/lib/python3.12/site-packages/oslo_concurrency/lockutils.py:506}}
May 15 07:52:22.934262 np0000000819 nova-scheduler[95353]: DEBUG oslo_concurrency.lockutils [None req-9487bad0-89af-4337-b0cf-27ceca92ad62 tempest-AttachVolumeNegativeTest-1225019846 tempest-AttachVolumeNegativeTest-1225019846-project-member] Lock "42805dc8-137e-4033-a9dc-cf41c05531e6" acquired by "nova.context.set_target_cell..get_or_set_cached_cell_and_set_connections" :: waited 0.000s {{(pid=95353) inner /opt/stack/data/venv/lib/python3.12/site-packages/oslo_concurrency/lockutils.py:519}}
May 15 07:52:22.935591 np0000000819 nova-scheduler[95353]: DEBUG oslo_concurrency.lockutils [None req-9487bad0-89af-4337-b0cf-27ceca92ad62 tempest-AttachVolumeNegativeTest-1225019846 tempest-AttachVolumeNegativeTest-1225019846-project-member] Lock "42805dc8-137e-4033-a9dc-cf41c05531e6" "released" by "nova.context.set_target_cell..get_or_set_cached_cell_and_set_connections" :: held 0.001s {{(pid=95353) inner /opt/stack/data/venv/lib/python3.12/site-packages/oslo_concurrency/lockutils.py:538}}
May 15 07:52:22.937648 np0000000819 nova-scheduler[95353]: INFO dbcounter [None req-9487bad0-89af-4337-b0cf-27ceca92ad62 tempest-AttachVolumeNegativeTest-1225019846 tempest-AttachVolumeNegativeTest-1225019846-project-member] Registered counter for database nova_cell1
May 15 07:52:22.945846 np0000000819 nova-scheduler[95353]: DEBUG oslo_db.sqlalchemy.engines [None req-9487bad0-89af-4337-b0cf-27ceca92ad62 tempest-AttachVolumeNegativeTest-1225019846 tempest-AttachVolumeNegativeTest-1225019846-project-member] MySQL server mode set to STRICT_TRANS_TABLES,STRICT_ALL_TABLES,NO_ZERO_IN_DATE,NO_ZERO_DATE,ERROR_FOR_DIVISION_BY_ZERO,TRADITIONAL,NO_ENGINE_SUBSTITUTION {{(pid=95353) _check_effective_sql_mode /opt/stack/data/venv/lib/python3.12/site-packages/oslo_db/sqlalchemy/engines.py:325}}
May 15 07:52:22.954339 np0000000819 nova-scheduler[95353]: DEBUG dbcounter [-] [95353] Writer thread running {{(pid=95353) stat_writer /opt/stack/data/venv/lib/python3.12/site-packages/dbcounter.py:102}}
May 15 07:52:22.966185 np0000000819 nova-scheduler[95353]: DEBUG oslo_db.sqlalchemy.engines [None req-9487bad0-89af-4337-b0cf-27ceca92ad62 tempest-AttachVolumeNegativeTest-1225019846 tempest-AttachVolumeNegativeTest-1225019846-project-member] Parent process 94139 forked (95353) with an open database connection, which is being discarded and recreated. {{(pid=95353) checkout /opt/stack/data/venv/lib/python3.12/site-packages/oslo_db/sqlalchemy/engines.py:402}}
May 15 07:52:22.971663 np0000000819 nova-scheduler[95353]: DEBUG dbcounter [-] [95353] Writer thread running {{(pid=95353) stat_writer /opt/stack/data/venv/lib/python3.12/site-packages/dbcounter.py:102}}
May 15 07:52:22.974453 np0000000819 nova-scheduler[95353]: DEBUG oslo_concurrency.lockutils [None req-9487bad0-89af-4337-b0cf-27ceca92ad62 tempest-AttachVolumeNegativeTest-1225019846 tempest-AttachVolumeNegativeTest-1225019846-project-member] Acquiring lock "42805dc8-137e-4033-a9dc-cf41c05531e6" by "nova.context.set_target_cell..get_or_set_cached_cell_and_set_connections" {{(pid=95353) inner /opt/stack/data/venv/lib/python3.12/site-packages/oslo_concurrency/lockutils.py:506}}
May 15 07:52:22.974580 np0000000819 nova-scheduler[95353]: DEBUG oslo_concurrency.lockutils [None req-9487bad0-89af-4337-b0cf-27ceca92ad62 tempest-AttachVolumeNegativeTest-1225019846 tempest-AttachVolumeNegativeTest-1225019846-project-member] Lock "42805dc8-137e-4033-a9dc-cf41c05531e6" acquired by "nova.context.set_target_cell..get_or_set_cached_cell_and_set_connections" :: waited 0.000s {{(pid=95353) inner /opt/stack/data/venv/lib/python3.12/site-packages/oslo_concurrency/lockutils.py:519}}
May 15 07:52:22.974680 np0000000819 nova-scheduler[95353]: DEBUG oslo_concurrency.lockutils [None req-9487bad0-89af-4337-b0cf-27ceca92ad62 tempest-AttachVolumeNegativeTest-1225019846 tempest-AttachVolumeNegativeTest-1225019846-project-member] Lock "42805dc8-137e-4033-a9dc-cf41c05531e6" "released" by "nova.context.set_target_cell..get_or_set_cached_cell_and_set_connections" :: held 0.000s {{(pid=95353) inner /opt/stack/data/venv/lib/python3.12/site-packages/oslo_concurrency/lockutils.py:538}}
May 15 07:52:22.977417 np0000000819 nova-scheduler[95353]: DEBUG oslo_concurrency.lockutils [None req-9487bad0-89af-4337-b0cf-27ceca92ad62 tempest-AttachVolumeNegativeTest-1225019846 tempest-AttachVolumeNegativeTest-1225019846-project-member] Acquiring lock "('np0000000819', 'np0000000819')" by "nova.scheduler.host_manager.HostState.update.._locked_update" {{(pid=95353) inner /opt/stack/data/venv/lib/python3.12/site-packages/oslo_concurrency/lockutils.py:506}}
May 15 07:52:22.977592 np0000000819 nova-scheduler[95353]: DEBUG oslo_concurrency.lockutils [None req-9487bad0-89af-4337-b0cf-27ceca92ad62 tempest-AttachVolumeNegativeTest-1225019846 tempest-AttachVolumeNegativeTest-1225019846-project-member] Lock "('np0000000819', 'np0000000819')" acquired by "nova.scheduler.host_manager.HostState.update.._locked_update" :: waited 0.000s {{(pid=95353) inner /opt/stack/data/venv/lib/python3.12/site-packages/oslo_concurrency/lockutils.py:519}}
May 15 07:52:22.978846 np0000000819 nova-scheduler[95353]: DEBUG nova.scheduler.host_manager [None req-9487bad0-89af-4337-b0cf-27ceca92ad62 tempest-AttachVolumeNegativeTest-1225019846 tempest-AttachVolumeNegativeTest-1225019846-project-member] Update host state from compute node: ComputeNode(cpu_allocation_ratio=4.0,cpu_info='{"arch": "x86_64", "model": "EPYC-Milan", "vendor": "AMD", "topology": {"cells": 1, "sockets": 12, "cores": 1, "threads": 1}, "maxphysaddr": {"mode": "emulate", "bits": 40}, "features": ["perfctr_core", "vmcb-clean", "spec-ctrl", "ibrs", "fsrm", "lbrv", "rdpid", "vgif", "rdtscp", "lm", "amd-ssbd", "popcnt", "f16c", "topoext", "xsave", "sse", "movbe", "clzero", "mds-no", "aes", "svme-addr-chk", "pclmuldq", "erms", "cx16", "fsgsbase", "xsaveerptr", "lahf_lm", "pat", "misalignsse", "vme", "mmx", "ssbd", "skip-l1dfl-vmentry", "sse4a", "pause-filter", "no-nested-data-bp", "rdctl-no", "pdpe1gb", "stibp-always-on", "msr", "bmi2", "cx8", "nx", "null-sel-clr-base", "avx2", "3dnowprefetch", "arat", "vaes", "tsc-scale", "sse4.1", "ssse3", "pge", "stibp", "tsc_adjust", "mtrr", "rdseed", "v-vmsave-vmload", "pni", "fpu", "fma", "mce", "vpclmulqdq", "apic", "umip", "xsaves", "xsaveopt", "gds-no", "smep", "smap", "sse2", "pfthreshold", "cmp_legacy", "virt-ssbd", "svm", "bmi1", "tsc-deadline", "lfence-always-serializing", "pse", "flushbyasid", "invpcid", "ibpb", "xsavec", "rdrand", "fxsr", "osvw", "nrip-save", "cmov", "pae", "clwb", "sep", "pschange-mc-no", "x2apic", "xgetbv1", "amd-psfd", "pku", "arch-capabilities", "clflush", "hypervisor", "amd-stibp", "avx", "fxsr_opt", "syscall", "pcid", "sse4.2", "npt", "tsc", "mmxext", "clflushopt", "cr8legacy", "de", "mca", "pse36", "sha-ni", "wbnoinvd", "abm", "adx"]}',created_at=2026-05-15T07:50:00Z,current_workload=0,deleted=False,deleted_at=None,disk_allocation_ratio=1.0,disk_available_least=74,free_disk_gb=95,free_ram_mb=23518,host='np0000000819',host_ip=10.4.3.7,hypervisor_hostname='np0000000819',hypervisor_type='QEMU',hypervisor_version=8002002,id=1,local_gb=95,local_gb_used=0,mapped=1,memory_mb=24030,memory_mb_used=512,metrics='[]',numa_topology='{"nova_object.name": "NUMATopology", "nova_object.namespace": "nova", "nova_object.version": "1.2", "nova_object.data": {"cells": [{"nova_object.name": "NUMACell", "nova_object.namespace": "nova", "nova_object.version": "1.5", "nova_object.data": {"id": 0, "cpuset": [0, 1, 2, 3, 4, 5, 6, 7, 8, 9, 10, 11], "pcpuset": [0, 1, 2, 3, 4, 5, 6, 7, 8, 9, 10, 11], "memory": 24030, "cpu_usage": 0, "memory_usage": 0, "pinned_cpus": [], "siblings": [[6], [2], [5], [11], [8], [4], [1], [7], [10], [0], [3], [9]], "mempages": [{"nova_object.name": "NUMAPagesTopology", "nova_object.namespace": "nova", "nova_object.version": "1.1", "nova_object.data": {"size_kb": 4, "total": 6151795, "used": 0, "reserved": 0}, "nova_object.changes": ["used", "total", "size_kb", "reserved"]}, {"nova_object.name": "NUMAPagesTopology", "nova_object.namespace": "nova", "nova_object.version": "1.1", "nova_object.data": {"size_kb": 2048, "total": 0, "used": 0, "reserved": 0}, "nova_object.changes": ["used", "total", "size_kb", "reserved"]}, {"nova_object.name": "NUMAPagesTopology", "nova_object.namespace": "nova", "nova_object.version": "1.1", "nova_object.data": {"size_kb": 1048576, "total": 0, "used": 0, "reserved": 0}, "nova_object.changes": ["used", "total", "size_kb", "reserved"]}], "network_metadata": {"nova_object.name": "NetworkMetadata", "nova_object.namespace": "nova", "nova_object.version": "1.0", "nova_object.data": {"physnets": [], "tunneled": false}, "nova_object.changes": ["tunneled", "physnets"]}, "socket": null}, "nova_object.changes": ["cpu_usage", "id", "cpuset", "pinned_cpus", "socket", "network_metadata", "memory_usage", "pcpuset", "mempages", "siblings", "memory"]}]}, "nova_object.changes": ["cells"]}',pci_device_pools=PciDevicePoolList,ram_allocation_ratio=1.0,running_vms=0,service_id=3,stats={failed_builds='0',uptime=' 07:51:46 up 25 min, 2 users, load average: 1.28, 1.39, 0.83
May 15 07:52:22.978846 np0000000819 nova-scheduler[95353]: '},supported_hv_specs=[HVSpec,HVSpec,HVSpec,HVSpec,HVSpec,HVSpec,HVSpec,HVSpec,HVSpec,HVSpec,HVSpec,HVSpec,HVSpec,HVSpec,HVSpec,HVSpec,HVSpec,HVSpec,HVSpec,HVSpec,HVSpec,HVSpec,HVSpec,HVSpec,HVSpec],updated_at=2026-05-15T07:51:48Z,uuid=22336d3e-1636-4fcf-bc3d-47d775356aed,vcpus=12,vcpus_used=0) {{(pid=95353) _locked_update /opt/stack/nova/nova/scheduler/host_manager.py:168}}
May 15 07:52:22.979756 np0000000819 nova-scheduler[95353]: DEBUG nova.scheduler.host_manager [None req-9487bad0-89af-4337-b0cf-27ceca92ad62 tempest-AttachVolumeNegativeTest-1225019846 tempest-AttachVolumeNegativeTest-1225019846-project-member] Update host state with aggregates: [] {{(pid=95353) _locked_update /opt/stack/nova/nova/scheduler/host_manager.py:171}}
May 15 07:52:22.979756 np0000000819 nova-scheduler[95353]: DEBUG nova.scheduler.host_manager [None req-9487bad0-89af-4337-b0cf-27ceca92ad62 tempest-AttachVolumeNegativeTest-1225019846 tempest-AttachVolumeNegativeTest-1225019846-project-member] Update host state with service dict: {'id': 3, 'uuid': '42883f8d-16bc-44e1-bab6-604493a41526', 'host': 'np0000000819', 'binary': 'nova-compute', 'topic': 'compute', 'report_count': 2, 'disabled': False, 'disabled_reason': None, 'last_seen_up': datetime.datetime(2026, 5, 15, 7, 52, 9, tzinfo=datetime.timezone.utc), 'forced_down': False, 'version': 72, 'created_at': datetime.datetime(2026, 5, 15, 7, 49, 58, tzinfo=datetime.timezone.utc), 'updated_at': datetime.datetime(2026, 5, 15, 7, 52, 9, tzinfo=datetime.timezone.utc), 'deleted_at': None, 'deleted': False} {{(pid=95353) _locked_update /opt/stack/nova/nova/scheduler/host_manager.py:174}}
May 15 07:52:22.979906 np0000000819 nova-scheduler[95353]: DEBUG nova.scheduler.host_manager [None req-9487bad0-89af-4337-b0cf-27ceca92ad62 tempest-AttachVolumeNegativeTest-1225019846 tempest-AttachVolumeNegativeTest-1225019846-project-member] Update host state with instances: [] {{(pid=95353) _locked_update /opt/stack/nova/nova/scheduler/host_manager.py:177}}
May 15 07:52:22.981809 np0000000819 nova-scheduler[95353]: DEBUG oslo_concurrency.lockutils [None req-9487bad0-89af-4337-b0cf-27ceca92ad62 tempest-AttachVolumeNegativeTest-1225019846 tempest-AttachVolumeNegativeTest-1225019846-project-member] Lock "('np0000000819', 'np0000000819')" "released" by "nova.scheduler.host_manager.HostState.update.._locked_update" :: held 0.002s {{(pid=95353) inner /opt/stack/data/venv/lib/python3.12/site-packages/oslo_concurrency/lockutils.py:538}}
May 15 07:52:22.981809 np0000000819 nova-scheduler[95353]: DEBUG nova.filters [None req-9487bad0-89af-4337-b0cf-27ceca92ad62 tempest-AttachVolumeNegativeTest-1225019846 tempest-AttachVolumeNegativeTest-1225019846-project-member] Starting with 1 host(s) {{(pid=95353) get_filtered_objects /opt/stack/nova/nova/filters.py:70}}
May 15 07:52:22.981809 np0000000819 nova-scheduler[95353]: DEBUG nova.filters [None req-9487bad0-89af-4337-b0cf-27ceca92ad62 tempest-AttachVolumeNegativeTest-1225019846 tempest-AttachVolumeNegativeTest-1225019846-project-member] Filter ComputeFilter returned 1 host(s) {{(pid=95353) get_filtered_objects /opt/stack/nova/nova/filters.py:102}}
May 15 07:52:22.981809 np0000000819 nova-scheduler[95353]: DEBUG nova.filters [None req-9487bad0-89af-4337-b0cf-27ceca92ad62 tempest-AttachVolumeNegativeTest-1225019846 tempest-AttachVolumeNegativeTest-1225019846-project-member] Filter ComputeCapabilitiesFilter returned 1 host(s) {{(pid=95353) get_filtered_objects /opt/stack/nova/nova/filters.py:102}}
May 15 07:52:22.981809 np0000000819 nova-scheduler[95353]: DEBUG nova.filters [None req-9487bad0-89af-4337-b0cf-27ceca92ad62 tempest-AttachVolumeNegativeTest-1225019846 tempest-AttachVolumeNegativeTest-1225019846-project-member] Filter ImagePropertiesFilter returned 1 host(s) {{(pid=95353) get_filtered_objects /opt/stack/nova/nova/filters.py:102}}
May 15 07:52:22.981809 np0000000819 nova-scheduler[95353]: DEBUG nova.filters [None req-9487bad0-89af-4337-b0cf-27ceca92ad62 tempest-AttachVolumeNegativeTest-1225019846 tempest-AttachVolumeNegativeTest-1225019846-project-member] Filter ServerGroupAntiAffinityFilter returned 1 host(s) {{(pid=95353) get_filtered_objects /opt/stack/nova/nova/filters.py:102}}
May 15 07:52:22.981809 np0000000819 nova-scheduler[95353]: DEBUG nova.filters [None req-9487bad0-89af-4337-b0cf-27ceca92ad62 tempest-AttachVolumeNegativeTest-1225019846 tempest-AttachVolumeNegativeTest-1225019846-project-member] Filter ServerGroupAffinityFilter returned 1 host(s) {{(pid=95353) get_filtered_objects /opt/stack/nova/nova/filters.py:102}}
May 15 07:52:22.981809 np0000000819 nova-scheduler[95353]: DEBUG nova.filters [None req-9487bad0-89af-4337-b0cf-27ceca92ad62 tempest-AttachVolumeNegativeTest-1225019846 tempest-AttachVolumeNegativeTest-1225019846-project-member] Filter SameHostFilter returned 1 host(s) {{(pid=95353) get_filtered_objects /opt/stack/nova/nova/filters.py:102}}
May 15 07:52:22.982146 np0000000819 nova-scheduler[95353]: DEBUG nova.filters [None req-9487bad0-89af-4337-b0cf-27ceca92ad62 tempest-AttachVolumeNegativeTest-1225019846 tempest-AttachVolumeNegativeTest-1225019846-project-member] Filter DifferentHostFilter returned 1 host(s) {{(pid=95353) get_filtered_objects /opt/stack/nova/nova/filters.py:102}}
May 15 07:52:22.982146 np0000000819 nova-scheduler[95353]: DEBUG nova.scheduler.manager [None req-9487bad0-89af-4337-b0cf-27ceca92ad62 tempest-AttachVolumeNegativeTest-1225019846 tempest-AttachVolumeNegativeTest-1225019846-project-member] Filtered [(np0000000819, np0000000819) ram: 23518MB disk: 75776MB io_ops: 0 instances: 0, allocation_candidates: 1] {{(pid=95353) _get_sorted_hosts /opt/stack/nova/nova/scheduler/manager.py:743}}
May 15 07:52:22.982346 np0000000819 nova-scheduler[95353]: DEBUG nova.scheduler.manager [None req-9487bad0-89af-4337-b0cf-27ceca92ad62 tempest-AttachVolumeNegativeTest-1225019846 tempest-AttachVolumeNegativeTest-1225019846-project-member] Weighed [WeighedHost [host: (np0000000819, np0000000819) ram: 23518MB disk: 75776MB io_ops: 0 instances: 0, allocation_candidates: 1, weight: 0.0]] {{(pid=95353) _get_sorted_hosts /opt/stack/nova/nova/scheduler/manager.py:765}}
May 15 07:52:22.982557 np0000000819 nova-scheduler[95353]: DEBUG nova.scheduler.utils [None req-9487bad0-89af-4337-b0cf-27ceca92ad62 tempest-AttachVolumeNegativeTest-1225019846 tempest-AttachVolumeNegativeTest-1225019846-project-member] Attempting to claim resources in the placement API for instance b4e88d10-ba3d-4277-8830-1f2a5fbadb34 {{(pid=95353) claim_resources /opt/stack/nova/nova/scheduler/utils.py:1304}}
May 15 07:52:23.038741 np0000000819 nova-scheduler[95355]: INFO nova.utils [None req-82590f7a-19ab-49bf-96a5-f5cf87aa016b tempest-AttachVolumeShelveTestJSON-1334196956 tempest-AttachVolumeShelveTestJSON-1334196956-project-member] The cell worker thread pool ForkProcess-2.cell_worker is initialized
May 15 07:52:23.038741 np0000000819 nova-scheduler[95355]: DEBUG oslo_concurrency.lockutils [None req-82590f7a-19ab-49bf-96a5-f5cf87aa016b tempest-AttachVolumeShelveTestJSON-1334196956 tempest-AttachVolumeShelveTestJSON-1334196956-project-member] Acquiring lock "42805dc8-137e-4033-a9dc-cf41c05531e6" by "nova.context.set_target_cell..get_or_set_cached_cell_and_set_connections" {{(pid=95355) inner /opt/stack/data/venv/lib/python3.12/site-packages/oslo_concurrency/lockutils.py:506}}
May 15 07:52:23.038741 np0000000819 nova-scheduler[95355]: DEBUG oslo_concurrency.lockutils [None req-82590f7a-19ab-49bf-96a5-f5cf87aa016b tempest-AttachVolumeShelveTestJSON-1334196956 tempest-AttachVolumeShelveTestJSON-1334196956-project-member] Lock "42805dc8-137e-4033-a9dc-cf41c05531e6" acquired by "nova.context.set_target_cell..get_or_set_cached_cell_and_set_connections" :: waited 0.000s {{(pid=95355) inner /opt/stack/data/venv/lib/python3.12/site-packages/oslo_concurrency/lockutils.py:519}}
May 15 07:52:23.039889 np0000000819 nova-scheduler[95355]: DEBUG oslo_concurrency.lockutils [None req-82590f7a-19ab-49bf-96a5-f5cf87aa016b tempest-AttachVolumeShelveTestJSON-1334196956 tempest-AttachVolumeShelveTestJSON-1334196956-project-member] Lock "42805dc8-137e-4033-a9dc-cf41c05531e6" "released" by "nova.context.set_target_cell..get_or_set_cached_cell_and_set_connections" :: held 0.001s {{(pid=95355) inner /opt/stack/data/venv/lib/python3.12/site-packages/oslo_concurrency/lockutils.py:538}}
May 15 07:52:23.041710 np0000000819 nova-scheduler[95355]: INFO dbcounter [None req-82590f7a-19ab-49bf-96a5-f5cf87aa016b tempest-AttachVolumeShelveTestJSON-1334196956 tempest-AttachVolumeShelveTestJSON-1334196956-project-member] Registered counter for database nova_cell1
May 15 07:52:23.047519 np0000000819 nova-scheduler[95355]: DEBUG oslo_db.sqlalchemy.engines [None req-82590f7a-19ab-49bf-96a5-f5cf87aa016b tempest-AttachVolumeShelveTestJSON-1334196956 tempest-AttachVolumeShelveTestJSON-1334196956-project-member] MySQL server mode set to STRICT_TRANS_TABLES,STRICT_ALL_TABLES,NO_ZERO_IN_DATE,NO_ZERO_DATE,ERROR_FOR_DIVISION_BY_ZERO,TRADITIONAL,NO_ENGINE_SUBSTITUTION {{(pid=95355) _check_effective_sql_mode /opt/stack/data/venv/lib/python3.12/site-packages/oslo_db/sqlalchemy/engines.py:325}}
May 15 07:52:23.057518 np0000000819 nova-scheduler[95355]: DEBUG dbcounter [-] [95355] Writer thread running {{(pid=95355) stat_writer /opt/stack/data/venv/lib/python3.12/site-packages/dbcounter.py:102}}
May 15 07:52:23.076978 np0000000819 nova-scheduler[95355]: DEBUG dbcounter [-] [95355] Writer thread running {{(pid=95355) stat_writer /opt/stack/data/venv/lib/python3.12/site-packages/dbcounter.py:102}}
May 15 07:52:23.080015 np0000000819 nova-scheduler[95355]: DEBUG oslo_concurrency.lockutils [None req-82590f7a-19ab-49bf-96a5-f5cf87aa016b tempest-AttachVolumeShelveTestJSON-1334196956 tempest-AttachVolumeShelveTestJSON-1334196956-project-member] Acquiring lock "42805dc8-137e-4033-a9dc-cf41c05531e6" by "nova.context.set_target_cell..get_or_set_cached_cell_and_set_connections" {{(pid=95355) inner /opt/stack/data/venv/lib/python3.12/site-packages/oslo_concurrency/lockutils.py:506}}
May 15 07:52:23.080223 np0000000819 nova-scheduler[95355]: DEBUG oslo_concurrency.lockutils [None req-82590f7a-19ab-49bf-96a5-f5cf87aa016b tempest-AttachVolumeShelveTestJSON-1334196956 tempest-AttachVolumeShelveTestJSON-1334196956-project-member] Lock "42805dc8-137e-4033-a9dc-cf41c05531e6" acquired by "nova.context.set_target_cell..get_or_set_cached_cell_and_set_connections" :: waited 0.000s {{(pid=95355) inner /opt/stack/data/venv/lib/python3.12/site-packages/oslo_concurrency/lockutils.py:519}}
May 15 07:52:23.080364 np0000000819 nova-scheduler[95355]: DEBUG oslo_concurrency.lockutils [None req-82590f7a-19ab-49bf-96a5-f5cf87aa016b tempest-AttachVolumeShelveTestJSON-1334196956 tempest-AttachVolumeShelveTestJSON-1334196956-project-member] Lock "42805dc8-137e-4033-a9dc-cf41c05531e6" "released" by "nova.context.set_target_cell..get_or_set_cached_cell_and_set_connections" :: held 0.000s {{(pid=95355) inner /opt/stack/data/venv/lib/python3.12/site-packages/oslo_concurrency/lockutils.py:538}}
May 15 07:52:23.084350 np0000000819 nova-scheduler[95355]: DEBUG oslo_concurrency.lockutils [None req-82590f7a-19ab-49bf-96a5-f5cf87aa016b tempest-AttachVolumeShelveTestJSON-1334196956 tempest-AttachVolumeShelveTestJSON-1334196956-project-member] Acquiring lock "('np0000000819', 'np0000000819')" by "nova.scheduler.host_manager.HostState.update.._locked_update" {{(pid=95355) inner /opt/stack/data/venv/lib/python3.12/site-packages/oslo_concurrency/lockutils.py:506}}
May 15 07:52:23.084554 np0000000819 nova-scheduler[95355]: DEBUG oslo_concurrency.lockutils [None req-82590f7a-19ab-49bf-96a5-f5cf87aa016b tempest-AttachVolumeShelveTestJSON-1334196956 tempest-AttachVolumeShelveTestJSON-1334196956-project-member] Lock "('np0000000819', 'np0000000819')" acquired by "nova.scheduler.host_manager.HostState.update.._locked_update" :: waited 0.000s {{(pid=95355) inner /opt/stack/data/venv/lib/python3.12/site-packages/oslo_concurrency/lockutils.py:519}}
