May 15 07:49:11.010830 np0000000819 neutron-periodic-workers[91708]: DEBUG cotyledon.oslo_config_glue [-] ovn.bfd_mult = 3 {{(pid=91708) log_opt_values /opt/stack/data/venv/lib/python3.12/site-packages/oslo_config/cfg.py:3006}}
May 15 07:49:11.011109 np0000000819 neutron-periodic-workers[91708]: DEBUG cotyledon.oslo_config_glue [-] ovn.broadcast_arps_to_all_routers = True {{(pid=91708) log_opt_values /opt/stack/data/venv/lib/python3.12/site-packages/oslo_config/cfg.py:3006}}
May 15 07:49:11.011109 np0000000819 neutron-periodic-workers[91708]: DEBUG cotyledon.oslo_config_glue [-] ovn.dhcp_default_lease_time = 43200 {{(pid=91708) log_opt_values /opt/stack/data/venv/lib/python3.12/site-packages/oslo_config/cfg.py:3006}}
May 15 07:49:11.011109 np0000000819 neutron-periodic-workers[91708]: DEBUG cotyledon.oslo_config_glue [-] ovn.disable_ovn_dhcp_for_baremetal_ports = False {{(pid=91708) log_opt_values /opt/stack/data/venv/lib/python3.12/site-packages/oslo_config/cfg.py:3006}}
May 15 07:49:11.011109 np0000000819 neutron-periodic-workers[91708]: DEBUG cotyledon.oslo_config_glue [-] ovn.dns_records_ovn_owned = False {{(pid=91708) log_opt_values /opt/stack/data/venv/lib/python3.12/site-packages/oslo_config/cfg.py:3006}}
May 15 07:49:11.011109 np0000000819 neutron-periodic-workers[91708]: DEBUG cotyledon.oslo_config_glue [-] ovn.dns_servers = [] {{(pid=91708) log_opt_values /opt/stack/data/venv/lib/python3.12/site-packages/oslo_config/cfg.py:3006}}
May 15 07:49:11.011109 np0000000819 neutron-periodic-workers[91708]: DEBUG cotyledon.oslo_config_glue [-] ovn.enable_distributed_floating_ip = False {{(pid=91708) log_opt_values /opt/stack/data/venv/lib/python3.12/site-packages/oslo_config/cfg.py:3006}}
May 15 07:49:11.011414 np0000000819 neutron-periodic-workers[91708]: DEBUG cotyledon.oslo_config_glue [-] ovn.fdb_age_threshold = 300 {{(pid=91708) log_opt_values /opt/stack/data/venv/lib/python3.12/site-packages/oslo_config/cfg.py:3006}}
May 15 07:49:11.011414 np0000000819 neutron-periodic-workers[91708]: DEBUG cotyledon.oslo_config_glue [-] ovn.ha_failover_strategy = normal {{(pid=91708) log_opt_values /opt/stack/data/venv/lib/python3.12/site-packages/oslo_config/cfg.py:3006}}
May 15 07:49:11.011414 np0000000819 neutron-periodic-workers[91708]: DEBUG cotyledon.oslo_config_glue [-] ovn.live_migration_activation_strategy = rarp {{(pid=91708) log_opt_values /opt/stack/data/venv/lib/python3.12/site-packages/oslo_config/cfg.py:3006}}
May 15 07:49:11.011414 np0000000819 neutron-periodic-workers[91708]: DEBUG cotyledon.oslo_config_glue [-] ovn.localnet_learn_fdb = False {{(pid=91708) log_opt_values /opt/stack/data/venv/lib/python3.12/site-packages/oslo_config/cfg.py:3006}}
May 15 07:49:11.011414 np0000000819 neutron-periodic-workers[91708]: DEBUG cotyledon.oslo_config_glue [-] ovn.mac_binding_age_threshold = 300 {{(pid=91708) log_opt_values /opt/stack/data/venv/lib/python3.12/site-packages/oslo_config/cfg.py:3006}}
May 15 07:49:11.011414 np0000000819 neutron-periodic-workers[91708]: DEBUG cotyledon.oslo_config_glue [-] ovn.neutron_sync_mode = log {{(pid=91708) log_opt_values /opt/stack/data/venv/lib/python3.12/site-packages/oslo_config/cfg.py:3006}}
May 15 07:49:11.011622 np0000000819 neutron-periodic-workers[91708]: DEBUG cotyledon.oslo_config_glue [-] ovn.ovn_dhcp4_global_options = {} {{(pid=91708) log_opt_values /opt/stack/data/venv/lib/python3.12/site-packages/oslo_config/cfg.py:3006}}
May 15 07:49:11.011622 np0000000819 neutron-periodic-workers[91708]: DEBUG cotyledon.oslo_config_glue [-] ovn.ovn_dhcp6_global_options = {} {{(pid=91708) log_opt_values /opt/stack/data/venv/lib/python3.12/site-packages/oslo_config/cfg.py:3006}}
May 15 07:49:11.011622 np0000000819 neutron-periodic-workers[91708]: DEBUG cotyledon.oslo_config_glue [-] ovn.ovn_l3_scheduler = leastloaded {{(pid=91708) log_opt_values /opt/stack/data/venv/lib/python3.12/site-packages/oslo_config/cfg.py:3006}}
May 15 07:49:11.011622 np0000000819 neutron-periodic-workers[91708]: DEBUG cotyledon.oslo_config_glue [-] ovn.ovn_metadata_enabled = True {{(pid=91708) log_opt_values /opt/stack/data/venv/lib/python3.12/site-packages/oslo_config/cfg.py:3006}}
May 15 07:49:11.011795 np0000000819 neutron-periodic-workers[91708]: DEBUG cotyledon.oslo_config_glue [-] ovn.ovn_nb_ca_cert = /opt/stack/data/CA/int-ca/ca-chain.pem {{(pid=91708) log_opt_values /opt/stack/data/venv/lib/python3.12/site-packages/oslo_config/cfg.py:3006}}
May 15 07:49:11.011795 np0000000819 neutron-periodic-workers[91708]: DEBUG cotyledon.oslo_config_glue [-] ovn.ovn_nb_certificate = /opt/stack/data/CA/int-ca/devstack-cert.crt {{(pid=91708) log_opt_values /opt/stack/data/venv/lib/python3.12/site-packages/oslo_config/cfg.py:3006}}
May 15 07:49:11.011795 np0000000819 neutron-periodic-workers[91708]: DEBUG cotyledon.oslo_config_glue [-] ovn.ovn_nb_connection = ['ssl:10.4.3.7:6641'] {{(pid=91708) log_opt_values /opt/stack/data/venv/lib/python3.12/site-packages/oslo_config/cfg.py:3006}}
May 15 07:49:11.011935 np0000000819 neutron-periodic-workers[91708]: DEBUG cotyledon.oslo_config_glue [-] ovn.ovn_nb_private_key = /opt/stack/data/CA/int-ca/private/devstack-cert.key {{(pid=91708) log_opt_values /opt/stack/data/venv/lib/python3.12/site-packages/oslo_config/cfg.py:3006}}
May 15 07:49:11.011935 np0000000819 neutron-periodic-workers[91708]: DEBUG cotyledon.oslo_config_glue [-] ovn.ovn_router_indirect_snat = False {{(pid=91708) log_opt_values /opt/stack/data/venv/lib/python3.12/site-packages/oslo_config/cfg.py:3006}}
May 15 07:49:11.012030 np0000000819 neutron-periodic-workers[91708]: DEBUG cotyledon.oslo_config_glue [-] ovn.ovn_sb_ca_cert = /opt/stack/data/CA/int-ca/ca-chain.pem {{(pid=91708) log_opt_values /opt/stack/data/venv/lib/python3.12/site-packages/oslo_config/cfg.py:3006}}
May 15 07:49:11.012030 np0000000819 neutron-periodic-workers[91708]: DEBUG cotyledon.oslo_config_glue [-] ovn.ovn_sb_certificate = /opt/stack/data/CA/int-ca/devstack-cert.crt {{(pid=91708) log_opt_values /opt/stack/data/venv/lib/python3.12/site-packages/oslo_config/cfg.py:3006}}
May 15 07:49:11.012133 np0000000819 neutron-periodic-workers[91708]: DEBUG cotyledon.oslo_config_glue [-] ovn.ovn_sb_connection = ['ssl:10.4.3.7:6642'] {{(pid=91708) log_opt_values /opt/stack/data/venv/lib/python3.12/site-packages/oslo_config/cfg.py:3006}}
May 15 07:49:11.012133 np0000000819 neutron-periodic-workers[91708]: DEBUG cotyledon.oslo_config_glue [-] ovn.ovn_sb_private_key = /opt/stack/data/CA/int-ca/private/devstack-cert.key {{(pid=91708) log_opt_values /opt/stack/data/venv/lib/python3.12/site-packages/oslo_config/cfg.py:3006}}
May 15 07:49:11.012133 np0000000819 neutron-periodic-workers[91708]: DEBUG cotyledon.oslo_config_glue [-] ovn.ovs_create_tap = False {{(pid=91708) log_opt_values /opt/stack/data/venv/lib/python3.12/site-packages/oslo_config/cfg.py:3006}}
May 15 07:49:11.012224 np0000000819 neutron-periodic-workers[91708]: DEBUG cotyledon.oslo_config_glue [-] ovn.ovsdb_connection_timeout = 180 {{(pid=91708) log_opt_values /opt/stack/data/venv/lib/python3.12/site-packages/oslo_config/cfg.py:3006}}
May 15 07:49:11.012271 np0000000819 neutron-periodic-workers[91708]: DEBUG cotyledon.oslo_config_glue [-] ovn.ovsdb_log_level = INFO {{(pid=91708) log_opt_values /opt/stack/data/venv/lib/python3.12/site-packages/oslo_config/cfg.py:3006}}
May 15 07:49:11.012303 np0000000819 neutron-periodic-workers[91708]: DEBUG cotyledon.oslo_config_glue [-] ovn.ovsdb_probe_interval = 60000 {{(pid=91708) log_opt_values /opt/stack/data/venv/lib/python3.12/site-packages/oslo_config/cfg.py:3006}}
May 15 07:49:11.012700 np0000000819 neutron-periodic-workers[91708]: DEBUG cotyledon.oslo_config_glue [-] ovn.ovsdb_retry_max_interval = 180 {{(pid=91708) log_opt_values /opt/stack/data/venv/lib/python3.12/site-packages/oslo_config/cfg.py:3006}}
May 15 07:49:11.012700 np0000000819 neutron-periodic-workers[91708]: DEBUG cotyledon.oslo_config_glue [-] ovn.stateless_nat_enabled = False {{(pid=91708) log_opt_values /opt/stack/data/venv/lib/python3.12/site-packages/oslo_config/cfg.py:3006}}
May 15 07:49:11.012700 np0000000819 neutron-periodic-workers[91708]: DEBUG cotyledon.oslo_config_glue [-] ovn.vhost_sock_dir = /var/run/openvswitch {{(pid=91708) log_opt_values /opt/stack/data/venv/lib/python3.12/site-packages/oslo_config/cfg.py:3006}}
May 15 07:49:11.012700 np0000000819 neutron-periodic-workers[91708]: DEBUG cotyledon.oslo_config_glue [-] OVS.bridge_mac_table_size = 50000 {{(pid=91708) log_opt_values /opt/stack/data/venv/lib/python3.12/site-packages/oslo_config/cfg.py:3006}}
May 15 07:49:11.012700 np0000000819 neutron-periodic-workers[91708]: DEBUG cotyledon.oslo_config_glue [-] OVS.igmp_flood = False {{(pid=91708) log_opt_values /opt/stack/data/venv/lib/python3.12/site-packages/oslo_config/cfg.py:3006}}
May 15 07:49:11.012700 np0000000819 neutron-periodic-workers[91708]: DEBUG cotyledon.oslo_config_glue [-] OVS.igmp_flood_reports = True {{(pid=91708) log_opt_values /opt/stack/data/venv/lib/python3.12/site-packages/oslo_config/cfg.py:3006}}
May 15 07:49:11.012700 np0000000819 neutron-periodic-workers[91708]: DEBUG cotyledon.oslo_config_glue [-] OVS.igmp_flood_unregistered = False {{(pid=91708) log_opt_values /opt/stack/data/venv/lib/python3.12/site-packages/oslo_config/cfg.py:3006}}
May 15 07:49:11.012925 np0000000819 neutron-periodic-workers[91708]: DEBUG cotyledon.oslo_config_glue [-] OVS.igmp_snooping_enable = False {{(pid=91708) log_opt_values /opt/stack/data/venv/lib/python3.12/site-packages/oslo_config/cfg.py:3006}}
May 15 07:49:11.012925 np0000000819 neutron-periodic-workers[91708]: DEBUG cotyledon.oslo_config_glue [-] OVS.ovsdb_timeout = 10 {{(pid=91708) log_opt_values /opt/stack/data/venv/lib/python3.12/site-packages/oslo_config/cfg.py:3006}}
May 15 07:49:11.012925 np0000000819 neutron-periodic-workers[91708]: DEBUG cotyledon.oslo_config_glue [-] ovn_nb_global.fdb_removal_limit = 0 {{(pid=91708) log_opt_values /opt/stack/data/venv/lib/python3.12/site-packages/oslo_config/cfg.py:3006}}
May 15 07:49:11.012925 np0000000819 neutron-periodic-workers[91708]: DEBUG cotyledon.oslo_config_glue [-] ovn_nb_global.ignore_lsp_down = False {{(pid=91708) log_opt_values /opt/stack/data/venv/lib/python3.12/site-packages/oslo_config/cfg.py:3006}}
May 15 07:49:11.013039 np0000000819 neutron-periodic-workers[91708]: DEBUG cotyledon.oslo_config_glue [-] ovn_nb_global.mac_binding_removal_limit = 0 {{(pid=91708) log_opt_values /opt/stack/data/venv/lib/python3.12/site-packages/oslo_config/cfg.py:3006}}
May 15 07:49:11.013039 np0000000819 neutron-periodic-workers[91708]: DEBUG cotyledon.oslo_config_glue [-] ******************************************************************************** {{(pid=91708) log_opt_values /opt/stack/data/venv/lib/python3.12/site-packages/oslo_config/cfg.py:3013}}
May 15 07:49:11.013198 np0000000819 neutron-periodic-workers[91708]: DEBUG cotyledon._service_worker [-] Run service ServiceWrapper(0) [91708] {{(pid=91708) wait_forever /opt/stack/data/venv/lib/python3.12/site-packages/cotyledon/_service_worker.py:218}}
May 15 07:49:20.669062 np0000000819 neutron-periodic-workers[90684]: DEBUG dbcounter [-] [90684] Writing DB stats neutron:SELECT=4 {{(pid=90684) stat_writer /opt/stack/data/venv/lib/python3.12/site-packages/dbcounter.py:115}}
May 15 07:49:30.019080 np0000000819 neutron-periodic-workers[91708]: DEBUG oslo_db.sqlalchemy.engines [None req-699435a7-dd03-4eba-b973-b0700c86acf9 None None] Parent process 90684 forked (91708) with an open database connection, which is being discarded and recreated. {{(pid=91708) checkout /opt/stack/data/venv/lib/python3.12/site-packages/oslo_db/sqlalchemy/engines.py:402}}
May 15 07:49:30.044981 np0000000819 neutron-periodic-workers[91708]: DEBUG dbcounter [-] [91708] Writer thread running {{(pid=91708) stat_writer /opt/stack/data/venv/lib/python3.12/site-packages/dbcounter.py:102}}
May 15 07:49:30.055711 np0000000819 neutron-periodic-workers[91708]: DEBUG oslo.service.backend._threading.loopingcall [None req-699435a7-dd03-4eba-b973-b0700c86acf9 None None] Fixed interval looping call 'neutron.services.ovn_l3.plugin.L3_NAT_dbonly_mixin._clean_garbage' sleeping for 299.96 seconds {{(pid=91708) _run_loop /opt/stack/data/venv/lib/python3.12/site-packages/oslo_service/backend/_threading/loopingcall.py:125}}
May 15 07:49:40.045480 np0000000819 neutron-periodic-workers[91708]: DEBUG dbcounter [-] [91708] Writing DB stats neutron:SELECT=1 {{(pid=91708) stat_writer /opt/stack/data/venv/lib/python3.12/site-packages/dbcounter.py:115}}
May 15 07:49:51.964644 np0000000819 neutron-periodic-workers[91673]: DEBUG dbcounter [-] [91673] Writer thread running {{(pid=91673) stat_writer /opt/stack/data/venv/lib/python3.12/site-packages/dbcounter.py:102}}
May 15 07:49:51.972430 np0000000819 neutron-periodic-workers[91673]: DEBUG oslo.service.backend._threading.loopingcall [None req-03deb193-39f5-4b65-aaf9-c184365e903d None None] Fixed interval looping call 'neutron.plugins.ml2.plugin.DhcpAgentSchedulerDbMixin.remove_networks_from_down_agents' sleeping for 36.98 seconds {{(pid=91673) _run_loop /opt/stack/data/venv/lib/python3.12/site-packages/oslo_service/backend/_threading/loopingcall.py:125}}
May 15 07:50:01.971415 np0000000819 neutron-periodic-workers[91673]: DEBUG dbcounter [-] [91673] Writing DB stats neutron:SELECT=3 {{(pid=91673) stat_writer /opt/stack/data/venv/lib/python3.12/site-packages/dbcounter.py:115}}
May 15 07:50:24.976603 np0000000819 neutron-periodic-workers[91678]: DEBUG dbcounter [-] [91678] Writer thread running {{(pid=91678) stat_writer /opt/stack/data/venv/lib/python3.12/site-packages/dbcounter.py:102}}
May 15 07:50:24.980010 np0000000819 neutron-periodic-workers[91678]: DEBUG neutron.db.agents_db [None req-cae2f50a-44f6-4d00-932e-6eb1d91eff9b None None] Agent healthcheck: found 0 active agents {{(pid=91678) agent_health_check /opt/stack/neutron/neutron/db/agents_db.py:322}}
May 15 07:50:24.980261 np0000000819 neutron-periodic-workers[91678]: DEBUG oslo.service.backend._threading.loopingcall [None req-cae2f50a-44f6-4d00-932e-6eb1d91eff9b None None] Fixed interval looping call 'neutron.plugins.ml2.plugin.AgentDbMixin.agent_health_check' sleeping for 36.98 seconds {{(pid=91678) _run_loop /opt/stack/data/venv/lib/python3.12/site-packages/oslo_service/backend/_threading/loopingcall.py:125}}
May 15 07:50:28.958886 np0000000819 neutron-periodic-workers[91673]: DEBUG oslo.service.backend._threading.loopingcall [None req-03deb193-39f5-4b65-aaf9-c184365e903d None None] Fixed interval looping call 'neutron.plugins.ml2.plugin.DhcpAgentSchedulerDbMixin.remove_networks_from_down_agents' sleeping for 36.99 seconds {{(pid=91673) _run_loop /opt/stack/data/venv/lib/python3.12/site-packages/oslo_service/backend/_threading/loopingcall.py:125}}
May 15 07:50:38.957986 np0000000819 neutron-periodic-workers[91673]: DEBUG dbcounter [-] [91673] Writing DB stats neutron:SELECT=3 {{(pid=91673) stat_writer /opt/stack/data/venv/lib/python3.12/site-packages/dbcounter.py:115}}
May 15 07:50:44.977049 np0000000819 neutron-periodic-workers[91678]: DEBUG dbcounter [-] [91678] Writing DB stats neutron:SELECT=1 {{(pid=91678) stat_writer /opt/stack/data/venv/lib/python3.12/site-packages/dbcounter.py:115}}
May 15 07:51:01.963907 np0000000819 neutron-periodic-workers[91678]: DEBUG neutron.db.agents_db [None req-cae2f50a-44f6-4d00-932e-6eb1d91eff9b None None] Agent healthcheck: found 0 active agents {{(pid=91678) agent_health_check /opt/stack/neutron/neutron/db/agents_db.py:322}}
May 15 07:51:01.964375 np0000000819 neutron-periodic-workers[91678]: DEBUG oslo.service.backend._threading.loopingcall [None req-cae2f50a-44f6-4d00-932e-6eb1d91eff9b None None] Fixed interval looping call 'neutron.plugins.ml2.plugin.AgentDbMixin.agent_health_check' sleeping for 37.00 seconds {{(pid=91678) _run_loop /opt/stack/data/venv/lib/python3.12/site-packages/oslo_service/backend/_threading/loopingcall.py:125}}
May 15 07:51:05.954693 np0000000819 neutron-periodic-workers[91673]: DEBUG oslo.service.backend._threading.loopingcall [None req-03deb193-39f5-4b65-aaf9-c184365e903d None None] Fixed interval looping call 'neutron.plugins.ml2.plugin.DhcpAgentSchedulerDbMixin.remove_networks_from_down_agents' sleeping for 36.99 seconds {{(pid=91673) _run_loop /opt/stack/data/venv/lib/python3.12/site-packages/oslo_service/backend/_threading/loopingcall.py:125}}
May 15 07:51:11.012143 np0000000819 neutron-periodic-workers[91698]: DEBUG dbcounter [-] [91698] Writer thread running {{(pid=91698) stat_writer /opt/stack/data/venv/lib/python3.12/site-packages/dbcounter.py:102}}
May 15 07:51:11.013678 np0000000819 neutron-periodic-workers[91698]: DEBUG oslo.service.backend._threading.loopingcall [None req-6b8be7fb-f84f-4ae2-be69-21aa0e133eea None None] Fixed interval looping call 'neutron.db.quota.driver_nolock.DbQuotaNoLockDriver._remove_expired_reservations' sleeping for 119.99 seconds {{(pid=91698) _run_loop /opt/stack/data/venv/lib/python3.12/site-packages/oslo_service/backend/_threading/loopingcall.py:125}}
May 15 07:51:11.963048 np0000000819 neutron-periodic-workers[91678]: DEBUG dbcounter [-] [91678] Writing DB stats neutron:SELECT=1 {{(pid=91678) stat_writer /opt/stack/data/venv/lib/python3.12/site-packages/dbcounter.py:115}}
May 15 07:51:15.953927 np0000000819 neutron-periodic-workers[91673]: DEBUG dbcounter [-] [91673] Writing DB stats neutron:SELECT=3 {{(pid=91673) stat_writer /opt/stack/data/venv/lib/python3.12/site-packages/dbcounter.py:115}}
May 15 07:51:21.012570 np0000000819 neutron-periodic-workers[91698]: DEBUG dbcounter [-] [91698] Writing DB stats neutron:DELETE=1 {{(pid=91698) stat_writer /opt/stack/data/venv/lib/python3.12/site-packages/dbcounter.py:115}}
May 15 07:51:38.967087 np0000000819 neutron-periodic-workers[91678]: DEBUG neutron.db.agents_db [None req-cae2f50a-44f6-4d00-932e-6eb1d91eff9b None None] Agent healthcheck: found 0 active agents {{(pid=91678) agent_health_check /opt/stack/neutron/neutron/db/agents_db.py:322}}
May 15 07:51:38.967588 np0000000819 neutron-periodic-workers[91678]: DEBUG oslo.service.backend._threading.loopingcall [None req-cae2f50a-44f6-4d00-932e-6eb1d91eff9b None None] Fixed interval looping call 'neutron.plugins.ml2.plugin.AgentDbMixin.agent_health_check' sleeping for 37.00 seconds {{(pid=91678) _run_loop /opt/stack/data/venv/lib/python3.12/site-packages/oslo_service/backend/_threading/loopingcall.py:125}}
May 15 07:51:42.950853 np0000000819 neutron-periodic-workers[91673]: DEBUG oslo.service.backend._threading.loopingcall [None req-03deb193-39f5-4b65-aaf9-c184365e903d None None] Fixed interval looping call 'neutron.plugins.ml2.plugin.DhcpAgentSchedulerDbMixin.remove_networks_from_down_agents' sleeping for 36.99 seconds {{(pid=91673) _run_loop /opt/stack/data/venv/lib/python3.12/site-packages/oslo_service/backend/_threading/loopingcall.py:125}}
May 15 07:51:48.966126 np0000000819 neutron-periodic-workers[91678]: DEBUG dbcounter [-] [91678] Writing DB stats neutron:SELECT=1 {{(pid=91678) stat_writer /opt/stack/data/venv/lib/python3.12/site-packages/dbcounter.py:115}}
May 15 07:51:52.949928 np0000000819 neutron-periodic-workers[91673]: DEBUG dbcounter [-] [91673] Writing DB stats neutron:SELECT=3 {{(pid=91673) stat_writer /opt/stack/data/venv/lib/python3.12/site-packages/dbcounter.py:115}}
May 15 07:52:15.972843 np0000000819 neutron-periodic-workers[91678]: DEBUG neutron.db.agents_db [None req-cae2f50a-44f6-4d00-932e-6eb1d91eff9b None None] Agent healthcheck: found 0 active agents {{(pid=91678) agent_health_check /opt/stack/neutron/neutron/db/agents_db.py:322}}
May 15 07:52:15.973289 np0000000819 neutron-periodic-workers[91678]: DEBUG oslo.service.backend._threading.loopingcall [None req-cae2f50a-44f6-4d00-932e-6eb1d91eff9b None None] Fixed interval looping call 'neutron.plugins.ml2.plugin.AgentDbMixin.agent_health_check' sleeping for 36.99 seconds {{(pid=91678) _run_loop /opt/stack/data/venv/lib/python3.12/site-packages/oslo_service/backend/_threading/loopingcall.py:125}}
May 15 07:52:19.949401 np0000000819 neutron-periodic-workers[91673]: DEBUG oslo.service.backend._threading.loopingcall [None req-03deb193-39f5-4b65-aaf9-c184365e903d None None] Fixed interval looping call 'neutron.plugins.ml2.plugin.DhcpAgentSchedulerDbMixin.remove_networks_from_down_agents' sleeping for 36.99 seconds {{(pid=91673) _run_loop /opt/stack/data/venv/lib/python3.12/site-packages/oslo_service/backend/_threading/loopingcall.py:125}}
May 15 07:52:25.970742 np0000000819 neutron-periodic-workers[91678]: DEBUG dbcounter [-] [91678] Writing DB stats neutron:SELECT=1 {{(pid=91678) stat_writer /opt/stack/data/venv/lib/python3.12/site-packages/dbcounter.py:115}}
May 15 07:52:29.950194 np0000000819 neutron-periodic-workers[91673]: DEBUG dbcounter [-] [91673] Writing DB stats neutron:SELECT=3 {{(pid=91673) stat_writer /opt/stack/data/venv/lib/python3.12/site-packages/dbcounter.py:115}}
May 15 07:52:52.969469 np0000000819 neutron-periodic-workers[91678]: DEBUG neutron.db.agents_db [None req-cae2f50a-44f6-4d00-932e-6eb1d91eff9b None None] Agent healthcheck: found 0 active agents {{(pid=91678) agent_health_check /opt/stack/neutron/neutron/db/agents_db.py:322}}
May 15 07:52:52.969886 np0000000819 neutron-periodic-workers[91678]: DEBUG oslo.service.backend._threading.loopingcall [None req-cae2f50a-44f6-4d00-932e-6eb1d91eff9b None None] Fixed interval looping call 'neutron.plugins.ml2.plugin.AgentDbMixin.agent_health_check' sleeping for 36.99 seconds {{(pid=91678) _run_loop /opt/stack/data/venv/lib/python3.12/site-packages/oslo_service/backend/_threading/loopingcall.py:125}}
May 15 07:52:56.954206 np0000000819 neutron-periodic-workers[91673]: DEBUG oslo.service.backend._threading.loopingcall [None req-03deb193-39f5-4b65-aaf9-c184365e903d None None] Fixed interval looping call 'neutron.plugins.ml2.plugin.DhcpAgentSchedulerDbMixin.remove_networks_from_down_agents' sleeping for 36.99 seconds {{(pid=91673) _run_loop /opt/stack/data/venv/lib/python3.12/site-packages/oslo_service/backend/_threading/loopingcall.py:125}}
May 15 07:53:02.968603 np0000000819 neutron-periodic-workers[91678]: DEBUG dbcounter [-] [91678] Writing DB stats neutron:SELECT=1 {{(pid=91678) stat_writer /opt/stack/data/venv/lib/python3.12/site-packages/dbcounter.py:115}}
May 15 07:53:06.951571 np0000000819 neutron-periodic-workers[91673]: DEBUG dbcounter [-] [91673] Writing DB stats neutron:SELECT=3 {{(pid=91673) stat_writer /opt/stack/data/venv/lib/python3.12/site-packages/dbcounter.py:115}}
May 15 07:53:11.011180 np0000000819 neutron-periodic-workers[91698]: DEBUG oslo.service.backend._threading.loopingcall [None req-6b8be7fb-f84f-4ae2-be69-21aa0e133eea None None] Fixed interval looping call 'neutron.db.quota.driver_nolock.DbQuotaNoLockDriver._remove_expired_reservations' sleeping for 119.99 seconds {{(pid=91698) _run_loop /opt/stack/data/venv/lib/python3.12/site-packages/oslo_service/backend/_threading/loopingcall.py:125}}
May 15 07:53:21.008845 np0000000819 neutron-periodic-workers[91698]: DEBUG dbcounter [-] [91698] Writing DB stats neutron:DELETE=1 {{(pid=91698) stat_writer /opt/stack/data/venv/lib/python3.12/site-packages/dbcounter.py:115}}
May 15 07:53:29.964377 np0000000819 neutron-periodic-workers[91678]: DEBUG neutron.db.agents_db [None req-cae2f50a-44f6-4d00-932e-6eb1d91eff9b None None] Agent healthcheck: found 0 active agents {{(pid=91678) agent_health_check /opt/stack/neutron/neutron/db/agents_db.py:322}}
May 15 07:53:29.964978 np0000000819 neutron-periodic-workers[91678]: DEBUG oslo.service.backend._threading.loopingcall [None req-cae2f50a-44f6-4d00-932e-6eb1d91eff9b None None] Fixed interval looping call 'neutron.plugins.ml2.plugin.AgentDbMixin.agent_health_check' sleeping for 36.99 seconds {{(pid=91678) _run_loop /opt/stack/data/venv/lib/python3.12/site-packages/oslo_service/backend/_threading/loopingcall.py:125}}
May 15 07:53:33.962775 np0000000819 neutron-periodic-workers[91673]: DEBUG oslo.service.backend._threading.loopingcall [None req-03deb193-39f5-4b65-aaf9-c184365e903d None None] Fixed interval looping call 'neutron.plugins.ml2.plugin.DhcpAgentSchedulerDbMixin.remove_networks_from_down_agents' sleeping for 36.98 seconds {{(pid=91673) _run_loop /opt/stack/data/venv/lib/python3.12/site-packages/oslo_service/backend/_threading/loopingcall.py:125}}
May 15 07:53:39.963506 np0000000819 neutron-periodic-workers[91678]: DEBUG dbcounter [-] [91678] Writing DB stats neutron:SELECT=1 {{(pid=91678) stat_writer /opt/stack/data/venv/lib/python3.12/site-packages/dbcounter.py:115}}
May 15 07:53:43.959475 np0000000819 neutron-periodic-workers[91673]: DEBUG dbcounter [-] [91673] Writing DB stats neutron:SELECT=3 {{(pid=91673) stat_writer /opt/stack/data/venv/lib/python3.12/site-packages/dbcounter.py:115}}
May 15 07:54:06.964446 np0000000819 neutron-periodic-workers[91678]: DEBUG neutron.db.agents_db [None req-cae2f50a-44f6-4d00-932e-6eb1d91eff9b None None] Agent healthcheck: found 0 active agents {{(pid=91678) agent_health_check /opt/stack/neutron/neutron/db/agents_db.py:322}}
May 15 07:54:06.964901 np0000000819 neutron-periodic-workers[91678]: DEBUG oslo.service.backend._threading.loopingcall [None req-cae2f50a-44f6-4d00-932e-6eb1d91eff9b None None] Fixed interval looping call 'neutron.plugins.ml2.plugin.AgentDbMixin.agent_health_check' sleeping for 36.99 seconds {{(pid=91678) _run_loop /opt/stack/data/venv/lib/python3.12/site-packages/oslo_service/backend/_threading/loopingcall.py:125}}
May 15 07:54:10.949633 np0000000819 neutron-periodic-workers[91673]: DEBUG oslo.service.backend._threading.loopingcall [None req-03deb193-39f5-4b65-aaf9-c184365e903d None None] Fixed interval looping call 'neutron.plugins.ml2.plugin.DhcpAgentSchedulerDbMixin.remove_networks_from_down_agents' sleeping for 36.99 seconds {{(pid=91673) _run_loop /opt/stack/data/venv/lib/python3.12/site-packages/oslo_service/backend/_threading/loopingcall.py:125}}
May 15 07:54:16.960513 np0000000819 neutron-periodic-workers[91678]: DEBUG dbcounter [-] [91678] Writing DB stats neutron:SELECT=1 {{(pid=91678) stat_writer /opt/stack/data/venv/lib/python3.12/site-packages/dbcounter.py:115}}
May 15 07:54:20.949832 np0000000819 neutron-periodic-workers[91673]: DEBUG dbcounter [-] [91673] Writing DB stats neutron:SELECT=3 {{(pid=91673) stat_writer /opt/stack/data/venv/lib/python3.12/site-packages/dbcounter.py:115}}
May 15 07:54:30.036535 np0000000819 neutron-periodic-workers[91708]: DEBUG oslo.service.backend._threading.loopingcall [None req-699435a7-dd03-4eba-b973-b0700c86acf9 None None] Fixed interval looping call 'neutron.services.ovn_l3.plugin.L3_NAT_dbonly_mixin._clean_garbage' sleeping for 299.98 seconds {{(pid=91708) _run_loop /opt/stack/data/venv/lib/python3.12/site-packages/oslo_service/backend/_threading/loopingcall.py:125}}
May 15 07:54:40.020127 np0000000819 neutron-periodic-workers[91708]: DEBUG dbcounter [-] [91708] Writing DB stats neutron:SELECT=1 {{(pid=91708) stat_writer /opt/stack/data/venv/lib/python3.12/site-packages/dbcounter.py:115}}
May 15 07:54:43.964312 np0000000819 neutron-periodic-workers[91678]: DEBUG neutron.db.agents_db [None req-cae2f50a-44f6-4d00-932e-6eb1d91eff9b None None] Agent healthcheck: found 0 active agents {{(pid=91678) agent_health_check /opt/stack/neutron/neutron/db/agents_db.py:322}}
May 15 07:54:43.964312 np0000000819 neutron-periodic-workers[91678]: DEBUG oslo.service.backend._threading.loopingcall [None req-cae2f50a-44f6-4d00-932e-6eb1d91eff9b None None] Fixed interval looping call 'neutron.plugins.ml2.plugin.AgentDbMixin.agent_health_check' sleeping for 36.99 seconds {{(pid=91678) _run_loop /opt/stack/data/venv/lib/python3.12/site-packages/oslo_service/backend/_threading/loopingcall.py:125}}
May 15 07:54:47.952246 np0000000819 neutron-periodic-workers[91673]: DEBUG oslo.service.backend._threading.loopingcall [None req-03deb193-39f5-4b65-aaf9-c184365e903d None None] Fixed interval looping call 'neutron.plugins.ml2.plugin.DhcpAgentSchedulerDbMixin.remove_networks_from_down_agents' sleeping for 36.99 seconds {{(pid=91673) _run_loop /opt/stack/data/venv/lib/python3.12/site-packages/oslo_service/backend/_threading/loopingcall.py:125}}
May 15 07:54:53.959329 np0000000819 neutron-periodic-workers[91678]: DEBUG dbcounter [-] [91678] Writing DB stats neutron:SELECT=1 {{(pid=91678) stat_writer /opt/stack/data/venv/lib/python3.12/site-packages/dbcounter.py:115}}
May 15 07:54:57.952156 np0000000819 neutron-periodic-workers[91673]: DEBUG dbcounter [-] [91673] Writing DB stats neutron:SELECT=3 {{(pid=91673) stat_writer /opt/stack/data/venv/lib/python3.12/site-packages/dbcounter.py:115}}
May 15 07:55:11.009892 np0000000819 neutron-periodic-workers[91698]: DEBUG oslo.service.backend._threading.loopingcall [None req-6b8be7fb-f84f-4ae2-be69-21aa0e133eea None None] Fixed interval looping call 'neutron.db.quota.driver_nolock.DbQuotaNoLockDriver._remove_expired_reservations' sleeping for 119.99 seconds {{(pid=91698) _run_loop /opt/stack/data/venv/lib/python3.12/site-packages/oslo_service/backend/_threading/loopingcall.py:125}}
May 15 07:55:20.956368 np0000000819 neutron-periodic-workers[91678]: DEBUG neutron.db.agents_db [None req-cae2f50a-44f6-4d00-932e-6eb1d91eff9b None None] Agent healthcheck: found 0 active agents {{(pid=91678) agent_health_check /opt/stack/neutron/neutron/db/agents_db.py:322}}
May 15 07:55:20.956872 np0000000819 neutron-periodic-workers[91678]: DEBUG oslo.service.backend._threading.loopingcall [None req-cae2f50a-44f6-4d00-932e-6eb1d91eff9b None None] Fixed interval looping call 'neutron.plugins.ml2.plugin.AgentDbMixin.agent_health_check' sleeping for 37.00 seconds {{(pid=91678) _run_loop /opt/stack/data/venv/lib/python3.12/site-packages/oslo_service/backend/_threading/loopingcall.py:125}}
May 15 07:55:21.005998 np0000000819 neutron-periodic-workers[91698]: DEBUG dbcounter [-] [91698] Writing DB stats neutron:DELETE=1 {{(pid=91698) stat_writer /opt/stack/data/venv/lib/python3.12/site-packages/dbcounter.py:115}}
May 15 07:55:24.952064 np0000000819 neutron-periodic-workers[91673]: DEBUG oslo.service.backend._threading.loopingcall [None req-03deb193-39f5-4b65-aaf9-c184365e903d None None] Fixed interval looping call 'neutron.plugins.ml2.plugin.DhcpAgentSchedulerDbMixin.remove_networks_from_down_agents' sleeping for 36.99 seconds {{(pid=91673) _run_loop /opt/stack/data/venv/lib/python3.12/site-packages/oslo_service/backend/_threading/loopingcall.py:125}}
May 15 07:55:30.955640 np0000000819 neutron-periodic-workers[91678]: DEBUG dbcounter [-] [91678] Writing DB stats neutron:SELECT=1 {{(pid=91678) stat_writer /opt/stack/data/venv/lib/python3.12/site-packages/dbcounter.py:115}}
May 15 07:55:34.951677 np0000000819 neutron-periodic-workers[91673]: DEBUG dbcounter [-] [91673] Writing DB stats neutron:SELECT=3 {{(pid=91673) stat_writer /opt/stack/data/venv/lib/python3.12/site-packages/dbcounter.py:115}}
May 15 07:55:57.961160 np0000000819 neutron-periodic-workers[91678]: DEBUG neutron.db.agents_db [None req-cae2f50a-44f6-4d00-932e-6eb1d91eff9b None None] Agent healthcheck: found 0 active agents {{(pid=91678) agent_health_check /opt/stack/neutron/neutron/db/agents_db.py:322}}
May 15 07:55:57.961160 np0000000819 neutron-periodic-workers[91678]: DEBUG oslo.service.backend._threading.loopingcall [None req-cae2f50a-44f6-4d00-932e-6eb1d91eff9b None None] Fixed interval looping call 'neutron.plugins.ml2.plugin.AgentDbMixin.agent_health_check' sleeping for 37.00 seconds {{(pid=91678) _run_loop /opt/stack/data/venv/lib/python3.12/site-packages/oslo_service/backend/_threading/loopingcall.py:125}}
May 15 07:56:01.958672 np0000000819 neutron-periodic-workers[91673]: DEBUG oslo.service.backend._threading.loopingcall [None req-03deb193-39f5-4b65-aaf9-c184365e903d None None] Fixed interval looping call 'neutron.plugins.ml2.plugin.DhcpAgentSchedulerDbMixin.remove_networks_from_down_agents' sleeping for 36.98 seconds {{(pid=91673) _run_loop /opt/stack/data/venv/lib/python3.12/site-packages/oslo_service/backend/_threading/loopingcall.py:125}}
May 15 07:56:07.961499 np0000000819 neutron-periodic-workers[91678]: DEBUG dbcounter [-] [91678] Writing DB stats neutron:SELECT=1 {{(pid=91678) stat_writer /opt/stack/data/venv/lib/python3.12/site-packages/dbcounter.py:115}}
May 15 07:56:11.956062 np0000000819 neutron-periodic-workers[91673]: DEBUG dbcounter [-] [91673] Writing DB stats neutron:SELECT=3 {{(pid=91673) stat_writer /opt/stack/data/venv/lib/python3.12/site-packages/dbcounter.py:115}}
May 15 07:56:34.971689 np0000000819 neutron-periodic-workers[91678]: DEBUG neutron.db.agents_db [None req-cae2f50a-44f6-4d00-932e-6eb1d91eff9b None None] Agent healthcheck: found 0 active agents {{(pid=91678) agent_health_check /opt/stack/neutron/neutron/db/agents_db.py:322}}
May 15 07:56:34.972103 np0000000819 neutron-periodic-workers[91678]: DEBUG oslo.service.backend._threading.loopingcall [None req-cae2f50a-44f6-4d00-932e-6eb1d91eff9b None None] Fixed interval looping call 'neutron.plugins.ml2.plugin.AgentDbMixin.agent_health_check' sleeping for 36.99 seconds {{(pid=91678) _run_loop /opt/stack/data/venv/lib/python3.12/site-packages/oslo_service/backend/_threading/loopingcall.py:125}}
May 15 07:56:38.952561 np0000000819 neutron-periodic-workers[91673]: DEBUG oslo.service.backend._threading.loopingcall [None req-03deb193-39f5-4b65-aaf9-c184365e903d None None] Fixed interval looping call 'neutron.plugins.ml2.plugin.DhcpAgentSchedulerDbMixin.remove_networks_from_down_agents' sleeping for 36.99 seconds {{(pid=91673) _run_loop /opt/stack/data/venv/lib/python3.12/site-packages/oslo_service/backend/_threading/loopingcall.py:125}}
May 15 07:56:44.970640 np0000000819 neutron-periodic-workers[91678]: DEBUG dbcounter [-] [91678] Writing DB stats neutron:SELECT=1 {{(pid=91678) stat_writer /opt/stack/data/venv/lib/python3.12/site-packages/dbcounter.py:115}}
May 15 07:56:48.950496 np0000000819 neutron-periodic-workers[91673]: DEBUG dbcounter [-] [91673] Writing DB stats neutron:SELECT=3 {{(pid=91673) stat_writer /opt/stack/data/venv/lib/python3.12/site-packages/dbcounter.py:115}}
May 15 07:57:11.002088 np0000000819 neutron-periodic-workers[91698]: DEBUG oslo.service.backend._threading.loopingcall [None req-6b8be7fb-f84f-4ae2-be69-21aa0e133eea None None] Fixed interval looping call 'neutron.db.quota.driver_nolock.DbQuotaNoLockDriver._remove_expired_reservations' sleeping for 120.00 seconds {{(pid=91698) _run_loop /opt/stack/data/venv/lib/python3.12/site-packages/oslo_service/backend/_threading/loopingcall.py:125}}
May 15 07:57:11.966406 np0000000819 neutron-periodic-workers[91678]: DEBUG neutron.db.agents_db [None req-cae2f50a-44f6-4d00-932e-6eb1d91eff9b None None] Agent healthcheck: found 0 active agents {{(pid=91678) agent_health_check /opt/stack/neutron/neutron/db/agents_db.py:322}}
May 15 07:57:11.966805 np0000000819 neutron-periodic-workers[91678]: DEBUG oslo.service.backend._threading.loopingcall [None req-cae2f50a-44f6-4d00-932e-6eb1d91eff9b None None] Fixed interval looping call 'neutron.plugins.ml2.plugin.AgentDbMixin.agent_health_check' sleeping for 37.00 seconds {{(pid=91678) _run_loop /opt/stack/data/venv/lib/python3.12/site-packages/oslo_service/backend/_threading/loopingcall.py:125}}
May 15 07:57:15.949869 np0000000819 neutron-periodic-workers[91673]: DEBUG oslo.service.backend._threading.loopingcall [None req-03deb193-39f5-4b65-aaf9-c184365e903d None None] Fixed interval looping call 'neutron.plugins.ml2.plugin.DhcpAgentSchedulerDbMixin.remove_networks_from_down_agents' sleeping for 36.99 seconds {{(pid=91673) _run_loop /opt/stack/data/venv/lib/python3.12/site-packages/oslo_service/backend/_threading/loopingcall.py:125}}
May 15 07:57:21.001416 np0000000819 neutron-periodic-workers[91698]: DEBUG dbcounter [-] [91698] Writing DB stats neutron:DELETE=1 {{(pid=91698) stat_writer /opt/stack/data/venv/lib/python3.12/site-packages/dbcounter.py:115}}
May 15 07:57:21.964930 np0000000819 neutron-periodic-workers[91678]: DEBUG dbcounter [-] [91678] Writing DB stats neutron:SELECT=1 {{(pid=91678) stat_writer /opt/stack/data/venv/lib/python3.12/site-packages/dbcounter.py:115}}
May 15 07:57:25.949798 np0000000819 neutron-periodic-workers[91673]: DEBUG dbcounter [-] [91673] Writing DB stats neutron:SELECT=3 {{(pid=91673) stat_writer /opt/stack/data/venv/lib/python3.12/site-packages/dbcounter.py:115}}
May 15 07:57:48.970626 np0000000819 neutron-periodic-workers[91678]: DEBUG neutron.db.agents_db [None req-cae2f50a-44f6-4d00-932e-6eb1d91eff9b None None] Agent healthcheck: found 0 active agents {{(pid=91678) agent_health_check /opt/stack/neutron/neutron/db/agents_db.py:322}}
May 15 07:57:48.970970 np0000000819 neutron-periodic-workers[91678]: DEBUG oslo.service.backend._threading.loopingcall [None req-cae2f50a-44f6-4d00-932e-6eb1d91eff9b None None] Fixed interval looping call 'neutron.plugins.ml2.plugin.AgentDbMixin.agent_health_check' sleeping for 37.00 seconds {{(pid=91678) _run_loop /opt/stack/data/venv/lib/python3.12/site-packages/oslo_service/backend/_threading/loopingcall.py:125}}
May 15 07:57:52.945406 np0000000819 neutron-periodic-workers[91673]: DEBUG oslo.service.backend._threading.loopingcall [None req-03deb193-39f5-4b65-aaf9-c184365e903d None None] Fixed interval looping call 'neutron.plugins.ml2.plugin.DhcpAgentSchedulerDbMixin.remove_networks_from_down_agents' sleeping for 36.99 seconds {{(pid=91673) _run_loop /opt/stack/data/venv/lib/python3.12/site-packages/oslo_service/backend/_threading/loopingcall.py:125}}
May 15 07:57:58.969767 np0000000819 neutron-periodic-workers[91678]: DEBUG dbcounter [-] [91678] Writing DB stats neutron:SELECT=1 {{(pid=91678) stat_writer /opt/stack/data/venv/lib/python3.12/site-packages/dbcounter.py:115}}
May 15 07:58:02.944620 np0000000819 neutron-periodic-workers[91673]: DEBUG dbcounter [-] [91673] Writing DB stats neutron:SELECT=3 {{(pid=91673) stat_writer /opt/stack/data/venv/lib/python3.12/site-packages/dbcounter.py:115}}
May 15 07:58:25.975558 np0000000819 neutron-periodic-workers[91678]: DEBUG neutron.db.agents_db [None req-cae2f50a-44f6-4d00-932e-6eb1d91eff9b None None] Agent healthcheck: found 0 active agents {{(pid=91678) agent_health_check /opt/stack/neutron/neutron/db/agents_db.py:322}}
May 15 07:58:25.975990 np0000000819 neutron-periodic-workers[91678]: DEBUG oslo.service.backend._threading.loopingcall [None req-cae2f50a-44f6-4d00-932e-6eb1d91eff9b None None] Fixed interval looping call 'neutron.plugins.ml2.plugin.AgentDbMixin.agent_health_check' sleeping for 37.00 seconds {{(pid=91678) _run_loop /opt/stack/data/venv/lib/python3.12/site-packages/oslo_service/backend/_threading/loopingcall.py:125}}
May 15 07:58:29.942506 np0000000819 neutron-periodic-workers[91673]: DEBUG oslo.service.backend._threading.loopingcall [None req-03deb193-39f5-4b65-aaf9-c184365e903d None None] Fixed interval looping call 'neutron.plugins.ml2.plugin.DhcpAgentSchedulerDbMixin.remove_networks_from_down_agents' sleeping for 36.99 seconds {{(pid=91673) _run_loop /opt/stack/data/venv/lib/python3.12/site-packages/oslo_service/backend/_threading/loopingcall.py:125}}
May 15 07:58:35.974538 np0000000819 neutron-periodic-workers[91678]: DEBUG dbcounter [-] [91678] Writing DB stats neutron:SELECT=1 {{(pid=91678) stat_writer /opt/stack/data/venv/lib/python3.12/site-packages/dbcounter.py:115}}
May 15 07:58:39.941692 np0000000819 neutron-periodic-workers[91673]: DEBUG dbcounter [-] [91673] Writing DB stats neutron:SELECT=3 {{(pid=91673) stat_writer /opt/stack/data/venv/lib/python3.12/site-packages/dbcounter.py:115}}
May 15 07:59:02.978966 np0000000819 neutron-periodic-workers[91678]: DEBUG neutron.db.agents_db [None req-cae2f50a-44f6-4d00-932e-6eb1d91eff9b None None] Agent healthcheck: found 0 active agents {{(pid=91678) agent_health_check /opt/stack/neutron/neutron/db/agents_db.py:322}}
May 15 07:59:02.978966 np0000000819 neutron-periodic-workers[91678]: DEBUG oslo.service.backend._threading.loopingcall [None req-cae2f50a-44f6-4d00-932e-6eb1d91eff9b None None] Fixed interval looping call 'neutron.plugins.ml2.plugin.AgentDbMixin.agent_health_check' sleeping for 37.00 seconds {{(pid=91678) _run_loop /opt/stack/data/venv/lib/python3.12/site-packages/oslo_service/backend/_threading/loopingcall.py:125}}
May 15 07:59:06.939348 np0000000819 neutron-periodic-workers[91673]: DEBUG oslo.service.backend._threading.loopingcall [None req-03deb193-39f5-4b65-aaf9-c184365e903d None None] Fixed interval looping call 'neutron.plugins.ml2.plugin.DhcpAgentSchedulerDbMixin.remove_networks_from_down_agents' sleeping for 36.99 seconds {{(pid=91673) _run_loop /opt/stack/data/venv/lib/python3.12/site-packages/oslo_service/backend/_threading/loopingcall.py:125}}
May 15 07:59:11.005428 np0000000819 neutron-periodic-workers[91698]: DEBUG oslo.service.backend._threading.loopingcall [None req-6b8be7fb-f84f-4ae2-be69-21aa0e133eea None None] Fixed interval looping call 'neutron.db.quota.driver_nolock.DbQuotaNoLockDriver._remove_expired_reservations' sleeping for 120.00 seconds {{(pid=91698) _run_loop /opt/stack/data/venv/lib/python3.12/site-packages/oslo_service/backend/_threading/loopingcall.py:125}}
May 15 07:59:12.977970 np0000000819 neutron-periodic-workers[91678]: DEBUG dbcounter [-] [91678] Writing DB stats neutron:SELECT=1 {{(pid=91678) stat_writer /opt/stack/data/venv/lib/python3.12/site-packages/dbcounter.py:115}}
May 15 07:59:16.938246 np0000000819 neutron-periodic-workers[91673]: DEBUG dbcounter [-] [91673] Writing DB stats neutron:SELECT=3 {{(pid=91673) stat_writer /opt/stack/data/venv/lib/python3.12/site-packages/dbcounter.py:115}}
May 15 07:59:21.005012 np0000000819 neutron-periodic-workers[91698]: DEBUG dbcounter [-] [91698] Writing DB stats neutron:DELETE=1 {{(pid=91698) stat_writer /opt/stack/data/venv/lib/python3.12/site-packages/dbcounter.py:115}}
May 15 07:59:30.023649 np0000000819 neutron-periodic-workers[91708]: DEBUG oslo.service.backend._threading.loopingcall [None req-699435a7-dd03-4eba-b973-b0700c86acf9 None None] Fixed interval looping call 'neutron.services.ovn_l3.plugin.L3_NAT_dbonly_mixin._clean_garbage' sleeping for 299.99 seconds {{(pid=91708) _run_loop /opt/stack/data/venv/lib/python3.12/site-packages/oslo_service/backend/_threading/loopingcall.py:125}}
May 15 07:59:39.983568 np0000000819 neutron-periodic-workers[91678]: DEBUG neutron.db.agents_db [None req-cae2f50a-44f6-4d00-932e-6eb1d91eff9b None None] Agent healthcheck: found 0 active agents {{(pid=91678) agent_health_check /opt/stack/neutron/neutron/db/agents_db.py:322}}
May 15 07:59:39.983966 np0000000819 neutron-periodic-workers[91678]: DEBUG oslo.service.backend._threading.loopingcall [None req-cae2f50a-44f6-4d00-932e-6eb1d91eff9b None None] Fixed interval looping call 'neutron.plugins.ml2.plugin.AgentDbMixin.agent_health_check' sleeping for 37.00 seconds {{(pid=91678) _run_loop /opt/stack/data/venv/lib/python3.12/site-packages/oslo_service/backend/_threading/loopingcall.py:125}}
May 15 07:59:40.018902 np0000000819 neutron-periodic-workers[91708]: DEBUG dbcounter [-] [91708] Writing DB stats neutron:SELECT=1 {{(pid=91708) stat_writer /opt/stack/data/venv/lib/python3.12/site-packages/dbcounter.py:115}}
May 15 07:59:43.936171 np0000000819 neutron-periodic-workers[91673]: DEBUG oslo.service.backend._threading.loopingcall [None req-03deb193-39f5-4b65-aaf9-c184365e903d None None] Fixed interval looping call 'neutron.plugins.ml2.plugin.DhcpAgentSchedulerDbMixin.remove_networks_from_down_agents' sleeping for 36.99 seconds {{(pid=91673) _run_loop /opt/stack/data/venv/lib/python3.12/site-packages/oslo_service/backend/_threading/loopingcall.py:125}}
May 15 07:59:49.982283 np0000000819 neutron-periodic-workers[91678]: DEBUG dbcounter [-] [91678] Writing DB stats neutron:SELECT=1 {{(pid=91678) stat_writer /opt/stack/data/venv/lib/python3.12/site-packages/dbcounter.py:115}}
May 15 07:59:53.935263 np0000000819 neutron-periodic-workers[91673]: DEBUG dbcounter [-] [91673] Writing DB stats neutron:SELECT=3 {{(pid=91673) stat_writer /opt/stack/data/venv/lib/python3.12/site-packages/dbcounter.py:115}}
May 15 08:00:16.987593 np0000000819 neutron-periodic-workers[91678]: DEBUG neutron.db.agents_db [None req-cae2f50a-44f6-4d00-932e-6eb1d91eff9b None None] Agent healthcheck: found 0 active agents {{(pid=91678) agent_health_check /opt/stack/neutron/neutron/db/agents_db.py:322}}
May 15 08:00:16.990066 np0000000819 neutron-periodic-workers[91678]: DEBUG oslo.service.backend._threading.loopingcall [None req-cae2f50a-44f6-4d00-932e-6eb1d91eff9b None None] Fixed interval looping call 'neutron.plugins.ml2.plugin.AgentDbMixin.agent_health_check' sleeping for 37.00 seconds {{(pid=91678) _run_loop /opt/stack/data/venv/lib/python3.12/site-packages/oslo_service/backend/_threading/loopingcall.py:125}}
May 15 08:00:20.935639 np0000000819 neutron-periodic-workers[91673]: DEBUG oslo.service.backend._threading.loopingcall [None req-03deb193-39f5-4b65-aaf9-c184365e903d None None] Fixed interval looping call 'neutron.plugins.ml2.plugin.DhcpAgentSchedulerDbMixin.remove_networks_from_down_agents' sleeping for 36.99 seconds {{(pid=91673) _run_loop /opt/stack/data/venv/lib/python3.12/site-packages/oslo_service/backend/_threading/loopingcall.py:125}}
May 15 08:00:26.986671 np0000000819 neutron-periodic-workers[91678]: DEBUG dbcounter [-] [91678] Writing DB stats neutron:SELECT=1 {{(pid=91678) stat_writer /opt/stack/data/venv/lib/python3.12/site-packages/dbcounter.py:115}}
May 15 08:00:30.934923 np0000000819 neutron-periodic-workers[91673]: DEBUG dbcounter [-] [91673] Writing DB stats neutron:SELECT=3 {{(pid=91673) stat_writer /opt/stack/data/venv/lib/python3.12/site-packages/dbcounter.py:115}}
May 15 08:00:53.998359 np0000000819 neutron-periodic-workers[91678]: DEBUG neutron.db.agents_db [None req-cae2f50a-44f6-4d00-932e-6eb1d91eff9b None None] Agent healthcheck: found 0 active agents {{(pid=91678) agent_health_check /opt/stack/neutron/neutron/db/agents_db.py:322}}
May 15 08:00:53.998789 np0000000819 neutron-periodic-workers[91678]: DEBUG oslo.service.backend._threading.loopingcall [None req-cae2f50a-44f6-4d00-932e-6eb1d91eff9b None None] Fixed interval looping call 'neutron.plugins.ml2.plugin.AgentDbMixin.agent_health_check' sleeping for 36.99 seconds {{(pid=91678) _run_loop /opt/stack/data/venv/lib/python3.12/site-packages/oslo_service/backend/_threading/loopingcall.py:125}}
May 15 08:00:57.945270 np0000000819 neutron-periodic-workers[91673]: DEBUG oslo.service.backend._threading.loopingcall [None req-03deb193-39f5-4b65-aaf9-c184365e903d None None] Fixed interval looping call 'neutron.plugins.ml2.plugin.DhcpAgentSchedulerDbMixin.remove_networks_from_down_agents' sleeping for 36.98 seconds {{(pid=91673) _run_loop /opt/stack/data/venv/lib/python3.12/site-packages/oslo_service/backend/_threading/loopingcall.py:125}}
May 15 08:01:03.992623 np0000000819 neutron-periodic-workers[91678]: DEBUG dbcounter [-] [91678] Writing DB stats neutron:SELECT=1 {{(pid=91678) stat_writer /opt/stack/data/venv/lib/python3.12/site-packages/dbcounter.py:115}}
May 15 08:01:07.940367 np0000000819 neutron-periodic-workers[91673]: DEBUG dbcounter [-] [91673] Writing DB stats neutron:SELECT=3 {{(pid=91673) stat_writer /opt/stack/data/venv/lib/python3.12/site-packages/dbcounter.py:115}}
May 15 08:01:11.008105 np0000000819 neutron-periodic-workers[91698]: DEBUG oslo.service.backend._threading.loopingcall [None req-6b8be7fb-f84f-4ae2-be69-21aa0e133eea None None] Fixed interval looping call 'neutron.db.quota.driver_nolock.DbQuotaNoLockDriver._remove_expired_reservations' sleeping for 120.00 seconds {{(pid=91698) _run_loop /opt/stack/data/venv/lib/python3.12/site-packages/oslo_service/backend/_threading/loopingcall.py:125}}
May 15 08:01:21.008963 np0000000819 neutron-periodic-workers[91698]: DEBUG dbcounter [-] [91698] Writing DB stats neutron:DELETE=1 {{(pid=91698) stat_writer /opt/stack/data/venv/lib/python3.12/site-packages/dbcounter.py:115}}
May 15 08:01:30.991620 np0000000819 neutron-periodic-workers[91678]: DEBUG neutron.db.agents_db [None req-cae2f50a-44f6-4d00-932e-6eb1d91eff9b None None] Agent healthcheck: found 0 active agents {{(pid=91678) agent_health_check /opt/stack/neutron/neutron/db/agents_db.py:322}}
May 15 08:01:30.992077 np0000000819 neutron-periodic-workers[91678]: DEBUG oslo.service.backend._threading.loopingcall [None req-cae2f50a-44f6-4d00-932e-6eb1d91eff9b None None] Fixed interval looping call 'neutron.plugins.ml2.plugin.AgentDbMixin.agent_health_check' sleeping for 37.00 seconds {{(pid=91678) _run_loop /opt/stack/data/venv/lib/python3.12/site-packages/oslo_service/backend/_threading/loopingcall.py:125}}
May 15 08:01:34.931688 np0000000819 neutron-periodic-workers[91673]: DEBUG oslo.service.backend._threading.loopingcall [None req-03deb193-39f5-4b65-aaf9-c184365e903d None None] Fixed interval looping call 'neutron.plugins.ml2.plugin.DhcpAgentSchedulerDbMixin.remove_networks_from_down_agents' sleeping for 36.99 seconds {{(pid=91673) _run_loop /opt/stack/data/venv/lib/python3.12/site-packages/oslo_service/backend/_threading/loopingcall.py:125}}
May 15 08:01:40.994107 np0000000819 neutron-periodic-workers[91678]: DEBUG dbcounter [-] [91678] Writing DB stats neutron:SELECT=1 {{(pid=91678) stat_writer /opt/stack/data/venv/lib/python3.12/site-packages/dbcounter.py:115}}
May 15 08:01:44.930501 np0000000819 neutron-periodic-workers[91673]: DEBUG dbcounter [-] [91673] Writing DB stats neutron:SELECT=3 {{(pid=91673) stat_writer /opt/stack/data/venv/lib/python3.12/site-packages/dbcounter.py:115}}
May 15 08:02:07.996109 np0000000819 neutron-periodic-workers[91678]: DEBUG neutron.db.agents_db [None req-cae2f50a-44f6-4d00-932e-6eb1d91eff9b None None] Agent healthcheck: found 0 active agents {{(pid=91678) agent_health_check /opt/stack/neutron/neutron/db/agents_db.py:322}}
