Aug 25 05:34:42.533277 np0000008051 nova-scheduler[96656]: DEBUG cotyledon.oslo_config_glue [-] workarounds.disable_libvirt_livesnapshot = False {{(pid=96656) log_opt_values /opt/stack/data/venv/lib/python3.12/site-packages/oslo_config/cfg.py:3560}}
Aug 25 05:34:42.533277 np0000008051 nova-scheduler[96656]: DEBUG cotyledon.oslo_config_glue [-] workarounds.disable_rootwrap = False {{(pid=96656) log_opt_values /opt/stack/data/venv/lib/python3.12/site-packages/oslo_config/cfg.py:3560}}
Aug 25 05:34:42.533478 np0000008051 nova-scheduler[96656]: DEBUG cotyledon.oslo_config_glue [-] workarounds.enable_numa_live_migration = False {{(pid=96656) log_opt_values /opt/stack/data/venv/lib/python3.12/site-packages/oslo_config/cfg.py:3560}}
Aug 25 05:34:42.533478 np0000008051 nova-scheduler[96656]: DEBUG cotyledon.oslo_config_glue [-] workarounds.enable_qemu_monitor_announce_self = False {{(pid=96656) log_opt_values /opt/stack/data/venv/lib/python3.12/site-packages/oslo_config/cfg.py:3560}}
Aug 25 05:34:42.533478 np0000008051 nova-scheduler[96656]: DEBUG cotyledon.oslo_config_glue [-] workarounds.ensure_libvirt_rbd_instance_dir_cleanup = False {{(pid=96656) log_opt_values /opt/stack/data/venv/lib/python3.12/site-packages/oslo_config/cfg.py:3560}}
Aug 25 05:34:42.533478 np0000008051 nova-scheduler[96656]: DEBUG cotyledon.oslo_config_glue [-] workarounds.handle_virt_lifecycle_events = True {{(pid=96656) log_opt_values /opt/stack/data/venv/lib/python3.12/site-packages/oslo_config/cfg.py:3560}}
Aug 25 05:34:42.533478 np0000008051 nova-scheduler[96656]: DEBUG cotyledon.oslo_config_glue [-] workarounds.libvirt_disable_apic = False {{(pid=96656) log_opt_values /opt/stack/data/venv/lib/python3.12/site-packages/oslo_config/cfg.py:3560}}
Aug 25 05:34:42.533478 np0000008051 nova-scheduler[96656]: DEBUG cotyledon.oslo_config_glue [-] workarounds.never_download_image_if_on_rbd = False {{(pid=96656) log_opt_values /opt/stack/data/venv/lib/python3.12/site-packages/oslo_config/cfg.py:3560}}
Aug 25 05:34:42.533478 np0000008051 nova-scheduler[96656]: DEBUG cotyledon.oslo_config_glue [-] workarounds.qemu_monitor_announce_self_count = 3 {{(pid=96656) log_opt_values /opt/stack/data/venv/lib/python3.12/site-packages/oslo_config/cfg.py:3560}}
Aug 25 05:34:42.533478 np0000008051 nova-scheduler[96656]: DEBUG cotyledon.oslo_config_glue [-] workarounds.qemu_monitor_announce_self_interval = 1 {{(pid=96656) log_opt_values /opt/stack/data/venv/lib/python3.12/site-packages/oslo_config/cfg.py:3560}}
Aug 25 05:34:42.533478 np0000008051 nova-scheduler[96656]: DEBUG cotyledon.oslo_config_glue [-] workarounds.reserve_disk_resource_for_image_cache = False {{(pid=96656) log_opt_values /opt/stack/data/venv/lib/python3.12/site-packages/oslo_config/cfg.py:3560}}
Aug 25 05:34:42.533745 np0000008051 nova-scheduler[96656]: DEBUG cotyledon.oslo_config_glue [-] workarounds.skip_cpu_compare_at_startup = False {{(pid=96656) log_opt_values /opt/stack/data/venv/lib/python3.12/site-packages/oslo_config/cfg.py:3560}}
Aug 25 05:34:42.533745 np0000008051 nova-scheduler[96656]: DEBUG cotyledon.oslo_config_glue [-] workarounds.skip_cpu_compare_on_dest = False {{(pid=96656) log_opt_values /opt/stack/data/venv/lib/python3.12/site-packages/oslo_config/cfg.py:3560}}
Aug 25 05:34:42.533745 np0000008051 nova-scheduler[96656]: DEBUG cotyledon.oslo_config_glue [-] workarounds.skip_hypervisor_version_check_on_lm = False {{(pid=96656) log_opt_values /opt/stack/data/venv/lib/python3.12/site-packages/oslo_config/cfg.py:3560}}
Aug 25 05:34:42.533745 np0000008051 nova-scheduler[96656]: DEBUG cotyledon.oslo_config_glue [-] workarounds.skip_reserve_in_use_ironic_nodes = False {{(pid=96656) log_opt_values /opt/stack/data/venv/lib/python3.12/site-packages/oslo_config/cfg.py:3560}}
Aug 25 05:34:42.533745 np0000008051 nova-scheduler[96656]: DEBUG cotyledon.oslo_config_glue [-] workarounds.unified_limits_count_pcpu_as_vcpu = False {{(pid=96656) log_opt_values /opt/stack/data/venv/lib/python3.12/site-packages/oslo_config/cfg.py:3560}}
Aug 25 05:34:42.533745 np0000008051 nova-scheduler[96656]: DEBUG cotyledon.oslo_config_glue [-] workarounds.wait_for_vif_plugged_event_during_hard_reboot = [] {{(pid=96656) log_opt_values /opt/stack/data/venv/lib/python3.12/site-packages/oslo_config/cfg.py:3560}}
Aug 25 05:34:42.533745 np0000008051 nova-scheduler[96656]: DEBUG cotyledon.oslo_config_glue [-] wsgi.api_paste_config = /etc/nova/api-paste.ini {{(pid=96656) log_opt_values /opt/stack/data/venv/lib/python3.12/site-packages/oslo_config/cfg.py:3560}}
Aug 25 05:34:42.533745 np0000008051 nova-scheduler[96656]: DEBUG cotyledon.oslo_config_glue [-] wsgi.secure_proxy_ssl_header = None {{(pid=96656) log_opt_values /opt/stack/data/venv/lib/python3.12/site-packages/oslo_config/cfg.py:3560}}
Aug 25 05:34:42.533745 np0000008051 nova-scheduler[96656]: DEBUG cotyledon.oslo_config_glue [-] zvm.ca_file = None {{(pid=96656) log_opt_values /opt/stack/data/venv/lib/python3.12/site-packages/oslo_config/cfg.py:3560}}
Aug 25 05:34:42.533944 np0000008051 nova-scheduler[96656]: DEBUG cotyledon.oslo_config_glue [-] zvm.cloud_connector_url = None {{(pid=96656) log_opt_values /opt/stack/data/venv/lib/python3.12/site-packages/oslo_config/cfg.py:3560}}
Aug 25 05:34:42.533944 np0000008051 nova-scheduler[96656]: DEBUG cotyledon.oslo_config_glue [-] zvm.image_tmp_path = /opt/stack/data/nova/images {{(pid=96656) log_opt_values /opt/stack/data/venv/lib/python3.12/site-packages/oslo_config/cfg.py:3560}}
Aug 25 05:34:42.533944 np0000008051 nova-scheduler[96656]: DEBUG cotyledon.oslo_config_glue [-] zvm.reachable_timeout = 300 {{(pid=96656) log_opt_values /opt/stack/data/venv/lib/python3.12/site-packages/oslo_config/cfg.py:3560}}
Aug 25 05:34:42.533944 np0000008051 nova-scheduler[96656]: DEBUG cotyledon.oslo_config_glue [-] oslo_versionedobjects.fatal_exception_format_errors = False {{(pid=96656) log_opt_values /opt/stack/data/venv/lib/python3.12/site-packages/oslo_config/cfg.py:3560}}
Aug 25 05:34:42.533944 np0000008051 nova-scheduler[96656]: DEBUG cotyledon.oslo_config_glue [-] oslo_middleware.http_basic_auth_user_file = /etc/htpasswd {{(pid=96656) log_opt_values /opt/stack/data/venv/lib/python3.12/site-packages/oslo_config/cfg.py:3560}}
Aug 25 05:34:42.533944 np0000008051 nova-scheduler[96656]: DEBUG cotyledon.oslo_config_glue [-] oslo_messaging_metrics.metrics_buffer_size = 1000 {{(pid=96656) log_opt_values /opt/stack/data/venv/lib/python3.12/site-packages/oslo_config/cfg.py:3560}}
Aug 25 05:34:42.533944 np0000008051 nova-scheduler[96656]: DEBUG cotyledon.oslo_config_glue [-] oslo_messaging_metrics.metrics_enabled = False {{(pid=96656) log_opt_values /opt/stack/data/venv/lib/python3.12/site-packages/oslo_config/cfg.py:3560}}
Aug 25 05:34:42.533944 np0000008051 nova-scheduler[96656]: DEBUG cotyledon.oslo_config_glue [-] oslo_messaging_metrics.metrics_process_name = {{(pid=96656) log_opt_values /opt/stack/data/venv/lib/python3.12/site-packages/oslo_config/cfg.py:3560}}
Aug 25 05:34:42.534141 np0000008051 nova-scheduler[96656]: DEBUG cotyledon.oslo_config_glue [-] oslo_messaging_metrics.metrics_socket_file = /var/tmp/metrics_collector.sock {{(pid=96656) log_opt_values /opt/stack/data/venv/lib/python3.12/site-packages/oslo_config/cfg.py:3560}}
Aug 25 05:34:42.534141 np0000008051 nova-scheduler[96656]: DEBUG cotyledon.oslo_config_glue [-] oslo_messaging_metrics.metrics_thread_stop_timeout = 10 {{(pid=96656) log_opt_values /opt/stack/data/venv/lib/python3.12/site-packages/oslo_config/cfg.py:3560}}
Aug 25 05:34:42.534141 np0000008051 nova-scheduler[96656]: DEBUG cotyledon.oslo_config_glue [-] profiler.connection_string = messaging:// {{(pid=96656) log_opt_values /opt/stack/data/venv/lib/python3.12/site-packages/oslo_config/cfg.py:3560}}
Aug 25 05:34:42.534141 np0000008051 nova-scheduler[96656]: DEBUG cotyledon.oslo_config_glue [-] profiler.enabled = False {{(pid=96656) log_opt_values /opt/stack/data/venv/lib/python3.12/site-packages/oslo_config/cfg.py:3560}}
Aug 25 05:34:42.534141 np0000008051 nova-scheduler[96656]: DEBUG cotyledon.oslo_config_glue [-] profiler.es_doc_type = notification {{(pid=96656) log_opt_values /opt/stack/data/venv/lib/python3.12/site-packages/oslo_config/cfg.py:3560}}
Aug 25 05:34:42.534141 np0000008051 nova-scheduler[96656]: DEBUG cotyledon.oslo_config_glue [-] profiler.es_scroll_size = 10000 {{(pid=96656) log_opt_values /opt/stack/data/venv/lib/python3.12/site-packages/oslo_config/cfg.py:3560}}
Aug 25 05:34:42.534141 np0000008051 nova-scheduler[96656]: DEBUG cotyledon.oslo_config_glue [-] profiler.es_scroll_time = 2m {{(pid=96656) log_opt_values /opt/stack/data/venv/lib/python3.12/site-packages/oslo_config/cfg.py:3560}}
Aug 25 05:34:42.534141 np0000008051 nova-scheduler[96656]: DEBUG cotyledon.oslo_config_glue [-] profiler.filter_error_trace = False {{(pid=96656) log_opt_values /opt/stack/data/venv/lib/python3.12/site-packages/oslo_config/cfg.py:3560}}
Aug 25 05:34:42.534141 np0000008051 nova-scheduler[96656]: DEBUG cotyledon.oslo_config_glue [-] profiler.hmac_keys = **** {{(pid=96656) log_opt_values /opt/stack/data/venv/lib/python3.12/site-packages/oslo_config/cfg.py:3560}}
Aug 25 05:34:42.534330 np0000008051 nova-scheduler[96656]: DEBUG cotyledon.oslo_config_glue [-] profiler.sentinel_service_name = mymaster {{(pid=96656) log_opt_values /opt/stack/data/venv/lib/python3.12/site-packages/oslo_config/cfg.py:3560}}
Aug 25 05:34:42.534330 np0000008051 nova-scheduler[96656]: DEBUG cotyledon.oslo_config_glue [-] profiler.socket_timeout = 0.1 {{(pid=96656) log_opt_values /opt/stack/data/venv/lib/python3.12/site-packages/oslo_config/cfg.py:3560}}
Aug 25 05:34:42.534330 np0000008051 nova-scheduler[96656]: DEBUG cotyledon.oslo_config_glue [-] profiler.trace_requests = False {{(pid=96656) log_opt_values /opt/stack/data/venv/lib/python3.12/site-packages/oslo_config/cfg.py:3560}}
Aug 25 05:34:42.534330 np0000008051 nova-scheduler[96656]: DEBUG cotyledon.oslo_config_glue [-] profiler.trace_sqlalchemy = False {{(pid=96656) log_opt_values /opt/stack/data/venv/lib/python3.12/site-packages/oslo_config/cfg.py:3560}}
Aug 25 05:34:42.534330 np0000008051 nova-scheduler[96656]: DEBUG cotyledon.oslo_config_glue [-] profiler_jaeger.process_tags = {} {{(pid=96656) log_opt_values /opt/stack/data/venv/lib/python3.12/site-packages/oslo_config/cfg.py:3560}}
Aug 25 05:34:42.534330 np0000008051 nova-scheduler[96656]: DEBUG cotyledon.oslo_config_glue [-] profiler_jaeger.service_name_prefix = None {{(pid=96656) log_opt_values /opt/stack/data/venv/lib/python3.12/site-packages/oslo_config/cfg.py:3560}}
Aug 25 05:34:42.534330 np0000008051 nova-scheduler[96656]: DEBUG cotyledon.oslo_config_glue [-] profiler_otlp.service_name_prefix = None {{(pid=96656) log_opt_values /opt/stack/data/venv/lib/python3.12/site-packages/oslo_config/cfg.py:3560}}
Aug 25 05:34:42.534330 np0000008051 nova-scheduler[96656]: DEBUG cotyledon.oslo_config_glue [-] oslo_messaging_rabbit.amqp_auto_delete = False {{(pid=96656) log_opt_values /opt/stack/data/venv/lib/python3.12/site-packages/oslo_config/cfg.py:3560}}
Aug 25 05:34:42.534330 np0000008051 nova-scheduler[96656]: DEBUG cotyledon.oslo_config_glue [-] oslo_messaging_rabbit.amqp_durable_queues = False {{(pid=96656) log_opt_values /opt/stack/data/venv/lib/python3.12/site-packages/oslo_config/cfg.py:3560}}
Aug 25 05:34:42.534522 np0000008051 nova-scheduler[96656]: DEBUG cotyledon.oslo_config_glue [-] oslo_messaging_rabbit.conn_pool_min_size = 2 {{(pid=96656) log_opt_values /opt/stack/data/venv/lib/python3.12/site-packages/oslo_config/cfg.py:3560}}
Aug 25 05:34:42.534522 np0000008051 nova-scheduler[96656]: DEBUG cotyledon.oslo_config_glue [-] oslo_messaging_rabbit.conn_pool_ttl = 1200 {{(pid=96656) log_opt_values /opt/stack/data/venv/lib/python3.12/site-packages/oslo_config/cfg.py:3560}}
Aug 25 05:34:42.534522 np0000008051 nova-scheduler[96656]: DEBUG cotyledon.oslo_config_glue [-] oslo_messaging_rabbit.direct_mandatory_flag = True {{(pid=96656) log_opt_values /opt/stack/data/venv/lib/python3.12/site-packages/oslo_config/cfg.py:3560}}
Aug 25 05:34:42.534522 np0000008051 nova-scheduler[96656]: DEBUG cotyledon.oslo_config_glue [-] oslo_messaging_rabbit.enable_cancel_on_failover = False {{(pid=96656) log_opt_values /opt/stack/data/venv/lib/python3.12/site-packages/oslo_config/cfg.py:3560}}
Aug 25 05:34:42.534522 np0000008051 nova-scheduler[96656]: DEBUG cotyledon.oslo_config_glue [-] oslo_messaging_rabbit.heartbeat_rate = 3 {{(pid=96656) log_opt_values /opt/stack/data/venv/lib/python3.12/site-packages/oslo_config/cfg.py:3560}}
Aug 25 05:34:42.534522 np0000008051 nova-scheduler[96656]: DEBUG cotyledon.oslo_config_glue [-] oslo_messaging_rabbit.heartbeat_timeout_threshold = 60 {{(pid=96656) log_opt_values /opt/stack/data/venv/lib/python3.12/site-packages/oslo_config/cfg.py:3560}}
Aug 25 05:34:42.534522 np0000008051 nova-scheduler[96656]: DEBUG cotyledon.oslo_config_glue [-] oslo_messaging_rabbit.hostname = np0000008051 {{(pid=96656) log_opt_values /opt/stack/data/venv/lib/python3.12/site-packages/oslo_config/cfg.py:3560}}
Aug 25 05:34:42.534522 np0000008051 nova-scheduler[96656]: DEBUG cotyledon.oslo_config_glue [-] oslo_messaging_rabbit.kombu_compression = None {{(pid=96656) log_opt_values /opt/stack/data/venv/lib/python3.12/site-packages/oslo_config/cfg.py:3560}}
Aug 25 05:34:42.534522 np0000008051 nova-scheduler[96656]: DEBUG cotyledon.oslo_config_glue [-] oslo_messaging_rabbit.kombu_failover_strategy = round-robin {{(pid=96656) log_opt_values /opt/stack/data/venv/lib/python3.12/site-packages/oslo_config/cfg.py:3560}}
Aug 25 05:34:42.534737 np0000008051 nova-scheduler[96656]: DEBUG cotyledon.oslo_config_glue [-] oslo_messaging_rabbit.kombu_missing_consumer_retry_timeout = 60 {{(pid=96656) log_opt_values /opt/stack/data/venv/lib/python3.12/site-packages/oslo_config/cfg.py:3560}}
Aug 25 05:34:42.534737 np0000008051 nova-scheduler[96656]: DEBUG cotyledon.oslo_config_glue [-] oslo_messaging_rabbit.kombu_reconnect_delay = 1.0 {{(pid=96656) log_opt_values /opt/stack/data/venv/lib/python3.12/site-packages/oslo_config/cfg.py:3560}}
Aug 25 05:34:42.534737 np0000008051 nova-scheduler[96656]: DEBUG cotyledon.oslo_config_glue [-] oslo_messaging_rabbit.kombu_reconnect_splay = 0.0 {{(pid=96656) log_opt_values /opt/stack/data/venv/lib/python3.12/site-packages/oslo_config/cfg.py:3560}}
Aug 25 05:34:42.534737 np0000008051 nova-scheduler[96656]: DEBUG cotyledon.oslo_config_glue [-] oslo_messaging_rabbit.processname = nova-scheduler {{(pid=96656) log_opt_values /opt/stack/data/venv/lib/python3.12/site-packages/oslo_config/cfg.py:3560}}
Aug 25 05:34:42.534737 np0000008051 nova-scheduler[96656]: DEBUG cotyledon.oslo_config_glue [-] oslo_messaging_rabbit.rabbit_ha_queues = False {{(pid=96656) log_opt_values /opt/stack/data/venv/lib/python3.12/site-packages/oslo_config/cfg.py:3560}}
Aug 25 05:34:42.534737 np0000008051 nova-scheduler[96656]: DEBUG cotyledon.oslo_config_glue [-] oslo_messaging_rabbit.rabbit_interval_max = 30 {{(pid=96656) log_opt_values /opt/stack/data/venv/lib/python3.12/site-packages/oslo_config/cfg.py:3560}}
Aug 25 05:34:42.534737 np0000008051 nova-scheduler[96656]: DEBUG cotyledon.oslo_config_glue [-] oslo_messaging_rabbit.rabbit_login_method = AMQPLAIN {{(pid=96656) log_opt_values /opt/stack/data/venv/lib/python3.12/site-packages/oslo_config/cfg.py:3560}}
Aug 25 05:34:42.534737 np0000008051 nova-scheduler[96656]: DEBUG cotyledon.oslo_config_glue [-] oslo_messaging_rabbit.rabbit_qos_prefetch_count = 0 {{(pid=96656) log_opt_values /opt/stack/data/venv/lib/python3.12/site-packages/oslo_config/cfg.py:3560}}
Aug 25 05:34:42.534737 np0000008051 nova-scheduler[96656]: DEBUG cotyledon.oslo_config_glue [-] oslo_messaging_rabbit.rabbit_quorum_delivery_limit = 0 {{(pid=96656) log_opt_values /opt/stack/data/venv/lib/python3.12/site-packages/oslo_config/cfg.py:3560}}
Aug 25 05:34:42.534927 np0000008051 nova-scheduler[96656]: DEBUG cotyledon.oslo_config_glue [-] oslo_messaging_rabbit.rabbit_quorum_max_memory_bytes = 0 {{(pid=96656) log_opt_values /opt/stack/data/venv/lib/python3.12/site-packages/oslo_config/cfg.py:3560}}
Aug 25 05:34:42.534927 np0000008051 nova-scheduler[96656]: DEBUG cotyledon.oslo_config_glue [-] oslo_messaging_rabbit.rabbit_quorum_max_memory_length = 0 {{(pid=96656) log_opt_values /opt/stack/data/venv/lib/python3.12/site-packages/oslo_config/cfg.py:3560}}
Aug 25 05:34:42.534927 np0000008051 nova-scheduler[96656]: DEBUG cotyledon.oslo_config_glue [-] oslo_messaging_rabbit.rabbit_quorum_queue = False {{(pid=96656) log_opt_values /opt/stack/data/venv/lib/python3.12/site-packages/oslo_config/cfg.py:3560}}
Aug 25 05:34:42.534927 np0000008051 nova-scheduler[96656]: DEBUG cotyledon.oslo_config_glue [-] oslo_messaging_rabbit.rabbit_retry_backoff = 2 {{(pid=96656) log_opt_values /opt/stack/data/venv/lib/python3.12/site-packages/oslo_config/cfg.py:3560}}
Aug 25 05:34:42.534927 np0000008051 nova-scheduler[96656]: DEBUG cotyledon.oslo_config_glue [-] oslo_messaging_rabbit.rabbit_retry_interval = 1 {{(pid=96656) log_opt_values /opt/stack/data/venv/lib/python3.12/site-packages/oslo_config/cfg.py:3560}}
Aug 25 05:34:42.534927 np0000008051 nova-scheduler[96656]: DEBUG cotyledon.oslo_config_glue [-] oslo_messaging_rabbit.rabbit_stream_fanout = False {{(pid=96656) log_opt_values /opt/stack/data/venv/lib/python3.12/site-packages/oslo_config/cfg.py:3560}}
Aug 25 05:34:42.534927 np0000008051 nova-scheduler[96656]: DEBUG cotyledon.oslo_config_glue [-] oslo_messaging_rabbit.rabbit_transient_queues_ttl = 1800 {{(pid=96656) log_opt_values /opt/stack/data/venv/lib/python3.12/site-packages/oslo_config/cfg.py:3560}}
Aug 25 05:34:42.534927 np0000008051 nova-scheduler[96656]: DEBUG cotyledon.oslo_config_glue [-] oslo_messaging_rabbit.rabbit_transient_quorum_queue = False {{(pid=96656) log_opt_values /opt/stack/data/venv/lib/python3.12/site-packages/oslo_config/cfg.py:3560}}
Aug 25 05:34:42.535115 np0000008051 nova-scheduler[96656]: DEBUG cotyledon.oslo_config_glue [-] oslo_messaging_rabbit.rpc_conn_pool_size = 30 {{(pid=96656) log_opt_values /opt/stack/data/venv/lib/python3.12/site-packages/oslo_config/cfg.py:3560}}
Aug 25 05:34:42.535115 np0000008051 nova-scheduler[96656]: DEBUG cotyledon.oslo_config_glue [-] oslo_messaging_rabbit.ssl = False {{(pid=96656) log_opt_values /opt/stack/data/venv/lib/python3.12/site-packages/oslo_config/cfg.py:3560}}
Aug 25 05:34:42.535115 np0000008051 nova-scheduler[96656]: DEBUG cotyledon.oslo_config_glue [-] oslo_messaging_rabbit.ssl_ca_file = {{(pid=96656) log_opt_values /opt/stack/data/venv/lib/python3.12/site-packages/oslo_config/cfg.py:3560}}
Aug 25 05:34:42.535115 np0000008051 nova-scheduler[96656]: DEBUG cotyledon.oslo_config_glue [-] oslo_messaging_rabbit.ssl_cert_file = {{(pid=96656) log_opt_values /opt/stack/data/venv/lib/python3.12/site-packages/oslo_config/cfg.py:3560}}
Aug 25 05:34:42.535115 np0000008051 nova-scheduler[96656]: DEBUG cotyledon.oslo_config_glue [-] oslo_messaging_rabbit.ssl_enforce_fips_mode = False {{(pid=96656) log_opt_values /opt/stack/data/venv/lib/python3.12/site-packages/oslo_config/cfg.py:3560}}
Aug 25 05:34:42.535115 np0000008051 nova-scheduler[96656]: DEBUG cotyledon.oslo_config_glue [-] oslo_messaging_rabbit.ssl_enforce_hostname_verification = True {{(pid=96656) log_opt_values /opt/stack/data/venv/lib/python3.12/site-packages/oslo_config/cfg.py:3560}}
Aug 25 05:34:42.535115 np0000008051 nova-scheduler[96656]: DEBUG cotyledon.oslo_config_glue [-] oslo_messaging_rabbit.ssl_key_file = {{(pid=96656) log_opt_values /opt/stack/data/venv/lib/python3.12/site-packages/oslo_config/cfg.py:3560}}
Aug 25 05:34:42.535115 np0000008051 nova-scheduler[96656]: DEBUG cotyledon.oslo_config_glue [-] oslo_messaging_rabbit.ssl_version = {{(pid=96656) log_opt_values /opt/stack/data/venv/lib/python3.12/site-packages/oslo_config/cfg.py:3560}}
Aug 25 05:34:42.535115 np0000008051 nova-scheduler[96656]: DEBUG cotyledon.oslo_config_glue [-] oslo_messaging_rabbit.use_queue_manager = False {{(pid=96656) log_opt_values /opt/stack/data/venv/lib/python3.12/site-packages/oslo_config/cfg.py:3560}}
Aug 25 05:34:42.535309 np0000008051 nova-scheduler[96656]: DEBUG cotyledon.oslo_config_glue [-] oslo_messaging_notifications.driver = ['messagingv2'] {{(pid=96656) log_opt_values /opt/stack/data/venv/lib/python3.12/site-packages/oslo_config/cfg.py:3560}}
Aug 25 05:34:42.535309 np0000008051 nova-scheduler[96656]: DEBUG cotyledon.oslo_config_glue [-] oslo_messaging_notifications.retry = -1 {{(pid=96656) log_opt_values /opt/stack/data/venv/lib/python3.12/site-packages/oslo_config/cfg.py:3560}}
Aug 25 05:34:42.535309 np0000008051 nova-scheduler[96656]: DEBUG cotyledon.oslo_config_glue [-] oslo_messaging_notifications.topics = ['notifications'] {{(pid=96656) log_opt_values /opt/stack/data/venv/lib/python3.12/site-packages/oslo_config/cfg.py:3560}}
Aug 25 05:34:42.535309 np0000008051 nova-scheduler[96656]: DEBUG cotyledon.oslo_config_glue [-] oslo_messaging_notifications.transport_url = **** {{(pid=96656) log_opt_values /opt/stack/data/venv/lib/python3.12/site-packages/oslo_config/cfg.py:3560}}
Aug 25 05:34:42.535309 np0000008051 nova-scheduler[96656]: DEBUG cotyledon.oslo_config_glue [-] oslo_limit.auth_section = None {{(pid=96656) log_opt_values /opt/stack/data/venv/lib/python3.12/site-packages/oslo_config/cfg.py:3560}}
Aug 25 05:34:42.535309 np0000008051 nova-scheduler[96656]: DEBUG cotyledon.oslo_config_glue [-] oslo_limit.auth_type = None {{(pid=96656) log_opt_values /opt/stack/data/venv/lib/python3.12/site-packages/oslo_config/cfg.py:3560}}
Aug 25 05:34:42.535309 np0000008051 nova-scheduler[96656]: DEBUG cotyledon.oslo_config_glue [-] oslo_limit.cafile = None {{(pid=96656) log_opt_values /opt/stack/data/venv/lib/python3.12/site-packages/oslo_config/cfg.py:3560}}
Aug 25 05:34:42.535309 np0000008051 nova-scheduler[96656]: DEBUG cotyledon.oslo_config_glue [-] oslo_limit.certfile = None {{(pid=96656) log_opt_values /opt/stack/data/venv/lib/python3.12/site-packages/oslo_config/cfg.py:3560}}
Aug 25 05:34:42.535309 np0000008051 nova-scheduler[96656]: DEBUG cotyledon.oslo_config_glue [-] oslo_limit.collect_timing = False {{(pid=96656) log_opt_values /opt/stack/data/venv/lib/python3.12/site-packages/oslo_config/cfg.py:3560}}
Aug 25 05:34:42.535501 np0000008051 nova-scheduler[96656]: DEBUG cotyledon.oslo_config_glue [-] oslo_limit.connect_retries = None {{(pid=96656) log_opt_values /opt/stack/data/venv/lib/python3.12/site-packages/oslo_config/cfg.py:3560}}
Aug 25 05:34:42.535501 np0000008051 nova-scheduler[96656]: DEBUG cotyledon.oslo_config_glue [-] oslo_limit.connect_retry_delay = None {{(pid=96656) log_opt_values /opt/stack/data/venv/lib/python3.12/site-packages/oslo_config/cfg.py:3560}}
Aug 25 05:34:42.535501 np0000008051 nova-scheduler[96656]: DEBUG cotyledon.oslo_config_glue [-] oslo_limit.endpoint_id = None {{(pid=96656) log_opt_values /opt/stack/data/venv/lib/python3.12/site-packages/oslo_config/cfg.py:3560}}
Aug 25 05:34:42.535501 np0000008051 nova-scheduler[96656]: DEBUG cotyledon.oslo_config_glue [-] oslo_limit.endpoint_interface = public {{(pid=96656) log_opt_values /opt/stack/data/venv/lib/python3.12/site-packages/oslo_config/cfg.py:3560}}
Aug 25 05:34:42.535501 np0000008051 nova-scheduler[96656]: DEBUG cotyledon.oslo_config_glue [-] oslo_limit.endpoint_override = None {{(pid=96656) log_opt_values /opt/stack/data/venv/lib/python3.12/site-packages/oslo_config/cfg.py:3560}}
Aug 25 05:34:42.535501 np0000008051 nova-scheduler[96656]: DEBUG cotyledon.oslo_config_glue [-] oslo_limit.endpoint_region_name = None {{(pid=96656) log_opt_values /opt/stack/data/venv/lib/python3.12/site-packages/oslo_config/cfg.py:3560}}
Aug 25 05:34:42.535501 np0000008051 nova-scheduler[96656]: DEBUG cotyledon.oslo_config_glue [-] oslo_limit.endpoint_service_name = None {{(pid=96656) log_opt_values /opt/stack/data/venv/lib/python3.12/site-packages/oslo_config/cfg.py:3560}}
Aug 25 05:34:42.535501 np0000008051 nova-scheduler[96656]: DEBUG cotyledon.oslo_config_glue [-] oslo_limit.endpoint_service_type = None {{(pid=96656) log_opt_values /opt/stack/data/venv/lib/python3.12/site-packages/oslo_config/cfg.py:3560}}
Aug 25 05:34:42.535501 np0000008051 nova-scheduler[96656]: DEBUG cotyledon.oslo_config_glue [-] oslo_limit.insecure = False {{(pid=96656) log_opt_values /opt/stack/data/venv/lib/python3.12/site-packages/oslo_config/cfg.py:3560}}
Aug 25 05:34:42.535709 np0000008051 nova-scheduler[96656]: DEBUG cotyledon.oslo_config_glue [-] oslo_limit.keyfile = None {{(pid=96656) log_opt_values /opt/stack/data/venv/lib/python3.12/site-packages/oslo_config/cfg.py:3560}}
Aug 25 05:34:42.535709 np0000008051 nova-scheduler[96656]: DEBUG cotyledon.oslo_config_glue [-] oslo_limit.max_version = None {{(pid=96656) log_opt_values /opt/stack/data/venv/lib/python3.12/site-packages/oslo_config/cfg.py:3560}}
Aug 25 05:34:42.535709 np0000008051 nova-scheduler[96656]: DEBUG cotyledon.oslo_config_glue [-] oslo_limit.min_version = None {{(pid=96656) log_opt_values /opt/stack/data/venv/lib/python3.12/site-packages/oslo_config/cfg.py:3560}}
Aug 25 05:34:42.535709 np0000008051 nova-scheduler[96656]: DEBUG cotyledon.oslo_config_glue [-] oslo_limit.region_name = None {{(pid=96656) log_opt_values /opt/stack/data/venv/lib/python3.12/site-packages/oslo_config/cfg.py:3560}}
Aug 25 05:34:42.535709 np0000008051 nova-scheduler[96656]: DEBUG cotyledon.oslo_config_glue [-] oslo_limit.retriable_status_codes = None {{(pid=96656) log_opt_values /opt/stack/data/venv/lib/python3.12/site-packages/oslo_config/cfg.py:3560}}
Aug 25 05:34:42.535709 np0000008051 nova-scheduler[96656]: DEBUG cotyledon.oslo_config_glue [-] oslo_limit.service_name = None {{(pid=96656) log_opt_values /opt/stack/data/venv/lib/python3.12/site-packages/oslo_config/cfg.py:3560}}
Aug 25 05:34:42.535837 np0000008051 nova-scheduler[96649]: DEBUG dbcounter [-] [96649] Writer thread running {{(pid=96649) stat_writer /opt/stack/data/venv/lib/python3.12/site-packages/dbcounter.py:102}}
Aug 25 05:34:42.535871 np0000008051 nova-scheduler[96656]: DEBUG cotyledon.oslo_config_glue [-] oslo_limit.service_type = None {{(pid=96656) log_opt_values /opt/stack/data/venv/lib/python3.12/site-packages/oslo_config/cfg.py:3560}}
Aug 25 05:34:42.535871 np0000008051 nova-scheduler[96656]: DEBUG cotyledon.oslo_config_glue [-] oslo_limit.split_loggers = False {{(pid=96656) log_opt_values /opt/stack/data/venv/lib/python3.12/site-packages/oslo_config/cfg.py:3560}}
Aug 25 05:34:42.535871 np0000008051 nova-scheduler[96656]: DEBUG cotyledon.oslo_config_glue [-] oslo_limit.status_code_retries = None {{(pid=96656) log_opt_values /opt/stack/data/venv/lib/python3.12/site-packages/oslo_config/cfg.py:3560}}
Aug 25 05:34:42.535933 np0000008051 nova-scheduler[96656]: DEBUG cotyledon.oslo_config_glue [-] oslo_limit.status_code_retry_delay = None {{(pid=96656) log_opt_values /opt/stack/data/venv/lib/python3.12/site-packages/oslo_config/cfg.py:3560}}
Aug 25 05:34:42.535933 np0000008051 nova-scheduler[96656]: DEBUG cotyledon.oslo_config_glue [-] oslo_limit.timeout = None {{(pid=96656) log_opt_values /opt/stack/data/venv/lib/python3.12/site-packages/oslo_config/cfg.py:3560}}
Aug 25 05:34:42.536015 np0000008051 nova-scheduler[96656]: DEBUG cotyledon.oslo_config_glue [-] oslo_limit.valid_interfaces = None {{(pid=96656) log_opt_values /opt/stack/data/venv/lib/python3.12/site-packages/oslo_config/cfg.py:3560}}
Aug 25 05:34:42.536116 np0000008051 nova-scheduler[96656]: DEBUG cotyledon.oslo_config_glue [-] oslo_limit.version = None {{(pid=96656) log_opt_values /opt/stack/data/venv/lib/python3.12/site-packages/oslo_config/cfg.py:3560}}
Aug 25 05:34:42.536229 np0000008051 nova-scheduler[96656]: DEBUG cotyledon.oslo_config_glue [-] oslo_reports.file_event_handler = None {{(pid=96656) log_opt_values /opt/stack/data/venv/lib/python3.12/site-packages/oslo_config/cfg.py:3560}}
Aug 25 05:34:42.536324 np0000008051 nova-scheduler[96656]: DEBUG cotyledon.oslo_config_glue [-] oslo_reports.file_event_handler_interval = 1 {{(pid=96656) log_opt_values /opt/stack/data/venv/lib/python3.12/site-packages/oslo_config/cfg.py:3560}}
Aug 25 05:34:42.536423 np0000008051 nova-scheduler[96656]: DEBUG cotyledon.oslo_config_glue [-] oslo_reports.log_dir = None {{(pid=96656) log_opt_values /opt/stack/data/venv/lib/python3.12/site-packages/oslo_config/cfg.py:3560}}
Aug 25 05:34:42.536493 np0000008051 nova-scheduler[96656]: DEBUG cotyledon.oslo_config_glue [-] ******************************************************************************** {{(pid=96656) log_opt_values /opt/stack/data/venv/lib/python3.12/site-packages/oslo_config/cfg.py:3567}}
Aug 25 05:34:42.536709 np0000008051 nova-scheduler[96656]: DEBUG cotyledon._service_worker [-] Run service ServiceWrapper(3) [96656] {{(pid=96656) wait_forever /opt/stack/data/venv/lib/python3.12/site-packages/cotyledon/_service_worker.py:218}}
Aug 25 05:34:42.538043 np0000008051 nova-scheduler[96656]: INFO nova.service [-] Starting scheduler node (version 33.1.0)
Aug 25 05:34:42.543135 np0000008051 nova-scheduler[96656]: INFO dbcounter [None req-cf2cf992-d570-45e3-8f70-b5659a9bfb22 None None] Registered counter for database nova_cell0
Aug 25 05:34:42.549521 np0000008051 nova-scheduler[96651]: DEBUG oslo_db.sqlalchemy.engines [None req-3ef520c7-d3f1-4ae5-a74f-5fa81506d5c5 None None] MySQL server mode set to STRICT_TRANS_TABLES,STRICT_ALL_TABLES,NO_ZERO_IN_DATE,NO_ZERO_DATE,ERROR_FOR_DIVISION_BY_ZERO,TRADITIONAL,NO_ENGINE_SUBSTITUTION {{(pid=96651) _check_effective_sql_mode /opt/stack/data/venv/lib/python3.12/site-packages/oslo_db/sqlalchemy/engines.py:325}}
Aug 25 05:34:42.557667 np0000008051 nova-scheduler[96649]: DEBUG nova.service [None req-ccf4baff-c529-4447-a2e8-493940b84fc8 None None] Creating RPC server for service: nova-scheduler on topic: scheduler {{(pid=96649) start /opt/stack/nova/nova/service.py:262}}
Aug 25 05:34:42.561399 np0000008051 nova-scheduler[96651]: DEBUG dbcounter [-] [96651] Writer thread running {{(pid=96651) stat_writer /opt/stack/data/venv/lib/python3.12/site-packages/dbcounter.py:102}}
Aug 25 05:34:42.564615 np0000008051 nova-scheduler[96651]: DEBUG nova.service [None req-3ef520c7-d3f1-4ae5-a74f-5fa81506d5c5 None None] Creating RPC server for service: nova-scheduler on topic: scheduler {{(pid=96651) start /opt/stack/nova/nova/service.py:262}}
Aug 25 05:34:42.572837 np0000008051 nova-scheduler[96653]: DEBUG oslo_db.sqlalchemy.engines [None req-99640b54-7d14-4362-b4a1-26d8212d9068 None None] MySQL server mode set to STRICT_TRANS_TABLES,STRICT_ALL_TABLES,NO_ZERO_IN_DATE,NO_ZERO_DATE,ERROR_FOR_DIVISION_BY_ZERO,TRADITIONAL,NO_ENGINE_SUBSTITUTION {{(pid=96653) _check_effective_sql_mode /opt/stack/data/venv/lib/python3.12/site-packages/oslo_db/sqlalchemy/engines.py:325}}
Aug 25 05:34:42.586211 np0000008051 nova-scheduler[96653]: DEBUG dbcounter [-] [96653] Writer thread running {{(pid=96653) stat_writer /opt/stack/data/venv/lib/python3.12/site-packages/dbcounter.py:102}}
Aug 25 05:34:42.588566 np0000008051 nova-scheduler[96656]: DEBUG oslo_db.sqlalchemy.engines [None req-cf2cf992-d570-45e3-8f70-b5659a9bfb22 None None] MySQL server mode set to STRICT_TRANS_TABLES,STRICT_ALL_TABLES,NO_ZERO_IN_DATE,NO_ZERO_DATE,ERROR_FOR_DIVISION_BY_ZERO,TRADITIONAL,NO_ENGINE_SUBSTITUTION {{(pid=96656) _check_effective_sql_mode /opt/stack/data/venv/lib/python3.12/site-packages/oslo_db/sqlalchemy/engines.py:325}}
Aug 25 05:34:42.588854 np0000008051 nova-scheduler[96653]: DEBUG nova.service [None req-99640b54-7d14-4362-b4a1-26d8212d9068 None None] Creating RPC server for service: nova-scheduler on topic: scheduler {{(pid=96653) start /opt/stack/nova/nova/service.py:262}}
Aug 25 05:34:42.590861 np0000008051 nova-scheduler[96649]: DEBUG nova.service [None req-ccf4baff-c529-4447-a2e8-493940b84fc8 None None] Join ServiceGroup membership for this service scheduler {{(pid=96649) start /opt/stack/nova/nova/service.py:288}}
Aug 25 05:34:42.591095 np0000008051 nova-scheduler[96651]: DEBUG nova.service [None req-3ef520c7-d3f1-4ae5-a74f-5fa81506d5c5 None None] Join ServiceGroup membership for this service scheduler {{(pid=96651) start /opt/stack/nova/nova/service.py:288}}
Aug 25 05:34:42.591173 np0000008051 nova-scheduler[96649]: DEBUG nova.servicegroup.drivers.db [None req-ccf4baff-c529-4447-a2e8-493940b84fc8 None None] DB_Driver: join new ServiceGroup member np0000008051 to the scheduler group, service = {{(pid=96649) join /opt/stack/nova/nova/servicegroup/drivers/db.py:44}}
Aug 25 05:34:42.591337 np0000008051 nova-scheduler[96651]: DEBUG nova.servicegroup.drivers.db [None req-3ef520c7-d3f1-4ae5-a74f-5fa81506d5c5 None None] DB_Driver: join new ServiceGroup member np0000008051 to the scheduler group, service = {{(pid=96651) join /opt/stack/nova/nova/servicegroup/drivers/db.py:44}}
Aug 25 05:34:42.599186 np0000008051 nova-scheduler[96656]: DEBUG dbcounter [-] [96656] Writer thread running {{(pid=96656) stat_writer /opt/stack/data/venv/lib/python3.12/site-packages/dbcounter.py:102}}
Aug 25 05:34:42.602347 np0000008051 nova-scheduler[96656]: DEBUG nova.service [None req-cf2cf992-d570-45e3-8f70-b5659a9bfb22 None None] Creating RPC server for service: nova-scheduler on topic: scheduler {{(pid=96656) start /opt/stack/nova/nova/service.py:262}}
Aug 25 05:34:42.611298 np0000008051 nova-scheduler[96653]: DEBUG nova.service [None req-99640b54-7d14-4362-b4a1-26d8212d9068 None None] Join ServiceGroup membership for this service scheduler {{(pid=96653) start /opt/stack/nova/nova/service.py:288}}
Aug 25 05:34:42.611573 np0000008051 nova-scheduler[96653]: DEBUG nova.servicegroup.drivers.db [None req-99640b54-7d14-4362-b4a1-26d8212d9068 None None] DB_Driver: join new ServiceGroup member np0000008051 to the scheduler group, service = {{(pid=96653) join /opt/stack/nova/nova/servicegroup/drivers/db.py:44}}
Aug 25 05:34:42.625588 np0000008051 nova-scheduler[96656]: DEBUG nova.service [None req-cf2cf992-d570-45e3-8f70-b5659a9bfb22 None None] Join ServiceGroup membership for this service scheduler {{(pid=96656) start /opt/stack/nova/nova/service.py:288}}
Aug 25 05:34:42.626369 np0000008051 nova-scheduler[96656]: DEBUG nova.servicegroup.drivers.db [None req-cf2cf992-d570-45e3-8f70-b5659a9bfb22 None None] DB_Driver: join new ServiceGroup member np0000008051 to the scheduler group, service = {{(pid=96656) join /opt/stack/nova/nova/servicegroup/drivers/db.py:44}}
Aug 25 05:34:47.604406 np0000008051 nova-scheduler[96649]: DEBUG oslo.service.backend._threading.loopingcall [-] Fixed interval looping call 'nova.servicegroup.drivers.db.DbDriver._report_state' sleeping for 119.99 seconds {{(pid=96649) _run_loop /opt/stack/data/venv/lib/python3.12/site-packages/oslo_service/backend/_threading/loopingcall.py:125}}
Aug 25 05:34:47.604954 np0000008051 nova-scheduler[96651]: DEBUG oslo.service.backend._threading.loopingcall [-] Fixed interval looping call 'nova.servicegroup.drivers.db.DbDriver._report_state' sleeping for 119.99 seconds {{(pid=96651) _run_loop /opt/stack/data/venv/lib/python3.12/site-packages/oslo_service/backend/_threading/loopingcall.py:125}}
Aug 25 05:34:47.624520 np0000008051 nova-scheduler[96653]: DEBUG oslo.service.backend._threading.loopingcall [-] Fixed interval looping call 'nova.servicegroup.drivers.db.DbDriver._report_state' sleeping for 119.99 seconds {{(pid=96653) _run_loop /opt/stack/data/venv/lib/python3.12/site-packages/oslo_service/backend/_threading/loopingcall.py:125}}
Aug 25 05:34:47.636662 np0000008051 nova-scheduler[96656]: DEBUG oslo.service.backend._threading.loopingcall [-] Fixed interval looping call 'nova.servicegroup.drivers.db.DbDriver._report_state' sleeping for 119.99 seconds {{(pid=96656) _run_loop /opt/stack/data/venv/lib/python3.12/site-packages/oslo_service/backend/_threading/loopingcall.py:125}}
Aug 25 05:34:51.163830 np0000008051 nova-scheduler[95448]: DEBUG dbcounter [-] [95448] Writing DB stats nova_api:SELECT=3 {{(pid=95448) stat_writer /opt/stack/data/venv/lib/python3.12/site-packages/dbcounter.py:115}}
Aug 25 05:34:51.297876 np0000008051 nova-scheduler[95448]: DEBUG dbcounter [-] [95448] Writing DB stats nova_cell0:SELECT=1 {{(pid=95448) stat_writer /opt/stack/data/venv/lib/python3.12/site-packages/dbcounter.py:115}}
Aug 25 05:34:51.302181 np0000008051 nova-scheduler[95448]: DEBUG dbcounter [-] [95448] Writing DB stats nova_cell1:SELECT=1 {{(pid=95448) stat_writer /opt/stack/data/venv/lib/python3.12/site-packages/dbcounter.py:115}}
Aug 25 05:34:51.593589 np0000008051 nova-scheduler[96649]: DEBUG oslo.service.backend._threading.loopingcall [None req-e574f62f-4d5a-43ea-81f4-b349acdda8df None None] Dynamic interval looping call 'nova.service.Service.periodic_tasks' sleeping for 60.00 seconds {{(pid=96649) _run_loop /opt/stack/data/venv/lib/python3.12/site-packages/oslo_service/backend/_threading/loopingcall.py:125}}
Aug 25 05:34:57.600517 np0000008051 nova-scheduler[96649]: DEBUG dbcounter [-] [96649] Writing DB stats nova_cell0:SELECT=4,nova_cell0:INSERT=1,nova_cell0:UPDATE=1 {{(pid=96649) stat_writer /opt/stack/data/venv/lib/python3.12/site-packages/dbcounter.py:115}}
Aug 25 05:34:57.603425 np0000008051 nova-scheduler[96651]: DEBUG dbcounter [-] [96651] Writing DB stats nova_cell0:SELECT=3,nova_cell0:UPDATE=1 {{(pid=96651) stat_writer /opt/stack/data/venv/lib/python3.12/site-packages/dbcounter.py:115}}
Aug 25 05:34:57.621368 np0000008051 nova-scheduler[96653]: DEBUG dbcounter [-] [96653] Writing DB stats nova_cell0:SELECT=3 {{(pid=96653) stat_writer /opt/stack/data/venv/lib/python3.12/site-packages/dbcounter.py:115}}
Aug 25 05:34:57.636323 np0000008051 nova-scheduler[96656]: DEBUG dbcounter [-] [96656] Writing DB stats nova_cell0:SELECT=3 {{(pid=96656) stat_writer /opt/stack/data/venv/lib/python3.12/site-packages/dbcounter.py:115}}
Aug 25 05:35:01.613973 np0000008051 nova-scheduler[96653]: DEBUG oslo.service.backend._threading.loopingcall [None req-6b21b431-3d4b-481a-b8f8-aaad88975fee None None] Dynamic interval looping call 'nova.service.Service.periodic_tasks' sleeping for 60.00 seconds {{(pid=96653) _run_loop /opt/stack/data/venv/lib/python3.12/site-packages/oslo_service/backend/_threading/loopingcall.py:125}}
Aug 25 05:35:12.628239 np0000008051 nova-scheduler[96656]: DEBUG oslo.service.backend._threading.loopingcall [None req-fc76e8b0-7403-4714-a547-d2fa99a40bf8 None None] Dynamic interval looping call 'nova.service.Service.periodic_tasks' sleeping for 60.00 seconds {{(pid=96656) _run_loop /opt/stack/data/venv/lib/python3.12/site-packages/oslo_service/backend/_threading/loopingcall.py:125}}
Aug 25 05:35:20.593637 np0000008051 nova-scheduler[96651]: DEBUG oslo.service.backend._threading.loopingcall [None req-0a4d91bf-c9bc-43d8-8790-6ba25b0e07de None None] Dynamic interval looping call 'nova.service.Service.periodic_tasks' sleeping for 60.00 seconds {{(pid=96651) _run_loop /opt/stack/data/venv/lib/python3.12/site-packages/oslo_service/backend/_threading/loopingcall.py:125}}
Aug 25 05:35:51.594248 np0000008051 nova-scheduler[96649]: DEBUG oslo.service.backend._threading.loopingcall [None req-e574f62f-4d5a-43ea-81f4-b349acdda8df None None] Dynamic interval looping call 'nova.service.Service.periodic_tasks' sleeping for 60.00 seconds {{(pid=96649) _run_loop /opt/stack/data/venv/lib/python3.12/site-packages/oslo_service/backend/_threading/loopingcall.py:125}}
Aug 25 05:36:01.614683 np0000008051 nova-scheduler[96653]: DEBUG oslo.service.backend._threading.loopingcall [None req-6b21b431-3d4b-481a-b8f8-aaad88975fee None None] Dynamic interval looping call 'nova.service.Service.periodic_tasks' sleeping for 60.00 seconds {{(pid=96653) _run_loop /opt/stack/data/venv/lib/python3.12/site-packages/oslo_service/backend/_threading/loopingcall.py:125}}
Aug 25 05:36:12.628769 np0000008051 nova-scheduler[96656]: DEBUG oslo.service.backend._threading.loopingcall [None req-fc76e8b0-7403-4714-a547-d2fa99a40bf8 None None] Dynamic interval looping call 'nova.service.Service.periodic_tasks' sleeping for 60.00 seconds {{(pid=96656) _run_loop /opt/stack/data/venv/lib/python3.12/site-packages/oslo_service/backend/_threading/loopingcall.py:125}}
Aug 25 05:36:20.594234 np0000008051 nova-scheduler[96651]: DEBUG oslo.service.backend._threading.loopingcall [None req-0a4d91bf-c9bc-43d8-8790-6ba25b0e07de None None] Dynamic interval looping call 'nova.service.Service.periodic_tasks' sleeping for 60.00 seconds {{(pid=96651) _run_loop /opt/stack/data/venv/lib/python3.12/site-packages/oslo_service/backend/_threading/loopingcall.py:125}}
Aug 25 05:36:47.604982 np0000008051 nova-scheduler[96651]: DEBUG oslo.service.backend._threading.loopingcall [-] Fixed interval looping call 'nova.servicegroup.drivers.db.DbDriver._report_state' sleeping for 119.99 seconds {{(pid=96651) _run_loop /opt/stack/data/venv/lib/python3.12/site-packages/oslo_service/backend/_threading/loopingcall.py:125}}
Aug 25 05:36:47.605579 np0000008051 nova-scheduler[96649]: DEBUG oslo.service.backend._threading.loopingcall [-] Fixed interval looping call 'nova.servicegroup.drivers.db.DbDriver._report_state' sleeping for 119.99 seconds {{(pid=96649) _run_loop /opt/stack/data/venv/lib/python3.12/site-packages/oslo_service/backend/_threading/loopingcall.py:125}}
Aug 25 05:36:47.619164 np0000008051 nova-scheduler[96653]: DEBUG oslo.service.backend._threading.loopingcall [-] Fixed interval looping call 'nova.servicegroup.drivers.db.DbDriver._report_state' sleeping for 120.00 seconds {{(pid=96653) _run_loop /opt/stack/data/venv/lib/python3.12/site-packages/oslo_service/backend/_threading/loopingcall.py:125}}
Aug 25 05:36:47.631488 np0000008051 nova-scheduler[96656]: DEBUG oslo.service.backend._threading.loopingcall [-] Fixed interval looping call 'nova.servicegroup.drivers.db.DbDriver._report_state' sleeping for 120.00 seconds {{(pid=96656) _run_loop /opt/stack/data/venv/lib/python3.12/site-packages/oslo_service/backend/_threading/loopingcall.py:125}}
Aug 25 05:36:51.594699 np0000008051 nova-scheduler[96649]: DEBUG oslo.service.backend._threading.loopingcall [None req-e574f62f-4d5a-43ea-81f4-b349acdda8df None None] Dynamic interval looping call 'nova.service.Service.periodic_tasks' sleeping for 60.00 seconds {{(pid=96649) _run_loop /opt/stack/data/venv/lib/python3.12/site-packages/oslo_service/backend/_threading/loopingcall.py:125}}
Aug 25 05:36:57.598335 np0000008051 nova-scheduler[96651]: DEBUG dbcounter [-] [96651] Writing DB stats nova_cell0:SELECT=1,nova_cell0:UPDATE=1 {{(pid=96651) stat_writer /opt/stack/data/venv/lib/python3.12/site-packages/dbcounter.py:115}}
Aug 25 05:36:57.598805 np0000008051 nova-scheduler[96649]: DEBUG dbcounter [-] [96649] Writing DB stats nova_cell0:SELECT=1,nova_cell0:UPDATE=1 {{(pid=96649) stat_writer /opt/stack/data/venv/lib/python3.12/site-packages/dbcounter.py:115}}
Aug 25 05:36:57.617036 np0000008051 nova-scheduler[96653]: DEBUG dbcounter [-] [96653] Writing DB stats nova_cell0:SELECT=1 {{(pid=96653) stat_writer /opt/stack/data/venv/lib/python3.12/site-packages/dbcounter.py:115}}
Aug 25 05:36:57.629165 np0000008051 nova-scheduler[96656]: DEBUG dbcounter [-] [96656] Writing DB stats nova_cell0:SELECT=1 {{(pid=96656) stat_writer /opt/stack/data/venv/lib/python3.12/site-packages/dbcounter.py:115}}
Aug 25 05:37:01.615144 np0000008051 nova-scheduler[96653]: DEBUG oslo.service.backend._threading.loopingcall [None req-6b21b431-3d4b-481a-b8f8-aaad88975fee None None] Dynamic interval looping call 'nova.service.Service.periodic_tasks' sleeping for 60.00 seconds {{(pid=96653) _run_loop /opt/stack/data/venv/lib/python3.12/site-packages/oslo_service/backend/_threading/loopingcall.py:125}}
Aug 25 05:37:12.629279 np0000008051 nova-scheduler[96656]: DEBUG oslo.service.backend._threading.loopingcall [None req-fc76e8b0-7403-4714-a547-d2fa99a40bf8 None None] Dynamic interval looping call 'nova.service.Service.periodic_tasks' sleeping for 60.00 seconds {{(pid=96656) _run_loop /opt/stack/data/venv/lib/python3.12/site-packages/oslo_service/backend/_threading/loopingcall.py:125}}
Aug 25 05:37:20.594918 np0000008051 nova-scheduler[96651]: DEBUG oslo.service.backend._threading.loopingcall [None req-0a4d91bf-c9bc-43d8-8790-6ba25b0e07de None None] Dynamic interval looping call 'nova.service.Service.periodic_tasks' sleeping for 60.00 seconds {{(pid=96651) _run_loop /opt/stack/data/venv/lib/python3.12/site-packages/oslo_service/backend/_threading/loopingcall.py:125}}
Aug 25 05:37:28.433950 np0000008051 nova-scheduler[96649]: DEBUG nova.scheduler.manager [None req-686b041e-bcda-4fbe-8800-10bb6ae8a656 tempest-ServerBootFromVolumeStableRescueTest-918727856 tempest-ServerBootFromVolumeStableRescueTest-918727856-project-member] Starting to schedule for instances: ['a8d8755c-ba1d-46be-8ec5-4407f17c7943'] {{(pid=96649) select_destinations /opt/stack/nova/nova/scheduler/manager.py:197}}
Aug 25 05:37:28.435098 np0000008051 nova-scheduler[96649]: DEBUG nova.scheduler.request_filter [None req-686b041e-bcda-4fbe-8800-10bb6ae8a656 tempest-ServerBootFromVolumeStableRescueTest-918727856 tempest-ServerBootFromVolumeStableRescueTest-918727856-project-member] compute_status_filter request filter added forbidden trait COMPUTE_STATUS_DISABLED {{(pid=96649) compute_status_filter /opt/stack/nova/nova/scheduler/request_filter.py:258}}
Aug 25 05:37:28.435098 np0000008051 nova-scheduler[96649]: DEBUG nova.scheduler.request_filter [None req-686b041e-bcda-4fbe-8800-10bb6ae8a656 tempest-ServerBootFromVolumeStableRescueTest-918727856 tempest-ServerBootFromVolumeStableRescueTest-918727856-project-member] Request filter 'compute_status_filter' took 0.0 seconds {{(pid=96649) wrapper /opt/stack/nova/nova/scheduler/request_filter.py:51}}
Aug 25 05:37:28.438294 np0000008051 nova-scheduler[96649]: DEBUG nova.scheduler.request_filter [None req-686b041e-bcda-4fbe-8800-10bb6ae8a656 tempest-ServerBootFromVolumeStableRescueTest-918727856 tempest-ServerBootFromVolumeStableRescueTest-918727856-project-member] Request filter 'accelerators_filter' took 0.0 seconds {{(pid=96649) wrapper /opt/stack/nova/nova/scheduler/request_filter.py:51}}
Aug 25 05:37:28.438294 np0000008051 nova-scheduler[96649]: DEBUG nova.scheduler.request_filter [None req-686b041e-bcda-4fbe-8800-10bb6ae8a656 tempest-ServerBootFromVolumeStableRescueTest-918727856 tempest-ServerBootFromVolumeStableRescueTest-918727856-project-member] Request filter 'packed_virtqueue_filter' took 0.0 seconds {{(pid=96649) wrapper /opt/stack/nova/nova/scheduler/request_filter.py:51}}
Aug 25 05:37:28.438294 np0000008051 nova-scheduler[96649]: DEBUG nova.scheduler.request_filter [None req-686b041e-bcda-4fbe-8800-10bb6ae8a656 tempest-ServerBootFromVolumeStableRescueTest-918727856 tempest-ServerBootFromVolumeStableRescueTest-918727856-project-member] Request filter 'remote_managed_ports_filter' took 0.0 seconds {{(pid=96649) wrapper /opt/stack/nova/nova/scheduler/request_filter.py:51}}
Aug 25 05:37:28.438294 np0000008051 nova-scheduler[96649]: DEBUG nova.scheduler.request_filter [None req-686b041e-bcda-4fbe-8800-10bb6ae8a656 tempest-ServerBootFromVolumeStableRescueTest-918727856 tempest-ServerBootFromVolumeStableRescueTest-918727856-project-member] ephemeral_encryption_filter skipped {{(pid=96649) ephemeral_encryption_filter /opt/stack/nova/nova/scheduler/request_filter.py:431}}
Aug 25 05:37:28.438294 np0000008051 nova-scheduler[96649]: DEBUG nova.scheduler.request_filter [None req-686b041e-bcda-4fbe-8800-10bb6ae8a656 tempest-ServerBootFromVolumeStableRescueTest-918727856 tempest-ServerBootFromVolumeStableRescueTest-918727856-project-member] virtio_sound_filter skipped {{(pid=96649) virtio_sound_filter /opt/stack/nova/nova/scheduler/request_filter.py:465}}
Aug 25 05:37:28.438801 np0000008051 nova-scheduler[96649]: DEBUG nova.scheduler.request_filter [None req-686b041e-bcda-4fbe-8800-10bb6ae8a656 tempest-ServerBootFromVolumeStableRescueTest-918727856 tempest-ServerBootFromVolumeStableRescueTest-918727856-project-member] tpm_secret_security_filter skipped {{(pid=96649) tpm_secret_security_filter /opt/stack/nova/nova/scheduler/request_filter.py:482}}
Aug 25 05:37:28.438801 np0000008051 nova-scheduler[96649]: DEBUG oslo_concurrency.lockutils [None req-686b041e-bcda-4fbe-8800-10bb6ae8a656 tempest-ServerBootFromVolumeStableRescueTest-918727856 tempest-ServerBootFromVolumeStableRescueTest-918727856-project-member] Acquiring lock "00000000-0000-0000-0000-000000000000" by "nova.context.set_target_cell..get_or_set_cached_cell_and_set_connections" {{(pid=96649) inner /opt/stack/data/venv/lib/python3.12/site-packages/oslo_concurrency/lockutils.py:512}}
Aug 25 05:37:28.438801 np0000008051 nova-scheduler[96649]: DEBUG oslo_concurrency.lockutils [None req-686b041e-bcda-4fbe-8800-10bb6ae8a656 tempest-ServerBootFromVolumeStableRescueTest-918727856 tempest-ServerBootFromVolumeStableRescueTest-918727856-project-member] Lock "00000000-0000-0000-0000-000000000000" acquired by "nova.context.set_target_cell..get_or_set_cached_cell_and_set_connections" :: waited 0.000s {{(pid=96649) inner /opt/stack/data/venv/lib/python3.12/site-packages/oslo_concurrency/lockutils.py:525}}
Aug 25 05:37:28.438801 np0000008051 nova-scheduler[96649]: DEBUG oslo_concurrency.lockutils [None req-686b041e-bcda-4fbe-8800-10bb6ae8a656 tempest-ServerBootFromVolumeStableRescueTest-918727856 tempest-ServerBootFromVolumeStableRescueTest-918727856-project-member] Lock "00000000-0000-0000-0000-000000000000" "released" by "nova.context.set_target_cell..get_or_set_cached_cell_and_set_connections" :: held 0.001s {{(pid=96649) inner /opt/stack/data/venv/lib/python3.12/site-packages/oslo_concurrency/lockutils.py:544}}
Aug 25 05:37:28.439090 np0000008051 nova-scheduler[96649]: INFO nova.thread_pool_factory [None req-686b041e-bcda-4fbe-8800-10bb6ae8a656 tempest-ServerBootFromVolumeStableRescueTest-918727856 tempest-ServerBootFromVolumeStableRescueTest-918727856-project-member] The cell_worker thread pool ForkProcess-1.cell_worker is initialized
