Aug 25 05:34:47.930879 np0000008051 nova-conductor[99075]: DEBUG cotyledon.oslo_config_glue [-] vnc.server_proxyclient_address = 127.0.0.1 {{(pid=99075) log_opt_values /opt/stack/data/venv/lib/python3.12/site-packages/oslo_config/cfg.py:3560}}
Aug 25 05:34:47.931083 np0000008051 nova-conductor[99075]: DEBUG cotyledon.oslo_config_glue [-] vnc.vencrypt_ca_certs = None {{(pid=99075) log_opt_values /opt/stack/data/venv/lib/python3.12/site-packages/oslo_config/cfg.py:3560}}
Aug 25 05:34:47.931083 np0000008051 nova-conductor[99075]: DEBUG cotyledon.oslo_config_glue [-] vnc.vencrypt_client_cert = None {{(pid=99075) log_opt_values /opt/stack/data/venv/lib/python3.12/site-packages/oslo_config/cfg.py:3560}}
Aug 25 05:34:47.931083 np0000008051 nova-conductor[99075]: DEBUG cotyledon.oslo_config_glue [-] vnc.vencrypt_client_key = None {{(pid=99075) log_opt_values /opt/stack/data/venv/lib/python3.12/site-packages/oslo_config/cfg.py:3560}}
Aug 25 05:34:47.931083 np0000008051 nova-conductor[99075]: DEBUG cotyledon.oslo_config_glue [-] workarounds.disable_compute_service_check_for_ffu = False {{(pid=99075) log_opt_values /opt/stack/data/venv/lib/python3.12/site-packages/oslo_config/cfg.py:3560}}
Aug 25 05:34:47.931083 np0000008051 nova-conductor[99075]: DEBUG cotyledon.oslo_config_glue [-] workarounds.disable_deep_image_inspection = False {{(pid=99075) log_opt_values /opt/stack/data/venv/lib/python3.12/site-packages/oslo_config/cfg.py:3560}}
Aug 25 05:34:47.931083 np0000008051 nova-conductor[99075]: DEBUG cotyledon.oslo_config_glue [-] workarounds.disable_fallback_pcpu_query = False {{(pid=99075) log_opt_values /opt/stack/data/venv/lib/python3.12/site-packages/oslo_config/cfg.py:3560}}
Aug 25 05:34:47.931083 np0000008051 nova-conductor[99075]: DEBUG cotyledon.oslo_config_glue [-] workarounds.disable_group_policy_check_upcall = False {{(pid=99075) log_opt_values /opt/stack/data/venv/lib/python3.12/site-packages/oslo_config/cfg.py:3560}}
Aug 25 05:34:47.931083 np0000008051 nova-conductor[99075]: DEBUG cotyledon.oslo_config_glue [-] workarounds.disable_libvirt_livesnapshot = False {{(pid=99075) log_opt_values /opt/stack/data/venv/lib/python3.12/site-packages/oslo_config/cfg.py:3560}}
Aug 25 05:34:47.931083 np0000008051 nova-conductor[99075]: DEBUG cotyledon.oslo_config_glue [-] workarounds.disable_rootwrap = False {{(pid=99075) log_opt_values /opt/stack/data/venv/lib/python3.12/site-packages/oslo_config/cfg.py:3560}}
Aug 25 05:34:47.931276 np0000008051 nova-conductor[99075]: DEBUG cotyledon.oslo_config_glue [-] workarounds.enable_numa_live_migration = False {{(pid=99075) log_opt_values /opt/stack/data/venv/lib/python3.12/site-packages/oslo_config/cfg.py:3560}}
Aug 25 05:34:47.931276 np0000008051 nova-conductor[99075]: DEBUG cotyledon.oslo_config_glue [-] workarounds.enable_qemu_monitor_announce_self = False {{(pid=99075) log_opt_values /opt/stack/data/venv/lib/python3.12/site-packages/oslo_config/cfg.py:3560}}
Aug 25 05:34:47.931276 np0000008051 nova-conductor[99075]: DEBUG cotyledon.oslo_config_glue [-] workarounds.ensure_libvirt_rbd_instance_dir_cleanup = False {{(pid=99075) log_opt_values /opt/stack/data/venv/lib/python3.12/site-packages/oslo_config/cfg.py:3560}}
Aug 25 05:34:47.931276 np0000008051 nova-conductor[99075]: DEBUG cotyledon.oslo_config_glue [-] workarounds.handle_virt_lifecycle_events = True {{(pid=99075) log_opt_values /opt/stack/data/venv/lib/python3.12/site-packages/oslo_config/cfg.py:3560}}
Aug 25 05:34:47.931276 np0000008051 nova-conductor[99075]: DEBUG cotyledon.oslo_config_glue [-] workarounds.libvirt_disable_apic = False {{(pid=99075) log_opt_values /opt/stack/data/venv/lib/python3.12/site-packages/oslo_config/cfg.py:3560}}
Aug 25 05:34:47.931276 np0000008051 nova-conductor[99075]: DEBUG cotyledon.oslo_config_glue [-] workarounds.never_download_image_if_on_rbd = False {{(pid=99075) log_opt_values /opt/stack/data/venv/lib/python3.12/site-packages/oslo_config/cfg.py:3560}}
Aug 25 05:34:47.931276 np0000008051 nova-conductor[99075]: DEBUG cotyledon.oslo_config_glue [-] workarounds.qemu_monitor_announce_self_count = 3 {{(pid=99075) log_opt_values /opt/stack/data/venv/lib/python3.12/site-packages/oslo_config/cfg.py:3560}}
Aug 25 05:34:47.931276 np0000008051 nova-conductor[99075]: DEBUG cotyledon.oslo_config_glue [-] workarounds.qemu_monitor_announce_self_interval = 1 {{(pid=99075) log_opt_values /opt/stack/data/venv/lib/python3.12/site-packages/oslo_config/cfg.py:3560}}
Aug 25 05:34:47.931276 np0000008051 nova-conductor[99075]: DEBUG cotyledon.oslo_config_glue [-] workarounds.reserve_disk_resource_for_image_cache = False {{(pid=99075) log_opt_values /opt/stack/data/venv/lib/python3.12/site-packages/oslo_config/cfg.py:3560}}
Aug 25 05:34:47.931449 np0000008051 nova-conductor[99075]: DEBUG cotyledon.oslo_config_glue [-] workarounds.skip_cpu_compare_at_startup = False {{(pid=99075) log_opt_values /opt/stack/data/venv/lib/python3.12/site-packages/oslo_config/cfg.py:3560}}
Aug 25 05:34:47.931449 np0000008051 nova-conductor[99075]: DEBUG cotyledon.oslo_config_glue [-] workarounds.skip_cpu_compare_on_dest = False {{(pid=99075) log_opt_values /opt/stack/data/venv/lib/python3.12/site-packages/oslo_config/cfg.py:3560}}
Aug 25 05:34:47.931449 np0000008051 nova-conductor[99075]: DEBUG cotyledon.oslo_config_glue [-] workarounds.skip_hypervisor_version_check_on_lm = False {{(pid=99075) log_opt_values /opt/stack/data/venv/lib/python3.12/site-packages/oslo_config/cfg.py:3560}}
Aug 25 05:34:47.931449 np0000008051 nova-conductor[99075]: DEBUG cotyledon.oslo_config_glue [-] workarounds.skip_reserve_in_use_ironic_nodes = False {{(pid=99075) log_opt_values /opt/stack/data/venv/lib/python3.12/site-packages/oslo_config/cfg.py:3560}}
Aug 25 05:34:47.931449 np0000008051 nova-conductor[99075]: DEBUG cotyledon.oslo_config_glue [-] workarounds.unified_limits_count_pcpu_as_vcpu = False {{(pid=99075) log_opt_values /opt/stack/data/venv/lib/python3.12/site-packages/oslo_config/cfg.py:3560}}
Aug 25 05:34:47.931449 np0000008051 nova-conductor[99075]: DEBUG cotyledon.oslo_config_glue [-] workarounds.wait_for_vif_plugged_event_during_hard_reboot = [] {{(pid=99075) log_opt_values /opt/stack/data/venv/lib/python3.12/site-packages/oslo_config/cfg.py:3560}}
Aug 25 05:34:47.931449 np0000008051 nova-conductor[99075]: DEBUG cotyledon.oslo_config_glue [-] wsgi.api_paste_config = /etc/nova/api-paste.ini {{(pid=99075) log_opt_values /opt/stack/data/venv/lib/python3.12/site-packages/oslo_config/cfg.py:3560}}
Aug 25 05:34:47.931449 np0000008051 nova-conductor[99075]: DEBUG cotyledon.oslo_config_glue [-] wsgi.secure_proxy_ssl_header = None {{(pid=99075) log_opt_values /opt/stack/data/venv/lib/python3.12/site-packages/oslo_config/cfg.py:3560}}
Aug 25 05:34:47.931449 np0000008051 nova-conductor[99075]: DEBUG cotyledon.oslo_config_glue [-] zvm.ca_file = None {{(pid=99075) log_opt_values /opt/stack/data/venv/lib/python3.12/site-packages/oslo_config/cfg.py:3560}}
Aug 25 05:34:47.931613 np0000008051 nova-conductor[99075]: DEBUG cotyledon.oslo_config_glue [-] zvm.cloud_connector_url = None {{(pid=99075) log_opt_values /opt/stack/data/venv/lib/python3.12/site-packages/oslo_config/cfg.py:3560}}
Aug 25 05:34:47.931613 np0000008051 nova-conductor[99075]: DEBUG cotyledon.oslo_config_glue [-] zvm.image_tmp_path = /opt/stack/data/nova/images {{(pid=99075) log_opt_values /opt/stack/data/venv/lib/python3.12/site-packages/oslo_config/cfg.py:3560}}
Aug 25 05:34:47.931613 np0000008051 nova-conductor[99075]: DEBUG cotyledon.oslo_config_glue [-] zvm.reachable_timeout = 300 {{(pid=99075) log_opt_values /opt/stack/data/venv/lib/python3.12/site-packages/oslo_config/cfg.py:3560}}
Aug 25 05:34:47.931613 np0000008051 nova-conductor[99075]: DEBUG cotyledon.oslo_config_glue [-] oslo_versionedobjects.fatal_exception_format_errors = False {{(pid=99075) log_opt_values /opt/stack/data/venv/lib/python3.12/site-packages/oslo_config/cfg.py:3560}}
Aug 25 05:34:47.931613 np0000008051 nova-conductor[99075]: DEBUG cotyledon.oslo_config_glue [-] oslo_middleware.http_basic_auth_user_file = /etc/htpasswd {{(pid=99075) log_opt_values /opt/stack/data/venv/lib/python3.12/site-packages/oslo_config/cfg.py:3560}}
Aug 25 05:34:47.931613 np0000008051 nova-conductor[99075]: DEBUG cotyledon.oslo_config_glue [-] profiler.connection_string = messaging:// {{(pid=99075) log_opt_values /opt/stack/data/venv/lib/python3.12/site-packages/oslo_config/cfg.py:3560}}
Aug 25 05:34:47.931613 np0000008051 nova-conductor[99075]: DEBUG cotyledon.oslo_config_glue [-] profiler.enabled = False {{(pid=99075) log_opt_values /opt/stack/data/venv/lib/python3.12/site-packages/oslo_config/cfg.py:3560}}
Aug 25 05:34:47.931613 np0000008051 nova-conductor[99075]: DEBUG cotyledon.oslo_config_glue [-] profiler.es_doc_type = notification {{(pid=99075) log_opt_values /opt/stack/data/venv/lib/python3.12/site-packages/oslo_config/cfg.py:3560}}
Aug 25 05:34:47.931613 np0000008051 nova-conductor[99075]: DEBUG cotyledon.oslo_config_glue [-] profiler.es_scroll_size = 10000 {{(pid=99075) log_opt_values /opt/stack/data/venv/lib/python3.12/site-packages/oslo_config/cfg.py:3560}}
Aug 25 05:34:47.931805 np0000008051 nova-conductor[99075]: DEBUG cotyledon.oslo_config_glue [-] profiler.es_scroll_time = 2m {{(pid=99075) log_opt_values /opt/stack/data/venv/lib/python3.12/site-packages/oslo_config/cfg.py:3560}}
Aug 25 05:34:47.931805 np0000008051 nova-conductor[99075]: DEBUG cotyledon.oslo_config_glue [-] profiler.filter_error_trace = False {{(pid=99075) log_opt_values /opt/stack/data/venv/lib/python3.12/site-packages/oslo_config/cfg.py:3560}}
Aug 25 05:34:47.931805 np0000008051 nova-conductor[99075]: DEBUG cotyledon.oslo_config_glue [-] profiler.hmac_keys = **** {{(pid=99075) log_opt_values /opt/stack/data/venv/lib/python3.12/site-packages/oslo_config/cfg.py:3560}}
Aug 25 05:34:47.931805 np0000008051 nova-conductor[99075]: DEBUG cotyledon.oslo_config_glue [-] profiler.sentinel_service_name = mymaster {{(pid=99075) log_opt_values /opt/stack/data/venv/lib/python3.12/site-packages/oslo_config/cfg.py:3560}}
Aug 25 05:34:47.931805 np0000008051 nova-conductor[99075]: DEBUG cotyledon.oslo_config_glue [-] profiler.socket_timeout = 0.1 {{(pid=99075) log_opt_values /opt/stack/data/venv/lib/python3.12/site-packages/oslo_config/cfg.py:3560}}
Aug 25 05:34:47.931805 np0000008051 nova-conductor[99075]: DEBUG cotyledon.oslo_config_glue [-] profiler.trace_requests = False {{(pid=99075) log_opt_values /opt/stack/data/venv/lib/python3.12/site-packages/oslo_config/cfg.py:3560}}
Aug 25 05:34:47.931805 np0000008051 nova-conductor[99075]: DEBUG cotyledon.oslo_config_glue [-] profiler.trace_sqlalchemy = False {{(pid=99075) log_opt_values /opt/stack/data/venv/lib/python3.12/site-packages/oslo_config/cfg.py:3560}}
Aug 25 05:34:47.931805 np0000008051 nova-conductor[99075]: DEBUG cotyledon.oslo_config_glue [-] profiler_jaeger.process_tags = {} {{(pid=99075) log_opt_values /opt/stack/data/venv/lib/python3.12/site-packages/oslo_config/cfg.py:3560}}
Aug 25 05:34:47.931805 np0000008051 nova-conductor[99075]: DEBUG cotyledon.oslo_config_glue [-] profiler_jaeger.service_name_prefix = None {{(pid=99075) log_opt_values /opt/stack/data/venv/lib/python3.12/site-packages/oslo_config/cfg.py:3560}}
Aug 25 05:34:47.931992 np0000008051 nova-conductor[99075]: DEBUG cotyledon.oslo_config_glue [-] profiler_otlp.service_name_prefix = None {{(pid=99075) log_opt_values /opt/stack/data/venv/lib/python3.12/site-packages/oslo_config/cfg.py:3560}}
Aug 25 05:34:47.931992 np0000008051 nova-conductor[99075]: DEBUG cotyledon.oslo_config_glue [-] oslo_messaging_rabbit.amqp_auto_delete = False {{(pid=99075) log_opt_values /opt/stack/data/venv/lib/python3.12/site-packages/oslo_config/cfg.py:3560}}
Aug 25 05:34:47.931992 np0000008051 nova-conductor[99075]: DEBUG cotyledon.oslo_config_glue [-] oslo_messaging_rabbit.amqp_durable_queues = False {{(pid=99075) log_opt_values /opt/stack/data/venv/lib/python3.12/site-packages/oslo_config/cfg.py:3560}}
Aug 25 05:34:47.931992 np0000008051 nova-conductor[99075]: DEBUG cotyledon.oslo_config_glue [-] oslo_messaging_rabbit.conn_pool_min_size = 2 {{(pid=99075) log_opt_values /opt/stack/data/venv/lib/python3.12/site-packages/oslo_config/cfg.py:3560}}
Aug 25 05:34:47.931992 np0000008051 nova-conductor[99075]: DEBUG cotyledon.oslo_config_glue [-] oslo_messaging_rabbit.conn_pool_ttl = 1200 {{(pid=99075) log_opt_values /opt/stack/data/venv/lib/python3.12/site-packages/oslo_config/cfg.py:3560}}
Aug 25 05:34:47.931992 np0000008051 nova-conductor[99075]: DEBUG cotyledon.oslo_config_glue [-] oslo_messaging_rabbit.direct_mandatory_flag = True {{(pid=99075) log_opt_values /opt/stack/data/venv/lib/python3.12/site-packages/oslo_config/cfg.py:3560}}
Aug 25 05:34:47.931992 np0000008051 nova-conductor[99075]: DEBUG cotyledon.oslo_config_glue [-] oslo_messaging_rabbit.enable_cancel_on_failover = False {{(pid=99075) log_opt_values /opt/stack/data/venv/lib/python3.12/site-packages/oslo_config/cfg.py:3560}}
Aug 25 05:34:47.931992 np0000008051 nova-conductor[99075]: DEBUG cotyledon.oslo_config_glue [-] oslo_messaging_rabbit.heartbeat_rate = 3 {{(pid=99075) log_opt_values /opt/stack/data/venv/lib/python3.12/site-packages/oslo_config/cfg.py:3560}}
Aug 25 05:34:47.931992 np0000008051 nova-conductor[99075]: DEBUG cotyledon.oslo_config_glue [-] oslo_messaging_rabbit.heartbeat_timeout_threshold = 60 {{(pid=99075) log_opt_values /opt/stack/data/venv/lib/python3.12/site-packages/oslo_config/cfg.py:3560}}
Aug 25 05:34:47.932201 np0000008051 nova-conductor[99075]: DEBUG cotyledon.oslo_config_glue [-] oslo_messaging_rabbit.hostname = np0000008051 {{(pid=99075) log_opt_values /opt/stack/data/venv/lib/python3.12/site-packages/oslo_config/cfg.py:3560}}
Aug 25 05:34:47.932201 np0000008051 nova-conductor[99075]: DEBUG cotyledon.oslo_config_glue [-] oslo_messaging_rabbit.kombu_compression = None {{(pid=99075) log_opt_values /opt/stack/data/venv/lib/python3.12/site-packages/oslo_config/cfg.py:3560}}
Aug 25 05:34:47.932201 np0000008051 nova-conductor[99075]: DEBUG cotyledon.oslo_config_glue [-] oslo_messaging_rabbit.kombu_failover_strategy = round-robin {{(pid=99075) log_opt_values /opt/stack/data/venv/lib/python3.12/site-packages/oslo_config/cfg.py:3560}}
Aug 25 05:34:47.932201 np0000008051 nova-conductor[99075]: DEBUG cotyledon.oslo_config_glue [-] oslo_messaging_rabbit.kombu_missing_consumer_retry_timeout = 60 {{(pid=99075) log_opt_values /opt/stack/data/venv/lib/python3.12/site-packages/oslo_config/cfg.py:3560}}
Aug 25 05:34:47.932201 np0000008051 nova-conductor[99075]: DEBUG cotyledon.oslo_config_glue [-] oslo_messaging_rabbit.kombu_reconnect_delay = 1.0 {{(pid=99075) log_opt_values /opt/stack/data/venv/lib/python3.12/site-packages/oslo_config/cfg.py:3560}}
Aug 25 05:34:47.932201 np0000008051 nova-conductor[99075]: DEBUG cotyledon.oslo_config_glue [-] oslo_messaging_rabbit.kombu_reconnect_splay = 0.0 {{(pid=99075) log_opt_values /opt/stack/data/venv/lib/python3.12/site-packages/oslo_config/cfg.py:3560}}
Aug 25 05:34:47.932201 np0000008051 nova-conductor[99075]: DEBUG cotyledon.oslo_config_glue [-] oslo_messaging_rabbit.processname = nova-conductor {{(pid=99075) log_opt_values /opt/stack/data/venv/lib/python3.12/site-packages/oslo_config/cfg.py:3560}}
Aug 25 05:34:47.932201 np0000008051 nova-conductor[99075]: DEBUG cotyledon.oslo_config_glue [-] oslo_messaging_rabbit.rabbit_ha_queues = False {{(pid=99075) log_opt_values /opt/stack/data/venv/lib/python3.12/site-packages/oslo_config/cfg.py:3560}}
Aug 25 05:34:47.932201 np0000008051 nova-conductor[99075]: DEBUG cotyledon.oslo_config_glue [-] oslo_messaging_rabbit.rabbit_interval_max = 30 {{(pid=99075) log_opt_values /opt/stack/data/venv/lib/python3.12/site-packages/oslo_config/cfg.py:3560}}
Aug 25 05:34:47.932392 np0000008051 nova-conductor[99075]: DEBUG cotyledon.oslo_config_glue [-] oslo_messaging_rabbit.rabbit_login_method = AMQPLAIN {{(pid=99075) log_opt_values /opt/stack/data/venv/lib/python3.12/site-packages/oslo_config/cfg.py:3560}}
Aug 25 05:34:47.932392 np0000008051 nova-conductor[99075]: DEBUG cotyledon.oslo_config_glue [-] oslo_messaging_rabbit.rabbit_qos_prefetch_count = 0 {{(pid=99075) log_opt_values /opt/stack/data/venv/lib/python3.12/site-packages/oslo_config/cfg.py:3560}}
Aug 25 05:34:47.932392 np0000008051 nova-conductor[99075]: DEBUG cotyledon.oslo_config_glue [-] oslo_messaging_rabbit.rabbit_quorum_delivery_limit = 0 {{(pid=99075) log_opt_values /opt/stack/data/venv/lib/python3.12/site-packages/oslo_config/cfg.py:3560}}
Aug 25 05:34:47.932392 np0000008051 nova-conductor[99075]: DEBUG cotyledon.oslo_config_glue [-] oslo_messaging_rabbit.rabbit_quorum_max_memory_bytes = 0 {{(pid=99075) log_opt_values /opt/stack/data/venv/lib/python3.12/site-packages/oslo_config/cfg.py:3560}}
Aug 25 05:34:47.932392 np0000008051 nova-conductor[99075]: DEBUG cotyledon.oslo_config_glue [-] oslo_messaging_rabbit.rabbit_quorum_max_memory_length = 0 {{(pid=99075) log_opt_values /opt/stack/data/venv/lib/python3.12/site-packages/oslo_config/cfg.py:3560}}
Aug 25 05:34:47.932392 np0000008051 nova-conductor[99075]: DEBUG cotyledon.oslo_config_glue [-] oslo_messaging_rabbit.rabbit_quorum_queue = False {{(pid=99075) log_opt_values /opt/stack/data/venv/lib/python3.12/site-packages/oslo_config/cfg.py:3560}}
Aug 25 05:34:47.932392 np0000008051 nova-conductor[99075]: DEBUG cotyledon.oslo_config_glue [-] oslo_messaging_rabbit.rabbit_retry_backoff = 2 {{(pid=99075) log_opt_values /opt/stack/data/venv/lib/python3.12/site-packages/oslo_config/cfg.py:3560}}
Aug 25 05:34:47.932392 np0000008051 nova-conductor[99075]: DEBUG cotyledon.oslo_config_glue [-] oslo_messaging_rabbit.rabbit_retry_interval = 1 {{(pid=99075) log_opt_values /opt/stack/data/venv/lib/python3.12/site-packages/oslo_config/cfg.py:3560}}
Aug 25 05:34:47.932392 np0000008051 nova-conductor[99075]: DEBUG cotyledon.oslo_config_glue [-] oslo_messaging_rabbit.rabbit_stream_fanout = False {{(pid=99075) log_opt_values /opt/stack/data/venv/lib/python3.12/site-packages/oslo_config/cfg.py:3560}}
Aug 25 05:34:47.932571 np0000008051 nova-conductor[99075]: DEBUG cotyledon.oslo_config_glue [-] oslo_messaging_rabbit.rabbit_transient_queues_ttl = 1800 {{(pid=99075) log_opt_values /opt/stack/data/venv/lib/python3.12/site-packages/oslo_config/cfg.py:3560}}
Aug 25 05:34:47.932571 np0000008051 nova-conductor[99075]: DEBUG cotyledon.oslo_config_glue [-] oslo_messaging_rabbit.rabbit_transient_quorum_queue = False {{(pid=99075) log_opt_values /opt/stack/data/venv/lib/python3.12/site-packages/oslo_config/cfg.py:3560}}
Aug 25 05:34:47.932571 np0000008051 nova-conductor[99075]: DEBUG cotyledon.oslo_config_glue [-] oslo_messaging_rabbit.rpc_conn_pool_size = 30 {{(pid=99075) log_opt_values /opt/stack/data/venv/lib/python3.12/site-packages/oslo_config/cfg.py:3560}}
Aug 25 05:34:47.932571 np0000008051 nova-conductor[99075]: DEBUG cotyledon.oslo_config_glue [-] oslo_messaging_rabbit.ssl = False {{(pid=99075) log_opt_values /opt/stack/data/venv/lib/python3.12/site-packages/oslo_config/cfg.py:3560}}
Aug 25 05:34:47.932571 np0000008051 nova-conductor[99075]: DEBUG cotyledon.oslo_config_glue [-] oslo_messaging_rabbit.ssl_ca_file = {{(pid=99075) log_opt_values /opt/stack/data/venv/lib/python3.12/site-packages/oslo_config/cfg.py:3560}}
Aug 25 05:34:47.932571 np0000008051 nova-conductor[99075]: DEBUG cotyledon.oslo_config_glue [-] oslo_messaging_rabbit.ssl_cert_file = {{(pid=99075) log_opt_values /opt/stack/data/venv/lib/python3.12/site-packages/oslo_config/cfg.py:3560}}
Aug 25 05:34:47.932571 np0000008051 nova-conductor[99075]: DEBUG cotyledon.oslo_config_glue [-] oslo_messaging_rabbit.ssl_enforce_fips_mode = False {{(pid=99075) log_opt_values /opt/stack/data/venv/lib/python3.12/site-packages/oslo_config/cfg.py:3560}}
Aug 25 05:34:47.932571 np0000008051 nova-conductor[99075]: DEBUG cotyledon.oslo_config_glue [-] oslo_messaging_rabbit.ssl_enforce_hostname_verification = True {{(pid=99075) log_opt_values /opt/stack/data/venv/lib/python3.12/site-packages/oslo_config/cfg.py:3560}}
Aug 25 05:34:47.932571 np0000008051 nova-conductor[99075]: DEBUG cotyledon.oslo_config_glue [-] oslo_messaging_rabbit.ssl_key_file = {{(pid=99075) log_opt_values /opt/stack/data/venv/lib/python3.12/site-packages/oslo_config/cfg.py:3560}}
Aug 25 05:34:47.932769 np0000008051 nova-conductor[99075]: DEBUG cotyledon.oslo_config_glue [-] oslo_messaging_rabbit.ssl_version = {{(pid=99075) log_opt_values /opt/stack/data/venv/lib/python3.12/site-packages/oslo_config/cfg.py:3560}}
Aug 25 05:34:47.932769 np0000008051 nova-conductor[99075]: DEBUG cotyledon.oslo_config_glue [-] oslo_messaging_rabbit.use_queue_manager = False {{(pid=99075) log_opt_values /opt/stack/data/venv/lib/python3.12/site-packages/oslo_config/cfg.py:3560}}
Aug 25 05:34:47.932769 np0000008051 nova-conductor[99075]: DEBUG cotyledon.oslo_config_glue [-] oslo_messaging_notifications.driver = ['messagingv2'] {{(pid=99075) log_opt_values /opt/stack/data/venv/lib/python3.12/site-packages/oslo_config/cfg.py:3560}}
Aug 25 05:34:47.932769 np0000008051 nova-conductor[99075]: DEBUG cotyledon.oslo_config_glue [-] oslo_messaging_notifications.retry = -1 {{(pid=99075) log_opt_values /opt/stack/data/venv/lib/python3.12/site-packages/oslo_config/cfg.py:3560}}
Aug 25 05:34:47.932769 np0000008051 nova-conductor[99075]: DEBUG cotyledon.oslo_config_glue [-] oslo_messaging_notifications.topics = ['notifications'] {{(pid=99075) log_opt_values /opt/stack/data/venv/lib/python3.12/site-packages/oslo_config/cfg.py:3560}}
Aug 25 05:34:47.932769 np0000008051 nova-conductor[99075]: DEBUG cotyledon.oslo_config_glue [-] oslo_messaging_notifications.transport_url = **** {{(pid=99075) log_opt_values /opt/stack/data/venv/lib/python3.12/site-packages/oslo_config/cfg.py:3560}}
Aug 25 05:34:47.932769 np0000008051 nova-conductor[99075]: DEBUG cotyledon.oslo_config_glue [-] oslo_limit.auth_section = None {{(pid=99075) log_opt_values /opt/stack/data/venv/lib/python3.12/site-packages/oslo_config/cfg.py:3560}}
Aug 25 05:34:47.932769 np0000008051 nova-conductor[99075]: DEBUG cotyledon.oslo_config_glue [-] oslo_limit.auth_type = None {{(pid=99075) log_opt_values /opt/stack/data/venv/lib/python3.12/site-packages/oslo_config/cfg.py:3560}}
Aug 25 05:34:47.932769 np0000008051 nova-conductor[99075]: DEBUG cotyledon.oslo_config_glue [-] oslo_limit.cafile = None {{(pid=99075) log_opt_values /opt/stack/data/venv/lib/python3.12/site-packages/oslo_config/cfg.py:3560}}
Aug 25 05:34:47.932966 np0000008051 nova-conductor[99075]: DEBUG cotyledon.oslo_config_glue [-] oslo_limit.certfile = None {{(pid=99075) log_opt_values /opt/stack/data/venv/lib/python3.12/site-packages/oslo_config/cfg.py:3560}}
Aug 25 05:34:47.932966 np0000008051 nova-conductor[99075]: DEBUG cotyledon.oslo_config_glue [-] oslo_limit.collect_timing = False {{(pid=99075) log_opt_values /opt/stack/data/venv/lib/python3.12/site-packages/oslo_config/cfg.py:3560}}
Aug 25 05:34:47.932966 np0000008051 nova-conductor[99075]: DEBUG cotyledon.oslo_config_glue [-] oslo_limit.connect_retries = None {{(pid=99075) log_opt_values /opt/stack/data/venv/lib/python3.12/site-packages/oslo_config/cfg.py:3560}}
Aug 25 05:34:47.932966 np0000008051 nova-conductor[99075]: DEBUG cotyledon.oslo_config_glue [-] oslo_limit.connect_retry_delay = None {{(pid=99075) log_opt_values /opt/stack/data/venv/lib/python3.12/site-packages/oslo_config/cfg.py:3560}}
Aug 25 05:34:47.932966 np0000008051 nova-conductor[99075]: DEBUG cotyledon.oslo_config_glue [-] oslo_limit.endpoint_id = None {{(pid=99075) log_opt_values /opt/stack/data/venv/lib/python3.12/site-packages/oslo_config/cfg.py:3560}}
Aug 25 05:34:47.932966 np0000008051 nova-conductor[99075]: DEBUG cotyledon.oslo_config_glue [-] oslo_limit.endpoint_interface = public {{(pid=99075) log_opt_values /opt/stack/data/venv/lib/python3.12/site-packages/oslo_config/cfg.py:3560}}
Aug 25 05:34:47.932966 np0000008051 nova-conductor[99075]: DEBUG cotyledon.oslo_config_glue [-] oslo_limit.endpoint_override = None {{(pid=99075) log_opt_values /opt/stack/data/venv/lib/python3.12/site-packages/oslo_config/cfg.py:3560}}
Aug 25 05:34:47.932966 np0000008051 nova-conductor[99075]: DEBUG cotyledon.oslo_config_glue [-] oslo_limit.endpoint_region_name = None {{(pid=99075) log_opt_values /opt/stack/data/venv/lib/python3.12/site-packages/oslo_config/cfg.py:3560}}
Aug 25 05:34:47.932966 np0000008051 nova-conductor[99075]: DEBUG cotyledon.oslo_config_glue [-] oslo_limit.endpoint_service_name = None {{(pid=99075) log_opt_values /opt/stack/data/venv/lib/python3.12/site-packages/oslo_config/cfg.py:3560}}
Aug 25 05:34:47.933192 np0000008051 nova-conductor[99075]: DEBUG cotyledon.oslo_config_glue [-] oslo_limit.endpoint_service_type = None {{(pid=99075) log_opt_values /opt/stack/data/venv/lib/python3.12/site-packages/oslo_config/cfg.py:3560}}
Aug 25 05:34:47.933192 np0000008051 nova-conductor[99075]: DEBUG cotyledon.oslo_config_glue [-] oslo_limit.insecure = False {{(pid=99075) log_opt_values /opt/stack/data/venv/lib/python3.12/site-packages/oslo_config/cfg.py:3560}}
Aug 25 05:34:47.933192 np0000008051 nova-conductor[99075]: DEBUG cotyledon.oslo_config_glue [-] oslo_limit.keyfile = None {{(pid=99075) log_opt_values /opt/stack/data/venv/lib/python3.12/site-packages/oslo_config/cfg.py:3560}}
Aug 25 05:34:47.933192 np0000008051 nova-conductor[99075]: DEBUG cotyledon.oslo_config_glue [-] oslo_limit.max_version = None {{(pid=99075) log_opt_values /opt/stack/data/venv/lib/python3.12/site-packages/oslo_config/cfg.py:3560}}
Aug 25 05:34:47.933192 np0000008051 nova-conductor[99075]: DEBUG cotyledon.oslo_config_glue [-] oslo_limit.min_version = None {{(pid=99075) log_opt_values /opt/stack/data/venv/lib/python3.12/site-packages/oslo_config/cfg.py:3560}}
Aug 25 05:34:47.933192 np0000008051 nova-conductor[99075]: DEBUG cotyledon.oslo_config_glue [-] oslo_limit.region_name = None {{(pid=99075) log_opt_values /opt/stack/data/venv/lib/python3.12/site-packages/oslo_config/cfg.py:3560}}
Aug 25 05:34:47.933192 np0000008051 nova-conductor[99075]: DEBUG cotyledon.oslo_config_glue [-] oslo_limit.retriable_status_codes = None {{(pid=99075) log_opt_values /opt/stack/data/venv/lib/python3.12/site-packages/oslo_config/cfg.py:3560}}
Aug 25 05:34:47.933192 np0000008051 nova-conductor[99075]: DEBUG cotyledon.oslo_config_glue [-] oslo_limit.service_name = None {{(pid=99075) log_opt_values /opt/stack/data/venv/lib/python3.12/site-packages/oslo_config/cfg.py:3560}}
Aug 25 05:34:47.933192 np0000008051 nova-conductor[99075]: DEBUG cotyledon.oslo_config_glue [-] oslo_limit.service_type = None {{(pid=99075) log_opt_values /opt/stack/data/venv/lib/python3.12/site-packages/oslo_config/cfg.py:3560}}
Aug 25 05:34:47.933370 np0000008051 nova-conductor[99075]: DEBUG cotyledon.oslo_config_glue [-] oslo_limit.split_loggers = False {{(pid=99075) log_opt_values /opt/stack/data/venv/lib/python3.12/site-packages/oslo_config/cfg.py:3560}}
Aug 25 05:34:47.933370 np0000008051 nova-conductor[99075]: DEBUG cotyledon.oslo_config_glue [-] oslo_limit.status_code_retries = None {{(pid=99075) log_opt_values /opt/stack/data/venv/lib/python3.12/site-packages/oslo_config/cfg.py:3560}}
Aug 25 05:34:47.933370 np0000008051 nova-conductor[99075]: DEBUG cotyledon.oslo_config_glue [-] oslo_limit.status_code_retry_delay = None {{(pid=99075) log_opt_values /opt/stack/data/venv/lib/python3.12/site-packages/oslo_config/cfg.py:3560}}
Aug 25 05:34:47.933370 np0000008051 nova-conductor[99075]: DEBUG cotyledon.oslo_config_glue [-] oslo_limit.timeout = None {{(pid=99075) log_opt_values /opt/stack/data/venv/lib/python3.12/site-packages/oslo_config/cfg.py:3560}}
Aug 25 05:34:47.933370 np0000008051 nova-conductor[99075]: DEBUG cotyledon.oslo_config_glue [-] oslo_limit.valid_interfaces = None {{(pid=99075) log_opt_values /opt/stack/data/venv/lib/python3.12/site-packages/oslo_config/cfg.py:3560}}
Aug 25 05:34:47.933370 np0000008051 nova-conductor[99075]: DEBUG cotyledon.oslo_config_glue [-] oslo_limit.version = None {{(pid=99075) log_opt_values /opt/stack/data/venv/lib/python3.12/site-packages/oslo_config/cfg.py:3560}}
Aug 25 05:34:47.933370 np0000008051 nova-conductor[99075]: DEBUG cotyledon.oslo_config_glue [-] oslo_reports.file_event_handler = None {{(pid=99075) log_opt_values /opt/stack/data/venv/lib/python3.12/site-packages/oslo_config/cfg.py:3560}}
Aug 25 05:34:47.933370 np0000008051 nova-conductor[99075]: DEBUG cotyledon.oslo_config_glue [-] oslo_reports.file_event_handler_interval = 1 {{(pid=99075) log_opt_values /opt/stack/data/venv/lib/python3.12/site-packages/oslo_config/cfg.py:3560}}
Aug 25 05:34:47.933370 np0000008051 nova-conductor[99075]: DEBUG cotyledon.oslo_config_glue [-] oslo_reports.log_dir = None {{(pid=99075) log_opt_values /opt/stack/data/venv/lib/python3.12/site-packages/oslo_config/cfg.py:3560}}
Aug 25 05:34:47.933597 np0000008051 nova-conductor[99075]: DEBUG cotyledon.oslo_config_glue [-] ******************************************************************************** {{(pid=99075) log_opt_values /opt/stack/data/venv/lib/python3.12/site-packages/oslo_config/cfg.py:3567}}
Aug 25 05:34:47.933597 np0000008051 nova-conductor[99075]: DEBUG cotyledon._service_worker [-] Run service ServiceWrapper(3) [99075] {{(pid=99075) wait_forever /opt/stack/data/venv/lib/python3.12/site-packages/cotyledon/_service_worker.py:218}}
Aug 25 05:34:47.933645 np0000008051 nova-conductor[99060]: DEBUG oslo_db.sqlalchemy.engines [None req-20acd558-d758-4d00-a4c3-8b5861a63352 None None] MySQL server mode set to STRICT_TRANS_TABLES,STRICT_ALL_TABLES,NO_ZERO_IN_DATE,NO_ZERO_DATE,ERROR_FOR_DIVISION_BY_ZERO,TRADITIONAL,NO_ENGINE_SUBSTITUTION {{(pid=99060) _check_effective_sql_mode /opt/stack/data/venv/lib/python3.12/site-packages/oslo_db/sqlalchemy/engines.py:325}}
Aug 25 05:34:47.933681 np0000008051 nova-conductor[99075]: INFO nova.service [-] Starting conductor node (version 33.1.0)
Aug 25 05:34:47.933709 np0000008051 nova-conductor[99044]: DEBUG oslo_db.sqlalchemy.engines [None req-35f2f021-5bec-499f-8eac-fede2226dfab None None] MySQL server mode set to STRICT_TRANS_TABLES,STRICT_ALL_TABLES,NO_ZERO_IN_DATE,NO_ZERO_DATE,ERROR_FOR_DIVISION_BY_ZERO,TRADITIONAL,NO_ENGINE_SUBSTITUTION {{(pid=99044) _check_effective_sql_mode /opt/stack/data/venv/lib/python3.12/site-packages/oslo_db/sqlalchemy/engines.py:325}}
Aug 25 05:34:47.933779 np0000008051 nova-conductor[99075]: INFO dbcounter [None req-1dd2fa19-9038-4bd3-be99-fb6c0bdfdd85 None None] Registered counter for database nova_cell0
Aug 25 05:34:47.933809 np0000008051 nova-conductor[99060]: DEBUG dbcounter [-] [99060] Writer thread running {{(pid=99060) stat_writer /opt/stack/data/venv/lib/python3.12/site-packages/dbcounter.py:102}}
Aug 25 05:34:47.933842 np0000008051 nova-conductor[99044]: DEBUG dbcounter [-] [99044] Writer thread running {{(pid=99044) stat_writer /opt/stack/data/venv/lib/python3.12/site-packages/dbcounter.py:102}}
Aug 25 05:34:47.933871 np0000008051 nova-conductor[99069]: DEBUG oslo_db.sqlalchemy.engines [None req-f74702ca-ada1-41e1-9654-423f013d2751 None None] MySQL server mode set to STRICT_TRANS_TABLES,STRICT_ALL_TABLES,NO_ZERO_IN_DATE,NO_ZERO_DATE,ERROR_FOR_DIVISION_BY_ZERO,TRADITIONAL,NO_ENGINE_SUBSTITUTION {{(pid=99069) _check_effective_sql_mode /opt/stack/data/venv/lib/python3.12/site-packages/oslo_db/sqlalchemy/engines.py:325}}
Aug 25 05:34:47.933907 np0000008051 nova-conductor[99060]: DEBUG nova.service [None req-20acd558-d758-4d00-a4c3-8b5861a63352 None None] Creating RPC server for service: nova-conductor on topic: conductor {{(pid=99060) start /opt/stack/nova/nova/service.py:262}}
Aug 25 05:34:47.933935 np0000008051 nova-conductor[99044]: DEBUG nova.service [None req-35f2f021-5bec-499f-8eac-fede2226dfab None None] Creating RPC server for service: nova-conductor on topic: conductor {{(pid=99044) start /opt/stack/nova/nova/service.py:262}}
Aug 25 05:34:47.933959 np0000008051 nova-conductor[99069]: DEBUG dbcounter [-] [99069] Writer thread running {{(pid=99069) stat_writer /opt/stack/data/venv/lib/python3.12/site-packages/dbcounter.py:102}}
Aug 25 05:34:47.933959 np0000008051 nova-conductor[99069]: DEBUG nova.service [None req-f74702ca-ada1-41e1-9654-423f013d2751 None None] Creating RPC server for service: nova-conductor on topic: conductor {{(pid=99069) start /opt/stack/nova/nova/service.py:262}}
Aug 25 05:34:47.934005 np0000008051 nova-conductor[99075]: DEBUG oslo_db.sqlalchemy.engines [None req-1dd2fa19-9038-4bd3-be99-fb6c0bdfdd85 None None] MySQL server mode set to STRICT_TRANS_TABLES,STRICT_ALL_TABLES,NO_ZERO_IN_DATE,NO_ZERO_DATE,ERROR_FOR_DIVISION_BY_ZERO,TRADITIONAL,NO_ENGINE_SUBSTITUTION {{(pid=99075) _check_effective_sql_mode /opt/stack/data/venv/lib/python3.12/site-packages/oslo_db/sqlalchemy/engines.py:325}}
Aug 25 05:34:47.934005 np0000008051 nova-conductor[99075]: DEBUG dbcounter [-] [99075] Writer thread running {{(pid=99075) stat_writer /opt/stack/data/venv/lib/python3.12/site-packages/dbcounter.py:102}}
Aug 25 05:34:47.934049 np0000008051 nova-conductor[99060]: DEBUG nova.service [None req-20acd558-d758-4d00-a4c3-8b5861a63352 None None] Join ServiceGroup membership for this service conductor {{(pid=99060) start /opt/stack/nova/nova/service.py:288}}
Aug 25 05:34:47.934049 np0000008051 nova-conductor[99060]: DEBUG nova.servicegroup.drivers.db [None req-20acd558-d758-4d00-a4c3-8b5861a63352 None None] DB_Driver: join new ServiceGroup member np0000008051 to the conductor group, service = {{(pid=99060) join /opt/stack/nova/nova/servicegroup/drivers/db.py:44}}
Aug 25 05:34:47.934129 np0000008051 nova-conductor[99075]: DEBUG nova.service [None req-1dd2fa19-9038-4bd3-be99-fb6c0bdfdd85 None None] Creating RPC server for service: nova-conductor on topic: conductor {{(pid=99075) start /opt/stack/nova/nova/service.py:262}}
Aug 25 05:34:47.934156 np0000008051 nova-conductor[99044]: DEBUG nova.service [None req-35f2f021-5bec-499f-8eac-fede2226dfab None None] Join ServiceGroup membership for this service conductor {{(pid=99044) start /opt/stack/nova/nova/service.py:288}}
Aug 25 05:34:47.934156 np0000008051 nova-conductor[99044]: DEBUG nova.servicegroup.drivers.db [None req-35f2f021-5bec-499f-8eac-fede2226dfab None None] DB_Driver: join new ServiceGroup member np0000008051 to the conductor group, service = {{(pid=99044) join /opt/stack/nova/nova/servicegroup/drivers/db.py:44}}
Aug 25 05:34:47.934210 np0000008051 nova-conductor[99069]: DEBUG nova.service [None req-f74702ca-ada1-41e1-9654-423f013d2751 None None] Join ServiceGroup membership for this service conductor {{(pid=99069) start /opt/stack/nova/nova/service.py:288}}
Aug 25 05:34:47.934210 np0000008051 nova-conductor[99069]: DEBUG nova.servicegroup.drivers.db [None req-f74702ca-ada1-41e1-9654-423f013d2751 None None] DB_Driver: join new ServiceGroup member np0000008051 to the conductor group, service = {{(pid=99069) join /opt/stack/nova/nova/servicegroup/drivers/db.py:44}}
Aug 25 05:34:47.940839 np0000008051 nova-conductor[99075]: DEBUG nova.service [None req-1dd2fa19-9038-4bd3-be99-fb6c0bdfdd85 None None] Join ServiceGroup membership for this service conductor {{(pid=99075) start /opt/stack/nova/nova/service.py:288}}
Aug 25 05:34:47.941209 np0000008051 nova-conductor[99075]: DEBUG nova.servicegroup.drivers.db [None req-1dd2fa19-9038-4bd3-be99-fb6c0bdfdd85 None None] DB_Driver: join new ServiceGroup member np0000008051 to the conductor group, service = {{(pid=99075) join /opt/stack/nova/nova/servicegroup/drivers/db.py:44}}
Aug 25 05:34:52.935389 np0000008051 nova-conductor[99060]: DEBUG oslo.service.backend._threading.loopingcall [-] Fixed interval looping call 'nova.servicegroup.drivers.db.DbDriver._report_state' sleeping for 119.99 seconds {{(pid=99060) _run_loop /opt/stack/data/venv/lib/python3.12/site-packages/oslo_service/backend/_threading/loopingcall.py:125}}
Aug 25 05:34:52.938408 np0000008051 nova-conductor[99044]: DEBUG oslo.service.backend._threading.loopingcall [-] Fixed interval looping call 'nova.servicegroup.drivers.db.DbDriver._report_state' sleeping for 119.99 seconds {{(pid=99044) _run_loop /opt/stack/data/venv/lib/python3.12/site-packages/oslo_service/backend/_threading/loopingcall.py:125}}
Aug 25 05:34:52.945362 np0000008051 nova-conductor[99069]: DEBUG oslo.service.backend._threading.loopingcall [-] Fixed interval looping call 'nova.servicegroup.drivers.db.DbDriver._report_state' sleeping for 119.99 seconds {{(pid=99069) _run_loop /opt/stack/data/venv/lib/python3.12/site-packages/oslo_service/backend/_threading/loopingcall.py:125}}
Aug 25 05:34:52.953177 np0000008051 nova-conductor[99075]: DEBUG oslo.service.backend._threading.loopingcall [-] Fixed interval looping call 'nova.servicegroup.drivers.db.DbDriver._report_state' sleeping for 119.99 seconds {{(pid=99075) _run_loop /opt/stack/data/venv/lib/python3.12/site-packages/oslo_service/backend/_threading/loopingcall.py:125}}
Aug 25 05:34:56.513005 np0000008051 nova-conductor[97599]: DEBUG dbcounter [-] [97599] Writing DB stats nova_api:SELECT=1 {{(pid=97599) stat_writer /opt/stack/data/venv/lib/python3.12/site-packages/dbcounter.py:115}}
Aug 25 05:34:56.640352 np0000008051 nova-conductor[97599]: DEBUG dbcounter [-] [97599] Writing DB stats nova_cell1:SELECT=1 {{(pid=97599) stat_writer /opt/stack/data/venv/lib/python3.12/site-packages/dbcounter.py:115}}
Aug 25 05:34:56.644148 np0000008051 nova-conductor[97599]: DEBUG dbcounter [-] [97599] Writing DB stats nova_cell0:SELECT=1 {{(pid=97599) stat_writer /opt/stack/data/venv/lib/python3.12/site-packages/dbcounter.py:115}}
Aug 25 05:35:02.932167 np0000008051 nova-conductor[99060]: DEBUG dbcounter [-] [99060] Writing DB stats nova_cell0:SELECT=4,nova_cell0:INSERT=1,nova_cell0:UPDATE=1 {{(pid=99060) stat_writer /opt/stack/data/venv/lib/python3.12/site-packages/dbcounter.py:115}}
Aug 25 05:35:02.938276 np0000008051 nova-conductor[99044]: DEBUG dbcounter [-] [99044] Writing DB stats nova_cell0:SELECT=5,nova_cell0:INSERT=1 {{(pid=99044) stat_writer /opt/stack/data/venv/lib/python3.12/site-packages/dbcounter.py:115}}
Aug 25 05:35:02.939468 np0000008051 nova-conductor[99069]: DEBUG dbcounter [-] [99069] Writing DB stats nova_cell0:SELECT=3 {{(pid=99069) stat_writer /opt/stack/data/venv/lib/python3.12/site-packages/dbcounter.py:115}}
Aug 25 05:35:02.948428 np0000008051 nova-conductor[99075]: DEBUG dbcounter [-] [99075] Writing DB stats nova_cell0:SELECT=3 {{(pid=99075) stat_writer /opt/stack/data/venv/lib/python3.12/site-packages/dbcounter.py:115}}
Aug 25 05:35:21.925326 np0000008051 nova-conductor[99060]: DEBUG oslo.service.backend._threading.loopingcall [None req-49013d6b-c6a8-4e09-ab62-481fee48bb50 None None] Dynamic interval looping call 'nova.service.Service.periodic_tasks' sleeping for 60.00 seconds {{(pid=99060) _run_loop /opt/stack/data/venv/lib/python3.12/site-packages/oslo_service/backend/_threading/loopingcall.py:125}}
Aug 25 05:35:22.930116 np0000008051 nova-conductor[99044]: DEBUG oslo.service.backend._threading.loopingcall [None req-b86dbd3f-347b-4c0a-93f4-41e00b300fcd None None] Dynamic interval looping call 'nova.service.Service.periodic_tasks' sleeping for 60.00 seconds {{(pid=99044) _run_loop /opt/stack/data/venv/lib/python3.12/site-packages/oslo_service/backend/_threading/loopingcall.py:125}}
Aug 25 05:35:28.943083 np0000008051 nova-conductor[99075]: DEBUG oslo.service.backend._threading.loopingcall [None req-bb09f6ea-9cc9-4609-be63-76d5f36104ac None None] Dynamic interval looping call 'nova.service.Service.periodic_tasks' sleeping for 60.00 seconds {{(pid=99075) _run_loop /opt/stack/data/venv/lib/python3.12/site-packages/oslo_service/backend/_threading/loopingcall.py:125}}
Aug 25 05:35:30.932305 np0000008051 nova-conductor[99069]: DEBUG oslo.service.backend._threading.loopingcall [None req-ce5321f1-2a18-4d92-9e44-7b5d9bbd179d None None] Dynamic interval looping call 'nova.service.Service.periodic_tasks' sleeping for 60.00 seconds {{(pid=99069) _run_loop /opt/stack/data/venv/lib/python3.12/site-packages/oslo_service/backend/_threading/loopingcall.py:125}}
Aug 25 05:36:21.925887 np0000008051 nova-conductor[99060]: DEBUG oslo.service.backend._threading.loopingcall [None req-49013d6b-c6a8-4e09-ab62-481fee48bb50 None None] Dynamic interval looping call 'nova.service.Service.periodic_tasks' sleeping for 60.00 seconds {{(pid=99060) _run_loop /opt/stack/data/venv/lib/python3.12/site-packages/oslo_service/backend/_threading/loopingcall.py:125}}
Aug 25 05:36:22.930633 np0000008051 nova-conductor[99044]: DEBUG oslo.service.backend._threading.loopingcall [None req-b86dbd3f-347b-4c0a-93f4-41e00b300fcd None None] Dynamic interval looping call 'nova.service.Service.periodic_tasks' sleeping for 60.00 seconds {{(pid=99044) _run_loop /opt/stack/data/venv/lib/python3.12/site-packages/oslo_service/backend/_threading/loopingcall.py:125}}
Aug 25 05:36:28.943629 np0000008051 nova-conductor[99075]: DEBUG oslo.service.backend._threading.loopingcall [None req-bb09f6ea-9cc9-4609-be63-76d5f36104ac None None] Dynamic interval looping call 'nova.service.Service.periodic_tasks' sleeping for 60.00 seconds {{(pid=99075) _run_loop /opt/stack/data/venv/lib/python3.12/site-packages/oslo_service/backend/_threading/loopingcall.py:125}}
Aug 25 05:36:30.932787 np0000008051 nova-conductor[99069]: DEBUG oslo.service.backend._threading.loopingcall [None req-ce5321f1-2a18-4d92-9e44-7b5d9bbd179d None None] Dynamic interval looping call 'nova.service.Service.periodic_tasks' sleeping for 60.00 seconds {{(pid=99069) _run_loop /opt/stack/data/venv/lib/python3.12/site-packages/oslo_service/backend/_threading/loopingcall.py:125}}
Aug 25 05:36:52.933574 np0000008051 nova-conductor[99060]: DEBUG oslo.service.backend._threading.loopingcall [-] Fixed interval looping call 'nova.servicegroup.drivers.db.DbDriver._report_state' sleeping for 119.99 seconds {{(pid=99060) _run_loop /opt/stack/data/venv/lib/python3.12/site-packages/oslo_service/backend/_threading/loopingcall.py:125}}
Aug 25 05:36:52.934615 np0000008051 nova-conductor[99044]: DEBUG oslo.service.backend._threading.loopingcall [-] Fixed interval looping call 'nova.servicegroup.drivers.db.DbDriver._report_state' sleeping for 119.99 seconds {{(pid=99044) _run_loop /opt/stack/data/venv/lib/python3.12/site-packages/oslo_service/backend/_threading/loopingcall.py:125}}
Aug 25 05:36:52.937243 np0000008051 nova-conductor[99069]: DEBUG oslo.service.backend._threading.loopingcall [-] Fixed interval looping call 'nova.servicegroup.drivers.db.DbDriver._report_state' sleeping for 120.00 seconds {{(pid=99069) _run_loop /opt/stack/data/venv/lib/python3.12/site-packages/oslo_service/backend/_threading/loopingcall.py:125}}
Aug 25 05:36:52.948036 np0000008051 nova-conductor[99075]: DEBUG oslo.service.backend._threading.loopingcall [-] Fixed interval looping call 'nova.servicegroup.drivers.db.DbDriver._report_state' sleeping for 120.00 seconds {{(pid=99075) _run_loop /opt/stack/data/venv/lib/python3.12/site-packages/oslo_service/backend/_threading/loopingcall.py:125}}
Aug 25 05:37:02.929280 np0000008051 nova-conductor[99060]: DEBUG dbcounter [-] [99060] Writing DB stats nova_cell0:SELECT=1,nova_cell0:UPDATE=1 {{(pid=99060) stat_writer /opt/stack/data/venv/lib/python3.12/site-packages/dbcounter.py:115}}
Aug 25 05:37:02.932795 np0000008051 nova-conductor[99044]: DEBUG dbcounter [-] [99044] Writing DB stats nova_cell0:SELECT=1,nova_cell0:UPDATE=1 {{(pid=99044) stat_writer /opt/stack/data/venv/lib/python3.12/site-packages/dbcounter.py:115}}
Aug 25 05:37:02.935307 np0000008051 nova-conductor[99069]: DEBUG dbcounter [-] [99069] Writing DB stats nova_cell0:SELECT=1 {{(pid=99069) stat_writer /opt/stack/data/venv/lib/python3.12/site-packages/dbcounter.py:115}}
Aug 25 05:37:02.945853 np0000008051 nova-conductor[99075]: DEBUG dbcounter [-] [99075] Writing DB stats nova_cell0:SELECT=1 {{(pid=99075) stat_writer /opt/stack/data/venv/lib/python3.12/site-packages/dbcounter.py:115}}
Aug 25 05:37:21.926469 np0000008051 nova-conductor[99060]: DEBUG oslo.service.backend._threading.loopingcall [None req-49013d6b-c6a8-4e09-ab62-481fee48bb50 None None] Dynamic interval looping call 'nova.service.Service.periodic_tasks' sleeping for 60.00 seconds {{(pid=99060) _run_loop /opt/stack/data/venv/lib/python3.12/site-packages/oslo_service/backend/_threading/loopingcall.py:125}}
Aug 25 05:37:22.931418 np0000008051 nova-conductor[99044]: DEBUG oslo.service.backend._threading.loopingcall [None req-b86dbd3f-347b-4c0a-93f4-41e00b300fcd None None] Dynamic interval looping call 'nova.service.Service.periodic_tasks' sleeping for 60.00 seconds {{(pid=99044) _run_loop /opt/stack/data/venv/lib/python3.12/site-packages/oslo_service/backend/_threading/loopingcall.py:125}}
Aug 25 05:37:28.339930 np0000008051 nova-conductor[99060]: DEBUG oslo_db.sqlalchemy.engines [None req-686b041e-bcda-4fbe-8800-10bb6ae8a656 tempest-ServerBootFromVolumeStableRescueTest-918727856 tempest-ServerBootFromVolumeStableRescueTest-918727856-project-member] Parent process 97599 forked (99060) with an open database connection, which is being discarded and recreated. {{(pid=99060) checkout /opt/stack/data/venv/lib/python3.12/site-packages/oslo_db/sqlalchemy/engines.py:402}}
Aug 25 05:37:28.398046 np0000008051 nova-conductor[99060]: DEBUG dbcounter [-] [99060] Writer thread running {{(pid=99060) stat_writer /opt/stack/data/venv/lib/python3.12/site-packages/dbcounter.py:102}}
Aug 25 05:37:28.944081 np0000008051 nova-conductor[99075]: DEBUG oslo.service.backend._threading.loopingcall [None req-bb09f6ea-9cc9-4609-be63-76d5f36104ac None None] Dynamic interval looping call 'nova.service.Service.periodic_tasks' sleeping for 60.00 seconds {{(pid=99075) _run_loop /opt/stack/data/venv/lib/python3.12/site-packages/oslo_service/backend/_threading/loopingcall.py:125}}
Aug 25 05:37:29.596891 np0000008051 nova-conductor[99060]: DEBUG nova.conductor.manager [None req-686b041e-bcda-4fbe-8800-10bb6ae8a656 tempest-ServerBootFromVolumeStableRescueTest-918727856 tempest-ServerBootFromVolumeStableRescueTest-918727856-project-member] Took 1.20 seconds to select destinations for 1 instance(s). {{(pid=99060) _schedule_instances /opt/stack/nova/nova/conductor/manager.py:957}}
Aug 25 05:37:29.638590 np0000008051 nova-conductor[99060]: DEBUG oslo_concurrency.lockutils [None req-686b041e-bcda-4fbe-8800-10bb6ae8a656 tempest-ServerBootFromVolumeStableRescueTest-918727856 tempest-ServerBootFromVolumeStableRescueTest-918727856-project-member] Acquiring lock "8ca78c21-bd93-4d26-9823-92580cfeb345" by "nova.context.set_target_cell..get_or_set_cached_cell_and_set_connections" {{(pid=99060) inner /opt/stack/data/venv/lib/python3.12/site-packages/oslo_concurrency/lockutils.py:512}}
Aug 25 05:37:29.640110 np0000008051 nova-conductor[99060]: DEBUG oslo_concurrency.lockutils [None req-686b041e-bcda-4fbe-8800-10bb6ae8a656 tempest-ServerBootFromVolumeStableRescueTest-918727856 tempest-ServerBootFromVolumeStableRescueTest-918727856-project-member] Lock "8ca78c21-bd93-4d26-9823-92580cfeb345" acquired by "nova.context.set_target_cell..get_or_set_cached_cell_and_set_connections" :: waited 0.000s {{(pid=99060) inner /opt/stack/data/venv/lib/python3.12/site-packages/oslo_concurrency/lockutils.py:525}}
Aug 25 05:37:29.641546 np0000008051 nova-conductor[99060]: DEBUG oslo_concurrency.lockutils [None req-686b041e-bcda-4fbe-8800-10bb6ae8a656 tempest-ServerBootFromVolumeStableRescueTest-918727856 tempest-ServerBootFromVolumeStableRescueTest-918727856-project-member] Lock "8ca78c21-bd93-4d26-9823-92580cfeb345" "released" by "nova.context.set_target_cell..get_or_set_cached_cell_and_set_connections" :: held 0.002s {{(pid=99060) inner /opt/stack/data/venv/lib/python3.12/site-packages/oslo_concurrency/lockutils.py:544}}
Aug 25 05:37:29.642615 np0000008051 nova-conductor[99060]: INFO dbcounter [None req-686b041e-bcda-4fbe-8800-10bb6ae8a656 tempest-ServerBootFromVolumeStableRescueTest-918727856 tempest-ServerBootFromVolumeStableRescueTest-918727856-project-member] Registered counter for database nova_cell1
Aug 25 05:37:29.696828 np0000008051 nova-conductor[99060]: DEBUG oslo_db.sqlalchemy.engines [None req-686b041e-bcda-4fbe-8800-10bb6ae8a656 tempest-ServerBootFromVolumeStableRescueTest-918727856 tempest-ServerBootFromVolumeStableRescueTest-918727856-project-member] MySQL server mode set to STRICT_TRANS_TABLES,STRICT_ALL_TABLES,NO_ZERO_IN_DATE,NO_ZERO_DATE,ERROR_FOR_DIVISION_BY_ZERO,TRADITIONAL,NO_ENGINE_SUBSTITUTION {{(pid=99060) _check_effective_sql_mode /opt/stack/data/venv/lib/python3.12/site-packages/oslo_db/sqlalchemy/engines.py:325}}
Aug 25 05:37:29.705375 np0000008051 nova-conductor[99060]: DEBUG dbcounter [-] [99060] Writer thread running {{(pid=99060) stat_writer /opt/stack/data/venv/lib/python3.12/site-packages/dbcounter.py:102}}
Aug 25 05:37:29.818006 np0000008051 nova-conductor[99060]: DEBUG oslo_concurrency.lockutils [None req-686b041e-bcda-4fbe-8800-10bb6ae8a656 tempest-ServerBootFromVolumeStableRescueTest-918727856 tempest-ServerBootFromVolumeStableRescueTest-918727856-project-member] Acquiring lock "00000000-0000-0000-0000-000000000000" by "nova.context.set_target_cell..get_or_set_cached_cell_and_set_connections" {{(pid=99060) inner /opt/stack/data/venv/lib/python3.12/site-packages/oslo_concurrency/lockutils.py:512}}
Aug 25 05:37:29.818479 np0000008051 nova-conductor[99060]: DEBUG oslo_concurrency.lockutils [None req-686b041e-bcda-4fbe-8800-10bb6ae8a656 tempest-ServerBootFromVolumeStableRescueTest-918727856 tempest-ServerBootFromVolumeStableRescueTest-918727856-project-member] Lock "00000000-0000-0000-0000-000000000000" acquired by "nova.context.set_target_cell..get_or_set_cached_cell_and_set_connections" :: waited 0.000s {{(pid=99060) inner /opt/stack/data/venv/lib/python3.12/site-packages/oslo_concurrency/lockutils.py:525}}
