Aug 08 06:23:12.668638 np0000006782 devstack@g-api.service[99790]: DEBUG glance.api.middleware.version_negotiation [None req-3e959df1-7e6e-4bed-b5ca-5e8370767e8a tempest-VolumesSnapshotTestJSON-874999174 tempest-VolumesSnapshotTestJSON-874999174-project-member] Using url versioning {{(pid=99790) process_request /opt/stack/glance/glance/api/middleware/version_negotiation.py:57}}
Aug 08 06:23:12.670952 np0000006782 devstack@g-api.service[99790]: DEBUG glance.api.middleware.version_negotiation [None req-3e959df1-7e6e-4bed-b5ca-5e8370767e8a tempest-VolumesSnapshotTestJSON-874999174 tempest-VolumesSnapshotTestJSON-874999174-project-member] Matched version: v2 {{(pid=99790) process_request /opt/stack/glance/glance/api/middleware/version_negotiation.py:69}}
Aug 08 06:23:12.670952 np0000006782 devstack@g-api.service[99790]: DEBUG glance.api.middleware.version_negotiation [None req-3e959df1-7e6e-4bed-b5ca-5e8370767e8a tempest-VolumesSnapshotTestJSON-874999174 tempest-VolumesSnapshotTestJSON-874999174-project-member] new path /v2/schemas/image {{(pid=99790) process_request /opt/stack/glance/glance/api/middleware/version_negotiation.py:70}}
Aug 08 06:23:12.675094 np0000006782 devstack@g-api.service[99790]: [pid: 99790|app: 0|req: 106/327] 127.0.0.1 () {44 vars in 1055 bytes} [Sat Aug 8 06:23:12 2026] GET /v2/schemas/image => generated 6083 bytes in 8 msecs (HTTP/1.1 200) 4 headers in 158 bytes (1 switches on core 0)
Aug 08 06:23:12.688819 np0000006782 devstack@g-api.service[99790]: DEBUG glance.api.middleware.version_negotiation [None req-3e959df1-7e6e-4bed-b5ca-5e8370767e8a tempest-VolumesSnapshotTestJSON-874999174 tempest-VolumesSnapshotTestJSON-874999174-project-member] Determining version of request: GET /v2/schemas/image Accept: */* {{(pid=99790) process_request /opt/stack/glance/glance/api/middleware/version_negotiation.py:44}}
Aug 08 06:23:12.689108 np0000006782 devstack@g-api.service[99790]: DEBUG glance.api.middleware.version_negotiation [None req-3e959df1-7e6e-4bed-b5ca-5e8370767e8a tempest-VolumesSnapshotTestJSON-874999174 tempest-VolumesSnapshotTestJSON-874999174-project-member] Using url versioning {{(pid=99790) process_request /opt/stack/glance/glance/api/middleware/version_negotiation.py:57}}
Aug 08 06:23:12.689380 np0000006782 devstack@g-api.service[99790]: DEBUG glance.api.middleware.version_negotiation [None req-3e959df1-7e6e-4bed-b5ca-5e8370767e8a tempest-VolumesSnapshotTestJSON-874999174 tempest-VolumesSnapshotTestJSON-874999174-project-member] Matched version: v2 {{(pid=99790) process_request /opt/stack/glance/glance/api/middleware/version_negotiation.py:69}}
Aug 08 06:23:12.689539 np0000006782 devstack@g-api.service[99790]: DEBUG glance.api.middleware.version_negotiation [None req-3e959df1-7e6e-4bed-b5ca-5e8370767e8a tempest-VolumesSnapshotTestJSON-874999174 tempest-VolumesSnapshotTestJSON-874999174-project-member] new path /v2/schemas/image {{(pid=99790) process_request /opt/stack/glance/glance/api/middleware/version_negotiation.py:70}}
Aug 08 06:23:12.694029 np0000006782 devstack@g-api.service[99790]: [pid: 99790|app: 0|req: 107/328] 127.0.0.1 () {44 vars in 1055 bytes} [Sat Aug 8 06:23:12 2026] GET /v2/schemas/image => generated 6083 bytes in 6 msecs (HTTP/1.1 200) 4 headers in 158 bytes (1 switches on core 0)
Aug 08 06:23:12.704208 np0000006782 devstack@g-api.service[99792]: DEBUG glance.location [None req-8a188a2b-7e75-4e00-8495-13e95c1ec3d7 tempest-ServerStableDeviceRescueTest-192777171 tempest-ServerStableDeviceRescueTest-192777171-project-member] Enabling in-flight format inspection for qcow2 {{(pid=99792) set_data /opt/stack/glance/glance/location.py:596}}
Aug 08 06:23:12.704763 np0000006782 devstack@g-api.service[99792]: DEBUG glance_store.backend [None req-8a188a2b-7e75-4e00-8495-13e95c1ec3d7 tempest-ServerStableDeviceRescueTest-192777171 tempest-ServerStableDeviceRescueTest-192777171-project-member] Attempting to import store swift {{(pid=99792) _load_store /opt/stack/data/venv/lib/python3.12/site-packages/glance_store/backend.py:215}}
Aug 08 06:23:12.706335 np0000006782 devstack@g-api.service[99792]: DEBUG glance_store.capabilities [None req-8a188a2b-7e75-4e00-8495-13e95c1ec3d7 tempest-ServerStableDeviceRescueTest-192777171 tempest-ServerStableDeviceRescueTest-192777171-project-member] Store glance_store._drivers.swift.store.SingleTenantStore doesn't support updating dynamic storage capabilities. Please overwrite 'update_capabilities' method of the store to implement updating logics if needed. {{(pid=99792) update_capabilities /opt/stack/data/venv/lib/python3.12/site-packages/glance_store/capabilities.py:91}}
Aug 08 06:23:12.706701 np0000006782 devstack@g-api.service[99792]: DEBUG glance_store.driver [None req-8a188a2b-7e75-4e00-8495-13e95c1ec3d7 tempest-ServerStableDeviceRescueTest-192777171 tempest-ServerStableDeviceRescueTest-192777171-project-member] Late loading location class glance_store._drivers.swift.store.StoreLocation {{(pid=99792) get_store_location_class /opt/stack/data/venv/lib/python3.12/site-packages/glance_store/driver.py:134}}
Aug 08 06:23:12.706701 np0000006782 devstack@g-api.service[99792]: DEBUG glance_store.location [None req-8a188a2b-7e75-4e00-8495-13e95c1ec3d7 tempest-ServerStableDeviceRescueTest-192777171 tempest-ServerStableDeviceRescueTest-192777171-project-member] Registering scheme swift+https with {'store': , 'location_class': , 'store_entry': 'swift'} {{(pid=99792) register_scheme_map /opt/stack/data/venv/lib/python3.12/site-packages/glance_store/location.py:146}}
Aug 08 06:23:12.706851 np0000006782 devstack@g-api.service[99792]: DEBUG glance_store.location [None req-8a188a2b-7e75-4e00-8495-13e95c1ec3d7 tempest-ServerStableDeviceRescueTest-192777171 tempest-ServerStableDeviceRescueTest-192777171-project-member] Registering scheme swift+https with {'store': , 'location_class': , 'store_entry': 'swift'} {{(pid=99792) register_scheme_map /opt/stack/data/venv/lib/python3.12/site-packages/glance_store/location.py:146}}
Aug 08 06:23:12.706951 np0000006782 devstack@g-api.service[99790]: DEBUG glance.api.middleware.version_negotiation [None req-3e959df1-7e6e-4bed-b5ca-5e8370767e8a tempest-VolumesSnapshotTestJSON-874999174 tempest-VolumesSnapshotTestJSON-874999174-project-member] Determining version of request: GET /v2/images/ee80f520-c66e-41a2-9aa8-8deb8d669a19 Accept: */* {{(pid=99790) process_request /opt/stack/glance/glance/api/middleware/version_negotiation.py:44}}
Aug 08 06:23:12.707089 np0000006782 devstack@g-api.service[99792]: DEBUG glance_store.location [None req-8a188a2b-7e75-4e00-8495-13e95c1ec3d7 tempest-ServerStableDeviceRescueTest-192777171 tempest-ServerStableDeviceRescueTest-192777171-project-member] Registering scheme swift with {'store': , 'location_class': , 'store_entry': 'swift'} {{(pid=99792) register_scheme_map /opt/stack/data/venv/lib/python3.12/site-packages/glance_store/location.py:146}}
Aug 08 06:23:12.707194 np0000006782 devstack@g-api.service[99790]: DEBUG glance.api.middleware.version_negotiation [None req-3e959df1-7e6e-4bed-b5ca-5e8370767e8a tempest-VolumesSnapshotTestJSON-874999174 tempest-VolumesSnapshotTestJSON-874999174-project-member] Using url versioning {{(pid=99790) process_request /opt/stack/glance/glance/api/middleware/version_negotiation.py:57}}
Aug 08 06:23:12.707315 np0000006782 devstack@g-api.service[99792]: DEBUG glance_store.location [None req-8a188a2b-7e75-4e00-8495-13e95c1ec3d7 tempest-ServerStableDeviceRescueTest-192777171 tempest-ServerStableDeviceRescueTest-192777171-project-member] Registering scheme swift+https with {'store': , 'location_class': , 'store_entry': 'swift'} {{(pid=99792) register_scheme_map /opt/stack/data/venv/lib/python3.12/site-packages/glance_store/location.py:146}}
Aug 08 06:23:12.707474 np0000006782 devstack@g-api.service[99790]: DEBUG glance.api.middleware.version_negotiation [None req-3e959df1-7e6e-4bed-b5ca-5e8370767e8a tempest-VolumesSnapshotTestJSON-874999174 tempest-VolumesSnapshotTestJSON-874999174-project-member] Matched version: v2 {{(pid=99790) process_request /opt/stack/glance/glance/api/middleware/version_negotiation.py:69}}
Aug 08 06:23:12.707515 np0000006782 devstack@g-api.service[99792]: DEBUG glance_store.location [None req-8a188a2b-7e75-4e00-8495-13e95c1ec3d7 tempest-ServerStableDeviceRescueTest-192777171 tempest-ServerStableDeviceRescueTest-192777171-project-member] Registering scheme swift with {'store': , 'location_class': , 'store_entry': 'swift'} {{(pid=99792) register_scheme_map /opt/stack/data/venv/lib/python3.12/site-packages/glance_store/location.py:146}}
Aug 08 06:23:12.707680 np0000006782 devstack@g-api.service[99792]: DEBUG glance_store.location [None req-8a188a2b-7e75-4e00-8495-13e95c1ec3d7 tempest-ServerStableDeviceRescueTest-192777171 tempest-ServerStableDeviceRescueTest-192777171-project-member] Registering scheme swift+http with {'store': , 'location_class': , 'store_entry': 'swift'} {{(pid=99792) register_scheme_map /opt/stack/data/venv/lib/python3.12/site-packages/glance_store/location.py:146}}
Aug 08 06:23:12.707867 np0000006782 devstack@g-api.service[99792]: DEBUG glance_store.location [None req-8a188a2b-7e75-4e00-8495-13e95c1ec3d7 tempest-ServerStableDeviceRescueTest-192777171 tempest-ServerStableDeviceRescueTest-192777171-project-member] Registering scheme swift+https with {'store': , 'location_class': , 'store_entry': 'swift'} {{(pid=99792) register_scheme_map /opt/stack/data/venv/lib/python3.12/site-packages/glance_store/location.py:146}}
Aug 08 06:23:12.708071 np0000006782 devstack@g-api.service[99792]: DEBUG glance_store.location [None req-8a188a2b-7e75-4e00-8495-13e95c1ec3d7 tempest-ServerStableDeviceRescueTest-192777171 tempest-ServerStableDeviceRescueTest-192777171-project-member] Registering scheme swift with {'store': , 'location_class': , 'store_entry': 'swift'} {{(pid=99792) register_scheme_map /opt/stack/data/venv/lib/python3.12/site-packages/glance_store/location.py:146}}
Aug 08 06:23:12.708190 np0000006782 devstack@g-api.service[99790]: DEBUG glance.api.middleware.version_negotiation [None req-3e959df1-7e6e-4bed-b5ca-5e8370767e8a tempest-VolumesSnapshotTestJSON-874999174 tempest-VolumesSnapshotTestJSON-874999174-project-member] new path /v2/images/ee80f520-c66e-41a2-9aa8-8deb8d669a19 {{(pid=99790) process_request /opt/stack/glance/glance/api/middleware/version_negotiation.py:70}}
Aug 08 06:23:12.708330 np0000006782 devstack@g-api.service[99792]: DEBUG glance_store.location [None req-8a188a2b-7e75-4e00-8495-13e95c1ec3d7 tempest-ServerStableDeviceRescueTest-192777171 tempest-ServerStableDeviceRescueTest-192777171-project-member] Registering scheme swift+http with {'store': , 'location_class': , 'store_entry': 'swift'} {{(pid=99792) register_scheme_map /opt/stack/data/venv/lib/python3.12/site-packages/glance_store/location.py:146}}
Aug 08 06:23:12.708559 np0000006782 devstack@g-api.service[99792]: DEBUG glance_store.location [None req-8a188a2b-7e75-4e00-8495-13e95c1ec3d7 tempest-ServerStableDeviceRescueTest-192777171 tempest-ServerStableDeviceRescueTest-192777171-project-member] Registering scheme swift+config with {'store': , 'location_class': , 'store_entry': 'swift'} {{(pid=99792) register_scheme_map /opt/stack/data/venv/lib/python3.12/site-packages/glance_store/location.py:146}}
Aug 08 06:23:12.724095 np0000006782 devstack@g-api.service[99790]: [pid: 99790|app: 0|req: 108/329] 127.0.0.1 () {44 vars in 1115 bytes} [Sat Aug 8 06:23:12 2026] GET /v2/images/ee80f520-c66e-41a2-9aa8-8deb8d669a19 => generated 1044 bytes in 17 msecs (HTTP/1.1 200) 4 headers in 158 bytes (1 switches on core 0)
Aug 08 06:23:12.733827 np0000006782 devstack@g-api.service[99790]: DEBUG glance.api.middleware.version_negotiation [None req-3e959df1-7e6e-4bed-b5ca-5e8370767e8a tempest-VolumesSnapshotTestJSON-874999174 tempest-VolumesSnapshotTestJSON-874999174-project-member] Determining version of request: GET /v2/schemas/image Accept: */* {{(pid=99790) process_request /opt/stack/glance/glance/api/middleware/version_negotiation.py:44}}
Aug 08 06:23:12.733991 np0000006782 devstack@g-api.service[99790]: DEBUG glance.api.middleware.version_negotiation [None req-3e959df1-7e6e-4bed-b5ca-5e8370767e8a tempest-VolumesSnapshotTestJSON-874999174 tempest-VolumesSnapshotTestJSON-874999174-project-member] Using url versioning {{(pid=99790) process_request /opt/stack/glance/glance/api/middleware/version_negotiation.py:57}}
Aug 08 06:23:12.734357 np0000006782 devstack@g-api.service[99790]: DEBUG glance.api.middleware.version_negotiation [None req-3e959df1-7e6e-4bed-b5ca-5e8370767e8a tempest-VolumesSnapshotTestJSON-874999174 tempest-VolumesSnapshotTestJSON-874999174-project-member] Matched version: v2 {{(pid=99790) process_request /opt/stack/glance/glance/api/middleware/version_negotiation.py:69}}
Aug 08 06:23:12.735179 np0000006782 devstack@g-api.service[99790]: DEBUG glance.api.middleware.version_negotiation [None req-3e959df1-7e6e-4bed-b5ca-5e8370767e8a tempest-VolumesSnapshotTestJSON-874999174 tempest-VolumesSnapshotTestJSON-874999174-project-member] new path /v2/schemas/image {{(pid=99790) process_request /opt/stack/glance/glance/api/middleware/version_negotiation.py:70}}
Aug 08 06:23:12.740040 np0000006782 devstack@g-api.service[99791]: [pid: 99791|app: 0|req: 111/330] 127.0.0.1 () {46 vars in 1158 bytes} [Sat Aug 8 06:23:12 2026] PATCH /v2/images/37fa9133-e03b-4e9d-8c93-deec97fd5e3b => generated 1450 bytes in 192 msecs (HTTP/1.1 200) 4 headers in 158 bytes (1 switches on core 0)
Aug 08 06:23:12.741450 np0000006782 devstack@g-api.service[99790]: [pid: 99790|app: 0|req: 109/331] 127.0.0.1 () {44 vars in 1055 bytes} [Sat Aug 8 06:23:12 2026] GET /v2/schemas/image => generated 6083 bytes in 8 msecs (HTTP/1.1 200) 4 headers in 158 bytes (1 switches on core 0)
Aug 08 06:23:12.753491 np0000006782 devstack@g-api.service[99791]: DEBUG glance.api.middleware.version_negotiation [None req-c0daf7b5-8c3d-4118-8250-8f73a59dd49f tempest-AttachVolumeShelveTestJSON-1525108939 tempest-AttachVolumeShelveTestJSON-1525108939-project-member] Determining version of request: GET /v2/schemas/image Accept: */* {{(pid=99791) process_request /opt/stack/glance/glance/api/middleware/version_negotiation.py:44}}
Aug 08 06:23:12.753491 np0000006782 devstack@g-api.service[99791]: DEBUG glance.api.middleware.version_negotiation [None req-c0daf7b5-8c3d-4118-8250-8f73a59dd49f tempest-AttachVolumeShelveTestJSON-1525108939 tempest-AttachVolumeShelveTestJSON-1525108939-project-member] Using url versioning {{(pid=99791) process_request /opt/stack/glance/glance/api/middleware/version_negotiation.py:57}}
Aug 08 06:23:12.753491 np0000006782 devstack@g-api.service[99791]: DEBUG glance.api.middleware.version_negotiation [None req-c0daf7b5-8c3d-4118-8250-8f73a59dd49f tempest-AttachVolumeShelveTestJSON-1525108939 tempest-AttachVolumeShelveTestJSON-1525108939-project-member] Matched version: v2 {{(pid=99791) process_request /opt/stack/glance/glance/api/middleware/version_negotiation.py:69}}
Aug 08 06:23:12.753491 np0000006782 devstack@g-api.service[99791]: DEBUG glance.api.middleware.version_negotiation [None req-c0daf7b5-8c3d-4118-8250-8f73a59dd49f tempest-AttachVolumeShelveTestJSON-1525108939 tempest-AttachVolumeShelveTestJSON-1525108939-project-member] new path /v2/schemas/image {{(pid=99791) process_request /opt/stack/glance/glance/api/middleware/version_negotiation.py:70}}
Aug 08 06:23:12.756666 np0000006782 devstack@g-api.service[99791]: [pid: 99791|app: 0|req: 112/332] 127.0.0.1 () {44 vars in 1055 bytes} [Sat Aug 8 06:23:12 2026] GET /v2/schemas/image => generated 6083 bytes in 4 msecs (HTTP/1.1 200) 4 headers in 158 bytes (1 switches on core 0)
Aug 08 06:23:12.772249 np0000006782 devstack@g-api.service[99790]: DEBUG glance.api.middleware.version_negotiation [None req-3e959df1-7e6e-4bed-b5ca-5e8370767e8a tempest-VolumesSnapshotTestJSON-874999174 tempest-VolumesSnapshotTestJSON-874999174-project-member] Determining version of request: GET /v2/images/37fa9133-e03b-4e9d-8c93-deec97fd5e3b Accept: */* {{(pid=99790) process_request /opt/stack/glance/glance/api/middleware/version_negotiation.py:44}}
Aug 08 06:23:12.772600 np0000006782 devstack@g-api.service[99790]: DEBUG glance.api.middleware.version_negotiation [None req-3e959df1-7e6e-4bed-b5ca-5e8370767e8a tempest-VolumesSnapshotTestJSON-874999174 tempest-VolumesSnapshotTestJSON-874999174-project-member] Using url versioning {{(pid=99790) process_request /opt/stack/glance/glance/api/middleware/version_negotiation.py:57}}
Aug 08 06:23:12.772684 np0000006782 devstack@g-api.service[99790]: DEBUG glance.api.middleware.version_negotiation [None req-3e959df1-7e6e-4bed-b5ca-5e8370767e8a tempest-VolumesSnapshotTestJSON-874999174 tempest-VolumesSnapshotTestJSON-874999174-project-member] Matched version: v2 {{(pid=99790) process_request /opt/stack/glance/glance/api/middleware/version_negotiation.py:69}}
Aug 08 06:23:12.772866 np0000006782 devstack@g-api.service[99790]: DEBUG glance.api.middleware.version_negotiation [None req-3e959df1-7e6e-4bed-b5ca-5e8370767e8a tempest-VolumesSnapshotTestJSON-874999174 tempest-VolumesSnapshotTestJSON-874999174-project-member] new path /v2/images/37fa9133-e03b-4e9d-8c93-deec97fd5e3b {{(pid=99790) process_request /opt/stack/glance/glance/api/middleware/version_negotiation.py:70}}
Aug 08 06:23:12.786973 np0000006782 devstack@g-api.service[99791]: DEBUG glance.api.middleware.version_negotiation [None req-3e959df1-7e6e-4bed-b5ca-5e8370767e8a tempest-VolumesSnapshotTestJSON-874999174 tempest-VolumesSnapshotTestJSON-874999174-project-member] Determining version of request: GET /v2/images/ee80f520-c66e-41a2-9aa8-8deb8d669a19 Accept: */* {{(pid=99791) process_request /opt/stack/glance/glance/api/middleware/version_negotiation.py:44}}
Aug 08 06:23:12.786973 np0000006782 devstack@g-api.service[99791]: DEBUG glance.api.middleware.version_negotiation [None req-3e959df1-7e6e-4bed-b5ca-5e8370767e8a tempest-VolumesSnapshotTestJSON-874999174 tempest-VolumesSnapshotTestJSON-874999174-project-member] Using url versioning {{(pid=99791) process_request /opt/stack/glance/glance/api/middleware/version_negotiation.py:57}}
Aug 08 06:23:12.786973 np0000006782 devstack@g-api.service[99791]: DEBUG glance.api.middleware.version_negotiation [None req-3e959df1-7e6e-4bed-b5ca-5e8370767e8a tempest-VolumesSnapshotTestJSON-874999174 tempest-VolumesSnapshotTestJSON-874999174-project-member] Matched version: v2 {{(pid=99791) process_request /opt/stack/glance/glance/api/middleware/version_negotiation.py:69}}
Aug 08 06:23:12.786973 np0000006782 devstack@g-api.service[99791]: DEBUG glance.api.middleware.version_negotiation [None req-3e959df1-7e6e-4bed-b5ca-5e8370767e8a tempest-VolumesSnapshotTestJSON-874999174 tempest-VolumesSnapshotTestJSON-874999174-project-member] new path /v2/images/ee80f520-c66e-41a2-9aa8-8deb8d669a19 {{(pid=99791) process_request /opt/stack/glance/glance/api/middleware/version_negotiation.py:70}}
Aug 08 06:23:12.790208 np0000006782 devstack@g-api.service[99790]: [pid: 99790|app: 0|req: 110/333] 127.0.0.1 () {44 vars in 1115 bytes} [Sat Aug 8 06:23:12 2026] GET /v2/images/37fa9133-e03b-4e9d-8c93-deec97fd5e3b => generated 1450 bytes in 18 msecs (HTTP/1.1 200) 4 headers in 158 bytes (1 switches on core 0)
Aug 08 06:23:12.801818 np0000006782 devstack@g-api.service[99791]: [pid: 99791|app: 0|req: 113/334] 127.0.0.1 () {44 vars in 1115 bytes} [Sat Aug 8 06:23:12 2026] GET /v2/images/ee80f520-c66e-41a2-9aa8-8deb8d669a19 => generated 1044 bytes in 16 msecs (HTTP/1.1 200) 4 headers in 158 bytes (1 switches on core 0)
Aug 08 06:23:12.812818 np0000006782 devstack@g-api.service[99790]: DEBUG glance.api.middleware.version_negotiation [None req-c0daf7b5-8c3d-4118-8250-8f73a59dd49f tempest-AttachVolumeShelveTestJSON-1525108939 tempest-AttachVolumeShelveTestJSON-1525108939-project-member] Determining version of request: GET /v2/schemas/image Accept: */* {{(pid=99790) process_request /opt/stack/glance/glance/api/middleware/version_negotiation.py:44}}
Aug 08 06:23:12.813089 np0000006782 devstack@g-api.service[99790]: DEBUG glance.api.middleware.version_negotiation [None req-c0daf7b5-8c3d-4118-8250-8f73a59dd49f tempest-AttachVolumeShelveTestJSON-1525108939 tempest-AttachVolumeShelveTestJSON-1525108939-project-member] Using url versioning {{(pid=99790) process_request /opt/stack/glance/glance/api/middleware/version_negotiation.py:57}}
Aug 08 06:23:12.813385 np0000006782 devstack@g-api.service[99790]: DEBUG glance.api.middleware.version_negotiation [None req-c0daf7b5-8c3d-4118-8250-8f73a59dd49f tempest-AttachVolumeShelveTestJSON-1525108939 tempest-AttachVolumeShelveTestJSON-1525108939-project-member] Matched version: v2 {{(pid=99790) process_request /opt/stack/glance/glance/api/middleware/version_negotiation.py:69}}
Aug 08 06:23:12.813641 np0000006782 devstack@g-api.service[99790]: DEBUG glance.api.middleware.version_negotiation [None req-c0daf7b5-8c3d-4118-8250-8f73a59dd49f tempest-AttachVolumeShelveTestJSON-1525108939 tempest-AttachVolumeShelveTestJSON-1525108939-project-member] new path /v2/schemas/image {{(pid=99790) process_request /opt/stack/glance/glance/api/middleware/version_negotiation.py:70}}
Aug 08 06:23:12.816669 np0000006782 devstack@g-api.service[99790]: [pid: 99790|app: 0|req: 111/335] 127.0.0.1 () {44 vars in 1055 bytes} [Sat Aug 8 06:23:12 2026] GET /v2/schemas/image => generated 6083 bytes in 4 msecs (HTTP/1.1 200) 4 headers in 158 bytes (1 switches on core 0)
Aug 08 06:23:12.833993 np0000006782 devstack@g-api.service[99791]: DEBUG glance.api.middleware.version_negotiation [None req-3e959df1-7e6e-4bed-b5ca-5e8370767e8a tempest-VolumesSnapshotTestJSON-874999174 tempest-VolumesSnapshotTestJSON-874999174-project-member] Determining version of request: PUT /v2/images/37fa9133-e03b-4e9d-8c93-deec97fd5e3b/file Accept: */* {{(pid=99791) process_request /opt/stack/glance/glance/api/middleware/version_negotiation.py:44}}
Aug 08 06:23:12.833993 np0000006782 devstack@g-api.service[99791]: DEBUG glance.api.middleware.version_negotiation [None req-3e959df1-7e6e-4bed-b5ca-5e8370767e8a tempest-VolumesSnapshotTestJSON-874999174 tempest-VolumesSnapshotTestJSON-874999174-project-member] Using url versioning {{(pid=99791) process_request /opt/stack/glance/glance/api/middleware/version_negotiation.py:57}}
Aug 08 06:23:12.833993 np0000006782 devstack@g-api.service[99791]: DEBUG glance.api.middleware.version_negotiation [None req-3e959df1-7e6e-4bed-b5ca-5e8370767e8a tempest-VolumesSnapshotTestJSON-874999174 tempest-VolumesSnapshotTestJSON-874999174-project-member] Matched version: v2 {{(pid=99791) process_request /opt/stack/glance/glance/api/middleware/version_negotiation.py:69}}
Aug 08 06:23:12.833993 np0000006782 devstack@g-api.service[99791]: DEBUG glance.api.middleware.version_negotiation [None req-3e959df1-7e6e-4bed-b5ca-5e8370767e8a tempest-VolumesSnapshotTestJSON-874999174 tempest-VolumesSnapshotTestJSON-874999174-project-member] new path /v2/images/37fa9133-e03b-4e9d-8c93-deec97fd5e3b/file {{(pid=99791) process_request /opt/stack/glance/glance/api/middleware/version_negotiation.py:70}}
Aug 08 06:23:12.964273 np0000006782 devstack@g-api.service[99792]: DEBUG swiftclient [None req-8a188a2b-7e75-4e00-8495-13e95c1ec3d7 tempest-ServerStableDeviceRescueTest-192777171 tempest-ServerStableDeviceRescueTest-192777171-project-member] REQ: curl -i https://10.4.3.120:8080/v1/AUTH_c6cd527df02a4c3bb64abe6741de360f/glance -I -H "X-Auth-Token: gAAAAABqdstQ7aq0..." {{(pid=99792) http_log /opt/stack/data/venv/lib/python3.12/site-packages/swiftclient/client.py:160}}
Aug 08 06:23:12.965153 np0000006782 devstack@g-api.service[99792]: DEBUG swiftclient [None req-8a188a2b-7e75-4e00-8495-13e95c1ec3d7 tempest-ServerStableDeviceRescueTest-192777171 tempest-ServerStableDeviceRescueTest-192777171-project-member] RESP STATUS: 204 No Content {{(pid=99792) http_log /opt/stack/data/venv/lib/python3.12/site-packages/swiftclient/client.py:161}}
Aug 08 06:23:12.965809 np0000006782 devstack@g-api.service[99792]: DEBUG swiftclient [None req-8a188a2b-7e75-4e00-8495-13e95c1ec3d7 tempest-ServerStableDeviceRescueTest-192777171 tempest-ServerStableDeviceRescueTest-192777171-project-member] RESP HEADERS: {'Date': 'Sat, 08 Aug 2026 06:23:12 GMT', 'Server': 'Apache/2.4.58 (Ubuntu)', 'Content-Type': 'text/plain; charset=utf-8', 'X-Container-Object-Count': '3', 'X-Container-Bytes-Used': '64356352', 'X-Timestamp': '1786169878.79391', 'Last-Modified': 'Sat, 08 Aug 2026 06:17:59 GMT', 'Accept-Ranges': 'bytes', 'X-Storage-Policy': 'Policy-0', 'X-Container-Sharding': 'False', 'Vary': 'Accept', 'X-Trans-Id': 'tx7d701937104e48d8a5a4a-006a76cb50', 'X-Openstack-Request-Id': 'tx7d701937104e48d8a5a4a-006a76cb50', 'Connection': 'close'} {{(pid=99792) http_log /opt/stack/data/venv/lib/python3.12/site-packages/swiftclient/client.py:162}}
Aug 08 06:23:12.969594 np0000006782 devstack@g-api.service[99792]: DEBUG glance_store._drivers.swift.store [None req-8a188a2b-7e75-4e00-8495-13e95c1ec3d7 tempest-ServerStableDeviceRescueTest-192777171 tempest-ServerStableDeviceRescueTest-192777171-project-member] Adding image object 'eaa2fd74-ebb4-4e32-9081-59cc8483e3c4' to Swift {{(pid=99792) add /opt/stack/data/venv/lib/python3.12/site-packages/glance_store/_drivers/swift/store.py:970}}
Aug 08 06:23:12.969594 np0000006782 devstack@g-api.service[99792]: DEBUG glance_store._drivers.swift.store [None req-8a188a2b-7e75-4e00-8495-13e95c1ec3d7 tempest-ServerStableDeviceRescueTest-192777171 tempest-ServerStableDeviceRescueTest-192777171-project-member] Cannot determine image size because it is either not provided in the request or chunked-transfer encoding is used. Adding image as a segmented object to Swift. {{(pid=99792) add /opt/stack/data/venv/lib/python3.12/site-packages/glance_store/_drivers/swift/store.py:994}}
Aug 08 06:23:12.977039 np0000006782 devstack@g-api.service[99792]: DEBUG oslo_utils.imageutils.format_inspector [None req-8a188a2b-7e75-4e00-8495-13e95c1ec3d7 tempest-ServerStableDeviceRescueTest-192777171 tempest-ServerStableDeviceRescueTest-192777171-project-member] Format inspector for vmdk does not match, excluding from consideration (Signature KDMV not found: b'QFI\xfb') {{(pid=99792) _process_chunk /opt/stack/data/venv/lib/python3.12/site-packages/oslo_utils/imageutils/format_inspector.py:1758}}
Aug 08 06:23:12.980478 np0000006782 devstack@g-api.service[99792]: DEBUG oslo_utils.imageutils.format_inspector [None req-8a188a2b-7e75-4e00-8495-13e95c1ec3d7 tempest-ServerStableDeviceRescueTest-192777171 tempest-ServerStableDeviceRescueTest-192777171-project-member] Format inspector for vhdx does not match, excluding from consideration (Region signature not found at 30000) {{(pid=99792) _process_chunk /opt/stack/data/venv/lib/python3.12/site-packages/oslo_utils/imageutils/format_inspector.py:1758}}
Aug 08 06:23:13.358576 np0000006782 devstack@g-api.service[99790]: DEBUG glance.api.middleware.version_negotiation [None req-3e959df1-7e6e-4bed-b5ca-5e8370767e8a tempest-VolumesSnapshotTestJSON-874999174 tempest-VolumesSnapshotTestJSON-874999174-project-member] Determining version of request: GET /v2/images/eaa2fd74-ebb4-4e32-9081-59cc8483e3c4 Accept: */* {{(pid=99790) process_request /opt/stack/glance/glance/api/middleware/version_negotiation.py:44}}
Aug 08 06:23:13.358576 np0000006782 devstack@g-api.service[99790]: DEBUG glance.api.middleware.version_negotiation [None req-3e959df1-7e6e-4bed-b5ca-5e8370767e8a tempest-VolumesSnapshotTestJSON-874999174 tempest-VolumesSnapshotTestJSON-874999174-project-member] Using url versioning {{(pid=99790) process_request /opt/stack/glance/glance/api/middleware/version_negotiation.py:57}}
Aug 08 06:23:13.358576 np0000006782 devstack@g-api.service[99790]: DEBUG glance.api.middleware.version_negotiation [None req-3e959df1-7e6e-4bed-b5ca-5e8370767e8a tempest-VolumesSnapshotTestJSON-874999174 tempest-VolumesSnapshotTestJSON-874999174-project-member] Matched version: v2 {{(pid=99790) process_request /opt/stack/glance/glance/api/middleware/version_negotiation.py:69}}
Aug 08 06:23:13.358576 np0000006782 devstack@g-api.service[99790]: DEBUG glance.api.middleware.version_negotiation [None req-3e959df1-7e6e-4bed-b5ca-5e8370767e8a tempest-VolumesSnapshotTestJSON-874999174 tempest-VolumesSnapshotTestJSON-874999174-project-member] new path /v2/images/eaa2fd74-ebb4-4e32-9081-59cc8483e3c4 {{(pid=99790) process_request /opt/stack/glance/glance/api/middleware/version_negotiation.py:70}}
Aug 08 06:23:13.384360 np0000006782 devstack@g-api.service[99790]: [pid: 99790|app: 0|req: 112/336] 127.0.0.1 () {44 vars in 1115 bytes} [Sat Aug 8 06:23:13 2026] GET /v2/images/eaa2fd74-ebb4-4e32-9081-59cc8483e3c4 => generated 1445 bytes in 27 msecs (HTTP/1.1 200) 4 headers in 158 bytes (1 switches on core 0)
Aug 08 06:23:13.408148 np0000006782 devstack@g-api.service[99790]: DEBUG glance.api.middleware.version_negotiation [None req-2d47c82b-2bbd-4017-af3f-384abf541828 tempest-ServerStableDeviceRescueTest-192777171 tempest-ServerStableDeviceRescueTest-192777171-project-member] Determining version of request: GET /versions Accept: */* {{(pid=99790) process_request /opt/stack/glance/glance/api/middleware/version_negotiation.py:44}}
Aug 08 06:23:13.408526 np0000006782 devstack@g-api.service[99790]: [pid: 99790|app: 0|req: 113/337] 127.0.0.1 () {44 vars in 1039 bytes} [Sat Aug 8 06:23:13 2026] GET /versions => generated 1515 bytes in 1 msecs (HTTP/1.1 200) 3 headers in 92 bytes (1 switches on core 0)
Aug 08 06:23:13.428370 np0000006782 devstack@g-api.service[99790]: DEBUG glance.api.middleware.version_negotiation [None req-2d47c82b-2bbd-4017-af3f-384abf541828 tempest-ServerStableDeviceRescueTest-192777171 tempest-ServerStableDeviceRescueTest-192777171-project-member] Determining version of request: GET /v2/images/ee80f520-c66e-41a2-9aa8-8deb8d669a19/locations Accept: */* {{(pid=99790) process_request /opt/stack/glance/glance/api/middleware/version_negotiation.py:44}}
Aug 08 06:23:13.428537 np0000006782 devstack@g-api.service[99790]: DEBUG glance.api.middleware.version_negotiation [None req-2d47c82b-2bbd-4017-af3f-384abf541828 tempest-ServerStableDeviceRescueTest-192777171 tempest-ServerStableDeviceRescueTest-192777171-project-member] Using url versioning {{(pid=99790) process_request /opt/stack/glance/glance/api/middleware/version_negotiation.py:57}}
Aug 08 06:23:13.429318 np0000006782 devstack@g-api.service[99790]: DEBUG glance.api.middleware.version_negotiation [None req-2d47c82b-2bbd-4017-af3f-384abf541828 tempest-ServerStableDeviceRescueTest-192777171 tempest-ServerStableDeviceRescueTest-192777171-project-member] Matched version: v2 {{(pid=99790) process_request /opt/stack/glance/glance/api/middleware/version_negotiation.py:69}}
Aug 08 06:23:13.429318 np0000006782 devstack@g-api.service[99790]: DEBUG glance.api.middleware.version_negotiation [None req-2d47c82b-2bbd-4017-af3f-384abf541828 tempest-ServerStableDeviceRescueTest-192777171 tempest-ServerStableDeviceRescueTest-192777171-project-member] new path /v2/images/ee80f520-c66e-41a2-9aa8-8deb8d669a19/locations {{(pid=99790) process_request /opt/stack/glance/glance/api/middleware/version_negotiation.py:70}}
Aug 08 06:23:13.474030 np0000006782 devstack@g-api.service[99791]: INFO glance.api.v2.image_data [None req-c0daf7b5-8c3d-4118-8250-8f73a59dd49f tempest-AttachVolumeShelveTestJSON-1525108939 tempest-AttachVolumeShelveTestJSON-1525108939-project-member] Unable to create trust: no such option collect_timing in group [keystone_authtoken] Use the existing user token.
Aug 08 06:23:13.600970 np0000006782 devstack@g-api.service[99790]: [pid: 99790|app: 0|req: 114/338] 127.0.0.1 () {44 vars in 1135 bytes} [Sat Aug 8 06:23:13 2026] GET /v2/images/ee80f520-c66e-41a2-9aa8-8deb8d669a19/locations => generated 92 bytes in 173 msecs (HTTP/1.1 200) 4 headers in 156 bytes (1 switches on core 0)
Aug 08 06:23:13.601563 np0000006782 devstack@g-api.service[99790]: DEBUG glance.api.middleware.version_negotiation [None req-3e959df1-7e6e-4bed-b5ca-5e8370767e8a service glance] Determining version of request: GET /v2/schemas/image Accept: */* {{(pid=99790) process_request /opt/stack/glance/glance/api/middleware/version_negotiation.py:44}}
Aug 08 06:23:13.601883 np0000006782 devstack@g-api.service[99790]: DEBUG glance.api.middleware.version_negotiation [None req-3e959df1-7e6e-4bed-b5ca-5e8370767e8a service glance] Using url versioning {{(pid=99790) process_request /opt/stack/glance/glance/api/middleware/version_negotiation.py:57}}
Aug 08 06:23:13.602177 np0000006782 devstack@g-api.service[99790]: DEBUG glance.api.middleware.version_negotiation [None req-3e959df1-7e6e-4bed-b5ca-5e8370767e8a service glance] Matched version: v2 {{(pid=99790) process_request /opt/stack/glance/glance/api/middleware/version_negotiation.py:69}}
Aug 08 06:23:13.602458 np0000006782 devstack@g-api.service[99790]: DEBUG glance.api.middleware.version_negotiation [None req-3e959df1-7e6e-4bed-b5ca-5e8370767e8a service glance] new path /v2/schemas/image {{(pid=99790) process_request /opt/stack/glance/glance/api/middleware/version_negotiation.py:70}}
Aug 08 06:23:13.606834 np0000006782 devstack@g-api.service[99790]: [pid: 99790|app: 0|req: 115/339] 127.0.0.1 () {44 vars in 1055 bytes} [Sat Aug 8 06:23:13 2026] GET /v2/schemas/image => generated 6083 bytes in 5 msecs (HTTP/1.1 200) 4 headers in 158 bytes (1 switches on core 0)
Aug 08 06:23:13.618157 np0000006782 devstack@g-api.service[99790]: DEBUG glance.api.middleware.version_negotiation [None req-2d47c82b-2bbd-4017-af3f-384abf541828 tempest-ServerStableDeviceRescueTest-192777171 tempest-ServerStableDeviceRescueTest-192777171-project-member] Determining version of request: GET /v2/images/ee80f520-c66e-41a2-9aa8-8deb8d669a19 Accept: */* {{(pid=99790) process_request /opt/stack/glance/glance/api/middleware/version_negotiation.py:44}}
Aug 08 06:23:13.618244 np0000006782 devstack@g-api.service[99790]: DEBUG glance.api.middleware.version_negotiation [None req-2d47c82b-2bbd-4017-af3f-384abf541828 tempest-ServerStableDeviceRescueTest-192777171 tempest-ServerStableDeviceRescueTest-192777171-project-member] Using url versioning {{(pid=99790) process_request /opt/stack/glance/glance/api/middleware/version_negotiation.py:57}}
Aug 08 06:23:13.618840 np0000006782 devstack@g-api.service[99790]: DEBUG glance.api.middleware.version_negotiation [None req-2d47c82b-2bbd-4017-af3f-384abf541828 tempest-ServerStableDeviceRescueTest-192777171 tempest-ServerStableDeviceRescueTest-192777171-project-member] Matched version: v2 {{(pid=99790) process_request /opt/stack/glance/glance/api/middleware/version_negotiation.py:69}}
Aug 08 06:23:13.619118 np0000006782 devstack@g-api.service[99790]: DEBUG glance.api.middleware.version_negotiation [None req-2d47c82b-2bbd-4017-af3f-384abf541828 tempest-ServerStableDeviceRescueTest-192777171 tempest-ServerStableDeviceRescueTest-192777171-project-member] new path /v2/images/ee80f520-c66e-41a2-9aa8-8deb8d669a19 {{(pid=99790) process_request /opt/stack/glance/glance/api/middleware/version_negotiation.py:70}}
Aug 08 06:23:13.639261 np0000006782 devstack@g-api.service[99790]: [pid: 99790|app: 0|req: 116/340] 127.0.0.1 () {44 vars in 1115 bytes} [Sat Aug 8 06:23:13 2026] GET /v2/images/ee80f520-c66e-41a2-9aa8-8deb8d669a19 => generated 1044 bytes in 24 msecs (HTTP/1.1 200) 4 headers in 158 bytes (1 switches on core 0)
Aug 08 06:23:13.652410 np0000006782 devstack@g-api.service[99790]: DEBUG glance.api.middleware.version_negotiation [None req-3e959df1-7e6e-4bed-b5ca-5e8370767e8a tempest-VolumesSnapshotTestJSON-874999174 tempest-VolumesSnapshotTestJSON-874999174-project-member] Determining version of request: GET /v2/schemas/image Accept: */* {{(pid=99790) process_request /opt/stack/glance/glance/api/middleware/version_negotiation.py:44}}
Aug 08 06:23:13.652630 np0000006782 devstack@g-api.service[99790]: DEBUG glance.api.middleware.version_negotiation [None req-3e959df1-7e6e-4bed-b5ca-5e8370767e8a tempest-VolumesSnapshotTestJSON-874999174 tempest-VolumesSnapshotTestJSON-874999174-project-member] Using url versioning {{(pid=99790) process_request /opt/stack/glance/glance/api/middleware/version_negotiation.py:57}}
Aug 08 06:23:13.652779 np0000006782 devstack@g-api.service[99790]: DEBUG glance.api.middleware.version_negotiation [None req-3e959df1-7e6e-4bed-b5ca-5e8370767e8a tempest-VolumesSnapshotTestJSON-874999174 tempest-VolumesSnapshotTestJSON-874999174-project-member] Matched version: v2 {{(pid=99790) process_request /opt/stack/glance/glance/api/middleware/version_negotiation.py:69}}
Aug 08 06:23:13.652874 np0000006782 devstack@g-api.service[99790]: DEBUG glance.api.middleware.version_negotiation [None req-3e959df1-7e6e-4bed-b5ca-5e8370767e8a tempest-VolumesSnapshotTestJSON-874999174 tempest-VolumesSnapshotTestJSON-874999174-project-member] new path /v2/schemas/image {{(pid=99790) process_request /opt/stack/glance/glance/api/middleware/version_negotiation.py:70}}
Aug 08 06:23:13.656017 np0000006782 devstack@g-api.service[99790]: [pid: 99790|app: 0|req: 117/341] 127.0.0.1 () {44 vars in 1055 bytes} [Sat Aug 8 06:23:13 2026] GET /v2/schemas/image => generated 6083 bytes in 4 msecs (HTTP/1.1 200) 4 headers in 158 bytes (1 switches on core 0)
Aug 08 06:23:13.666022 np0000006782 devstack@g-api.service[99790]: DEBUG glance.api.middleware.version_negotiation [None req-3e959df1-7e6e-4bed-b5ca-5e8370767e8a tempest-VolumesSnapshotTestJSON-874999174 tempest-VolumesSnapshotTestJSON-874999174-project-member] Determining version of request: GET /v2/schemas/image Accept: */* {{(pid=99790) process_request /opt/stack/glance/glance/api/middleware/version_negotiation.py:44}}
Aug 08 06:23:13.666270 np0000006782 devstack@g-api.service[99790]: DEBUG glance.api.middleware.version_negotiation [None req-3e959df1-7e6e-4bed-b5ca-5e8370767e8a tempest-VolumesSnapshotTestJSON-874999174 tempest-VolumesSnapshotTestJSON-874999174-project-member] Using url versioning {{(pid=99790) process_request /opt/stack/glance/glance/api/middleware/version_negotiation.py:57}}
Aug 08 06:23:13.666512 np0000006782 devstack@g-api.service[99790]: DEBUG glance.api.middleware.version_negotiation [None req-3e959df1-7e6e-4bed-b5ca-5e8370767e8a tempest-VolumesSnapshotTestJSON-874999174 tempest-VolumesSnapshotTestJSON-874999174-project-member] Matched version: v2 {{(pid=99790) process_request /opt/stack/glance/glance/api/middleware/version_negotiation.py:69}}
Aug 08 06:23:13.666693 np0000006782 devstack@g-api.service[99790]: DEBUG glance.api.middleware.version_negotiation [None req-3e959df1-7e6e-4bed-b5ca-5e8370767e8a tempest-VolumesSnapshotTestJSON-874999174 tempest-VolumesSnapshotTestJSON-874999174-project-member] new path /v2/schemas/image {{(pid=99790) process_request /opt/stack/glance/glance/api/middleware/version_negotiation.py:70}}
Aug 08 06:23:13.667756 np0000006782 devstack@g-api.service[99792]: DEBUG swiftclient [None req-8a188a2b-7e75-4e00-8495-13e95c1ec3d7 tempest-ServerStableDeviceRescueTest-192777171 tempest-ServerStableDeviceRescueTest-192777171-project-member] REQ: curl -i https://10.4.3.120:8080/v1/AUTH_c6cd527df02a4c3bb64abe6741de360f/glance/eaa2fd74-ebb4-4e32-9081-59cc8483e3c4-00001 -X PUT -H "X-Auth-Token: gAAAAABqdstQ7aq0..." {{(pid=99792) http_log /opt/stack/data/venv/lib/python3.12/site-packages/swiftclient/client.py:160}}
Aug 08 06:23:13.667756 np0000006782 devstack@g-api.service[99792]: DEBUG swiftclient [None req-8a188a2b-7e75-4e00-8495-13e95c1ec3d7 tempest-ServerStableDeviceRescueTest-192777171 tempest-ServerStableDeviceRescueTest-192777171-project-member] RESP STATUS: 201 Created {{(pid=99792) http_log /opt/stack/data/venv/lib/python3.12/site-packages/swiftclient/client.py:161}}
Aug 08 06:23:13.667756 np0000006782 devstack@g-api.service[99792]: DEBUG swiftclient [None req-8a188a2b-7e75-4e00-8495-13e95c1ec3d7 tempest-ServerStableDeviceRescueTest-192777171 tempest-ServerStableDeviceRescueTest-192777171-project-member] RESP HEADERS: {'Date': 'Sat, 08 Aug 2026 06:23:13 GMT', 'Server': 'Apache/2.4.58 (Ubuntu)', 'Content-Type': 'text/html; charset=UTF-8', 'Content-Length': '0', 'Etag': '063135129a7be0346370958da3e216a4', 'Last-Modified': 'Sat, 08 Aug 2026 06:23:13 GMT', 'X-Trans-Id': 'tx96f49b6a7c804a1b966f7-006a76cb50', 'X-Openstack-Request-Id': 'tx96f49b6a7c804a1b966f7-006a76cb50', 'Connection': 'close'} {{(pid=99792) http_log /opt/stack/data/venv/lib/python3.12/site-packages/swiftclient/client.py:162}}
Aug 08 06:23:13.667756 np0000006782 devstack@g-api.service[99792]: DEBUG glance_store._drivers.swift.store [None req-8a188a2b-7e75-4e00-8495-13e95c1ec3d7 tempest-ServerStableDeviceRescueTest-192777171 tempest-ServerStableDeviceRescueTest-192777171-project-member] Wrote chunk eaa2fd74-ebb4-4e32-9081-59cc8483e3c4-00001 (1/?) of length 53936128 to Swift returning MD5 of content: 063135129a7be0346370958da3e216a4 {{(pid=99792) add /opt/stack/data/venv/lib/python3.12/site-packages/glance_store/_drivers/swift/store.py:1059}}
Aug 08 06:23:13.668012 np0000006782 devstack@g-api.service[99792]: DEBUG glance_store._drivers.swift.store [None req-8a188a2b-7e75-4e00-8495-13e95c1ec3d7 tempest-ServerStableDeviceRescueTest-192777171 tempest-ServerStableDeviceRescueTest-192777171-project-member] Not writing zero-length chunk. {{(pid=99792) add /opt/stack/data/venv/lib/python3.12/site-packages/glance_store/_drivers/swift/store.py:1028}}
Aug 08 06:23:13.671014 np0000006782 devstack@g-api.service[99790]: [pid: 99790|app: 0|req: 118/342] 127.0.0.1 () {44 vars in 1055 bytes} [Sat Aug 8 06:23:13 2026] GET /v2/schemas/image => generated 6083 bytes in 5 msecs (HTTP/1.1 200) 4 headers in 158 bytes (1 switches on core 0)
Aug 08 06:23:13.698207 np0000006782 devstack@g-api.service[99792]: DEBUG swiftclient [None req-8a188a2b-7e75-4e00-8495-13e95c1ec3d7 tempest-ServerStableDeviceRescueTest-192777171 tempest-ServerStableDeviceRescueTest-192777171-project-member] REQ: curl -i https://10.4.3.120:8080/v1/AUTH_c6cd527df02a4c3bb64abe6741de360f/glance/eaa2fd74-ebb4-4e32-9081-59cc8483e3c4 -X PUT -H "X-Object-Manifest: glance/eaa2fd74-ebb4-4e32-9081-59cc8483e3c4-" -H "X-Auth-Token: gAAAAABqdstQ7aq0..." -H "Content-Length: 0" {{(pid=99792) http_log /opt/stack/data/venv/lib/python3.12/site-packages/swiftclient/client.py:160}}
Aug 08 06:23:13.698318 np0000006782 devstack@g-api.service[99792]: DEBUG swiftclient [None req-8a188a2b-7e75-4e00-8495-13e95c1ec3d7 tempest-ServerStableDeviceRescueTest-192777171 tempest-ServerStableDeviceRescueTest-192777171-project-member] RESP STATUS: 201 Created {{(pid=99792) http_log /opt/stack/data/venv/lib/python3.12/site-packages/swiftclient/client.py:161}}
Aug 08 06:23:13.698491 np0000006782 devstack@g-api.service[99792]: DEBUG swiftclient [None req-8a188a2b-7e75-4e00-8495-13e95c1ec3d7 tempest-ServerStableDeviceRescueTest-192777171 tempest-ServerStableDeviceRescueTest-192777171-project-member] RESP HEADERS: {'Date': 'Sat, 08 Aug 2026 06:23:13 GMT', 'Server': 'Apache/2.4.58 (Ubuntu)', 'Content-Type': 'text/html; charset=UTF-8', 'Content-Length': '0', 'Etag': 'd41d8cd98f00b204e9800998ecf8427e', 'Last-Modified': 'Sat, 08 Aug 2026 06:23:14 GMT', 'X-Trans-Id': 'txd28ec52440c4462b82afa-006a76cb51', 'X-Openstack-Request-Id': 'txd28ec52440c4462b82afa-006a76cb51', 'Connection': 'close'} {{(pid=99792) http_log /opt/stack/data/venv/lib/python3.12/site-packages/swiftclient/client.py:162}}
Aug 08 06:23:13.699101 np0000006782 devstack@g-api.service[99792]: INFO glance.location [None req-8a188a2b-7e75-4e00-8495-13e95c1ec3d7 tempest-ServerStableDeviceRescueTest-192777171 tempest-ServerStableDeviceRescueTest-192777171-project-member] Image format matched and virtual size computed: 1073741824
Aug 08 06:23:13.741764 np0000006782 devstack@g-api.service[99792]: DEBUG glance_store.backend [None req-8a188a2b-7e75-4e00-8495-13e95c1ec3d7 tempest-ServerStableDeviceRescueTest-192777171 tempest-ServerStableDeviceRescueTest-192777171-project-member] Attempting to import store swift {{(pid=99792) _load_store /opt/stack/data/venv/lib/python3.12/site-packages/glance_store/backend.py:215}}
Aug 08 06:23:13.743485 np0000006782 devstack@g-api.service[99792]: DEBUG glance_store.capabilities [None req-8a188a2b-7e75-4e00-8495-13e95c1ec3d7 tempest-ServerStableDeviceRescueTest-192777171 tempest-ServerStableDeviceRescueTest-192777171-project-member] Store glance_store._drivers.swift.store.SingleTenantStore doesn't support updating dynamic storage capabilities. Please overwrite 'update_capabilities' method of the store to implement updating logics if needed. {{(pid=99792) update_capabilities /opt/stack/data/venv/lib/python3.12/site-packages/glance_store/capabilities.py:91}}
Aug 08 06:23:13.743485 np0000006782 devstack@g-api.service[99792]: DEBUG glance_store.driver [None req-8a188a2b-7e75-4e00-8495-13e95c1ec3d7 tempest-ServerStableDeviceRescueTest-192777171 tempest-ServerStableDeviceRescueTest-192777171-project-member] Late loading location class glance_store._drivers.swift.store.StoreLocation {{(pid=99792) get_store_location_class /opt/stack/data/venv/lib/python3.12/site-packages/glance_store/driver.py:134}}
Aug 08 06:23:13.743485 np0000006782 devstack@g-api.service[99792]: DEBUG glance_store.location [None req-8a188a2b-7e75-4e00-8495-13e95c1ec3d7 tempest-ServerStableDeviceRescueTest-192777171 tempest-ServerStableDeviceRescueTest-192777171-project-member] Registering scheme swift+https with {'store': , 'location_class': , 'store_entry': 'swift'} {{(pid=99792) register_scheme_map /opt/stack/data/venv/lib/python3.12/site-packages/glance_store/location.py:146}}
Aug 08 06:23:13.743485 np0000006782 devstack@g-api.service[99792]: DEBUG glance_store.location [None req-8a188a2b-7e75-4e00-8495-13e95c1ec3d7 tempest-ServerStableDeviceRescueTest-192777171 tempest-ServerStableDeviceRescueTest-192777171-project-member] Registering scheme swift+https with {'store': , 'location_class': , 'store_entry': 'swift'} {{(pid=99792) register_scheme_map /opt/stack/data/venv/lib/python3.12/site-packages/glance_store/location.py:146}}
Aug 08 06:23:13.743485 np0000006782 devstack@g-api.service[99792]: DEBUG glance_store.location [None req-8a188a2b-7e75-4e00-8495-13e95c1ec3d7 tempest-ServerStableDeviceRescueTest-192777171 tempest-ServerStableDeviceRescueTest-192777171-project-member] Registering scheme swift with {'store': , 'location_class': , 'store_entry': 'swift'} {{(pid=99792) register_scheme_map /opt/stack/data/venv/lib/python3.12/site-packages/glance_store/location.py:146}}
Aug 08 06:23:13.744501 np0000006782 devstack@g-api.service[99792]: DEBUG glance_store.location [None req-8a188a2b-7e75-4e00-8495-13e95c1ec3d7 tempest-ServerStableDeviceRescueTest-192777171 tempest-ServerStableDeviceRescueTest-192777171-project-member] Registering scheme swift+https with {'store': , 'location_class': , 'store_entry': 'swift'} {{(pid=99792) register_scheme_map /opt/stack/data/venv/lib/python3.12/site-packages/glance_store/location.py:146}}
Aug 08 06:23:13.744501 np0000006782 devstack@g-api.service[99792]: DEBUG glance_store.location [None req-8a188a2b-7e75-4e00-8495-13e95c1ec3d7 tempest-ServerStableDeviceRescueTest-192777171 tempest-ServerStableDeviceRescueTest-192777171-project-member] Registering scheme swift with {'store': , 'location_class': , 'store_entry': 'swift'} {{(pid=99792) register_scheme_map /opt/stack/data/venv/lib/python3.12/site-packages/glance_store/location.py:146}}
Aug 08 06:23:13.744501 np0000006782 devstack@g-api.service[99792]: DEBUG glance_store.location [None req-8a188a2b-7e75-4e00-8495-13e95c1ec3d7 tempest-ServerStableDeviceRescueTest-192777171 tempest-ServerStableDeviceRescueTest-192777171-project-member] Registering scheme swift+http with {'store': , 'location_class': , 'store_entry': 'swift'} {{(pid=99792) register_scheme_map /opt/stack/data/venv/lib/python3.12/site-packages/glance_store/location.py:146}}
Aug 08 06:23:13.744501 np0000006782 devstack@g-api.service[99792]: DEBUG glance_store.location [None req-8a188a2b-7e75-4e00-8495-13e95c1ec3d7 tempest-ServerStableDeviceRescueTest-192777171 tempest-ServerStableDeviceRescueTest-192777171-project-member] Registering scheme swift+https with {'store': , 'location_class': , 'store_entry': 'swift'} {{(pid=99792) register_scheme_map /opt/stack/data/venv/lib/python3.12/site-packages/glance_store/location.py:146}}
Aug 08 06:23:13.744501 np0000006782 devstack@g-api.service[99792]: DEBUG glance_store.location [None req-8a188a2b-7e75-4e00-8495-13e95c1ec3d7 tempest-ServerStableDeviceRescueTest-192777171 tempest-ServerStableDeviceRescueTest-192777171-project-member] Registering scheme swift with {'store': , 'location_class': , 'store_entry': 'swift'} {{(pid=99792) register_scheme_map /opt/stack/data/venv/lib/python3.12/site-packages/glance_store/location.py:146}}
Aug 08 06:23:13.744501 np0000006782 devstack@g-api.service[99792]: DEBUG glance_store.location [None req-8a188a2b-7e75-4e00-8495-13e95c1ec3d7 tempest-ServerStableDeviceRescueTest-192777171 tempest-ServerStableDeviceRescueTest-192777171-project-member] Registering scheme swift+http with {'store': , 'location_class': , 'store_entry': 'swift'} {{(pid=99792) register_scheme_map /opt/stack/data/venv/lib/python3.12/site-packages/glance_store/location.py:146}}
Aug 08 06:23:13.744501 np0000006782 devstack@g-api.service[99792]: DEBUG glance_store.location [None req-8a188a2b-7e75-4e00-8495-13e95c1ec3d7 tempest-ServerStableDeviceRescueTest-192777171 tempest-ServerStableDeviceRescueTest-192777171-project-member] Registering scheme swift+config with {'store': , 'location_class': , 'store_entry': 'swift'} {{(pid=99792) register_scheme_map /opt/stack/data/venv/lib/python3.12/site-packages/glance_store/location.py:146}}
Aug 08 06:23:13.744501 np0000006782 devstack@g-api.service[99792]: DEBUG glance_store.backend [None req-8a188a2b-7e75-4e00-8495-13e95c1ec3d7 tempest-ServerStableDeviceRescueTest-192777171 tempest-ServerStableDeviceRescueTest-192777171-project-member] Skipping store.set_acls... not implemented. {{(pid=99792) set_acls /opt/stack/data/venv/lib/python3.12/site-packages/glance_store/backend.py:507}}
