Jun 15 19:03:34.896667 np0000002885 devstack@g-api.service[102091]: DEBUG glance_store.location [-] Registering scheme swift+https with {'store': , 'location_class': , 'store_entry': 'swift'} {{(pid=102091) register_scheme_map /opt/stack/data/venv/lib/python3.12/site-packages/glance_store/location.py:146}}
Jun 15 19:03:34.896709 np0000002885 devstack@g-api.service[102091]: DEBUG glance_store.location [-] Registering scheme swift with {'store': , 'location_class': , 'store_entry': 'swift'} {{(pid=102091) register_scheme_map /opt/stack/data/venv/lib/python3.12/site-packages/glance_store/location.py:146}}
Jun 15 19:03:34.896762 np0000002885 devstack@g-api.service[102091]: DEBUG glance_store.location [-] Registering scheme swift+http with {'store': , 'location_class': , 'store_entry': 'swift'} {{(pid=102091) register_scheme_map /opt/stack/data/venv/lib/python3.12/site-packages/glance_store/location.py:146}}
Jun 15 19:03:34.896808 np0000002885 devstack@g-api.service[102091]: DEBUG glance_store.location [-] Registering scheme swift+config with {'store': , 'location_class': , 'store_entry': 'swift'} {{(pid=102091) register_scheme_map /opt/stack/data/venv/lib/python3.12/site-packages/glance_store/location.py:146}}
Jun 15 19:03:34.897076 np0000002885 devstack@g-api.service[102091]: DEBUG glance.sqlite_migration [-] SQLite caching database not located, skipping migration {{(pid=102091) get_db_path /opt/stack/glance/glance/sqlite_migration.py:68}}
Jun 15 19:03:34.897242 np0000002885 devstack@g-api.service[102091]: WARNING glance.common.wsgi_app [-] Import methods are enabled but staging directory /tmp/staging/ does not exist; Imports will fail!
Jun 15 19:03:34.897400 np0000002885 devstack@g-api.service[102090]: DEBUG glance_store.capabilities [-] Store glance_store._drivers.swift.store.SingleTenantStore doesn't support updating dynamic storage capabilities. Please overwrite 'update_capabilities' method of the store to implement updating logics if needed. {{(pid=102090) update_capabilities /opt/stack/data/venv/lib/python3.12/site-packages/glance_store/capabilities.py:91}}
Jun 15 19:03:34.897470 np0000002885 devstack@g-api.service[102090]: DEBUG glance_store.backend [-] Registering store swift with schemes ('swift+https', 'swift', 'swift+http', 'swift+config') {{(pid=102090) create_stores /opt/stack/data/venv/lib/python3.12/site-packages/glance_store/backend.py:261}}
Jun 15 19:03:34.897527 np0000002885 devstack@g-api.service[102090]: DEBUG glance_store.driver [-] Late loading location class glance_store._drivers.swift.store.StoreLocation {{(pid=102090) get_store_location_class /opt/stack/data/venv/lib/python3.12/site-packages/glance_store/driver.py:134}}
Jun 15 19:03:34.897587 np0000002885 devstack@g-api.service[102090]: DEBUG glance_store.location [-] Registering scheme swift+https with {'store': , 'location_class': , 'store_entry': 'swift'} {{(pid=102090) register_scheme_map /opt/stack/data/venv/lib/python3.12/site-packages/glance_store/location.py:146}}
Jun 15 19:03:34.897640 np0000002885 devstack@g-api.service[102090]: DEBUG glance_store.location [-] Registering scheme swift with {'store': , 'location_class': , 'store_entry': 'swift'} {{(pid=102090) register_scheme_map /opt/stack/data/venv/lib/python3.12/site-packages/glance_store/location.py:146}}
Jun 15 19:03:34.897692 np0000002885 devstack@g-api.service[102090]: DEBUG glance_store.location [-] Registering scheme swift+http with {'store': , 'location_class': , 'store_entry': 'swift'} {{(pid=102090) register_scheme_map /opt/stack/data/venv/lib/python3.12/site-packages/glance_store/location.py:146}}
Jun 15 19:03:34.897742 np0000002885 devstack@g-api.service[102090]: DEBUG glance_store.location [-] Registering scheme swift+config with {'store': , 'location_class': , 'store_entry': 'swift'} {{(pid=102090) register_scheme_map /opt/stack/data/venv/lib/python3.12/site-packages/glance_store/location.py:146}}
Jun 15 19:03:34.897843 np0000002885 devstack@g-api.service[102090]: DEBUG glance_store.backend [-] Attempting to import store swift {{(pid=102090) _load_store /opt/stack/data/venv/lib/python3.12/site-packages/glance_store/backend.py:215}}
Jun 15 19:03:34.899156 np0000002885 devstack@g-api.service[102090]: DEBUG glance_store.capabilities [-] Store glance_store._drivers.swift.store.SingleTenantStore doesn't support updating dynamic storage capabilities. Please overwrite 'update_capabilities' method of the store to implement updating logics if needed. {{(pid=102090) update_capabilities /opt/stack/data/venv/lib/python3.12/site-packages/glance_store/capabilities.py:91}}
Jun 15 19:03:34.899213 np0000002885 devstack@g-api.service[102090]: DEBUG glance_store.driver [-] Late loading location class glance_store._drivers.swift.store.StoreLocation {{(pid=102090) get_store_location_class /opt/stack/data/venv/lib/python3.12/site-packages/glance_store/driver.py:134}}
Jun 15 19:03:34.899280 np0000002885 devstack@g-api.service[102090]: DEBUG glance_store.location [-] Registering scheme swift+https with {'store': , 'location_class': , 'store_entry': 'swift'} {{(pid=102090) register_scheme_map /opt/stack/data/venv/lib/python3.12/site-packages/glance_store/location.py:146}}
Jun 15 19:03:34.899332 np0000002885 devstack@g-api.service[102090]: DEBUG glance_store.location [-] Registering scheme swift+https with {'store': , 'location_class': , 'store_entry': 'swift'} {{(pid=102090) register_scheme_map /opt/stack/data/venv/lib/python3.12/site-packages/glance_store/location.py:146}}
Jun 15 19:03:34.899382 np0000002885 devstack@g-api.service[102090]: DEBUG glance_store.location [-] Registering scheme swift with {'store': , 'location_class': , 'store_entry': 'swift'} {{(pid=102090) register_scheme_map /opt/stack/data/venv/lib/python3.12/site-packages/glance_store/location.py:146}}
Jun 15 19:03:34.899448 np0000002885 devstack@g-api.service[102090]: DEBUG glance_store.location [-] Registering scheme swift+https with {'store': , 'location_class': , 'store_entry': 'swift'} {{(pid=102090) register_scheme_map /opt/stack/data/venv/lib/python3.12/site-packages/glance_store/location.py:146}}
Jun 15 19:03:34.899498 np0000002885 devstack@g-api.service[102090]: DEBUG glance_store.location [-] Registering scheme swift with {'store': , 'location_class': , 'store_entry': 'swift'} {{(pid=102090) register_scheme_map /opt/stack/data/venv/lib/python3.12/site-packages/glance_store/location.py:146}}
Jun 15 19:03:34.899562 np0000002885 devstack@g-api.service[102090]: DEBUG glance_store.location [-] Registering scheme swift+http with {'store': , 'location_class': , 'store_entry': 'swift'} {{(pid=102090) register_scheme_map /opt/stack/data/venv/lib/python3.12/site-packages/glance_store/location.py:146}}
Jun 15 19:03:34.899603 np0000002885 devstack@g-api.service[102090]: DEBUG glance_store.location [-] Registering scheme swift+https with {'store': , 'location_class': , 'store_entry': 'swift'} {{(pid=102090) register_scheme_map /opt/stack/data/venv/lib/python3.12/site-packages/glance_store/location.py:146}}
Jun 15 19:03:34.899653 np0000002885 devstack@g-api.service[102090]: DEBUG glance_store.location [-] Registering scheme swift with {'store': , 'location_class': , 'store_entry': 'swift'} {{(pid=102090) register_scheme_map /opt/stack/data/venv/lib/python3.12/site-packages/glance_store/location.py:146}}
Jun 15 19:03:34.899704 np0000002885 devstack@g-api.service[102090]: DEBUG glance_store.location [-] Registering scheme swift+http with {'store': , 'location_class': , 'store_entry': 'swift'} {{(pid=102090) register_scheme_map /opt/stack/data/venv/lib/python3.12/site-packages/glance_store/location.py:146}}
Jun 15 19:03:34.899754 np0000002885 devstack@g-api.service[102090]: DEBUG glance_store.location [-] Registering scheme swift+config with {'store': , 'location_class': , 'store_entry': 'swift'} {{(pid=102090) register_scheme_map /opt/stack/data/venv/lib/python3.12/site-packages/glance_store/location.py:146}}
Jun 15 19:03:34.900026 np0000002885 devstack@g-api.service[102090]: DEBUG glance.sqlite_migration [-] SQLite caching database not located, skipping migration {{(pid=102090) get_db_path /opt/stack/glance/glance/sqlite_migration.py:68}}
Jun 15 19:03:34.900200 np0000002885 devstack@g-api.service[102090]: WARNING glance.common.wsgi_app [-] Import methods are enabled but staging directory /tmp/staging/ does not exist; Imports will fail!
Jun 15 19:03:35.138456 np0000002885 devstack@g-api.service[102092]: DEBUG glance.common.config [None req-c09e944a-4b14-448b-a281-c1ac929dc8fe None None] Loading glance-api-keystone+cachemanagement from /etc/glance/glance-api-paste.ini {{(pid=102092) load_paste_app /opt/stack/glance/glance/common/config.py:758}}
Jun 15 19:03:35.150777 np0000002885 devstack@g-api.service[102091]: DEBUG glance.common.config [None req-909f744d-08e9-4db1-8332-a4b146161fc6 None None] Loading glance-api-keystone+cachemanagement from /etc/glance/glance-api-paste.ini {{(pid=102091) load_paste_app /opt/stack/glance/glance/common/config.py:758}}
Jun 15 19:03:35.155299 np0000002885 devstack@g-api.service[102090]: DEBUG glance.common.config [None req-ed3bbc04-52e8-4119-bba3-2c2487d49b9f None None] Loading glance-api-keystone+cachemanagement from /etc/glance/glance-api-paste.ini {{(pid=102090) load_paste_app /opt/stack/glance/glance/common/config.py:758}}
Jun 15 19:03:35.714103 np0000002885 devstack@g-api.service[102090]: INFO glance.image_cache [None req-ed3bbc04-52e8-4119-bba3-2c2487d49b9f None None] Image cache loaded driver 'centralized_db'.
Jun 15 19:03:35.717213 np0000002885 devstack@g-api.service[102092]: INFO glance.image_cache [None req-c09e944a-4b14-448b-a281-c1ac929dc8fe None None] Image cache loaded driver 'centralized_db'.
Jun 15 19:03:35.725566 np0000002885 devstack@g-api.service[102091]: INFO glance.image_cache [None req-909f744d-08e9-4db1-8332-a4b146161fc6 None None] Image cache loaded driver 'centralized_db'.
Jun 15 19:03:35.760035 np0000002885 devstack@g-api.service[102090]: INFO dbcounter [None req-ed3bbc04-52e8-4119-bba3-2c2487d49b9f None None] Registered counter for database glance
Jun 15 19:03:35.763358 np0000002885 devstack@g-api.service[102092]: INFO dbcounter [None req-c09e944a-4b14-448b-a281-c1ac929dc8fe None None] Registered counter for database glance
Jun 15 19:03:35.776452 np0000002885 devstack@g-api.service[102091]: INFO dbcounter [None req-909f744d-08e9-4db1-8332-a4b146161fc6 None None] Registered counter for database glance
Jun 15 19:03:35.802999 np0000002885 devstack@g-api.service[102090]: DEBUG oslo_db.sqlalchemy.engines [None req-ed3bbc04-52e8-4119-bba3-2c2487d49b9f None None] MySQL server mode set to STRICT_TRANS_TABLES,STRICT_ALL_TABLES,NO_ZERO_IN_DATE,NO_ZERO_DATE,ERROR_FOR_DIVISION_BY_ZERO,TRADITIONAL,NO_ENGINE_SUBSTITUTION {{(pid=102090) _check_effective_sql_mode /opt/stack/data/venv/lib/python3.12/site-packages/oslo_db/sqlalchemy/engines.py:325}}
Jun 15 19:03:35.810580 np0000002885 devstack@g-api.service[102092]: DEBUG oslo_db.sqlalchemy.engines [None req-c09e944a-4b14-448b-a281-c1ac929dc8fe None None] MySQL server mode set to STRICT_TRANS_TABLES,STRICT_ALL_TABLES,NO_ZERO_IN_DATE,NO_ZERO_DATE,ERROR_FOR_DIVISION_BY_ZERO,TRADITIONAL,NO_ENGINE_SUBSTITUTION {{(pid=102092) _check_effective_sql_mode /opt/stack/data/venv/lib/python3.12/site-packages/oslo_db/sqlalchemy/engines.py:325}}
Jun 15 19:03:35.820900 np0000002885 devstack@g-api.service[102091]: DEBUG oslo_db.sqlalchemy.engines [None req-909f744d-08e9-4db1-8332-a4b146161fc6 None None] MySQL server mode set to STRICT_TRANS_TABLES,STRICT_ALL_TABLES,NO_ZERO_IN_DATE,NO_ZERO_DATE,ERROR_FOR_DIVISION_BY_ZERO,TRADITIONAL,NO_ENGINE_SUBSTITUTION {{(pid=102091) _check_effective_sql_mode /opt/stack/data/venv/lib/python3.12/site-packages/oslo_db/sqlalchemy/engines.py:325}}
Jun 15 19:03:35.825384 np0000002885 devstack@g-api.service[102090]: DEBUG dbcounter [-] [102090] Writer thread running {{(pid=102090) stat_writer /opt/stack/data/venv/lib/python3.12/site-packages/dbcounter.py:102}}
Jun 15 19:03:35.835871 np0000002885 devstack@g-api.service[102092]: DEBUG dbcounter [-] [102092] Writer thread running {{(pid=102092) stat_writer /opt/stack/data/venv/lib/python3.12/site-packages/dbcounter.py:102}}
Jun 15 19:03:35.839044 np0000002885 devstack@g-api.service[102092]: DEBUG glance.image_cache.drivers.centralized_db [None req-c09e944a-4b14-448b-a281-c1ac929dc8fe None None] Node reference is already recorded, ignoring it {{(pid=102092) configure /opt/stack/glance/glance/image_cache/drivers/centralized_db.py:71}}
Jun 15 19:03:35.840860 np0000002885 devstack@g-api.service[102090]: INFO glance.image_cache [None req-ed3bbc04-52e8-4119-bba3-2c2487d49b9f None None] Image cache loaded driver 'centralized_db'.
Jun 15 19:03:35.844799 np0000002885 devstack@g-api.service[102092]: INFO glance.image_cache [None req-c09e944a-4b14-448b-a281-c1ac929dc8fe None None] Image cache loaded driver 'centralized_db'.
Jun 15 19:03:35.847935 np0000002885 devstack@g-api.service[102091]: DEBUG dbcounter [-] [102091] Writer thread running {{(pid=102091) stat_writer /opt/stack/data/venv/lib/python3.12/site-packages/dbcounter.py:102}}
Jun 15 19:03:35.850243 np0000002885 devstack@g-api.service[102090]: DEBUG glance.image_cache.drivers.centralized_db [None req-ed3bbc04-52e8-4119-bba3-2c2487d49b9f None None] Node reference is already recorded, ignoring it {{(pid=102090) configure /opt/stack/glance/glance/image_cache/drivers/centralized_db.py:71}}
Jun 15 19:03:35.850797 np0000002885 devstack@g-api.service[102092]: DEBUG glance.image_cache.drivers.centralized_db [None req-c09e944a-4b14-448b-a281-c1ac929dc8fe None None] Node reference is already recorded, ignoring it {{(pid=102092) configure /opt/stack/glance/glance/image_cache/drivers/centralized_db.py:71}}
Jun 15 19:03:35.850849 np0000002885 devstack@g-api.service[102091]: DEBUG glance.image_cache.drivers.centralized_db [None req-909f744d-08e9-4db1-8332-a4b146161fc6 None None] Node reference is already recorded, ignoring it {{(pid=102091) configure /opt/stack/glance/glance/image_cache/drivers/centralized_db.py:71}}
Jun 15 19:03:35.855388 np0000002885 devstack@g-api.service[102092]: DEBUG glance.api.v2.cached_images [None req-c09e944a-4b14-448b-a281-c1ac929dc8fe None None] Started cache worker thread {{(pid=102092) __init__ /opt/stack/glance/glance/api/v2/cached_images.py:69}}
Jun 15 19:03:35.855616 np0000002885 devstack@g-api.service[102090]: DEBUG glance.api.v2.cached_images [None req-ed3bbc04-52e8-4119-bba3-2c2487d49b9f None None] Started cache worker thread {{(pid=102090) __init__ /opt/stack/glance/glance/api/v2/cached_images.py:69}}
Jun 15 19:03:35.855921 np0000002885 devstack@g-api.service[102092]: INFO glance.image_cache [None req-c09e944a-4b14-448b-a281-c1ac929dc8fe None None] Image cache loaded driver 'centralized_db'.
Jun 15 19:03:35.856357 np0000002885 devstack@g-api.service[102090]: INFO glance.image_cache [None req-ed3bbc04-52e8-4119-bba3-2c2487d49b9f None None] Image cache loaded driver 'centralized_db'.
Jun 15 19:03:35.856819 np0000002885 devstack@g-api.service[102091]: INFO glance.image_cache [None req-909f744d-08e9-4db1-8332-a4b146161fc6 None None] Image cache loaded driver 'centralized_db'.
Jun 15 19:03:35.863743 np0000002885 devstack@g-api.service[102092]: DEBUG glance.image_cache.drivers.centralized_db [None req-c09e944a-4b14-448b-a281-c1ac929dc8fe None None] Node reference is already recorded, ignoring it {{(pid=102092) configure /opt/stack/glance/glance/image_cache/drivers/centralized_db.py:71}}
Jun 15 19:03:35.863915 np0000002885 devstack@g-api.service[102091]: DEBUG glance.image_cache.drivers.centralized_db [None req-909f744d-08e9-4db1-8332-a4b146161fc6 None None] Node reference is already recorded, ignoring it {{(pid=102091) configure /opt/stack/glance/glance/image_cache/drivers/centralized_db.py:71}}
Jun 15 19:03:35.864092 np0000002885 devstack@g-api.service[102090]: DEBUG glance.image_cache.drivers.centralized_db [None req-ed3bbc04-52e8-4119-bba3-2c2487d49b9f None None] Node reference is already recorded, ignoring it {{(pid=102090) configure /opt/stack/glance/glance/image_cache/drivers/centralized_db.py:71}}
Jun 15 19:03:35.869623 np0000002885 devstack@g-api.service[102091]: DEBUG glance.api.v2.cached_images [None req-909f744d-08e9-4db1-8332-a4b146161fc6 None None] Started cache worker thread {{(pid=102091) __init__ /opt/stack/glance/glance/api/v2/cached_images.py:69}}
Jun 15 19:03:35.870317 np0000002885 devstack@g-api.service[102091]: INFO glance.image_cache [None req-909f744d-08e9-4db1-8332-a4b146161fc6 None None] Image cache loaded driver 'centralized_db'.
Jun 15 19:03:35.883804 np0000002885 devstack@g-api.service[102091]: DEBUG glance.image_cache.drivers.centralized_db [None req-909f744d-08e9-4db1-8332-a4b146161fc6 None None] Node reference is already recorded, ignoring it {{(pid=102091) configure /opt/stack/glance/glance/image_cache/drivers/centralized_db.py:71}}
Jun 15 19:03:35.962947 np0000002885 devstack@g-api.service[102092]: INFO glance.api.middleware.cache_manage [None req-c09e944a-4b14-448b-a281-c1ac929dc8fe None None] Initialized image cache management middleware
Jun 15 19:03:35.963112 np0000002885 devstack@g-api.service[102092]: INFO glance.image_cache [None req-c09e944a-4b14-448b-a281-c1ac929dc8fe None None] Image cache loaded driver 'centralized_db'.
Jun 15 19:03:35.969757 np0000002885 devstack@g-api.service[102092]: DEBUG glance.image_cache.drivers.centralized_db [None req-c09e944a-4b14-448b-a281-c1ac929dc8fe None None] Node reference is already recorded, ignoring it {{(pid=102092) configure /opt/stack/glance/glance/image_cache/drivers/centralized_db.py:71}}
Jun 15 19:03:35.973250 np0000002885 devstack@g-api.service[102092]: INFO glance.api.middleware.cache [None req-c09e944a-4b14-448b-a281-c1ac929dc8fe None None] Initialized image cache middleware
Jun 15 19:03:35.980203 np0000002885 devstack@g-api.service[102090]: INFO glance.api.middleware.cache_manage [None req-ed3bbc04-52e8-4119-bba3-2c2487d49b9f None None] Initialized image cache management middleware
Jun 15 19:03:35.980356 np0000002885 devstack@g-api.service[102090]: INFO glance.image_cache [None req-ed3bbc04-52e8-4119-bba3-2c2487d49b9f None None] Image cache loaded driver 'centralized_db'.
Jun 15 19:03:35.987111 np0000002885 devstack@g-api.service[102090]: DEBUG glance.image_cache.drivers.centralized_db [None req-ed3bbc04-52e8-4119-bba3-2c2487d49b9f None None] Node reference is already recorded, ignoring it {{(pid=102090) configure /opt/stack/glance/glance/image_cache/drivers/centralized_db.py:71}}
Jun 15 19:03:35.987971 np0000002885 devstack@g-api.service[102092]: DEBUG glance.common.config [None req-c09e944a-4b14-448b-a281-c1ac929dc8fe None None] ******************************************************************************** {{(pid=102092) log_opt_values /opt/stack/data/venv/lib/python3.12/site-packages/oslo_config/cfg.py:3226}}
Jun 15 19:03:35.988054 np0000002885 devstack@g-api.service[102092]: DEBUG glance.common.config [None req-c09e944a-4b14-448b-a281-c1ac929dc8fe None None] Configuration options gathered from: {{(pid=102092) log_opt_values /opt/stack/data/venv/lib/python3.12/site-packages/oslo_config/cfg.py:3227}}
Jun 15 19:03:35.988616 np0000002885 devstack@g-api.service[102092]: DEBUG glance.common.config [None req-c09e944a-4b14-448b-a281-c1ac929dc8fe None None] command line args: [] {{(pid=102092) log_opt_values /opt/stack/data/venv/lib/python3.12/site-packages/oslo_config/cfg.py:3228}}
Jun 15 19:03:35.988770 np0000002885 devstack@g-api.service[102092]: DEBUG glance.common.config [None req-c09e944a-4b14-448b-a281-c1ac929dc8fe None None] config files: ['/etc/glance/glance-image-import.conf', '/etc/glance/glance-api.conf'] {{(pid=102092) log_opt_values /opt/stack/data/venv/lib/python3.12/site-packages/oslo_config/cfg.py:3229}}
Jun 15 19:03:35.988853 np0000002885 devstack@g-api.service[102092]: DEBUG glance.common.config [None req-c09e944a-4b14-448b-a281-c1ac929dc8fe None None] ================================================================================ {{(pid=102092) log_opt_values /opt/stack/data/venv/lib/python3.12/site-packages/oslo_config/cfg.py:3234}}
Jun 15 19:03:35.989031 np0000002885 devstack@g-api.service[102092]: DEBUG glance.common.config [None req-c09e944a-4b14-448b-a281-c1ac929dc8fe None None] allow_anonymous_access = False {{(pid=102092) log_opt_values /opt/stack/data/venv/lib/python3.12/site-packages/oslo_config/cfg.py:3242}}
Jun 15 19:03:35.989267 np0000002885 devstack@g-api.service[102092]: DEBUG glance.common.config [None req-c09e944a-4b14-448b-a281-c1ac929dc8fe None None] api_limit_max = 1000 {{(pid=102092) log_opt_values /opt/stack/data/venv/lib/python3.12/site-packages/oslo_config/cfg.py:3242}}
Jun 15 19:03:35.989388 np0000002885 devstack@g-api.service[102092]: DEBUG glance.common.config [None req-c09e944a-4b14-448b-a281-c1ac929dc8fe None None] backlog = 4096 {{(pid=102092) log_opt_values /opt/stack/data/venv/lib/python3.12/site-packages/oslo_config/cfg.py:3242}}
Jun 15 19:03:35.989550 np0000002885 devstack@g-api.service[102092]: DEBUG glance.common.config [None req-c09e944a-4b14-448b-a281-c1ac929dc8fe None None] bind_host = 0.0.0.0 {{(pid=102092) log_opt_values /opt/stack/data/venv/lib/python3.12/site-packages/oslo_config/cfg.py:3242}}
Jun 15 19:03:35.989656 np0000002885 devstack@g-api.service[102092]: DEBUG glance.common.config [None req-c09e944a-4b14-448b-a281-c1ac929dc8fe None None] bind_port = 19292 {{(pid=102092) log_opt_values /opt/stack/data/venv/lib/python3.12/site-packages/oslo_config/cfg.py:3242}}
Jun 15 19:03:35.989751 np0000002885 devstack@g-api.service[102092]: DEBUG glance.common.config [None req-c09e944a-4b14-448b-a281-c1ac929dc8fe None None] client_socket_timeout = 900 {{(pid=102092) log_opt_values /opt/stack/data/venv/lib/python3.12/site-packages/oslo_config/cfg.py:3242}}
Jun 15 19:03:35.989847 np0000002885 devstack@g-api.service[102092]: DEBUG glance.common.config [None req-c09e944a-4b14-448b-a281-c1ac929dc8fe None None] config_dir = [] {{(pid=102092) log_opt_values /opt/stack/data/venv/lib/python3.12/site-packages/oslo_config/cfg.py:3242}}
Jun 15 19:03:35.989939 np0000002885 devstack@g-api.service[102092]: DEBUG glance.common.config [None req-c09e944a-4b14-448b-a281-c1ac929dc8fe None None] config_file = ['/etc/glance/glance-image-import.conf', '/etc/glance/glance-api.conf'] {{(pid=102092) log_opt_values /opt/stack/data/venv/lib/python3.12/site-packages/oslo_config/cfg.py:3242}}
Jun 15 19:03:35.990033 np0000002885 devstack@g-api.service[102092]: DEBUG glance.common.config [None req-c09e944a-4b14-448b-a281-c1ac929dc8fe None None] config_source = [] {{(pid=102092) log_opt_values /opt/stack/data/venv/lib/python3.12/site-packages/oslo_config/cfg.py:3242}}
Jun 15 19:03:35.990129 np0000002885 devstack@g-api.service[102092]: DEBUG glance.common.config [None req-c09e944a-4b14-448b-a281-c1ac929dc8fe None None] control_exchange = glance {{(pid=102092) log_opt_values /opt/stack/data/venv/lib/python3.12/site-packages/oslo_config/cfg.py:3242}}
Jun 15 19:03:35.990195 np0000002885 devstack@g-api.service[102092]: DEBUG glance.common.config [None req-c09e944a-4b14-448b-a281-c1ac929dc8fe None None] debug = True {{(pid=102092) log_opt_values /opt/stack/data/venv/lib/python3.12/site-packages/oslo_config/cfg.py:3242}}
Jun 15 19:03:35.990343 np0000002885 devstack@g-api.service[102092]: DEBUG glance.common.config [None req-c09e944a-4b14-448b-a281-c1ac929dc8fe None None] default_log_levels = ['amqp=WARN', 'boto=WARN', 'sqlalchemy=WARN', 'suds=INFO', 'oslo.messaging=INFO', 'oslo_messaging=INFO', 'iso8601=WARN', 'requests.packages.urllib3.connectionpool=WARN', 'urllib3.connectionpool=WARN', 'websocket=WARN', 'requests.packages.urllib3.util.retry=WARN', 'urllib3.util.retry=WARN', 'keystonemiddleware=WARN', 'routes.middleware=WARN', 'stevedore=WARN', 'taskflow=WARN', 'keystoneauth=WARN', 'oslo.cache=INFO', 'oslo_policy=INFO', 'dogpile.core.dogpile=INFO'] {{(pid=102092) log_opt_values /opt/stack/data/venv/lib/python3.12/site-packages/oslo_config/cfg.py:3242}}
Jun 15 19:03:35.990452 np0000002885 devstack@g-api.service[102092]: DEBUG glance.common.config [None req-c09e944a-4b14-448b-a281-c1ac929dc8fe None None] default_publisher_id = image.localhost {{(pid=102092) log_opt_values /opt/stack/data/venv/lib/python3.12/site-packages/oslo_config/cfg.py:3242}}
Jun 15 19:03:35.990568 np0000002885 devstack@g-api.service[102092]: DEBUG glance.common.config [None req-c09e944a-4b14-448b-a281-c1ac929dc8fe None None] delayed_delete = False {{(pid=102092) log_opt_values /opt/stack/data/venv/lib/python3.12/site-packages/oslo_config/cfg.py:3242}}
Jun 15 19:03:35.990662 np0000002885 devstack@g-api.service[102092]: DEBUG glance.common.config [None req-c09e944a-4b14-448b-a281-c1ac929dc8fe None None] digest_algorithm = sha256 {{(pid=102092) log_opt_values /opt/stack/data/venv/lib/python3.12/site-packages/oslo_config/cfg.py:3242}}
Jun 15 19:03:35.990754 np0000002885 devstack@g-api.service[102092]: DEBUG glance.common.config [None req-c09e944a-4b14-448b-a281-c1ac929dc8fe None None] disabled_notifications = [] {{(pid=102092) log_opt_values /opt/stack/data/venv/lib/python3.12/site-packages/oslo_config/cfg.py:3242}}
Jun 15 19:03:35.990841 np0000002885 devstack@g-api.service[102092]: DEBUG glance.common.config [None req-c09e944a-4b14-448b-a281-c1ac929dc8fe None None] do_secure_hash = True {{(pid=102092) log_opt_values /opt/stack/data/venv/lib/python3.12/site-packages/oslo_config/cfg.py:3242}}
Jun 15 19:03:35.990950 np0000002885 devstack@g-api.service[102092]: DEBUG glance.common.config [None req-c09e944a-4b14-448b-a281-c1ac929dc8fe None None] enabled_backends = None {{(pid=102092) log_opt_values /opt/stack/data/venv/lib/python3.12/site-packages/oslo_config/cfg.py:3242}}
Jun 15 19:03:35.991055 np0000002885 devstack@g-api.service[102092]: DEBUG glance.common.config [None req-c09e944a-4b14-448b-a281-c1ac929dc8fe None None] enabled_import_methods = ['glance-direct', 'web-download', 'copy-image'] {{(pid=102092) log_opt_values /opt/stack/data/venv/lib/python3.12/site-packages/oslo_config/cfg.py:3242}}
Jun 15 19:03:35.991142 np0000002885 devstack@g-api.service[102092]: DEBUG glance.common.config [None req-c09e944a-4b14-448b-a281-c1ac929dc8fe None None] fatal_deprecations = False {{(pid=102092) log_opt_values /opt/stack/data/venv/lib/python3.12/site-packages/oslo_config/cfg.py:3242}}
Jun 15 19:03:35.991235 np0000002885 devstack@g-api.service[102092]: DEBUG glance.common.config [None req-c09e944a-4b14-448b-a281-c1ac929dc8fe None None] hashing_algorithm = sha512 {{(pid=102092) log_opt_values /opt/stack/data/venv/lib/python3.12/site-packages/oslo_config/cfg.py:3242}}
Jun 15 19:03:35.991320 np0000002885 devstack@g-api.service[102092]: DEBUG glance.common.config [None req-c09e944a-4b14-448b-a281-c1ac929dc8fe None None] http_keepalive = True {{(pid=102092) log_opt_values /opt/stack/data/venv/lib/python3.12/site-packages/oslo_config/cfg.py:3242}}
Jun 15 19:03:35.991405 np0000002885 devstack@g-api.service[102092]: DEBUG glance.common.config [None req-c09e944a-4b14-448b-a281-c1ac929dc8fe None None] http_retries = 3 {{(pid=102092) log_opt_values /opt/stack/data/venv/lib/python3.12/site-packages/oslo_config/cfg.py:3242}}
Jun 15 19:03:35.991531 np0000002885 devstack@g-api.service[102092]: DEBUG glance.common.config [None req-c09e944a-4b14-448b-a281-c1ac929dc8fe None None] image_cache_dir = /opt/stack/data/glance/cache/ {{(pid=102092) log_opt_values /opt/stack/data/venv/lib/python3.12/site-packages/oslo_config/cfg.py:3242}}
Jun 15 19:03:35.991629 np0000002885 devstack@g-api.service[102092]: DEBUG glance.common.config [None req-c09e944a-4b14-448b-a281-c1ac929dc8fe None None] image_cache_driver = centralized_db {{(pid=102092) log_opt_values /opt/stack/data/venv/lib/python3.12/site-packages/oslo_config/cfg.py:3242}}
Jun 15 19:03:35.991716 np0000002885 devstack@g-api.service[102092]: DEBUG glance.common.config [None req-c09e944a-4b14-448b-a281-c1ac929dc8fe None None] image_cache_max_size = 10737418240 {{(pid=102092) log_opt_values /opt/stack/data/venv/lib/python3.12/site-packages/oslo_config/cfg.py:3242}}
Jun 15 19:03:35.991808 np0000002885 devstack@g-api.service[102092]: DEBUG glance.common.config [None req-c09e944a-4b14-448b-a281-c1ac929dc8fe None None] image_cache_sqlite_db = cache.db {{(pid=102092) log_opt_values /opt/stack/data/venv/lib/python3.12/site-packages/oslo_config/cfg.py:3242}}
Jun 15 19:03:35.991917 np0000002885 devstack@g-api.service[102092]: DEBUG glance.common.config [None req-c09e944a-4b14-448b-a281-c1ac929dc8fe None None] image_cache_stall_time = 86400 {{(pid=102092) log_opt_values /opt/stack/data/venv/lib/python3.12/site-packages/oslo_config/cfg.py:3242}}
Jun 15 19:03:35.992008 np0000002885 devstack@g-api.service[102092]: DEBUG glance.common.config [None req-c09e944a-4b14-448b-a281-c1ac929dc8fe None None] image_location_quota = 10 {{(pid=102092) log_opt_values /opt/stack/data/venv/lib/python3.12/site-packages/oslo_config/cfg.py:3242}}
Jun 15 19:03:35.992096 np0000002885 devstack@g-api.service[102092]: DEBUG glance.common.config [None req-c09e944a-4b14-448b-a281-c1ac929dc8fe None None] image_member_quota = 128 {{(pid=102092) log_opt_values /opt/stack/data/venv/lib/python3.12/site-packages/oslo_config/cfg.py:3242}}
Jun 15 19:03:35.992181 np0000002885 devstack@g-api.service[102092]: DEBUG glance.common.config [None req-c09e944a-4b14-448b-a281-c1ac929dc8fe None None] image_property_quota = 128 {{(pid=102092) log_opt_values /opt/stack/data/venv/lib/python3.12/site-packages/oslo_config/cfg.py:3242}}
Jun 15 19:03:35.992265 np0000002885 devstack@g-api.service[102092]: DEBUG glance.common.config [None req-c09e944a-4b14-448b-a281-c1ac929dc8fe None None] image_size_cap = 1099511627776 {{(pid=102092) log_opt_values /opt/stack/data/venv/lib/python3.12/site-packages/oslo_config/cfg.py:3242}}
Jun 15 19:03:35.992352 np0000002885 devstack@g-api.service[102092]: DEBUG glance.common.config [None req-c09e944a-4b14-448b-a281-c1ac929dc8fe None None] image_tag_quota = 128 {{(pid=102092) log_opt_values /opt/stack/data/venv/lib/python3.12/site-packages/oslo_config/cfg.py:3242}}
Jun 15 19:03:35.992439 np0000002885 devstack@g-api.service[102090]: INFO glance.api.middleware.cache [None req-ed3bbc04-52e8-4119-bba3-2c2487d49b9f None None] Initialized image cache middleware
Jun 15 19:03:35.992483 np0000002885 devstack@g-api.service[102092]: DEBUG glance.common.config [None req-c09e944a-4b14-448b-a281-c1ac929dc8fe None None] instance_format = [instance: %(uuid)s] {{(pid=102092) log_opt_values /opt/stack/data/venv/lib/python3.12/site-packages/oslo_config/cfg.py:3242}}
Jun 15 19:03:35.992556 np0000002885 devstack@g-api.service[102092]: DEBUG glance.common.config [None req-c09e944a-4b14-448b-a281-c1ac929dc8fe None None] instance_uuid_format = [instance: %(uuid)s] {{(pid=102092) log_opt_values /opt/stack/data/venv/lib/python3.12/site-packages/oslo_config/cfg.py:3242}}
Jun 15 19:03:35.992642 np0000002885 devstack@g-api.service[102092]: DEBUG glance.common.config [None req-c09e944a-4b14-448b-a281-c1ac929dc8fe None None] limit_param_default = 25 {{(pid=102092) log_opt_values /opt/stack/data/venv/lib/python3.12/site-packages/oslo_config/cfg.py:3242}}
Jun 15 19:03:35.992740 np0000002885 devstack@g-api.service[102092]: DEBUG glance.common.config [None req-c09e944a-4b14-448b-a281-c1ac929dc8fe None None] log_color = False {{(pid=102092) log_opt_values /opt/stack/data/venv/lib/python3.12/site-packages/oslo_config/cfg.py:3242}}
Jun 15 19:03:35.992829 np0000002885 devstack@g-api.service[102092]: DEBUG glance.common.config [None req-c09e944a-4b14-448b-a281-c1ac929dc8fe None None] log_config_append = None {{(pid=102092) log_opt_values /opt/stack/data/venv/lib/python3.12/site-packages/oslo_config/cfg.py:3242}}
Jun 15 19:03:35.992940 np0000002885 devstack@g-api.service[102092]: DEBUG glance.common.config [None req-c09e944a-4b14-448b-a281-c1ac929dc8fe None None] log_date_format = %Y-%m-%d %H:%M:%S {{(pid=102092) log_opt_values /opt/stack/data/venv/lib/python3.12/site-packages/oslo_config/cfg.py:3242}}
Jun 15 19:03:35.993031 np0000002885 devstack@g-api.service[102092]: DEBUG glance.common.config [None req-c09e944a-4b14-448b-a281-c1ac929dc8fe None None] log_dir = None {{(pid=102092) log_opt_values /opt/stack/data/venv/lib/python3.12/site-packages/oslo_config/cfg.py:3242}}
Jun 15 19:03:35.993115 np0000002885 devstack@g-api.service[102092]: DEBUG glance.common.config [None req-c09e944a-4b14-448b-a281-c1ac929dc8fe None None] log_file = None {{(pid=102092) log_opt_values /opt/stack/data/venv/lib/python3.12/site-packages/oslo_config/cfg.py:3242}}
Jun 15 19:03:35.993200 np0000002885 devstack@g-api.service[102092]: DEBUG glance.common.config [None req-c09e944a-4b14-448b-a281-c1ac929dc8fe None None] log_rotate_interval = 1 {{(pid=102092) log_opt_values /opt/stack/data/venv/lib/python3.12/site-packages/oslo_config/cfg.py:3242}}
Jun 15 19:03:35.993294 np0000002885 devstack@g-api.service[102092]: DEBUG glance.common.config [None req-c09e944a-4b14-448b-a281-c1ac929dc8fe None None] log_rotate_interval_type = days {{(pid=102092) log_opt_values /opt/stack/data/venv/lib/python3.12/site-packages/oslo_config/cfg.py:3242}}
Jun 15 19:03:35.993389 np0000002885 devstack@g-api.service[102092]: DEBUG glance.common.config [None req-c09e944a-4b14-448b-a281-c1ac929dc8fe None None] log_rotation_type = none {{(pid=102092) log_opt_values /opt/stack/data/venv/lib/python3.12/site-packages/oslo_config/cfg.py:3242}}
Jun 15 19:03:35.993478 np0000002885 devstack@g-api.service[102092]: DEBUG glance.common.config [None req-c09e944a-4b14-448b-a281-c1ac929dc8fe None None] logging_context_format_string = %(color)s%(levelname)s %(name)s [%(global_request_id)s %(request_id)s %(project_name)s %(user_name)s%(color)s] %(instance)s%(color)s%(message)s {{(pid=102092) log_opt_values /opt/stack/data/venv/lib/python3.12/site-packages/oslo_config/cfg.py:3242}}
Jun 15 19:03:35.993555 np0000002885 devstack@g-api.service[102092]: DEBUG glance.common.config [None req-c09e944a-4b14-448b-a281-c1ac929dc8fe None None] logging_debug_format_suffix = {{(pid=%(process)d) %(funcName)s %(pathname)s:%(lineno)d}} {{(pid=102092) log_opt_values /opt/stack/data/venv/lib/python3.12/site-packages/oslo_config/cfg.py:3242}}
Jun 15 19:03:35.993649 np0000002885 devstack@g-api.service[102092]: DEBUG glance.common.config [None req-c09e944a-4b14-448b-a281-c1ac929dc8fe None None] logging_default_format_string = %(color)s%(levelname)s %(name)s [-%(color)s] %(instance)s%(color)s%(message)s {{(pid=102092) log_opt_values /opt/stack/data/venv/lib/python3.12/site-packages/oslo_config/cfg.py:3242}}
Jun 15 19:03:35.993751 np0000002885 devstack@g-api.service[102092]: DEBUG glance.common.config [None req-c09e944a-4b14-448b-a281-c1ac929dc8fe None None] logging_exception_prefix = ERROR %(name)s %(instance)s {{(pid=102092) log_opt_values /opt/stack/data/venv/lib/python3.12/site-packages/oslo_config/cfg.py:3242}}
Jun 15 19:03:35.993798 np0000002885 devstack@g-api.service[102092]: DEBUG glance.common.config [None req-c09e944a-4b14-448b-a281-c1ac929dc8fe None None] logging_user_identity_format = %(user)s %(project)s %(domain)s %(system_scope)s %(user_domain)s %(project_domain)s {{(pid=102092) log_opt_values /opt/stack/data/venv/lib/python3.12/site-packages/oslo_config/cfg.py:3242}}
Jun 15 19:03:35.993889 np0000002885 devstack@g-api.service[102092]: DEBUG glance.common.config [None req-c09e944a-4b14-448b-a281-c1ac929dc8fe None None] max_header_line = 16384 {{(pid=102092) log_opt_values /opt/stack/data/venv/lib/python3.12/site-packages/oslo_config/cfg.py:3242}}
Jun 15 19:03:35.993994 np0000002885 devstack@g-api.service[102092]: DEBUG glance.common.config [None req-c09e944a-4b14-448b-a281-c1ac929dc8fe None None] max_logfile_count = 30 {{(pid=102092) log_opt_values /opt/stack/data/venv/lib/python3.12/site-packages/oslo_config/cfg.py:3242}}
Jun 15 19:03:35.994077 np0000002885 devstack@g-api.service[102092]: DEBUG glance.common.config [None req-c09e944a-4b14-448b-a281-c1ac929dc8fe None None] max_logfile_size_mb = 200 {{(pid=102092) log_opt_values /opt/stack/data/venv/lib/python3.12/site-packages/oslo_config/cfg.py:3242}}
Jun 15 19:03:35.994162 np0000002885 devstack@g-api.service[102092]: DEBUG glance.common.config [None req-c09e944a-4b14-448b-a281-c1ac929dc8fe None None] max_request_id_length = 64 {{(pid=102092) log_opt_values /opt/stack/data/venv/lib/python3.12/site-packages/oslo_config/cfg.py:3242}}
Jun 15 19:03:35.994244 np0000002885 devstack@g-api.service[102092]: DEBUG glance.common.config [None req-c09e944a-4b14-448b-a281-c1ac929dc8fe None None] metadata_encryption_key = **** {{(pid=102092) log_opt_values /opt/stack/data/venv/lib/python3.12/site-packages/oslo_config/cfg.py:3242}}
Jun 15 19:03:35.994332 np0000002885 devstack@g-api.service[102092]: DEBUG glance.common.config [None req-c09e944a-4b14-448b-a281-c1ac929dc8fe None None] node_staging_uri = file:///tmp/staging/ {{(pid=102092) log_opt_values /opt/stack/data/venv/lib/python3.12/site-packages/oslo_config/cfg.py:3242}}
Jun 15 19:03:35.994416 np0000002885 devstack@g-api.service[102092]: DEBUG glance.common.config [None req-c09e944a-4b14-448b-a281-c1ac929dc8fe None None] property_protection_file = None {{(pid=102092) log_opt_values /opt/stack/data/venv/lib/python3.12/site-packages/oslo_config/cfg.py:3242}}
Jun 15 19:03:35.994532 np0000002885 devstack@g-api.service[102092]: DEBUG glance.common.config [None req-c09e944a-4b14-448b-a281-c1ac929dc8fe None None] property_protection_rule_format = roles {{(pid=102092) log_opt_values /opt/stack/data/venv/lib/python3.12/site-packages/oslo_config/cfg.py:3242}}
Jun 15 19:03:35.994627 np0000002885 devstack@g-api.service[102092]: DEBUG glance.common.config [None req-c09e944a-4b14-448b-a281-c1ac929dc8fe None None] public_endpoint = https://10.4.3.51/image {{(pid=102092) log_opt_values /opt/stack/data/venv/lib/python3.12/site-packages/oslo_config/cfg.py:3242}}
Jun 15 19:03:35.994715 np0000002885 devstack@g-api.service[102092]: DEBUG glance.common.config [None req-c09e944a-4b14-448b-a281-c1ac929dc8fe None None] publish_errors = False {{(pid=102092) log_opt_values /opt/stack/data/venv/lib/python3.12/site-packages/oslo_config/cfg.py:3242}}
Jun 15 19:03:35.994799 np0000002885 devstack@g-api.service[102092]: DEBUG glance.common.config [None req-c09e944a-4b14-448b-a281-c1ac929dc8fe None None] pydev_worker_debug_host = None {{(pid=102092) log_opt_values /opt/stack/data/venv/lib/python3.12/site-packages/oslo_config/cfg.py:3242}}
Jun 15 19:03:35.994902 np0000002885 devstack@g-api.service[102092]: DEBUG glance.common.config [None req-c09e944a-4b14-448b-a281-c1ac929dc8fe None None] pydev_worker_debug_port = 5678 {{(pid=102092) log_opt_values /opt/stack/data/venv/lib/python3.12/site-packages/oslo_config/cfg.py:3242}}
Jun 15 19:03:35.994994 np0000002885 devstack@g-api.service[102092]: DEBUG glance.common.config [None req-c09e944a-4b14-448b-a281-c1ac929dc8fe None None] rate_limit_burst = 0 {{(pid=102092) log_opt_values /opt/stack/data/venv/lib/python3.12/site-packages/oslo_config/cfg.py:3242}}
Jun 15 19:03:35.995087 np0000002885 devstack@g-api.service[102092]: DEBUG glance.common.config [None req-c09e944a-4b14-448b-a281-c1ac929dc8fe None None] rate_limit_except_level = CRITICAL {{(pid=102092) log_opt_values /opt/stack/data/venv/lib/python3.12/site-packages/oslo_config/cfg.py:3242}}
Jun 15 19:03:35.995172 np0000002885 devstack@g-api.service[102092]: DEBUG glance.common.config [None req-c09e944a-4b14-448b-a281-c1ac929dc8fe None None] rate_limit_interval = 0 {{(pid=102092) log_opt_values /opt/stack/data/venv/lib/python3.12/site-packages/oslo_config/cfg.py:3242}}
Jun 15 19:03:35.995262 np0000002885 devstack@g-api.service[102092]: DEBUG glance.common.config [None req-c09e944a-4b14-448b-a281-c1ac929dc8fe None None] scrub_pool_size = 1 {{(pid=102092) log_opt_values /opt/stack/data/venv/lib/python3.12/site-packages/oslo_config/cfg.py:3242}}
Jun 15 19:03:35.995354 np0000002885 devstack@g-api.service[102092]: DEBUG glance.common.config [None req-c09e944a-4b14-448b-a281-c1ac929dc8fe None None] scrub_time = 0 {{(pid=102092) log_opt_values /opt/stack/data/venv/lib/python3.12/site-packages/oslo_config/cfg.py:3242}}
Jun 15 19:03:35.995469 np0000002885 devstack@g-api.service[102092]: DEBUG glance.common.config [None req-c09e944a-4b14-448b-a281-c1ac929dc8fe None None] shell_completion = None {{(pid=102092) log_opt_values /opt/stack/data/venv/lib/python3.12/site-packages/oslo_config/cfg.py:3242}}
Jun 15 19:03:35.995578 np0000002885 devstack@g-api.service[102092]: DEBUG glance.common.config [None req-c09e944a-4b14-448b-a281-c1ac929dc8fe None None] show_image_direct_url = False {{(pid=102092) log_opt_values /opt/stack/data/venv/lib/python3.12/site-packages/oslo_config/cfg.py:3242}}
Jun 15 19:03:35.995773 np0000002885 devstack@g-api.service[102092]: WARNING oslo_config.cfg [None req-c09e944a-4b14-448b-a281-c1ac929dc8fe None None] Deprecated: Option "show_multiple_locations" from group "DEFAULT" is deprecated for removal (Use of this option, deprecated since Newton, is a security risk and will be removed once we figure out a way to satisfy those use cases that currently require it. An earlier announcement that the same functionality can be achieved with greater granularity by using policies is incorrect. You cannot work around this option via policy configuration at the present time, though that is the direction we believe the fix will take. Please keep an eye on the Glance release notes to stay up to date on progress in addressing this issue.). Its value may be silently ignored in the future.
Jun 15 19:03:35.995888 np0000002885 devstack@g-api.service[102092]: DEBUG glance.common.config [None req-c09e944a-4b14-448b-a281-c1ac929dc8fe None None] show_multiple_locations = False {{(pid=102092) log_opt_values /opt/stack/data/venv/lib/python3.12/site-packages/oslo_config/cfg.py:3242}}
Jun 15 19:03:35.995989 np0000002885 devstack@g-api.service[102092]: DEBUG glance.common.config [None req-c09e944a-4b14-448b-a281-c1ac929dc8fe None None] syslog_log_facility = LOG_USER {{(pid=102092) log_opt_values /opt/stack/data/venv/lib/python3.12/site-packages/oslo_config/cfg.py:3242}}
Jun 15 19:03:35.996079 np0000002885 devstack@g-api.service[102092]: DEBUG glance.common.config [None req-c09e944a-4b14-448b-a281-c1ac929dc8fe None None] tcp_keepidle = 600 {{(pid=102092) log_opt_values /opt/stack/data/venv/lib/python3.12/site-packages/oslo_config/cfg.py:3242}}
Jun 15 19:03:35.996172 np0000002885 devstack@g-api.service[102092]: DEBUG glance.common.config [None req-c09e944a-4b14-448b-a281-c1ac929dc8fe None None] transport_url = **** {{(pid=102092) log_opt_values /opt/stack/data/venv/lib/python3.12/site-packages/oslo_config/cfg.py:3242}}
Jun 15 19:03:35.996258 np0000002885 devstack@g-api.service[102092]: DEBUG glance.common.config [None req-c09e944a-4b14-448b-a281-c1ac929dc8fe None None] use_journal = False {{(pid=102092) log_opt_values /opt/stack/data/venv/lib/python3.12/site-packages/oslo_config/cfg.py:3242}}
Jun 15 19:03:35.996343 np0000002885 devstack@g-api.service[102092]: DEBUG glance.common.config [None req-c09e944a-4b14-448b-a281-c1ac929dc8fe None None] use_json = False {{(pid=102092) log_opt_values /opt/stack/data/venv/lib/python3.12/site-packages/oslo_config/cfg.py:3242}}
Jun 15 19:03:35.996444 np0000002885 devstack@g-api.service[102092]: DEBUG glance.common.config [None req-c09e944a-4b14-448b-a281-c1ac929dc8fe None None] use_keystone_limits = True {{(pid=102092) log_opt_values /opt/stack/data/venv/lib/python3.12/site-packages/oslo_config/cfg.py:3242}}
Jun 15 19:03:35.996567 np0000002885 devstack@g-api.service[102092]: DEBUG glance.common.config [None req-c09e944a-4b14-448b-a281-c1ac929dc8fe None None] use_stderr = False {{(pid=102092) log_opt_values /opt/stack/data/venv/lib/python3.12/site-packages/oslo_config/cfg.py:3242}}
Jun 15 19:03:35.996663 np0000002885 devstack@g-api.service[102092]: DEBUG glance.common.config [None req-c09e944a-4b14-448b-a281-c1ac929dc8fe None None] use_syslog = False {{(pid=102092) log_opt_values /opt/stack/data/venv/lib/python3.12/site-packages/oslo_config/cfg.py:3242}}
Jun 15 19:03:35.996754 np0000002885 devstack@g-api.service[102092]: DEBUG glance.common.config [None req-c09e944a-4b14-448b-a281-c1ac929dc8fe None None] user_storage_quota = 0 {{(pid=102092) log_opt_values /opt/stack/data/venv/lib/python3.12/site-packages/oslo_config/cfg.py:3242}}
Jun 15 19:03:35.996845 np0000002885 devstack@g-api.service[102092]: DEBUG glance.common.config [None req-c09e944a-4b14-448b-a281-c1ac929dc8fe None None] worker_self_reference_url = http://127.0.0.1:60999 {{(pid=102092) log_opt_values /opt/stack/data/venv/lib/python3.12/site-packages/oslo_config/cfg.py:3242}}
Jun 15 19:03:35.996950 np0000002885 devstack@g-api.service[102092]: DEBUG glance.common.config [None req-c09e944a-4b14-448b-a281-c1ac929dc8fe None None] workers = None {{(pid=102092) log_opt_values /opt/stack/data/venv/lib/python3.12/site-packages/oslo_config/cfg.py:3242}}
Jun 15 19:03:35.997052 np0000002885 devstack@g-api.service[102092]: DEBUG glance.common.config [None req-c09e944a-4b14-448b-a281-c1ac929dc8fe None None] oslo_concurrency.disable_process_locking = False {{(pid=102092) log_opt_values /opt/stack/data/venv/lib/python3.12/site-packages/oslo_config/cfg.py:3253}}
Jun 15 19:03:35.997152 np0000002885 devstack@g-api.service[102092]: DEBUG glance.common.config [None req-c09e944a-4b14-448b-a281-c1ac929dc8fe None None] oslo_concurrency.lock_path = /opt/stack/data/glance/locks {{(pid=102092) log_opt_values /opt/stack/data/venv/lib/python3.12/site-packages/oslo_config/cfg.py:3253}}
Jun 15 19:03:35.997249 np0000002885 devstack@g-api.service[102092]: DEBUG glance.common.config [None req-c09e944a-4b14-448b-a281-c1ac929dc8fe None None] oslo_middleware.enable_proxy_headers_parsing = False {{(pid=102092) log_opt_values /opt/stack/data/venv/lib/python3.12/site-packages/oslo_config/cfg.py:3253}}
Jun 15 19:03:35.997343 np0000002885 devstack@g-api.service[102092]: DEBUG glance.common.config [None req-c09e944a-4b14-448b-a281-c1ac929dc8fe None None] oslo_middleware.http_basic_auth_user_file = /etc/htpasswd {{(pid=102092) log_opt_values /opt/stack/data/venv/lib/python3.12/site-packages/oslo_config/cfg.py:3253}}
Jun 15 19:03:35.997443 np0000002885 devstack@g-api.service[102092]: DEBUG glance.common.config [None req-c09e944a-4b14-448b-a281-c1ac929dc8fe None None] paste_deploy.config_file = None {{(pid=102092) log_opt_values /opt/stack/data/venv/lib/python3.12/site-packages/oslo_config/cfg.py:3253}}
Jun 15 19:03:35.997556 np0000002885 devstack@g-api.service[102092]: DEBUG glance.common.config [None req-c09e944a-4b14-448b-a281-c1ac929dc8fe None None] paste_deploy.flavor = keystone+cachemanagement {{(pid=102092) log_opt_values /opt/stack/data/venv/lib/python3.12/site-packages/oslo_config/cfg.py:3253}}
Jun 15 19:03:35.997682 np0000002885 devstack@g-api.service[102092]: DEBUG glance.common.config [None req-c09e944a-4b14-448b-a281-c1ac929dc8fe None None] image_format.container_formats = ['ami', 'ari', 'aki', 'bare', 'ovf', 'ova', 'docker', 'compressed'] {{(pid=102092) log_opt_values /opt/stack/data/venv/lib/python3.12/site-packages/oslo_config/cfg.py:3253}}
Jun 15 19:03:35.997805 np0000002885 devstack@g-api.service[102092]: DEBUG glance.common.config [None req-c09e944a-4b14-448b-a281-c1ac929dc8fe None None] image_format.disk_formats = ['ami', 'ari', 'aki', 'vhd', 'vhdx', 'vmdk', 'raw', 'qcow2', 'vdi', 'iso', 'ploop'] {{(pid=102092) log_opt_values /opt/stack/data/venv/lib/python3.12/site-packages/oslo_config/cfg.py:3253}}
Jun 15 19:03:35.997918 np0000002885 devstack@g-api.service[102092]: DEBUG glance.common.config [None req-c09e944a-4b14-448b-a281-c1ac929dc8fe None None] image_format.gpt_safety_checks_nonfatal = [] {{(pid=102092) log_opt_values /opt/stack/data/venv/lib/python3.12/site-packages/oslo_config/cfg.py:3253}}
Jun 15 19:03:35.998016 np0000002885 devstack@g-api.service[102092]: DEBUG glance.common.config [None req-c09e944a-4b14-448b-a281-c1ac929dc8fe None None] image_format.require_image_format_match = True {{(pid=102092) log_opt_values /opt/stack/data/venv/lib/python3.12/site-packages/oslo_config/cfg.py:3253}}
Jun 15 19:03:35.998118 np0000002885 devstack@g-api.service[102092]: DEBUG glance.common.config [None req-c09e944a-4b14-448b-a281-c1ac929dc8fe None None] image_format.vmdk_allowed_types = ['streamOptimized', 'monolithicSparse'] {{(pid=102092) log_opt_values /opt/stack/data/venv/lib/python3.12/site-packages/oslo_config/cfg.py:3253}}
Jun 15 19:03:35.998217 np0000002885 devstack@g-api.service[102092]: DEBUG glance.common.config [None req-c09e944a-4b14-448b-a281-c1ac929dc8fe None None] task.task_executor = taskflow {{(pid=102092) log_opt_values /opt/stack/data/venv/lib/python3.12/site-packages/oslo_config/cfg.py:3253}}
Jun 15 19:03:35.998308 np0000002885 devstack@g-api.service[102092]: DEBUG glance.common.config [None req-c09e944a-4b14-448b-a281-c1ac929dc8fe None None] task.task_time_to_live = 48 {{(pid=102092) log_opt_values /opt/stack/data/venv/lib/python3.12/site-packages/oslo_config/cfg.py:3253}}
Jun 15 19:03:35.998393 np0000002885 devstack@g-api.service[102092]: DEBUG glance.common.config [None req-c09e944a-4b14-448b-a281-c1ac929dc8fe None None] task.work_dir = None {{(pid=102092) log_opt_values /opt/stack/data/venv/lib/python3.12/site-packages/oslo_config/cfg.py:3253}}
Jun 15 19:03:35.998518 np0000002885 devstack@g-api.service[102092]: DEBUG glance.common.config [None req-c09e944a-4b14-448b-a281-c1ac929dc8fe None None] wsgi.python_interpreter = /opt/stack/data/venv/bin/python3 {{(pid=102092) log_opt_values /opt/stack/data/venv/lib/python3.12/site-packages/oslo_config/cfg.py:3253}}
Jun 15 19:03:35.998609 np0000002885 devstack@g-api.service[102092]: DEBUG glance.common.config [None req-c09e944a-4b14-448b-a281-c1ac929dc8fe None None] wsgi.task_pool_threads = 16 {{(pid=102092) log_opt_values /opt/stack/data/venv/lib/python3.12/site-packages/oslo_config/cfg.py:3253}}
