Aug 14 02:09:39.354363 np0000007304 devstack@g-api.service[99825]: DEBUG glance.api.middleware.version_negotiation [None req-c8ddb131-d663-4cdb-ba3b-89ec68c435d3 tempest-TaggedBootDevicesTest_v242-458549923 tempest-TaggedBootDevicesTest_v242-458549923-project-member] Using url versioning {{(pid=99825) process_request /opt/stack/glance/glance/api/middleware/version_negotiation.py:57}}
Aug 14 02:09:39.354536 np0000007304 devstack@g-api.service[99825]: DEBUG glance.api.middleware.version_negotiation [None req-c8ddb131-d663-4cdb-ba3b-89ec68c435d3 tempest-TaggedBootDevicesTest_v242-458549923 tempest-TaggedBootDevicesTest_v242-458549923-project-member] Matched version: v2 {{(pid=99825) process_request /opt/stack/glance/glance/api/middleware/version_negotiation.py:69}}
Aug 14 02:09:39.354705 np0000007304 devstack@g-api.service[99825]: DEBUG glance.api.middleware.version_negotiation [None req-c8ddb131-d663-4cdb-ba3b-89ec68c435d3 tempest-TaggedBootDevicesTest_v242-458549923 tempest-TaggedBootDevicesTest_v242-458549923-project-member] new path /v2/schemas/image {{(pid=99825) process_request /opt/stack/glance/glance/api/middleware/version_negotiation.py:70}}
Aug 14 02:09:39.359267 np0000007304 devstack@g-api.service[99825]: [pid: 99825|app: 0|req: 56/164] 127.0.0.1 () {44 vars in 1051 bytes} [Fri Aug 14 02:09:39 2026] GET /v2/schemas/image => generated 6083 bytes in 6 msecs (HTTP/1.1 200) 4 headers in 158 bytes (1 switches on core 0)
Aug 14 02:09:39.834585 np0000007304 devstack@g-api.service[99826]: DEBUG glance.api.middleware.version_negotiation [None req-c8ddb131-d663-4cdb-ba3b-89ec68c435d3 tempest-TaggedBootDevicesTest_v242-458549923 tempest-TaggedBootDevicesTest_v242-458549923-project-member] Determining version of request: GET /versions Accept: */* {{(pid=99826) process_request /opt/stack/glance/glance/api/middleware/version_negotiation.py:44}}
Aug 14 02:09:39.836307 np0000007304 devstack@g-api.service[99826]: [pid: 99826|app: 0|req: 57/165] 127.0.0.1 () {44 vars in 1035 bytes} [Fri Aug 14 02:09:39 2026] GET /versions => generated 1501 bytes in 2 msecs (HTTP/1.1 200) 3 headers in 92 bytes (1 switches on core 0)
Aug 14 02:09:39.853053 np0000007304 devstack@g-api.service[99825]: DEBUG glance.api.middleware.version_negotiation [None req-c8ddb131-d663-4cdb-ba3b-89ec68c435d3 tempest-TaggedBootDevicesTest_v242-458549923 tempest-TaggedBootDevicesTest_v242-458549923-project-member] Determining version of request: GET /v2/images/54bcf835-4103-4a2f-8bb5-e04ec7c137fa/locations Accept: */* {{(pid=99825) process_request /opt/stack/glance/glance/api/middleware/version_negotiation.py:44}}
Aug 14 02:09:39.853934 np0000007304 devstack@g-api.service[99825]: DEBUG glance.api.middleware.version_negotiation [None req-c8ddb131-d663-4cdb-ba3b-89ec68c435d3 tempest-TaggedBootDevicesTest_v242-458549923 tempest-TaggedBootDevicesTest_v242-458549923-project-member] Using url versioning {{(pid=99825) process_request /opt/stack/glance/glance/api/middleware/version_negotiation.py:57}}
Aug 14 02:09:39.853934 np0000007304 devstack@g-api.service[99825]: DEBUG glance.api.middleware.version_negotiation [None req-c8ddb131-d663-4cdb-ba3b-89ec68c435d3 tempest-TaggedBootDevicesTest_v242-458549923 tempest-TaggedBootDevicesTest_v242-458549923-project-member] Matched version: v2 {{(pid=99825) process_request /opt/stack/glance/glance/api/middleware/version_negotiation.py:69}}
Aug 14 02:09:39.853934 np0000007304 devstack@g-api.service[99825]: DEBUG glance.api.middleware.version_negotiation [None req-c8ddb131-d663-4cdb-ba3b-89ec68c435d3 tempest-TaggedBootDevicesTest_v242-458549923 tempest-TaggedBootDevicesTest_v242-458549923-project-member] new path /v2/images/54bcf835-4103-4a2f-8bb5-e04ec7c137fa/locations {{(pid=99825) process_request /opt/stack/glance/glance/api/middleware/version_negotiation.py:70}}
Aug 14 02:09:39.921330 np0000007304 devstack@g-api.service[99825]: [pid: 99825|app: 0|req: 57/166] 127.0.0.1 () {44 vars in 1131 bytes} [Fri Aug 14 02:09:39 2026] GET /v2/images/54bcf835-4103-4a2f-8bb5-e04ec7c137fa/locations => generated 92 bytes in 68 msecs (HTTP/1.1 200) 4 headers in 156 bytes (1 switches on core 0)
Aug 14 02:09:39.935432 np0000007304 devstack@g-api.service[99826]: DEBUG glance.api.middleware.version_negotiation [None req-c8ddb131-d663-4cdb-ba3b-89ec68c435d3 tempest-TaggedBootDevicesTest_v242-458549923 tempest-TaggedBootDevicesTest_v242-458549923-project-member] Determining version of request: GET /v2/images/54bcf835-4103-4a2f-8bb5-e04ec7c137fa Accept: */* {{(pid=99826) process_request /opt/stack/glance/glance/api/middleware/version_negotiation.py:44}}
Aug 14 02:09:39.936941 np0000007304 devstack@g-api.service[99826]: DEBUG glance.api.middleware.version_negotiation [None req-c8ddb131-d663-4cdb-ba3b-89ec68c435d3 tempest-TaggedBootDevicesTest_v242-458549923 tempest-TaggedBootDevicesTest_v242-458549923-project-member] Using url versioning {{(pid=99826) process_request /opt/stack/glance/glance/api/middleware/version_negotiation.py:57}}
Aug 14 02:09:39.936941 np0000007304 devstack@g-api.service[99826]: DEBUG glance.api.middleware.version_negotiation [None req-c8ddb131-d663-4cdb-ba3b-89ec68c435d3 tempest-TaggedBootDevicesTest_v242-458549923 tempest-TaggedBootDevicesTest_v242-458549923-project-member] Matched version: v2 {{(pid=99826) process_request /opt/stack/glance/glance/api/middleware/version_negotiation.py:69}}
Aug 14 02:09:39.936941 np0000007304 devstack@g-api.service[99826]: DEBUG glance.api.middleware.version_negotiation [None req-c8ddb131-d663-4cdb-ba3b-89ec68c435d3 tempest-TaggedBootDevicesTest_v242-458549923 tempest-TaggedBootDevicesTest_v242-458549923-project-member] new path /v2/images/54bcf835-4103-4a2f-8bb5-e04ec7c137fa {{(pid=99826) process_request /opt/stack/glance/glance/api/middleware/version_negotiation.py:70}}
Aug 14 02:09:39.970484 np0000007304 devstack@g-api.service[99827]: INFO glance.api.v2.image_data [None req-9e26f620-ad1e-4034-a767-d33e7387f697 tempest-ImageDependencyTests-824798071 tempest-ImageDependencyTests-824798071-project-member] Unable to create trust: no such option collect_timing in group [keystone_authtoken] Use the existing user token.
Aug 14 02:09:40.107065 np0000007304 devstack@g-api.service[99826]: [pid: 99826|app: 0|req: 58/167] 127.0.0.1 () {44 vars in 1111 bytes} [Fri Aug 14 02:09:39 2026] GET /v2/images/54bcf835-4103-4a2f-8bb5-e04ec7c137fa => generated 1044 bytes in 172 msecs (HTTP/1.1 200) 4 headers in 158 bytes (1 switches on core 0)
Aug 14 02:09:40.119401 np0000007304 devstack@g-api.service[99825]: DEBUG glance.api.middleware.version_negotiation [None req-c8ddb131-d663-4cdb-ba3b-89ec68c435d3 service glance] Determining version of request: GET /v2/schemas/image Accept: */* {{(pid=99825) process_request /opt/stack/glance/glance/api/middleware/version_negotiation.py:44}}
Aug 14 02:09:40.119401 np0000007304 devstack@g-api.service[99825]: DEBUG glance.api.middleware.version_negotiation [None req-c8ddb131-d663-4cdb-ba3b-89ec68c435d3 service glance] Using url versioning {{(pid=99825) process_request /opt/stack/glance/glance/api/middleware/version_negotiation.py:57}}
Aug 14 02:09:40.119401 np0000007304 devstack@g-api.service[99825]: DEBUG glance.api.middleware.version_negotiation [None req-c8ddb131-d663-4cdb-ba3b-89ec68c435d3 service glance] Matched version: v2 {{(pid=99825) process_request /opt/stack/glance/glance/api/middleware/version_negotiation.py:69}}
Aug 14 02:09:40.119401 np0000007304 devstack@g-api.service[99825]: DEBUG glance.api.middleware.version_negotiation [None req-c8ddb131-d663-4cdb-ba3b-89ec68c435d3 service glance] new path /v2/schemas/image {{(pid=99825) process_request /opt/stack/glance/glance/api/middleware/version_negotiation.py:70}}
Aug 14 02:09:40.122775 np0000007304 devstack@g-api.service[99825]: [pid: 99825|app: 0|req: 58/168] 127.0.0.1 () {44 vars in 1051 bytes} [Fri Aug 14 02:09:40 2026] GET /v2/schemas/image => generated 6083 bytes in 4 msecs (HTTP/1.1 200) 4 headers in 158 bytes (1 switches on core 0)
Aug 14 02:09:40.135491 np0000007304 devstack@g-api.service[99826]: DEBUG glance.api.middleware.version_negotiation [None req-c8ddb131-d663-4cdb-ba3b-89ec68c435d3 tempest-TaggedBootDevicesTest_v242-458549923 tempest-TaggedBootDevicesTest_v242-458549923-project-member] Determining version of request: GET /v2/schemas/image Accept: */* {{(pid=99826) process_request /opt/stack/glance/glance/api/middleware/version_negotiation.py:44}}
Aug 14 02:09:40.135823 np0000007304 devstack@g-api.service[99826]: DEBUG glance.api.middleware.version_negotiation [None req-c8ddb131-d663-4cdb-ba3b-89ec68c435d3 tempest-TaggedBootDevicesTest_v242-458549923 tempest-TaggedBootDevicesTest_v242-458549923-project-member] Using url versioning {{(pid=99826) process_request /opt/stack/glance/glance/api/middleware/version_negotiation.py:57}}
Aug 14 02:09:40.136004 np0000007304 devstack@g-api.service[99826]: DEBUG glance.api.middleware.version_negotiation [None req-c8ddb131-d663-4cdb-ba3b-89ec68c435d3 tempest-TaggedBootDevicesTest_v242-458549923 tempest-TaggedBootDevicesTest_v242-458549923-project-member] Matched version: v2 {{(pid=99826) process_request /opt/stack/glance/glance/api/middleware/version_negotiation.py:69}}
Aug 14 02:09:40.136144 np0000007304 devstack@g-api.service[99826]: DEBUG glance.api.middleware.version_negotiation [None req-c8ddb131-d663-4cdb-ba3b-89ec68c435d3 tempest-TaggedBootDevicesTest_v242-458549923 tempest-TaggedBootDevicesTest_v242-458549923-project-member] new path /v2/schemas/image {{(pid=99826) process_request /opt/stack/glance/glance/api/middleware/version_negotiation.py:70}}
Aug 14 02:09:40.140348 np0000007304 devstack@g-api.service[99826]: [pid: 99826|app: 0|req: 59/169] 127.0.0.1 () {44 vars in 1051 bytes} [Fri Aug 14 02:09:40 2026] GET /v2/schemas/image => generated 6083 bytes in 5 msecs (HTTP/1.1 200) 4 headers in 158 bytes (1 switches on core 0)
Aug 14 02:09:40.564439 np0000007304 devstack@g-api.service[99827]: DEBUG glance.location [None req-9e26f620-ad1e-4034-a767-d33e7387f697 tempest-ImageDependencyTests-824798071 tempest-ImageDependencyTests-824798071-project-member] Enabling in-flight format inspection for raw {{(pid=99827) set_data /opt/stack/glance/glance/location.py:596}}
Aug 14 02:09:40.564940 np0000007304 devstack@g-api.service[99827]: DEBUG glance_store.backend [None req-9e26f620-ad1e-4034-a767-d33e7387f697 tempest-ImageDependencyTests-824798071 tempest-ImageDependencyTests-824798071-project-member] Attempting to import store swift {{(pid=99827) _load_store /opt/stack/data/venv/lib/python3.12/site-packages/glance_store/backend.py:215}}
Aug 14 02:09:40.567013 np0000007304 devstack@g-api.service[99827]: DEBUG glance_store.capabilities [None req-9e26f620-ad1e-4034-a767-d33e7387f697 tempest-ImageDependencyTests-824798071 tempest-ImageDependencyTests-824798071-project-member] Store glance_store._drivers.swift.store.SingleTenantStore doesn't support updating dynamic storage capabilities. Please overwrite 'update_capabilities' method of the store to implement updating logics if needed. {{(pid=99827) update_capabilities /opt/stack/data/venv/lib/python3.12/site-packages/glance_store/capabilities.py:91}}
Aug 14 02:09:40.567013 np0000007304 devstack@g-api.service[99827]: DEBUG glance_store.driver [None req-9e26f620-ad1e-4034-a767-d33e7387f697 tempest-ImageDependencyTests-824798071 tempest-ImageDependencyTests-824798071-project-member] Late loading location class glance_store._drivers.swift.store.StoreLocation {{(pid=99827) get_store_location_class /opt/stack/data/venv/lib/python3.12/site-packages/glance_store/driver.py:134}}
Aug 14 02:09:40.567013 np0000007304 devstack@g-api.service[99827]: DEBUG glance_store.location [None req-9e26f620-ad1e-4034-a767-d33e7387f697 tempest-ImageDependencyTests-824798071 tempest-ImageDependencyTests-824798071-project-member] Registering scheme swift+https with {'store': , 'location_class': , 'store_entry': 'swift'} {{(pid=99827) register_scheme_map /opt/stack/data/venv/lib/python3.12/site-packages/glance_store/location.py:146}}
Aug 14 02:09:40.567013 np0000007304 devstack@g-api.service[99827]: DEBUG glance_store.location [None req-9e26f620-ad1e-4034-a767-d33e7387f697 tempest-ImageDependencyTests-824798071 tempest-ImageDependencyTests-824798071-project-member] Registering scheme swift+https with {'store': , 'location_class': , 'store_entry': 'swift'} {{(pid=99827) register_scheme_map /opt/stack/data/venv/lib/python3.12/site-packages/glance_store/location.py:146}}
Aug 14 02:09:40.567013 np0000007304 devstack@g-api.service[99827]: DEBUG glance_store.location [None req-9e26f620-ad1e-4034-a767-d33e7387f697 tempest-ImageDependencyTests-824798071 tempest-ImageDependencyTests-824798071-project-member] Registering scheme swift with {'store': , 'location_class': , 'store_entry': 'swift'} {{(pid=99827) register_scheme_map /opt/stack/data/venv/lib/python3.12/site-packages/glance_store/location.py:146}}
Aug 14 02:09:40.567013 np0000007304 devstack@g-api.service[99827]: DEBUG glance_store.location [None req-9e26f620-ad1e-4034-a767-d33e7387f697 tempest-ImageDependencyTests-824798071 tempest-ImageDependencyTests-824798071-project-member] Registering scheme swift+https with {'store': , 'location_class': , 'store_entry': 'swift'} {{(pid=99827) register_scheme_map /opt/stack/data/venv/lib/python3.12/site-packages/glance_store/location.py:146}}
Aug 14 02:09:40.567013 np0000007304 devstack@g-api.service[99827]: DEBUG glance_store.location [None req-9e26f620-ad1e-4034-a767-d33e7387f697 tempest-ImageDependencyTests-824798071 tempest-ImageDependencyTests-824798071-project-member] Registering scheme swift with {'store': , 'location_class': , 'store_entry': 'swift'} {{(pid=99827) register_scheme_map /opt/stack/data/venv/lib/python3.12/site-packages/glance_store/location.py:146}}
Aug 14 02:09:40.567013 np0000007304 devstack@g-api.service[99827]: DEBUG glance_store.location [None req-9e26f620-ad1e-4034-a767-d33e7387f697 tempest-ImageDependencyTests-824798071 tempest-ImageDependencyTests-824798071-project-member] Registering scheme swift+http with {'store': , 'location_class': , 'store_entry': 'swift'} {{(pid=99827) register_scheme_map /opt/stack/data/venv/lib/python3.12/site-packages/glance_store/location.py:146}}
Aug 14 02:09:40.567013 np0000007304 devstack@g-api.service[99827]: DEBUG glance_store.location [None req-9e26f620-ad1e-4034-a767-d33e7387f697 tempest-ImageDependencyTests-824798071 tempest-ImageDependencyTests-824798071-project-member] Registering scheme swift+https with {'store': , 'location_class': , 'store_entry': 'swift'} {{(pid=99827) register_scheme_map /opt/stack/data/venv/lib/python3.12/site-packages/glance_store/location.py:146}}
Aug 14 02:09:40.567846 np0000007304 devstack@g-api.service[99827]: DEBUG glance_store.location [None req-9e26f620-ad1e-4034-a767-d33e7387f697 tempest-ImageDependencyTests-824798071 tempest-ImageDependencyTests-824798071-project-member] Registering scheme swift with {'store': , 'location_class': , 'store_entry': 'swift'} {{(pid=99827) register_scheme_map /opt/stack/data/venv/lib/python3.12/site-packages/glance_store/location.py:146}}
Aug 14 02:09:40.567846 np0000007304 devstack@g-api.service[99827]: DEBUG glance_store.location [None req-9e26f620-ad1e-4034-a767-d33e7387f697 tempest-ImageDependencyTests-824798071 tempest-ImageDependencyTests-824798071-project-member] Registering scheme swift+http with {'store': , 'location_class': , 'store_entry': 'swift'} {{(pid=99827) register_scheme_map /opt/stack/data/venv/lib/python3.12/site-packages/glance_store/location.py:146}}
Aug 14 02:09:40.567846 np0000007304 devstack@g-api.service[99827]: DEBUG glance_store.location [None req-9e26f620-ad1e-4034-a767-d33e7387f697 tempest-ImageDependencyTests-824798071 tempest-ImageDependencyTests-824798071-project-member] Registering scheme swift+config with {'store': , 'location_class': , 'store_entry': 'swift'} {{(pid=99827) register_scheme_map /opt/stack/data/venv/lib/python3.12/site-packages/glance_store/location.py:146}}
Aug 14 02:09:40.841618 np0000007304 devstack@g-api.service[99827]: DEBUG swiftclient [None req-9e26f620-ad1e-4034-a767-d33e7387f697 tempest-ImageDependencyTests-824798071 tempest-ImageDependencyTests-824798071-project-member] REQ: curl -i https://10.4.3.22:8080/v1/AUTH_e934521757514cdb95ba815620e553b8/glance -I -H "X-Auth-Token: gAAAAABqfnjk6jVv..." {{(pid=99827) http_log /opt/stack/data/venv/lib/python3.12/site-packages/swiftclient/client.py:160}}
Aug 14 02:09:40.841850 np0000007304 devstack@g-api.service[99827]: DEBUG swiftclient [None req-9e26f620-ad1e-4034-a767-d33e7387f697 tempest-ImageDependencyTests-824798071 tempest-ImageDependencyTests-824798071-project-member] RESP STATUS: 204 No Content {{(pid=99827) http_log /opt/stack/data/venv/lib/python3.12/site-packages/swiftclient/client.py:161}}
Aug 14 02:09:40.842233 np0000007304 devstack@g-api.service[99827]: DEBUG swiftclient [None req-9e26f620-ad1e-4034-a767-d33e7387f697 tempest-ImageDependencyTests-824798071 tempest-ImageDependencyTests-824798071-project-member] RESP HEADERS: {'Date': 'Fri, 14 Aug 2026 02:09:40 GMT', 'Server': 'Apache/2.4.58 (Ubuntu)', 'Content-Type': 'text/plain; charset=utf-8', 'X-Container-Object-Count': '5', 'X-Container-Bytes-Used': '87883776', 'X-Timestamp': '1786673119.46214', 'Last-Modified': 'Fri, 14 Aug 2026 02:05:20 GMT', 'Accept-Ranges': 'bytes', 'X-Storage-Policy': 'Policy-0', 'X-Container-Sharding': 'False', 'Vary': 'Accept', 'X-Trans-Id': 'txf6d1c199f9484e6cbcbe8-006a7e78e4', 'X-Openstack-Request-Id': 'txf6d1c199f9484e6cbcbe8-006a7e78e4', 'Connection': 'close'} {{(pid=99827) http_log /opt/stack/data/venv/lib/python3.12/site-packages/swiftclient/client.py:162}}
Aug 14 02:09:40.842233 np0000007304 devstack@g-api.service[99827]: DEBUG glance_store._drivers.swift.store [None req-9e26f620-ad1e-4034-a767-d33e7387f697 tempest-ImageDependencyTests-824798071 tempest-ImageDependencyTests-824798071-project-member] Adding image object 'ed6200ce-8c35-4ce6-ab4e-049599bf7196' to Swift {{(pid=99827) add /opt/stack/data/venv/lib/python3.12/site-packages/glance_store/_drivers/swift/store.py:970}}
Aug 14 02:09:40.853953 np0000007304 devstack@g-api.service[99827]: DEBUG oslo_utils.imageutils.format_inspector [None req-9e26f620-ad1e-4034-a767-d33e7387f697 tempest-ImageDependencyTests-824798071 tempest-ImageDependencyTests-824798071-project-member] Format inspector for vmdk does not match, excluding from consideration (Signature KDMV not found: b' o\x00\xb9') {{(pid=99827) _process_chunk /opt/stack/data/venv/lib/python3.12/site-packages/oslo_utils/imageutils/format_inspector.py:1758}}
Aug 14 02:09:40.888786 np0000007304 devstack@g-api.service[99827]: DEBUG swiftclient [None req-9e26f620-ad1e-4034-a767-d33e7387f697 tempest-ImageDependencyTests-824798071 tempest-ImageDependencyTests-824798071-project-member] REQ: curl -i https://10.4.3.22:8080/v1/AUTH_e934521757514cdb95ba815620e553b8/glance/ed6200ce-8c35-4ce6-ab4e-049599bf7196 -X PUT -H "X-Auth-Token: gAAAAABqfnjk6jVv..." -H "Content-Length: 1024" {{(pid=99827) http_log /opt/stack/data/venv/lib/python3.12/site-packages/swiftclient/client.py:160}}
Aug 14 02:09:40.888970 np0000007304 devstack@g-api.service[99827]: DEBUG swiftclient [None req-9e26f620-ad1e-4034-a767-d33e7387f697 tempest-ImageDependencyTests-824798071 tempest-ImageDependencyTests-824798071-project-member] RESP STATUS: 201 Created {{(pid=99827) http_log /opt/stack/data/venv/lib/python3.12/site-packages/swiftclient/client.py:161}}
Aug 14 02:09:40.889200 np0000007304 devstack@g-api.service[99827]: DEBUG swiftclient [None req-9e26f620-ad1e-4034-a767-d33e7387f697 tempest-ImageDependencyTests-824798071 tempest-ImageDependencyTests-824798071-project-member] RESP HEADERS: {'Date': 'Fri, 14 Aug 2026 02:09:40 GMT', 'Server': 'Apache/2.4.58 (Ubuntu)', 'Content-Type': 'text/html; charset=UTF-8', 'Content-Length': '0', 'Etag': 'c35f62695e6c57fad1c699f1c4c7dfc7', 'Last-Modified': 'Fri, 14 Aug 2026 02:09:41 GMT', 'X-Trans-Id': 'txccd0f628ca824ece8a078-006a7e78e4', 'X-Openstack-Request-Id': 'txccd0f628ca824ece8a078-006a7e78e4', 'Connection': 'close'} {{(pid=99827) http_log /opt/stack/data/venv/lib/python3.12/site-packages/swiftclient/client.py:162}}
Aug 14 02:09:40.889828 np0000007304 devstack@g-api.service[99827]: INFO glance.location [None req-9e26f620-ad1e-4034-a767-d33e7387f697 tempest-ImageDependencyTests-824798071 tempest-ImageDependencyTests-824798071-project-member] Image format matched and virtual size computed: 1024
Aug 14 02:09:40.934602 np0000007304 devstack@g-api.service[99827]: DEBUG glance_store.backend [None req-9e26f620-ad1e-4034-a767-d33e7387f697 tempest-ImageDependencyTests-824798071 tempest-ImageDependencyTests-824798071-project-member] Attempting to import store swift {{(pid=99827) _load_store /opt/stack/data/venv/lib/python3.12/site-packages/glance_store/backend.py:215}}
Aug 14 02:09:40.936339 np0000007304 devstack@g-api.service[99827]: DEBUG glance_store.capabilities [None req-9e26f620-ad1e-4034-a767-d33e7387f697 tempest-ImageDependencyTests-824798071 tempest-ImageDependencyTests-824798071-project-member] Store glance_store._drivers.swift.store.SingleTenantStore doesn't support updating dynamic storage capabilities. Please overwrite 'update_capabilities' method of the store to implement updating logics if needed. {{(pid=99827) update_capabilities /opt/stack/data/venv/lib/python3.12/site-packages/glance_store/capabilities.py:91}}
Aug 14 02:09:40.936339 np0000007304 devstack@g-api.service[99827]: DEBUG glance_store.driver [None req-9e26f620-ad1e-4034-a767-d33e7387f697 tempest-ImageDependencyTests-824798071 tempest-ImageDependencyTests-824798071-project-member] Late loading location class glance_store._drivers.swift.store.StoreLocation {{(pid=99827) get_store_location_class /opt/stack/data/venv/lib/python3.12/site-packages/glance_store/driver.py:134}}
Aug 14 02:09:40.936339 np0000007304 devstack@g-api.service[99827]: DEBUG glance_store.location [None req-9e26f620-ad1e-4034-a767-d33e7387f697 tempest-ImageDependencyTests-824798071 tempest-ImageDependencyTests-824798071-project-member] Registering scheme swift+https with {'store': , 'location_class': , 'store_entry': 'swift'} {{(pid=99827) register_scheme_map /opt/stack/data/venv/lib/python3.12/site-packages/glance_store/location.py:146}}
Aug 14 02:09:40.936339 np0000007304 devstack@g-api.service[99827]: DEBUG glance_store.location [None req-9e26f620-ad1e-4034-a767-d33e7387f697 tempest-ImageDependencyTests-824798071 tempest-ImageDependencyTests-824798071-project-member] Registering scheme swift+https with {'store': , 'location_class': , 'store_entry': 'swift'} {{(pid=99827) register_scheme_map /opt/stack/data/venv/lib/python3.12/site-packages/glance_store/location.py:146}}
Aug 14 02:09:40.936613 np0000007304 devstack@g-api.service[99827]: DEBUG glance_store.location [None req-9e26f620-ad1e-4034-a767-d33e7387f697 tempest-ImageDependencyTests-824798071 tempest-ImageDependencyTests-824798071-project-member] Registering scheme swift with {'store': , 'location_class': , 'store_entry': 'swift'} {{(pid=99827) register_scheme_map /opt/stack/data/venv/lib/python3.12/site-packages/glance_store/location.py:146}}
Aug 14 02:09:40.936655 np0000007304 devstack@g-api.service[99827]: DEBUG glance_store.location [None req-9e26f620-ad1e-4034-a767-d33e7387f697 tempest-ImageDependencyTests-824798071 tempest-ImageDependencyTests-824798071-project-member] Registering scheme swift+https with {'store': , 'location_class': , 'store_entry': 'swift'} {{(pid=99827) register_scheme_map /opt/stack/data/venv/lib/python3.12/site-packages/glance_store/location.py:146}}
Aug 14 02:09:40.936713 np0000007304 devstack@g-api.service[99827]: DEBUG glance_store.location [None req-9e26f620-ad1e-4034-a767-d33e7387f697 tempest-ImageDependencyTests-824798071 tempest-ImageDependencyTests-824798071-project-member] Registering scheme swift with {'store': , 'location_class': , 'store_entry': 'swift'} {{(pid=99827) register_scheme_map /opt/stack/data/venv/lib/python3.12/site-packages/glance_store/location.py:146}}
Aug 14 02:09:40.936855 np0000007304 devstack@g-api.service[99827]: DEBUG glance_store.location [None req-9e26f620-ad1e-4034-a767-d33e7387f697 tempest-ImageDependencyTests-824798071 tempest-ImageDependencyTests-824798071-project-member] Registering scheme swift+http with {'store': , 'location_class': , 'store_entry': 'swift'} {{(pid=99827) register_scheme_map /opt/stack/data/venv/lib/python3.12/site-packages/glance_store/location.py:146}}
Aug 14 02:09:40.936911 np0000007304 devstack@g-api.service[99827]: DEBUG glance_store.location [None req-9e26f620-ad1e-4034-a767-d33e7387f697 tempest-ImageDependencyTests-824798071 tempest-ImageDependencyTests-824798071-project-member] Registering scheme swift+https with {'store': , 'location_class': , 'store_entry': 'swift'} {{(pid=99827) register_scheme_map /opt/stack/data/venv/lib/python3.12/site-packages/glance_store/location.py:146}}
Aug 14 02:09:40.936983 np0000007304 devstack@g-api.service[99827]: DEBUG glance_store.location [None req-9e26f620-ad1e-4034-a767-d33e7387f697 tempest-ImageDependencyTests-824798071 tempest-ImageDependencyTests-824798071-project-member] Registering scheme swift with {'store': , 'location_class': , 'store_entry': 'swift'} {{(pid=99827) register_scheme_map /opt/stack/data/venv/lib/python3.12/site-packages/glance_store/location.py:146}}
Aug 14 02:09:40.937090 np0000007304 devstack@g-api.service[99827]: DEBUG glance_store.location [None req-9e26f620-ad1e-4034-a767-d33e7387f697 tempest-ImageDependencyTests-824798071 tempest-ImageDependencyTests-824798071-project-member] Registering scheme swift+http with {'store': , 'location_class': , 'store_entry': 'swift'} {{(pid=99827) register_scheme_map /opt/stack/data/venv/lib/python3.12/site-packages/glance_store/location.py:146}}
Aug 14 02:09:40.937162 np0000007304 devstack@g-api.service[99827]: DEBUG glance_store.location [None req-9e26f620-ad1e-4034-a767-d33e7387f697 tempest-ImageDependencyTests-824798071 tempest-ImageDependencyTests-824798071-project-member] Registering scheme swift+config with {'store': , 'location_class': , 'store_entry': 'swift'} {{(pid=99827) register_scheme_map /opt/stack/data/venv/lib/python3.12/site-packages/glance_store/location.py:146}}
Aug 14 02:09:40.937245 np0000007304 devstack@g-api.service[99827]: DEBUG glance_store.backend [None req-9e26f620-ad1e-4034-a767-d33e7387f697 tempest-ImageDependencyTests-824798071 tempest-ImageDependencyTests-824798071-project-member] Skipping store.set_acls... not implemented. {{(pid=99827) set_acls /opt/stack/data/venv/lib/python3.12/site-packages/glance_store/backend.py:507}}
Aug 14 02:09:40.939453 np0000007304 devstack@g-api.service[99827]: [pid: 99827|app: 0|req: 53/170] 127.0.0.1 () {40 vars in 843 bytes} [Fri Aug 14 02:09:39 2026] PUT /v2/images/ed6200ce-8c35-4ce6-ab4e-049599bf7196/file => generated 0 bytes in 1615 msecs (HTTP/1.1 204) 4 headers in 171 bytes (1 switches on core 0)
Aug 14 02:09:40.952199 np0000007304 devstack@g-api.service[99825]: DEBUG glance.api.middleware.version_negotiation [None req-c8ddb131-d663-4cdb-ba3b-89ec68c435d3 tempest-TaggedBootDevicesTest_v242-458549923 tempest-TaggedBootDevicesTest_v242-458549923-project-member] Determining version of request: GET /v2/images/ed6200ce-8c35-4ce6-ab4e-049599bf7196 Accept: application/json {{(pid=99825) process_request /opt/stack/glance/glance/api/middleware/version_negotiation.py:44}}
Aug 14 02:09:40.953353 np0000007304 devstack@g-api.service[99825]: DEBUG glance.api.middleware.version_negotiation [None req-c8ddb131-d663-4cdb-ba3b-89ec68c435d3 tempest-TaggedBootDevicesTest_v242-458549923 tempest-TaggedBootDevicesTest_v242-458549923-project-member] Using url versioning {{(pid=99825) process_request /opt/stack/glance/glance/api/middleware/version_negotiation.py:57}}
Aug 14 02:09:40.953518 np0000007304 devstack@g-api.service[99825]: DEBUG glance.api.middleware.version_negotiation [None req-c8ddb131-d663-4cdb-ba3b-89ec68c435d3 tempest-TaggedBootDevicesTest_v242-458549923 tempest-TaggedBootDevicesTest_v242-458549923-project-member] Matched version: v2 {{(pid=99825) process_request /opt/stack/glance/glance/api/middleware/version_negotiation.py:69}}
Aug 14 02:09:40.953623 np0000007304 devstack@g-api.service[99825]: DEBUG glance.api.middleware.version_negotiation [None req-c8ddb131-d663-4cdb-ba3b-89ec68c435d3 tempest-TaggedBootDevicesTest_v242-458549923 tempest-TaggedBootDevicesTest_v242-458549923-project-member] new path /v2/images/ed6200ce-8c35-4ce6-ab4e-049599bf7196 {{(pid=99825) process_request /opt/stack/glance/glance/api/middleware/version_negotiation.py:70}}
Aug 14 02:09:40.969317 np0000007304 devstack@g-api.service[99825]: [pid: 99825|app: 0|req: 59/171] 127.0.0.1 () {40 vars in 834 bytes} [Fri Aug 14 02:09:40 2026] GET /v2/images/ed6200ce-8c35-4ce6-ab4e-049599bf7196 => generated 807 bytes in 17 msecs (HTTP/1.1 200) 4 headers in 157 bytes (1 switches on core 0)
Aug 14 02:09:41.134423 np0000007304 devstack@g-api.service[99826]: DEBUG glance.api.middleware.version_negotiation [None req-c8ddb131-d663-4cdb-ba3b-89ec68c435d3 tempest-TaggedBootDevicesTest_v242-458549923 tempest-TaggedBootDevicesTest_v242-458549923-project-member] Determining version of request: GET /v2/images/ed6200ce-8c35-4ce6-ab4e-049599bf7196 Accept: */* {{(pid=99826) process_request /opt/stack/glance/glance/api/middleware/version_negotiation.py:44}}
Aug 14 02:09:41.134807 np0000007304 devstack@g-api.service[99826]: DEBUG glance.api.middleware.version_negotiation [None req-c8ddb131-d663-4cdb-ba3b-89ec68c435d3 tempest-TaggedBootDevicesTest_v242-458549923 tempest-TaggedBootDevicesTest_v242-458549923-project-member] Using url versioning {{(pid=99826) process_request /opt/stack/glance/glance/api/middleware/version_negotiation.py:57}}
Aug 14 02:09:41.134888 np0000007304 devstack@g-api.service[99826]: DEBUG glance.api.middleware.version_negotiation [None req-c8ddb131-d663-4cdb-ba3b-89ec68c435d3 tempest-TaggedBootDevicesTest_v242-458549923 tempest-TaggedBootDevicesTest_v242-458549923-project-member] Matched version: v2 {{(pid=99826) process_request /opt/stack/glance/glance/api/middleware/version_negotiation.py:69}}
Aug 14 02:09:41.135043 np0000007304 devstack@g-api.service[99826]: DEBUG glance.api.middleware.version_negotiation [None req-c8ddb131-d663-4cdb-ba3b-89ec68c435d3 tempest-TaggedBootDevicesTest_v242-458549923 tempest-TaggedBootDevicesTest_v242-458549923-project-member] new path /v2/images/ed6200ce-8c35-4ce6-ab4e-049599bf7196 {{(pid=99826) process_request /opt/stack/glance/glance/api/middleware/version_negotiation.py:70}}
Aug 14 02:09:41.148049 np0000007304 devstack@g-api.service[99826]: [pid: 99826|app: 0|req: 60/172] 127.0.0.1 () {44 vars in 1111 bytes} [Fri Aug 14 02:09:41 2026] GET /v2/images/ed6200ce-8c35-4ce6-ab4e-049599bf7196 => generated 807 bytes in 14 msecs (HTTP/1.1 200) 4 headers in 157 bytes (1 switches on core 0)
Aug 14 02:09:41.158134 np0000007304 devstack@g-api.service[99827]: DEBUG glance.api.middleware.version_negotiation [None req-9e26f620-ad1e-4034-a767-d33e7387f697 tempest-ImageDependencyTests-824798071 tempest-ImageDependencyTests-824798071-project-member] Determining version of request: GET /v2/schemas/image Accept: */* {{(pid=99827) process_request /opt/stack/glance/glance/api/middleware/version_negotiation.py:44}}
Aug 14 02:09:41.158682 np0000007304 devstack@g-api.service[99827]: DEBUG glance.api.middleware.version_negotiation [None req-9e26f620-ad1e-4034-a767-d33e7387f697 tempest-ImageDependencyTests-824798071 tempest-ImageDependencyTests-824798071-project-member] Using url versioning {{(pid=99827) process_request /opt/stack/glance/glance/api/middleware/version_negotiation.py:57}}
Aug 14 02:09:41.158682 np0000007304 devstack@g-api.service[99827]: DEBUG glance.api.middleware.version_negotiation [None req-9e26f620-ad1e-4034-a767-d33e7387f697 tempest-ImageDependencyTests-824798071 tempest-ImageDependencyTests-824798071-project-member] Matched version: v2 {{(pid=99827) process_request /opt/stack/glance/glance/api/middleware/version_negotiation.py:69}}
Aug 14 02:09:41.158682 np0000007304 devstack@g-api.service[99827]: DEBUG glance.api.middleware.version_negotiation [None req-9e26f620-ad1e-4034-a767-d33e7387f697 tempest-ImageDependencyTests-824798071 tempest-ImageDependencyTests-824798071-project-member] new path /v2/schemas/image {{(pid=99827) process_request /opt/stack/glance/glance/api/middleware/version_negotiation.py:70}}
Aug 14 02:09:41.162714 np0000007304 devstack@g-api.service[99827]: [pid: 99827|app: 0|req: 54/173] 127.0.0.1 () {44 vars in 1051 bytes} [Fri Aug 14 02:09:41 2026] GET /v2/schemas/image => generated 6083 bytes in 5 msecs (HTTP/1.1 200) 4 headers in 158 bytes (1 switches on core 0)
Aug 14 02:09:41.175376 np0000007304 devstack@g-api.service[99825]: DEBUG glance.api.middleware.version_negotiation [None req-a2b57a05-39ba-4e65-a7d3-964c89eee880 tempest-ImageDependencyTests-824798071 tempest-ImageDependencyTests-824798071-project-member] Determining version of request: GET /v2/schemas/image Accept: */* {{(pid=99825) process_request /opt/stack/glance/glance/api/middleware/version_negotiation.py:44}}
Aug 14 02:09:41.175654 np0000007304 devstack@g-api.service[99825]: DEBUG glance.api.middleware.version_negotiation [None req-a2b57a05-39ba-4e65-a7d3-964c89eee880 tempest-ImageDependencyTests-824798071 tempest-ImageDependencyTests-824798071-project-member] Using url versioning {{(pid=99825) process_request /opt/stack/glance/glance/api/middleware/version_negotiation.py:57}}
Aug 14 02:09:41.175899 np0000007304 devstack@g-api.service[99825]: DEBUG glance.api.middleware.version_negotiation [None req-a2b57a05-39ba-4e65-a7d3-964c89eee880 tempest-ImageDependencyTests-824798071 tempest-ImageDependencyTests-824798071-project-member] Matched version: v2 {{(pid=99825) process_request /opt/stack/glance/glance/api/middleware/version_negotiation.py:69}}
Aug 14 02:09:41.176116 np0000007304 devstack@g-api.service[99825]: DEBUG glance.api.middleware.version_negotiation [None req-a2b57a05-39ba-4e65-a7d3-964c89eee880 tempest-ImageDependencyTests-824798071 tempest-ImageDependencyTests-824798071-project-member] new path /v2/schemas/image {{(pid=99825) process_request /opt/stack/glance/glance/api/middleware/version_negotiation.py:70}}
Aug 14 02:09:41.180884 np0000007304 devstack@g-api.service[99825]: [pid: 99825|app: 0|req: 60/174] 127.0.0.1 () {44 vars in 1051 bytes} [Fri Aug 14 02:09:41 2026] GET /v2/schemas/image => generated 6083 bytes in 5 msecs (HTTP/1.1 200) 4 headers in 158 bytes (1 switches on core 0)
Aug 14 02:09:41.193890 np0000007304 devstack@g-api.service[99826]: DEBUG glance.api.middleware.version_negotiation [None req-13aab0ce-dda3-4fe3-a0eb-dc5cbe8c0480 tempest-ImageDependencyTests-824798071 tempest-ImageDependencyTests-824798071-project-member] Determining version of request: GET /v2/images/ed6200ce-8c35-4ce6-ab4e-049599bf7196 Accept: */* {{(pid=99826) process_request /opt/stack/glance/glance/api/middleware/version_negotiation.py:44}}
Aug 14 02:09:41.194086 np0000007304 devstack@g-api.service[99826]: DEBUG glance.api.middleware.version_negotiation [None req-13aab0ce-dda3-4fe3-a0eb-dc5cbe8c0480 tempest-ImageDependencyTests-824798071 tempest-ImageDependencyTests-824798071-project-member] Using url versioning {{(pid=99826) process_request /opt/stack/glance/glance/api/middleware/version_negotiation.py:57}}
Aug 14 02:09:41.194180 np0000007304 devstack@g-api.service[99826]: DEBUG glance.api.middleware.version_negotiation [None req-13aab0ce-dda3-4fe3-a0eb-dc5cbe8c0480 tempest-ImageDependencyTests-824798071 tempest-ImageDependencyTests-824798071-project-member] Matched version: v2 {{(pid=99826) process_request /opt/stack/glance/glance/api/middleware/version_negotiation.py:69}}
Aug 14 02:09:41.194297 np0000007304 devstack@g-api.service[99826]: DEBUG glance.api.middleware.version_negotiation [None req-13aab0ce-dda3-4fe3-a0eb-dc5cbe8c0480 tempest-ImageDependencyTests-824798071 tempest-ImageDependencyTests-824798071-project-member] new path /v2/images/ed6200ce-8c35-4ce6-ab4e-049599bf7196 {{(pid=99826) process_request /opt/stack/glance/glance/api/middleware/version_negotiation.py:70}}
Aug 14 02:09:41.206932 np0000007304 devstack@g-api.service[99826]: [pid: 99826|app: 0|req: 61/175] 127.0.0.1 () {44 vars in 1111 bytes} [Fri Aug 14 02:09:41 2026] GET /v2/images/ed6200ce-8c35-4ce6-ab4e-049599bf7196 => generated 807 bytes in 13 msecs (HTTP/1.1 200) 4 headers in 157 bytes (1 switches on core 0)
Aug 14 02:09:41.219186 np0000007304 devstack@g-api.service[99827]: DEBUG glance.api.middleware.version_negotiation [None req-13aab0ce-dda3-4fe3-a0eb-dc5cbe8c0480 tempest-ImageDependencyTests-824798071 tempest-ImageDependencyTests-824798071-project-member] Determining version of request: GET /v2/schemas/image Accept: */* {{(pid=99827) process_request /opt/stack/glance/glance/api/middleware/version_negotiation.py:44}}
Aug 14 02:09:41.219412 np0000007304 devstack@g-api.service[99827]: DEBUG glance.api.middleware.version_negotiation [None req-13aab0ce-dda3-4fe3-a0eb-dc5cbe8c0480 tempest-ImageDependencyTests-824798071 tempest-ImageDependencyTests-824798071-project-member] Using url versioning {{(pid=99827) process_request /opt/stack/glance/glance/api/middleware/version_negotiation.py:57}}
Aug 14 02:09:41.219625 np0000007304 devstack@g-api.service[99827]: DEBUG glance.api.middleware.version_negotiation [None req-13aab0ce-dda3-4fe3-a0eb-dc5cbe8c0480 tempest-ImageDependencyTests-824798071 tempest-ImageDependencyTests-824798071-project-member] Matched version: v2 {{(pid=99827) process_request /opt/stack/glance/glance/api/middleware/version_negotiation.py:69}}
Aug 14 02:09:41.219788 np0000007304 devstack@g-api.service[99827]: DEBUG glance.api.middleware.version_negotiation [None req-13aab0ce-dda3-4fe3-a0eb-dc5cbe8c0480 tempest-ImageDependencyTests-824798071 tempest-ImageDependencyTests-824798071-project-member] new path /v2/schemas/image {{(pid=99827) process_request /opt/stack/glance/glance/api/middleware/version_negotiation.py:70}}
Aug 14 02:09:41.222686 np0000007304 devstack@g-api.service[99827]: [pid: 99827|app: 0|req: 55/176] 127.0.0.1 () {44 vars in 1051 bytes} [Fri Aug 14 02:09:41 2026] GET /v2/schemas/image => generated 6083 bytes in 4 msecs (HTTP/1.1 200) 4 headers in 158 bytes (1 switches on core 0)
Aug 14 02:09:41.238058 np0000007304 devstack@g-api.service[99825]: DEBUG glance.api.middleware.version_negotiation [None req-13aab0ce-dda3-4fe3-a0eb-dc5cbe8c0480 tempest-ImageDependencyTests-824798071 tempest-ImageDependencyTests-824798071-project-member] Determining version of request: GET /v2/schemas/image Accept: */* {{(pid=99825) process_request /opt/stack/glance/glance/api/middleware/version_negotiation.py:44}}
Aug 14 02:09:41.238058 np0000007304 devstack@g-api.service[99825]: DEBUG glance.api.middleware.version_negotiation [None req-13aab0ce-dda3-4fe3-a0eb-dc5cbe8c0480 tempest-ImageDependencyTests-824798071 tempest-ImageDependencyTests-824798071-project-member] Using url versioning {{(pid=99825) process_request /opt/stack/glance/glance/api/middleware/version_negotiation.py:57}}
Aug 14 02:09:41.238058 np0000007304 devstack@g-api.service[99825]: DEBUG glance.api.middleware.version_negotiation [None req-13aab0ce-dda3-4fe3-a0eb-dc5cbe8c0480 tempest-ImageDependencyTests-824798071 tempest-ImageDependencyTests-824798071-project-member] Matched version: v2 {{(pid=99825) process_request /opt/stack/glance/glance/api/middleware/version_negotiation.py:69}}
Aug 14 02:09:41.238058 np0000007304 devstack@g-api.service[99825]: DEBUG glance.api.middleware.version_negotiation [None req-13aab0ce-dda3-4fe3-a0eb-dc5cbe8c0480 tempest-ImageDependencyTests-824798071 tempest-ImageDependencyTests-824798071-project-member] new path /v2/schemas/image {{(pid=99825) process_request /opt/stack/glance/glance/api/middleware/version_negotiation.py:70}}
Aug 14 02:09:41.240415 np0000007304 devstack@g-api.service[99825]: [pid: 99825|app: 0|req: 61/177] 127.0.0.1 () {44 vars in 1051 bytes} [Fri Aug 14 02:09:41 2026] GET /v2/schemas/image => generated 6083 bytes in 4 msecs (HTTP/1.1 200) 4 headers in 158 bytes (1 switches on core 0)
Aug 14 02:09:41.275359 np0000007304 devstack@g-api.service[99826]: DEBUG glance.api.middleware.version_negotiation [None req-13aab0ce-dda3-4fe3-a0eb-dc5cbe8c0480 tempest-ImageDependencyTests-824798071 tempest-ImageDependencyTests-824798071-project-member] Determining version of request: GET /v2/images/ed6200ce-8c35-4ce6-ab4e-049599bf7196 Accept: */* {{(pid=99826) process_request /opt/stack/glance/glance/api/middleware/version_negotiation.py:44}}
Aug 14 02:09:41.275547 np0000007304 devstack@g-api.service[99826]: DEBUG glance.api.middleware.version_negotiation [None req-13aab0ce-dda3-4fe3-a0eb-dc5cbe8c0480 tempest-ImageDependencyTests-824798071 tempest-ImageDependencyTests-824798071-project-member] Using url versioning {{(pid=99826) process_request /opt/stack/glance/glance/api/middleware/version_negotiation.py:57}}
Aug 14 02:09:41.275712 np0000007304 devstack@g-api.service[99826]: DEBUG glance.api.middleware.version_negotiation [None req-13aab0ce-dda3-4fe3-a0eb-dc5cbe8c0480 tempest-ImageDependencyTests-824798071 tempest-ImageDependencyTests-824798071-project-member] Matched version: v2 {{(pid=99826) process_request /opt/stack/glance/glance/api/middleware/version_negotiation.py:69}}
Aug 14 02:09:41.275878 np0000007304 devstack@g-api.service[99826]: DEBUG glance.api.middleware.version_negotiation [None req-13aab0ce-dda3-4fe3-a0eb-dc5cbe8c0480 tempest-ImageDependencyTests-824798071 tempest-ImageDependencyTests-824798071-project-member] new path /v2/images/ed6200ce-8c35-4ce6-ab4e-049599bf7196 {{(pid=99826) process_request /opt/stack/glance/glance/api/middleware/version_negotiation.py:70}}
Aug 14 02:09:41.287783 np0000007304 devstack@g-api.service[99826]: [pid: 99826|app: 0|req: 62/178] 127.0.0.1 () {44 vars in 1111 bytes} [Fri Aug 14 02:09:41 2026] GET /v2/images/ed6200ce-8c35-4ce6-ab4e-049599bf7196 => generated 807 bytes in 12 msecs (HTTP/1.1 200) 4 headers in 157 bytes (1 switches on core 0)
Aug 14 02:09:41.297914 np0000007304 devstack@g-api.service[99827]: DEBUG glance.api.middleware.version_negotiation [None req-13aab0ce-dda3-4fe3-a0eb-dc5cbe8c0480 tempest-ImageDependencyTests-824798071 tempest-ImageDependencyTests-824798071-project-member] Determining version of request: GET /v2/schemas/image Accept: */* {{(pid=99827) process_request /opt/stack/glance/glance/api/middleware/version_negotiation.py:44}}
Aug 14 02:09:41.298097 np0000007304 devstack@g-api.service[99827]: DEBUG glance.api.middleware.version_negotiation [None req-13aab0ce-dda3-4fe3-a0eb-dc5cbe8c0480 tempest-ImageDependencyTests-824798071 tempest-ImageDependencyTests-824798071-project-member] Using url versioning {{(pid=99827) process_request /opt/stack/glance/glance/api/middleware/version_negotiation.py:57}}
Aug 14 02:09:41.298219 np0000007304 devstack@g-api.service[99827]: DEBUG glance.api.middleware.version_negotiation [None req-13aab0ce-dda3-4fe3-a0eb-dc5cbe8c0480 tempest-ImageDependencyTests-824798071 tempest-ImageDependencyTests-824798071-project-member] Matched version: v2 {{(pid=99827) process_request /opt/stack/glance/glance/api/middleware/version_negotiation.py:69}}
Aug 14 02:09:41.298310 np0000007304 devstack@g-api.service[99827]: DEBUG glance.api.middleware.version_negotiation [None req-13aab0ce-dda3-4fe3-a0eb-dc5cbe8c0480 tempest-ImageDependencyTests-824798071 tempest-ImageDependencyTests-824798071-project-member] new path /v2/schemas/image {{(pid=99827) process_request /opt/stack/glance/glance/api/middleware/version_negotiation.py:70}}
Aug 14 02:09:41.301902 np0000007304 devstack@g-api.service[99827]: [pid: 99827|app: 0|req: 56/179] 127.0.0.1 () {44 vars in 1051 bytes} [Fri Aug 14 02:09:41 2026] GET /v2/schemas/image => generated 6083 bytes in 4 msecs (HTTP/1.1 200) 4 headers in 158 bytes (1 switches on core 0)
Aug 14 02:09:41.825818 np0000007304 devstack@g-api.service[99825]: DEBUG glance.api.middleware.version_negotiation [None req-13aab0ce-dda3-4fe3-a0eb-dc5cbe8c0480 tempest-ImageDependencyTests-824798071 tempest-ImageDependencyTests-824798071-project-member] Determining version of request: GET /versions Accept: */* {{(pid=99825) process_request /opt/stack/glance/glance/api/middleware/version_negotiation.py:44}}
Aug 14 02:09:41.827542 np0000007304 devstack@g-api.service[99825]: [pid: 99825|app: 0|req: 62/180] 127.0.0.1 () {44 vars in 1035 bytes} [Fri Aug 14 02:09:41 2026] GET /versions => generated 1501 bytes in 2 msecs (HTTP/1.1 200) 3 headers in 92 bytes (1 switches on core 0)
Aug 14 02:09:41.837789 np0000007304 devstack@g-api.service[99826]: DEBUG glance.api.middleware.version_negotiation [None req-13aab0ce-dda3-4fe3-a0eb-dc5cbe8c0480 tempest-ImageDependencyTests-824798071 tempest-ImageDependencyTests-824798071-project-member] Determining version of request: GET /v2/images/ed6200ce-8c35-4ce6-ab4e-049599bf7196/locations Accept: */* {{(pid=99826) process_request /opt/stack/glance/glance/api/middleware/version_negotiation.py:44}}
Aug 14 02:09:41.837789 np0000007304 devstack@g-api.service[99826]: DEBUG glance.api.middleware.version_negotiation [None req-13aab0ce-dda3-4fe3-a0eb-dc5cbe8c0480 tempest-ImageDependencyTests-824798071 tempest-ImageDependencyTests-824798071-project-member] Using url versioning {{(pid=99826) process_request /opt/stack/glance/glance/api/middleware/version_negotiation.py:57}}
Aug 14 02:09:41.837789 np0000007304 devstack@g-api.service[99826]: DEBUG glance.api.middleware.version_negotiation [None req-13aab0ce-dda3-4fe3-a0eb-dc5cbe8c0480 tempest-ImageDependencyTests-824798071 tempest-ImageDependencyTests-824798071-project-member] Matched version: v2 {{(pid=99826) process_request /opt/stack/glance/glance/api/middleware/version_negotiation.py:69}}
Aug 14 02:09:41.837789 np0000007304 devstack@g-api.service[99826]: DEBUG glance.api.middleware.version_negotiation [None req-13aab0ce-dda3-4fe3-a0eb-dc5cbe8c0480 tempest-ImageDependencyTests-824798071 tempest-ImageDependencyTests-824798071-project-member] new path /v2/images/ed6200ce-8c35-4ce6-ab4e-049599bf7196/locations {{(pid=99826) process_request /opt/stack/glance/glance/api/middleware/version_negotiation.py:70}}
Aug 14 02:09:41.904656 np0000007304 devstack@g-api.service[99826]: [pid: 99826|app: 0|req: 63/181] 127.0.0.1 () {44 vars in 1131 bytes} [Fri Aug 14 02:09:41 2026] GET /v2/images/ed6200ce-8c35-4ce6-ab4e-049599bf7196/locations => generated 92 bytes in 68 msecs (HTTP/1.1 200) 4 headers in 156 bytes (1 switches on core 0)
Aug 14 02:09:41.930200 np0000007304 devstack@g-api.service[99827]: DEBUG glance.api.middleware.version_negotiation [None req-13aab0ce-dda3-4fe3-a0eb-dc5cbe8c0480 tempest-ImageDependencyTests-824798071 tempest-ImageDependencyTests-824798071-project-member] Determining version of request: GET /v2/images/ed6200ce-8c35-4ce6-ab4e-049599bf7196 Accept: */* {{(pid=99827) process_request /opt/stack/glance/glance/api/middleware/version_negotiation.py:44}}
Aug 14 02:09:41.930458 np0000007304 devstack@g-api.service[99827]: DEBUG glance.api.middleware.version_negotiation [None req-13aab0ce-dda3-4fe3-a0eb-dc5cbe8c0480 tempest-ImageDependencyTests-824798071 tempest-ImageDependencyTests-824798071-project-member] Using url versioning {{(pid=99827) process_request /opt/stack/glance/glance/api/middleware/version_negotiation.py:57}}
Aug 14 02:09:41.930710 np0000007304 devstack@g-api.service[99827]: DEBUG glance.api.middleware.version_negotiation [None req-13aab0ce-dda3-4fe3-a0eb-dc5cbe8c0480 tempest-ImageDependencyTests-824798071 tempest-ImageDependencyTests-824798071-project-member] Matched version: v2 {{(pid=99827) process_request /opt/stack/glance/glance/api/middleware/version_negotiation.py:69}}
Aug 14 02:09:41.930975 np0000007304 devstack@g-api.service[99827]: DEBUG glance.api.middleware.version_negotiation [None req-13aab0ce-dda3-4fe3-a0eb-dc5cbe8c0480 tempest-ImageDependencyTests-824798071 tempest-ImageDependencyTests-824798071-project-member] new path /v2/images/ed6200ce-8c35-4ce6-ab4e-049599bf7196 {{(pid=99827) process_request /opt/stack/glance/glance/api/middleware/version_negotiation.py:70}}
Aug 14 02:09:41.949080 np0000007304 devstack@g-api.service[99827]: [pid: 99827|app: 0|req: 57/182] 127.0.0.1 () {44 vars in 1111 bytes} [Fri Aug 14 02:09:41 2026] GET /v2/images/ed6200ce-8c35-4ce6-ab4e-049599bf7196 => generated 807 bytes in 19 msecs (HTTP/1.1 200) 4 headers in 157 bytes (1 switches on core 0)
Aug 14 02:09:41.959530 np0000007304 devstack@g-api.service[99825]: DEBUG glance.api.middleware.version_negotiation [None req-13aab0ce-dda3-4fe3-a0eb-dc5cbe8c0480 tempest-ImageDependencyTests-824798071 tempest-ImageDependencyTests-824798071-project-member] Determining version of request: GET /v2/schemas/image Accept: */* {{(pid=99825) process_request /opt/stack/glance/glance/api/middleware/version_negotiation.py:44}}
Aug 14 02:09:41.962049 np0000007304 devstack@g-api.service[99825]: DEBUG glance.api.middleware.version_negotiation [None req-13aab0ce-dda3-4fe3-a0eb-dc5cbe8c0480 tempest-ImageDependencyTests-824798071 tempest-ImageDependencyTests-824798071-project-member] Using url versioning {{(pid=99825) process_request /opt/stack/glance/glance/api/middleware/version_negotiation.py:57}}
Aug 14 02:09:41.962049 np0000007304 devstack@g-api.service[99825]: DEBUG glance.api.middleware.version_negotiation [None req-13aab0ce-dda3-4fe3-a0eb-dc5cbe8c0480 tempest-ImageDependencyTests-824798071 tempest-ImageDependencyTests-824798071-project-member] Matched version: v2 {{(pid=99825) process_request /opt/stack/glance/glance/api/middleware/version_negotiation.py:69}}
Aug 14 02:09:41.962049 np0000007304 devstack@g-api.service[99825]: DEBUG glance.api.middleware.version_negotiation [None req-13aab0ce-dda3-4fe3-a0eb-dc5cbe8c0480 tempest-ImageDependencyTests-824798071 tempest-ImageDependencyTests-824798071-project-member] new path /v2/schemas/image {{(pid=99825) process_request /opt/stack/glance/glance/api/middleware/version_negotiation.py:70}}
