Aug 14 02:04:04.949082 np0000007304 systemd[1]: Starting devstack@n-api.service - Devstack devstack@n-api.service...
Aug 14 02:04:04.954671 np0000007304 devstack@n-api.service[84337]: [uWSGI] getting INI configuration from /etc/nova/nova-api-uwsgi.ini
Aug 14 02:04:04.957003 np0000007304 devstack@n-api.service[84337]: *** Starting uWSGI 2.0.24-debian (64bit) on [Fri Aug 14 02:04:04 2026] ***
Aug 14 02:04:04.957003 np0000007304 devstack@n-api.service[84337]: compiled with version: 13.2.0 on 17 April 2024 16:23:48
Aug 14 02:04:04.957003 np0000007304 devstack@n-api.service[84337]: os: Linux-6.8.0-137-generic #137-Ubuntu SMP PREEMPT_DYNAMIC Fri Jul 17 20:28:23 UTC 2026
Aug 14 02:04:04.957003 np0000007304 devstack@n-api.service[84337]: nodename: np0000007304
Aug 14 02:04:04.957003 np0000007304 devstack@n-api.service[84337]: machine: x86_64
Aug 14 02:04:04.957003 np0000007304 devstack@n-api.service[84337]: clock source: unix
Aug 14 02:04:04.957003 np0000007304 devstack@n-api.service[84337]: pcre jit disabled
Aug 14 02:04:04.957003 np0000007304 devstack@n-api.service[84337]: detected number of CPU cores: 16
Aug 14 02:04:04.957003 np0000007304 devstack@n-api.service[84337]: current working directory: /
Aug 14 02:04:04.957003 np0000007304 devstack@n-api.service[84337]: detected binary path: /usr/bin/uwsgi-core
Aug 14 02:04:04.957003 np0000007304 devstack@n-api.service[84337]: your processes number limit is 252954
Aug 14 02:04:04.957003 np0000007304 devstack@n-api.service[84337]: your memory page size is 4096 bytes
Aug 14 02:04:04.957003 np0000007304 devstack@n-api.service[84337]: detected max file descriptor number: 2048
Aug 14 02:04:04.957003 np0000007304 devstack@n-api.service[84337]: lock engine: pthread robust mutexes
Aug 14 02:04:04.957356 np0000007304 devstack@n-api.service[84337]: thunder lock: enabled
Aug 14 02:04:04.957356 np0000007304 devstack@n-api.service[84337]: uwsgi socket 0 bound to UNIX address /var/run/uwsgi/nova-api.socket fd 4
Aug 14 02:04:04.957402 np0000007304 devstack@n-api.service[84337]: Python version: 3.12.3 (main, Jun 19 2026, 12:46:00) [GCC 13.3.0]
Aug 14 02:04:04.957402 np0000007304 devstack@n-api.service[84337]: PEP 405 virtualenv detected: /opt/stack/data/venv
Aug 14 02:04:04.957443 np0000007304 devstack@n-api.service[84337]: Set PythonHome to /opt/stack/data/venv
Aug 14 02:04:04.990092 np0000007304 devstack@n-api.service[84337]: Python main interpreter initialized at 0x79d3240a4668
Aug 14 02:04:04.990092 np0000007304 devstack@n-api.service[84337]: python threads support enabled
Aug 14 02:04:04.990092 np0000007304 devstack@n-api.service[84337]: your server socket listen backlog is limited to 100 connections
Aug 14 02:04:04.990092 np0000007304 devstack@n-api.service[84337]: your mercy for graceful operations on workers is 80 seconds
Aug 14 02:04:04.990478 np0000007304 devstack@n-api.service[84337]: mapped 537436 bytes (524 KB) for 3 cores
Aug 14 02:04:04.990592 np0000007304 devstack@n-api.service[84337]: *** Operational MODE: preforking ***
Aug 14 02:04:04.990811 np0000007304 devstack@n-api.service[84337]: *** uWSGI is running in multiple interpreter mode ***
Aug 14 02:04:04.990811 np0000007304 devstack@n-api.service[84337]: spawned uWSGI master process (pid: 84337)
Aug 14 02:04:04.991009 np0000007304 systemd[1]: Started devstack@n-api.service - Devstack devstack@n-api.service.
Aug 14 02:04:04.991378 np0000007304 devstack@n-api.service[84337]: spawned uWSGI worker 1 (pid: 84338, cores: 1)
Aug 14 02:04:04.991994 np0000007304 devstack@n-api.service[84337]: spawned uWSGI worker 2 (pid: 84339, cores: 1)
Aug 14 02:04:04.992471 np0000007304 devstack@n-api.service[84337]: spawned uWSGI worker 3 (pid: 84340, cores: 1)
Aug 14 02:04:04.992531 np0000007304 devstack@n-api.service[84337]: running "unix_signal:15 gracefully_kill_them_all" (master-start)...
Aug 14 02:04:06.659022 np0000007304 devstack@n-api.service[84339]: INFO dbcounter [None req-60fd1b73-8d8b-4dd1-b25b-d8e36cb4aeed None None] Registered counter for database nova_api
Aug 14 02:04:06.659602 np0000007304 devstack@n-api.service[84340]: INFO dbcounter [None req-6515c479-e269-41a7-8e62-86c69816d71d None None] Registered counter for database nova_api
Aug 14 02:04:06.694144 np0000007304 devstack@n-api.service[84340]: DEBUG oslo_db.sqlalchemy.engines [None req-6515c479-e269-41a7-8e62-86c69816d71d None None] MySQL server mode set to STRICT_TRANS_TABLES,STRICT_ALL_TABLES,NO_ZERO_IN_DATE,NO_ZERO_DATE,ERROR_FOR_DIVISION_BY_ZERO,TRADITIONAL,NO_ENGINE_SUBSTITUTION {{(pid=84340) _check_effective_sql_mode /opt/stack/data/venv/lib/python3.12/site-packages/oslo_db/sqlalchemy/engines.py:325}}
Aug 14 02:04:06.695409 np0000007304 devstack@n-api.service[84339]: DEBUG oslo_db.sqlalchemy.engines [None req-60fd1b73-8d8b-4dd1-b25b-d8e36cb4aeed None None] MySQL server mode set to STRICT_TRANS_TABLES,STRICT_ALL_TABLES,NO_ZERO_IN_DATE,NO_ZERO_DATE,ERROR_FOR_DIVISION_BY_ZERO,TRADITIONAL,NO_ENGINE_SUBSTITUTION {{(pid=84339) _check_effective_sql_mode /opt/stack/data/venv/lib/python3.12/site-packages/oslo_db/sqlalchemy/engines.py:325}}
Aug 14 02:04:06.719064 np0000007304 devstack@n-api.service[84338]: INFO dbcounter [None req-fdc38226-6826-452d-97d6-159052054f10 None None] Registered counter for database nova_api
Aug 14 02:04:06.723618 np0000007304 devstack@n-api.service[84339]: DEBUG dbcounter [-] [84339] Writer thread running {{(pid=84339) stat_writer /opt/stack/data/venv/lib/python3.12/site-packages/dbcounter.py:102}}
Aug 14 02:04:06.724203 np0000007304 devstack@n-api.service[84340]: DEBUG dbcounter [-] [84340] Writer thread running {{(pid=84340) stat_writer /opt/stack/data/venv/lib/python3.12/site-packages/dbcounter.py:102}}
Aug 14 02:04:06.726391 np0000007304 devstack@n-api.service[84339]: DEBUG nova.context [None req-60fd1b73-8d8b-4dd1-b25b-d8e36cb4aeed None None] Found 2 cells: 00000000-0000-0000-0000-000000000000(cell0),17cf2fa4-fea4-4ee2-ac01-f07bb1ef865e(cell1) {{(pid=84339) load_cells /opt/stack/nova/nova/context.py:509}}
Aug 14 02:04:06.726481 np0000007304 devstack@n-api.service[84340]: DEBUG nova.context [None req-6515c479-e269-41a7-8e62-86c69816d71d None None] Found 2 cells: 00000000-0000-0000-0000-000000000000(cell0),17cf2fa4-fea4-4ee2-ac01-f07bb1ef865e(cell1) {{(pid=84340) load_cells /opt/stack/nova/nova/context.py:509}}
Aug 14 02:04:06.726655 np0000007304 devstack@n-api.service[84340]: INFO nova.utils [None req-6515c479-e269-41a7-8e62-86c69816d71d None None] The cell worker thread pool MainProcess.cell_worker is initialized
Aug 14 02:04:06.726762 np0000007304 devstack@n-api.service[84339]: INFO nova.utils [None req-60fd1b73-8d8b-4dd1-b25b-d8e36cb4aeed None None] The cell worker thread pool MainProcess.cell_worker is initialized
Aug 14 02:04:06.728395 np0000007304 devstack@n-api.service[84340]: DEBUG oslo_concurrency.lockutils [None req-6515c479-e269-41a7-8e62-86c69816d71d None None] Acquiring lock "00000000-0000-0000-0000-000000000000" by "nova.context.set_target_cell..get_or_set_cached_cell_and_set_connections" {{(pid=84340) inner /opt/stack/data/venv/lib/python3.12/site-packages/oslo_concurrency/lockutils.py:512}}
Aug 14 02:04:06.728499 np0000007304 devstack@n-api.service[84339]: DEBUG oslo_concurrency.lockutils [None req-60fd1b73-8d8b-4dd1-b25b-d8e36cb4aeed None None] Acquiring lock "00000000-0000-0000-0000-000000000000" by "nova.context.set_target_cell..get_or_set_cached_cell_and_set_connections" {{(pid=84339) inner /opt/stack/data/venv/lib/python3.12/site-packages/oslo_concurrency/lockutils.py:512}}
Aug 14 02:04:06.728584 np0000007304 devstack@n-api.service[84340]: DEBUG oslo_concurrency.lockutils [None req-6515c479-e269-41a7-8e62-86c69816d71d None None] Lock "00000000-0000-0000-0000-000000000000" acquired by "nova.context.set_target_cell..get_or_set_cached_cell_and_set_connections" :: waited 0.000s {{(pid=84340) inner /opt/stack/data/venv/lib/python3.12/site-packages/oslo_concurrency/lockutils.py:525}}
Aug 14 02:04:06.728693 np0000007304 devstack@n-api.service[84339]: DEBUG oslo_concurrency.lockutils [None req-60fd1b73-8d8b-4dd1-b25b-d8e36cb4aeed None None] Lock "00000000-0000-0000-0000-000000000000" acquired by "nova.context.set_target_cell..get_or_set_cached_cell_and_set_connections" :: waited 0.000s {{(pid=84339) inner /opt/stack/data/venv/lib/python3.12/site-packages/oslo_concurrency/lockutils.py:525}}
Aug 14 02:04:06.729054 np0000007304 devstack@n-api.service[84340]: DEBUG oslo_concurrency.lockutils [None req-6515c479-e269-41a7-8e62-86c69816d71d None None] Lock "00000000-0000-0000-0000-000000000000" "released" by "nova.context.set_target_cell..get_or_set_cached_cell_and_set_connections" :: held 0.000s {{(pid=84340) inner /opt/stack/data/venv/lib/python3.12/site-packages/oslo_concurrency/lockutils.py:544}}
Aug 14 02:04:06.729133 np0000007304 devstack@n-api.service[84339]: DEBUG oslo_concurrency.lockutils [None req-60fd1b73-8d8b-4dd1-b25b-d8e36cb4aeed None None] Lock "00000000-0000-0000-0000-000000000000" "released" by "nova.context.set_target_cell..get_or_set_cached_cell_and_set_connections" :: held 0.000s {{(pid=84339) inner /opt/stack/data/venv/lib/python3.12/site-packages/oslo_concurrency/lockutils.py:544}}
Aug 14 02:04:06.729719 np0000007304 devstack@n-api.service[84340]: DEBUG oslo_concurrency.lockutils [None req-6515c479-e269-41a7-8e62-86c69816d71d None None] Acquiring lock "17cf2fa4-fea4-4ee2-ac01-f07bb1ef865e" by "nova.context.set_target_cell..get_or_set_cached_cell_and_set_connections" {{(pid=84340) inner /opt/stack/data/venv/lib/python3.12/site-packages/oslo_concurrency/lockutils.py:512}}
Aug 14 02:04:06.729830 np0000007304 devstack@n-api.service[84339]: DEBUG oslo_concurrency.lockutils [None req-60fd1b73-8d8b-4dd1-b25b-d8e36cb4aeed None None] Acquiring lock "17cf2fa4-fea4-4ee2-ac01-f07bb1ef865e" by "nova.context.set_target_cell..get_or_set_cached_cell_and_set_connections" {{(pid=84339) inner /opt/stack/data/venv/lib/python3.12/site-packages/oslo_concurrency/lockutils.py:512}}
Aug 14 02:04:06.729899 np0000007304 devstack@n-api.service[84340]: DEBUG oslo_concurrency.lockutils [None req-6515c479-e269-41a7-8e62-86c69816d71d None None] Lock "17cf2fa4-fea4-4ee2-ac01-f07bb1ef865e" acquired by "nova.context.set_target_cell..get_or_set_cached_cell_and_set_connections" :: waited 0.000s {{(pid=84340) inner /opt/stack/data/venv/lib/python3.12/site-packages/oslo_concurrency/lockutils.py:525}}
Aug 14 02:04:06.729986 np0000007304 devstack@n-api.service[84339]: DEBUG oslo_concurrency.lockutils [None req-60fd1b73-8d8b-4dd1-b25b-d8e36cb4aeed None None] Lock "17cf2fa4-fea4-4ee2-ac01-f07bb1ef865e" acquired by "nova.context.set_target_cell..get_or_set_cached_cell_and_set_connections" :: waited 0.000s {{(pid=84339) inner /opt/stack/data/venv/lib/python3.12/site-packages/oslo_concurrency/lockutils.py:525}}
Aug 14 02:04:06.730692 np0000007304 devstack@n-api.service[84340]: DEBUG oslo_concurrency.lockutils [None req-6515c479-e269-41a7-8e62-86c69816d71d None None] Lock "17cf2fa4-fea4-4ee2-ac01-f07bb1ef865e" "released" by "nova.context.set_target_cell..get_or_set_cached_cell_and_set_connections" :: held 0.001s {{(pid=84340) inner /opt/stack/data/venv/lib/python3.12/site-packages/oslo_concurrency/lockutils.py:544}}
Aug 14 02:04:06.730844 np0000007304 devstack@n-api.service[84339]: DEBUG oslo_concurrency.lockutils [None req-60fd1b73-8d8b-4dd1-b25b-d8e36cb4aeed None None] Lock "17cf2fa4-fea4-4ee2-ac01-f07bb1ef865e" "released" by "nova.context.set_target_cell..get_or_set_cached_cell_and_set_connections" :: held 0.001s {{(pid=84339) inner /opt/stack/data/venv/lib/python3.12/site-packages/oslo_concurrency/lockutils.py:544}}
Aug 14 02:04:06.732028 np0000007304 devstack@n-api.service[84340]: INFO dbcounter [None req-6515c479-e269-41a7-8e62-86c69816d71d None None] Registered counter for database nova_cell0
Aug 14 02:04:06.732827 np0000007304 devstack@n-api.service[84339]: INFO dbcounter [None req-60fd1b73-8d8b-4dd1-b25b-d8e36cb4aeed None None] Registered counter for database nova_cell0
Aug 14 02:04:06.734691 np0000007304 devstack@n-api.service[84340]: INFO dbcounter [None req-6515c479-e269-41a7-8e62-86c69816d71d None None] Registered counter for database nova_cell1
Aug 14 02:04:06.736004 np0000007304 devstack@n-api.service[84339]: INFO dbcounter [None req-60fd1b73-8d8b-4dd1-b25b-d8e36cb4aeed None None] Registered counter for database nova_cell1
Aug 14 02:04:06.757155 np0000007304 devstack@n-api.service[84338]: DEBUG oslo_db.sqlalchemy.engines [None req-fdc38226-6826-452d-97d6-159052054f10 None None] MySQL server mode set to STRICT_TRANS_TABLES,STRICT_ALL_TABLES,NO_ZERO_IN_DATE,NO_ZERO_DATE,ERROR_FOR_DIVISION_BY_ZERO,TRADITIONAL,NO_ENGINE_SUBSTITUTION {{(pid=84338) _check_effective_sql_mode /opt/stack/data/venv/lib/python3.12/site-packages/oslo_db/sqlalchemy/engines.py:325}}
Aug 14 02:04:06.773737 np0000007304 devstack@n-api.service[84339]: DEBUG oslo_db.sqlalchemy.engines [None req-60fd1b73-8d8b-4dd1-b25b-d8e36cb4aeed None None] MySQL server mode set to STRICT_TRANS_TABLES,STRICT_ALL_TABLES,NO_ZERO_IN_DATE,NO_ZERO_DATE,ERROR_FOR_DIVISION_BY_ZERO,TRADITIONAL,NO_ENGINE_SUBSTITUTION {{(pid=84339) _check_effective_sql_mode /opt/stack/data/venv/lib/python3.12/site-packages/oslo_db/sqlalchemy/engines.py:325}}
Aug 14 02:04:06.777878 np0000007304 devstack@n-api.service[84339]: DEBUG oslo_db.sqlalchemy.engines [None req-60fd1b73-8d8b-4dd1-b25b-d8e36cb4aeed None None] MySQL server mode set to STRICT_TRANS_TABLES,STRICT_ALL_TABLES,NO_ZERO_IN_DATE,NO_ZERO_DATE,ERROR_FOR_DIVISION_BY_ZERO,TRADITIONAL,NO_ENGINE_SUBSTITUTION {{(pid=84339) _check_effective_sql_mode /opt/stack/data/venv/lib/python3.12/site-packages/oslo_db/sqlalchemy/engines.py:325}}
Aug 14 02:04:06.782627 np0000007304 devstack@n-api.service[84340]: DEBUG oslo_db.sqlalchemy.engines [None req-6515c479-e269-41a7-8e62-86c69816d71d None None] MySQL server mode set to STRICT_TRANS_TABLES,STRICT_ALL_TABLES,NO_ZERO_IN_DATE,NO_ZERO_DATE,ERROR_FOR_DIVISION_BY_ZERO,TRADITIONAL,NO_ENGINE_SUBSTITUTION {{(pid=84340) _check_effective_sql_mode /opt/stack/data/venv/lib/python3.12/site-packages/oslo_db/sqlalchemy/engines.py:325}}
Aug 14 02:04:06.784608 np0000007304 devstack@n-api.service[84340]: DEBUG oslo_db.sqlalchemy.engines [None req-6515c479-e269-41a7-8e62-86c69816d71d None None] MySQL server mode set to STRICT_TRANS_TABLES,STRICT_ALL_TABLES,NO_ZERO_IN_DATE,NO_ZERO_DATE,ERROR_FOR_DIVISION_BY_ZERO,TRADITIONAL,NO_ENGINE_SUBSTITUTION {{(pid=84340) _check_effective_sql_mode /opt/stack/data/venv/lib/python3.12/site-packages/oslo_db/sqlalchemy/engines.py:325}}
Aug 14 02:04:06.788619 np0000007304 devstack@n-api.service[84338]: DEBUG dbcounter [-] [84338] Writer thread running {{(pid=84338) stat_writer /opt/stack/data/venv/lib/python3.12/site-packages/dbcounter.py:102}}
Aug 14 02:04:06.791192 np0000007304 devstack@n-api.service[84338]: DEBUG nova.context [None req-fdc38226-6826-452d-97d6-159052054f10 None None] Found 2 cells: 00000000-0000-0000-0000-000000000000(cell0),17cf2fa4-fea4-4ee2-ac01-f07bb1ef865e(cell1) {{(pid=84338) load_cells /opt/stack/nova/nova/context.py:509}}
Aug 14 02:04:06.791436 np0000007304 devstack@n-api.service[84338]: INFO nova.utils [None req-fdc38226-6826-452d-97d6-159052054f10 None None] The cell worker thread pool MainProcess.cell_worker is initialized
Aug 14 02:04:06.793265 np0000007304 devstack@n-api.service[84338]: DEBUG oslo_concurrency.lockutils [None req-fdc38226-6826-452d-97d6-159052054f10 None None] Acquiring lock "00000000-0000-0000-0000-000000000000" by "nova.context.set_target_cell..get_or_set_cached_cell_and_set_connections" {{(pid=84338) inner /opt/stack/data/venv/lib/python3.12/site-packages/oslo_concurrency/lockutils.py:512}}
Aug 14 02:04:06.793432 np0000007304 devstack@n-api.service[84338]: DEBUG oslo_concurrency.lockutils [None req-fdc38226-6826-452d-97d6-159052054f10 None None] Lock "00000000-0000-0000-0000-000000000000" acquired by "nova.context.set_target_cell..get_or_set_cached_cell_and_set_connections" :: waited 0.000s {{(pid=84338) inner /opt/stack/data/venv/lib/python3.12/site-packages/oslo_concurrency/lockutils.py:525}}
Aug 14 02:04:06.793851 np0000007304 devstack@n-api.service[84338]: DEBUG oslo_concurrency.lockutils [None req-fdc38226-6826-452d-97d6-159052054f10 None None] Lock "00000000-0000-0000-0000-000000000000" "released" by "nova.context.set_target_cell..get_or_set_cached_cell_and_set_connections" :: held 0.000s {{(pid=84338) inner /opt/stack/data/venv/lib/python3.12/site-packages/oslo_concurrency/lockutils.py:544}}
Aug 14 02:04:06.794524 np0000007304 devstack@n-api.service[84338]: DEBUG oslo_concurrency.lockutils [None req-fdc38226-6826-452d-97d6-159052054f10 None None] Acquiring lock "17cf2fa4-fea4-4ee2-ac01-f07bb1ef865e" by "nova.context.set_target_cell..get_or_set_cached_cell_and_set_connections" {{(pid=84338) inner /opt/stack/data/venv/lib/python3.12/site-packages/oslo_concurrency/lockutils.py:512}}
Aug 14 02:04:06.795843 np0000007304 devstack@n-api.service[84338]: INFO dbcounter [None req-fdc38226-6826-452d-97d6-159052054f10 None None] Registered counter for database nova_cell0
Aug 14 02:04:06.796827 np0000007304 devstack@n-api.service[84338]: DEBUG oslo_concurrency.lockutils [None req-fdc38226-6826-452d-97d6-159052054f10 None None] Lock "17cf2fa4-fea4-4ee2-ac01-f07bb1ef865e" acquired by "nova.context.set_target_cell..get_or_set_cached_cell_and_set_connections" :: waited 0.001s {{(pid=84338) inner /opt/stack/data/venv/lib/python3.12/site-packages/oslo_concurrency/lockutils.py:525}}
Aug 14 02:04:06.798000 np0000007304 devstack@n-api.service[84338]: DEBUG oslo_concurrency.lockutils [None req-fdc38226-6826-452d-97d6-159052054f10 None None] Lock "17cf2fa4-fea4-4ee2-ac01-f07bb1ef865e" "released" by "nova.context.set_target_cell..get_or_set_cached_cell_and_set_connections" :: held 0.002s {{(pid=84338) inner /opt/stack/data/venv/lib/python3.12/site-packages/oslo_concurrency/lockutils.py:544}}
Aug 14 02:04:06.799965 np0000007304 devstack@n-api.service[84338]: INFO dbcounter [None req-fdc38226-6826-452d-97d6-159052054f10 None None] Registered counter for database nova_cell1
Aug 14 02:04:06.841089 np0000007304 devstack@n-api.service[84338]: DEBUG oslo_db.sqlalchemy.engines [None req-fdc38226-6826-452d-97d6-159052054f10 None None] MySQL server mode set to STRICT_TRANS_TABLES,STRICT_ALL_TABLES,NO_ZERO_IN_DATE,NO_ZERO_DATE,ERROR_FOR_DIVISION_BY_ZERO,TRADITIONAL,NO_ENGINE_SUBSTITUTION {{(pid=84338) _check_effective_sql_mode /opt/stack/data/venv/lib/python3.12/site-packages/oslo_db/sqlalchemy/engines.py:325}}
Aug 14 02:04:06.845780 np0000007304 devstack@n-api.service[84338]: DEBUG oslo_db.sqlalchemy.engines [None req-fdc38226-6826-452d-97d6-159052054f10 None None] MySQL server mode set to STRICT_TRANS_TABLES,STRICT_ALL_TABLES,NO_ZERO_IN_DATE,NO_ZERO_DATE,ERROR_FOR_DIVISION_BY_ZERO,TRADITIONAL,NO_ENGINE_SUBSTITUTION {{(pid=84338) _check_effective_sql_mode /opt/stack/data/venv/lib/python3.12/site-packages/oslo_db/sqlalchemy/engines.py:325}}
Aug 14 02:04:06.861646 np0000007304 devstack@n-api.service[84339]: DEBUG dbcounter [-] [84339] Writer thread running {{(pid=84339) stat_writer /opt/stack/data/venv/lib/python3.12/site-packages/dbcounter.py:102}}
Aug 14 02:04:06.865633 np0000007304 devstack@n-api.service[84339]: DEBUG dbcounter [-] [84339] Writer thread running {{(pid=84339) stat_writer /opt/stack/data/venv/lib/python3.12/site-packages/dbcounter.py:102}}
Aug 14 02:04:06.866543 np0000007304 devstack@n-api.service[84340]: DEBUG dbcounter [-] [84340] Writer thread running {{(pid=84340) stat_writer /opt/stack/data/venv/lib/python3.12/site-packages/dbcounter.py:102}}
Aug 14 02:04:06.868684 np0000007304 devstack@n-api.service[84339]: INFO dbcounter [None req-60fd1b73-8d8b-4dd1-b25b-d8e36cb4aeed None None] Registered counter for database nova_cell0
Aug 14 02:04:06.870170 np0000007304 devstack@n-api.service[84340]: DEBUG dbcounter [-] [84340] Writer thread running {{(pid=84340) stat_writer /opt/stack/data/venv/lib/python3.12/site-packages/dbcounter.py:102}}
Aug 14 02:04:06.873130 np0000007304 devstack@n-api.service[84340]: INFO dbcounter [None req-6515c479-e269-41a7-8e62-86c69816d71d None None] Registered counter for database nova_cell0
Aug 14 02:04:06.904380 np0000007304 devstack@n-api.service[84339]: DEBUG oslo_db.sqlalchemy.engines [None req-60fd1b73-8d8b-4dd1-b25b-d8e36cb4aeed None None] MySQL server mode set to STRICT_TRANS_TABLES,STRICT_ALL_TABLES,NO_ZERO_IN_DATE,NO_ZERO_DATE,ERROR_FOR_DIVISION_BY_ZERO,TRADITIONAL,NO_ENGINE_SUBSTITUTION {{(pid=84339) _check_effective_sql_mode /opt/stack/data/venv/lib/python3.12/site-packages/oslo_db/sqlalchemy/engines.py:325}}
Aug 14 02:04:06.904881 np0000007304 devstack@n-api.service[84340]: DEBUG oslo_db.sqlalchemy.engines [None req-6515c479-e269-41a7-8e62-86c69816d71d None None] MySQL server mode set to STRICT_TRANS_TABLES,STRICT_ALL_TABLES,NO_ZERO_IN_DATE,NO_ZERO_DATE,ERROR_FOR_DIVISION_BY_ZERO,TRADITIONAL,NO_ENGINE_SUBSTITUTION {{(pid=84340) _check_effective_sql_mode /opt/stack/data/venv/lib/python3.12/site-packages/oslo_db/sqlalchemy/engines.py:325}}
Aug 14 02:04:06.907558 np0000007304 devstack@n-api.service[84339]: DEBUG dbcounter [-] [84339] Writer thread running {{(pid=84339) stat_writer /opt/stack/data/venv/lib/python3.12/site-packages/dbcounter.py:102}}
Aug 14 02:04:06.911437 np0000007304 devstack@n-api.service[84340]: DEBUG dbcounter [-] [84340] Writer thread running {{(pid=84340) stat_writer /opt/stack/data/venv/lib/python3.12/site-packages/dbcounter.py:102}}
Aug 14 02:04:06.926081 np0000007304 devstack@n-api.service[84338]: DEBUG dbcounter [-] [84338] Writer thread running {{(pid=84338) stat_writer /opt/stack/data/venv/lib/python3.12/site-packages/dbcounter.py:102}}
Aug 14 02:04:06.929628 np0000007304 devstack@n-api.service[84338]: DEBUG dbcounter [-] [84338] Writer thread running {{(pid=84338) stat_writer /opt/stack/data/venv/lib/python3.12/site-packages/dbcounter.py:102}}
Aug 14 02:04:06.975214 np0000007304 devstack@n-api.service[84338]: INFO dbcounter [None req-fdc38226-6826-452d-97d6-159052054f10 None None] Registered counter for database nova_cell0
Aug 14 02:04:07.006932 np0000007304 devstack@n-api.service[84338]: DEBUG oslo_db.sqlalchemy.engines [None req-fdc38226-6826-452d-97d6-159052054f10 None None] MySQL server mode set to STRICT_TRANS_TABLES,STRICT_ALL_TABLES,NO_ZERO_IN_DATE,NO_ZERO_DATE,ERROR_FOR_DIVISION_BY_ZERO,TRADITIONAL,NO_ENGINE_SUBSTITUTION {{(pid=84338) _check_effective_sql_mode /opt/stack/data/venv/lib/python3.12/site-packages/oslo_db/sqlalchemy/engines.py:325}}
Aug 14 02:04:07.012972 np0000007304 devstack@n-api.service[84338]: DEBUG dbcounter [-] [84338] Writer thread running {{(pid=84338) stat_writer /opt/stack/data/venv/lib/python3.12/site-packages/dbcounter.py:102}}
Aug 14 02:04:07.226349 np0000007304 devstack@n-api.service[84339]: DEBUG oslo_concurrency.processutils [None req-60fd1b73-8d8b-4dd1-b25b-d8e36cb4aeed None None] Running cmd (subprocess): grep -F node.session.scan /sbin/iscsiadm {{(pid=84339) execute /opt/stack/data/venv/lib/python3.12/site-packages/oslo_concurrency/processutils.py:440}}
Aug 14 02:04:07.240488 np0000007304 devstack@n-api.service[84339]: DEBUG oslo_concurrency.processutils [None req-60fd1b73-8d8b-4dd1-b25b-d8e36cb4aeed None None] CMD "grep -F node.session.scan /sbin/iscsiadm" returned: 0 in 0.014s {{(pid=84339) execute /opt/stack/data/venv/lib/python3.12/site-packages/oslo_concurrency/processutils.py:468}}
Aug 14 02:04:07.242959 np0000007304 devstack@n-api.service[84340]: DEBUG oslo_concurrency.processutils [None req-6515c479-e269-41a7-8e62-86c69816d71d None None] Running cmd (subprocess): grep -F node.session.scan /sbin/iscsiadm {{(pid=84340) execute /opt/stack/data/venv/lib/python3.12/site-packages/oslo_concurrency/processutils.py:440}}
Aug 14 02:04:07.257477 np0000007304 devstack@n-api.service[84340]: DEBUG oslo_concurrency.processutils [None req-6515c479-e269-41a7-8e62-86c69816d71d None None] CMD "grep -F node.session.scan /sbin/iscsiadm" returned: 0 in 0.015s {{(pid=84340) execute /opt/stack/data/venv/lib/python3.12/site-packages/oslo_concurrency/processutils.py:468}}
Aug 14 02:04:07.344634 np0000007304 devstack@n-api.service[84338]: DEBUG oslo_concurrency.processutils [None req-fdc38226-6826-452d-97d6-159052054f10 None None] Running cmd (subprocess): grep -F node.session.scan /sbin/iscsiadm {{(pid=84338) execute /opt/stack/data/venv/lib/python3.12/site-packages/oslo_concurrency/processutils.py:440}}
Aug 14 02:04:07.355559 np0000007304 devstack@n-api.service[84338]: DEBUG oslo_concurrency.processutils [None req-fdc38226-6826-452d-97d6-159052054f10 None None] CMD "grep -F node.session.scan /sbin/iscsiadm" returned: 0 in 0.011s {{(pid=84338) execute /opt/stack/data/venv/lib/python3.12/site-packages/oslo_concurrency/processutils.py:468}}
Aug 14 02:04:07.891497 np0000007304 devstack@n-api.service[84338]: DEBUG nova.api.openstack.wsgi_app [None req-fdc38226-6826-452d-97d6-159052054f10 None None] ******************************************************************************** {{(pid=84338) log_opt_values /opt/stack/data/venv/lib/python3.12/site-packages/oslo_config/cfg.py:3533}}
Aug 14 02:04:07.892037 np0000007304 devstack@n-api.service[84338]: DEBUG nova.api.openstack.wsgi_app [None req-fdc38226-6826-452d-97d6-159052054f10 None None] Configuration options gathered from: {{(pid=84338) log_opt_values /opt/stack/data/venv/lib/python3.12/site-packages/oslo_config/cfg.py:3534}}
Aug 14 02:04:07.892266 np0000007304 devstack@n-api.service[84338]: DEBUG nova.api.openstack.wsgi_app [None req-fdc38226-6826-452d-97d6-159052054f10 None None] command line args: [] {{(pid=84338) log_opt_values /opt/stack/data/venv/lib/python3.12/site-packages/oslo_config/cfg.py:3535}}
Aug 14 02:04:07.892471 np0000007304 devstack@n-api.service[84338]: DEBUG nova.api.openstack.wsgi_app [None req-fdc38226-6826-452d-97d6-159052054f10 None None] config files: ['/etc/nova/api-paste.ini', '/etc/nova/nova.conf'] {{(pid=84338) log_opt_values /opt/stack/data/venv/lib/python3.12/site-packages/oslo_config/cfg.py:3536}}
Aug 14 02:04:07.892622 np0000007304 devstack@n-api.service[84338]: DEBUG nova.api.openstack.wsgi_app [None req-fdc38226-6826-452d-97d6-159052054f10 None None] ================================================================================ {{(pid=84338) log_opt_values /opt/stack/data/venv/lib/python3.12/site-packages/oslo_config/cfg.py:3541}}
Aug 14 02:04:07.892889 np0000007304 devstack@n-api.service[84338]: DEBUG nova.api.openstack.wsgi_app [None req-fdc38226-6826-452d-97d6-159052054f10 None None] allow_resize_to_same_host = True {{(pid=84338) log_opt_values /opt/stack/data/venv/lib/python3.12/site-packages/oslo_config/cfg.py:3549}}
Aug 14 02:04:07.893066 np0000007304 devstack@n-api.service[84338]: DEBUG nova.api.openstack.wsgi_app [None req-fdc38226-6826-452d-97d6-159052054f10 None None] arq_binding_timeout = 300 {{(pid=84338) log_opt_values /opt/stack/data/venv/lib/python3.12/site-packages/oslo_config/cfg.py:3549}}
Aug 14 02:04:07.893236 np0000007304 devstack@n-api.service[84338]: DEBUG nova.api.openstack.wsgi_app [None req-fdc38226-6826-452d-97d6-159052054f10 None None] block_device_allocate_retries = 60 {{(pid=84338) log_opt_values /opt/stack/data/venv/lib/python3.12/site-packages/oslo_config/cfg.py:3549}}
Aug 14 02:04:07.893383 np0000007304 devstack@n-api.service[84338]: DEBUG nova.api.openstack.wsgi_app [None req-fdc38226-6826-452d-97d6-159052054f10 None None] block_device_allocate_retries_interval = 3 {{(pid=84338) log_opt_values /opt/stack/data/venv/lib/python3.12/site-packages/oslo_config/cfg.py:3549}}
Aug 14 02:04:07.893506 np0000007304 devstack@n-api.service[84338]: DEBUG nova.api.openstack.wsgi_app [None req-fdc38226-6826-452d-97d6-159052054f10 None None] cell_worker_thread_pool_size = 5 {{(pid=84338) log_opt_values /opt/stack/data/venv/lib/python3.12/site-packages/oslo_config/cfg.py:3549}}
Aug 14 02:04:07.893632 np0000007304 devstack@n-api.service[84338]: DEBUG nova.api.openstack.wsgi_app [None req-fdc38226-6826-452d-97d6-159052054f10 None None] cert = self.pem {{(pid=84338) log_opt_values /opt/stack/data/venv/lib/python3.12/site-packages/oslo_config/cfg.py:3549}}
Aug 14 02:04:07.893789 np0000007304 devstack@n-api.service[84338]: DEBUG nova.api.openstack.wsgi_app [None req-fdc38226-6826-452d-97d6-159052054f10 None None] compute_driver = libvirt.LibvirtDriver {{(pid=84338) log_opt_values /opt/stack/data/venv/lib/python3.12/site-packages/oslo_config/cfg.py:3549}}
Aug 14 02:04:07.893932 np0000007304 devstack@n-api.service[84338]: DEBUG nova.api.openstack.wsgi_app [None req-fdc38226-6826-452d-97d6-159052054f10 None None] compute_monitors = [] {{(pid=84338) log_opt_values /opt/stack/data/venv/lib/python3.12/site-packages/oslo_config/cfg.py:3549}}
Aug 14 02:04:07.894061 np0000007304 devstack@n-api.service[84338]: DEBUG nova.api.openstack.wsgi_app [None req-fdc38226-6826-452d-97d6-159052054f10 None None] concurrency_backend = auto {{(pid=84338) log_opt_values /opt/stack/data/venv/lib/python3.12/site-packages/oslo_config/cfg.py:3549}}
Aug 14 02:04:07.894184 np0000007304 devstack@n-api.service[84338]: DEBUG nova.api.openstack.wsgi_app [None req-fdc38226-6826-452d-97d6-159052054f10 None None] config_dir = [] {{(pid=84338) log_opt_values /opt/stack/data/venv/lib/python3.12/site-packages/oslo_config/cfg.py:3549}}
Aug 14 02:04:07.894340 np0000007304 devstack@n-api.service[84338]: DEBUG nova.api.openstack.wsgi_app [None req-fdc38226-6826-452d-97d6-159052054f10 None None] config_drive_format = iso9660 {{(pid=84338) log_opt_values /opt/stack/data/venv/lib/python3.12/site-packages/oslo_config/cfg.py:3549}}
Aug 14 02:04:07.894448 np0000007304 devstack@n-api.service[84338]: DEBUG nova.api.openstack.wsgi_app [None req-fdc38226-6826-452d-97d6-159052054f10 None None] config_file = ['/etc/nova/api-paste.ini', '/etc/nova/nova.conf'] {{(pid=84338) log_opt_values /opt/stack/data/venv/lib/python3.12/site-packages/oslo_config/cfg.py:3549}}
Aug 14 02:04:07.894591 np0000007304 devstack@n-api.service[84338]: DEBUG nova.api.openstack.wsgi_app [None req-fdc38226-6826-452d-97d6-159052054f10 None None] config_source = [] {{(pid=84338) log_opt_values /opt/stack/data/venv/lib/python3.12/site-packages/oslo_config/cfg.py:3549}}
Aug 14 02:04:07.894794 np0000007304 devstack@n-api.service[84338]: DEBUG nova.api.openstack.wsgi_app [None req-fdc38226-6826-452d-97d6-159052054f10 None None] console_host = np0000007304 {{(pid=84338) log_opt_values /opt/stack/data/venv/lib/python3.12/site-packages/oslo_config/cfg.py:3549}}
Aug 14 02:04:07.895010 np0000007304 devstack@n-api.service[84338]: DEBUG nova.api.openstack.wsgi_app [None req-fdc38226-6826-452d-97d6-159052054f10 None None] control_exchange = nova {{(pid=84338) log_opt_values /opt/stack/data/venv/lib/python3.12/site-packages/oslo_config/cfg.py:3549}}
Aug 14 02:04:07.895140 np0000007304 devstack@n-api.service[84338]: DEBUG nova.api.openstack.wsgi_app [None req-fdc38226-6826-452d-97d6-159052054f10 None None] cpu_allocation_ratio = None {{(pid=84338) log_opt_values /opt/stack/data/venv/lib/python3.12/site-packages/oslo_config/cfg.py:3549}}
Aug 14 02:04:07.895259 np0000007304 devstack@n-api.service[84338]: DEBUG nova.api.openstack.wsgi_app [None req-fdc38226-6826-452d-97d6-159052054f10 None None] daemon = False {{(pid=84338) log_opt_values /opt/stack/data/venv/lib/python3.12/site-packages/oslo_config/cfg.py:3549}}
Aug 14 02:04:07.895463 np0000007304 devstack@n-api.service[84338]: DEBUG nova.api.openstack.wsgi_app [None req-fdc38226-6826-452d-97d6-159052054f10 None None] debug = True {{(pid=84338) log_opt_values /opt/stack/data/venv/lib/python3.12/site-packages/oslo_config/cfg.py:3549}}
Aug 14 02:04:07.895636 np0000007304 devstack@n-api.service[84338]: DEBUG nova.api.openstack.wsgi_app [None req-fdc38226-6826-452d-97d6-159052054f10 None None] default_access_ip_network_name = None {{(pid=84338) log_opt_values /opt/stack/data/venv/lib/python3.12/site-packages/oslo_config/cfg.py:3549}}
Aug 14 02:04:07.895789 np0000007304 devstack@n-api.service[84338]: DEBUG nova.api.openstack.wsgi_app [None req-fdc38226-6826-452d-97d6-159052054f10 None None] default_availability_zone = nova {{(pid=84338) log_opt_values /opt/stack/data/venv/lib/python3.12/site-packages/oslo_config/cfg.py:3549}}
Aug 14 02:04:07.895914 np0000007304 devstack@n-api.service[84338]: DEBUG nova.api.openstack.wsgi_app [None req-fdc38226-6826-452d-97d6-159052054f10 None None] default_ephemeral_format = ext4 {{(pid=84338) log_opt_values /opt/stack/data/venv/lib/python3.12/site-packages/oslo_config/cfg.py:3549}}
Aug 14 02:04:07.896037 np0000007304 devstack@n-api.service[84338]: DEBUG nova.api.openstack.wsgi_app [None req-fdc38226-6826-452d-97d6-159052054f10 None None] default_green_pool_size = 1000 {{(pid=84338) log_opt_values /opt/stack/data/venv/lib/python3.12/site-packages/oslo_config/cfg.py:3549}}
Aug 14 02:04:07.896218 np0000007304 devstack@n-api.service[84338]: DEBUG nova.api.openstack.wsgi_app [None req-fdc38226-6826-452d-97d6-159052054f10 None None] default_log_levels = ['amqp=WARN', 'boto=WARN', 'sqlalchemy=WARN', 'suds=INFO', 'oslo.messaging=INFO', 'oslo_messaging=INFO', 'iso8601=WARN', 'requests.packages.urllib3.connectionpool=WARN', 'urllib3.connectionpool=WARN', 'websocket=WARN', 'requests.packages.urllib3.util.retry=WARN', 'urllib3.util.retry=WARN', 'keystonemiddleware=WARN', 'routes.middleware=WARN', 'stevedore=WARN', 'taskflow=WARN', 'keystoneauth=WARN', 'oslo.cache=INFO', 'oslo_policy=INFO', 'dogpile.core.dogpile=INFO', 'glanceclient=WARN', 'oslo.privsep.daemon=INFO'] {{(pid=84338) log_opt_values /opt/stack/data/venv/lib/python3.12/site-packages/oslo_config/cfg.py:3549}}
Aug 14 02:04:07.896362 np0000007304 devstack@n-api.service[84338]: DEBUG nova.api.openstack.wsgi_app [None req-fdc38226-6826-452d-97d6-159052054f10 None None] default_schedule_zone = None {{(pid=84338) log_opt_values /opt/stack/data/venv/lib/python3.12/site-packages/oslo_config/cfg.py:3549}}
Aug 14 02:04:07.896494 np0000007304 devstack@n-api.service[84338]: DEBUG nova.api.openstack.wsgi_app [None req-fdc38226-6826-452d-97d6-159052054f10 None None] default_thread_pool_size = 10 {{(pid=84338) log_opt_values /opt/stack/data/venv/lib/python3.12/site-packages/oslo_config/cfg.py:3549}}
Aug 14 02:04:07.896627 np0000007304 devstack@n-api.service[84338]: DEBUG nova.api.openstack.wsgi_app [None req-fdc38226-6826-452d-97d6-159052054f10 None None] disk_allocation_ratio = None {{(pid=84338) log_opt_values /opt/stack/data/venv/lib/python3.12/site-packages/oslo_config/cfg.py:3549}}
Aug 14 02:04:07.896768 np0000007304 devstack@n-api.service[84338]: DEBUG nova.api.openstack.wsgi_app [None req-fdc38226-6826-452d-97d6-159052054f10 None None] enable_new_services = True {{(pid=84338) log_opt_values /opt/stack/data/venv/lib/python3.12/site-packages/oslo_config/cfg.py:3549}}
Aug 14 02:04:07.896888 np0000007304 devstack@n-api.service[84338]: DEBUG nova.api.openstack.wsgi_app [None req-fdc38226-6826-452d-97d6-159052054f10 None None] flat_injected = False {{(pid=84338) log_opt_values /opt/stack/data/venv/lib/python3.12/site-packages/oslo_config/cfg.py:3549}}
Aug 14 02:04:07.897010 np0000007304 devstack@n-api.service[84338]: DEBUG nova.api.openstack.wsgi_app [None req-fdc38226-6826-452d-97d6-159052054f10 None None] force_config_drive = True {{(pid=84338) log_opt_values /opt/stack/data/venv/lib/python3.12/site-packages/oslo_config/cfg.py:3549}}
Aug 14 02:04:07.897148 np0000007304 devstack@n-api.service[84338]: DEBUG nova.api.openstack.wsgi_app [None req-fdc38226-6826-452d-97d6-159052054f10 None None] force_raw_images = True {{(pid=84338) log_opt_values /opt/stack/data/venv/lib/python3.12/site-packages/oslo_config/cfg.py:3549}}
Aug 14 02:04:07.897337 np0000007304 devstack@n-api.service[84338]: DEBUG nova.api.openstack.wsgi_app [None req-fdc38226-6826-452d-97d6-159052054f10 None None] graceful_shutdown_timeout = 5 {{(pid=84338) log_opt_values /opt/stack/data/venv/lib/python3.12/site-packages/oslo_config/cfg.py:3549}}
Aug 14 02:04:07.897536 np0000007304 devstack@n-api.service[84338]: DEBUG nova.api.openstack.wsgi_app [None req-fdc38226-6826-452d-97d6-159052054f10 None None] heal_instance_info_cache_interval = -1 {{(pid=84338) log_opt_values /opt/stack/data/venv/lib/python3.12/site-packages/oslo_config/cfg.py:3549}}
Aug 14 02:04:07.897808 np0000007304 devstack@n-api.service[84338]: DEBUG nova.api.openstack.wsgi_app [None req-fdc38226-6826-452d-97d6-159052054f10 None None] host = np0000007304 {{(pid=84338) log_opt_values /opt/stack/data/venv/lib/python3.12/site-packages/oslo_config/cfg.py:3549}}
Aug 14 02:04:07.897995 np0000007304 devstack@n-api.service[84338]: DEBUG nova.api.openstack.wsgi_app [None req-fdc38226-6826-452d-97d6-159052054f10 None None] initial_cpu_allocation_ratio = 4.0 {{(pid=84338) log_opt_values /opt/stack/data/venv/lib/python3.12/site-packages/oslo_config/cfg.py:3549}}
Aug 14 02:04:07.898180 np0000007304 devstack@n-api.service[84338]: DEBUG nova.api.openstack.wsgi_app [None req-fdc38226-6826-452d-97d6-159052054f10 None None] initial_disk_allocation_ratio = 1.0 {{(pid=84338) log_opt_values /opt/stack/data/venv/lib/python3.12/site-packages/oslo_config/cfg.py:3549}}
Aug 14 02:04:07.898344 np0000007304 devstack@n-api.service[84338]: DEBUG nova.api.openstack.wsgi_app [None req-fdc38226-6826-452d-97d6-159052054f10 None None] initial_ram_allocation_ratio = 1.0 {{(pid=84338) log_opt_values /opt/stack/data/venv/lib/python3.12/site-packages/oslo_config/cfg.py:3549}}
Aug 14 02:04:07.898531 np0000007304 devstack@n-api.service[84338]: DEBUG nova.api.openstack.wsgi_app [None req-fdc38226-6826-452d-97d6-159052054f10 None None] injected_network_template = /opt/stack/nova/nova/virt/interfaces.template {{(pid=84338) log_opt_values /opt/stack/data/venv/lib/python3.12/site-packages/oslo_config/cfg.py:3549}}
Aug 14 02:04:07.898663 np0000007304 devstack@n-api.service[84338]: DEBUG nova.api.openstack.wsgi_app [None req-fdc38226-6826-452d-97d6-159052054f10 None None] instance_build_timeout = 0 {{(pid=84338) log_opt_values /opt/stack/data/venv/lib/python3.12/site-packages/oslo_config/cfg.py:3549}}
Aug 14 02:04:07.898810 np0000007304 devstack@n-api.service[84338]: DEBUG nova.api.openstack.wsgi_app [None req-fdc38226-6826-452d-97d6-159052054f10 None None] instance_delete_interval = 300 {{(pid=84338) log_opt_values /opt/stack/data/venv/lib/python3.12/site-packages/oslo_config/cfg.py:3549}}
Aug 14 02:04:07.898981 np0000007304 devstack@n-api.service[84338]: DEBUG nova.api.openstack.wsgi_app [None req-fdc38226-6826-452d-97d6-159052054f10 None None] instance_format = [instance: %(uuid)s] {{(pid=84338) log_opt_values /opt/stack/data/venv/lib/python3.12/site-packages/oslo_config/cfg.py:3549}}
Aug 14 02:04:07.899174 np0000007304 devstack@n-api.service[84338]: DEBUG nova.api.openstack.wsgi_app [None req-fdc38226-6826-452d-97d6-159052054f10 None None] instance_name_template = instance-%08x {{(pid=84338) log_opt_values /opt/stack/data/venv/lib/python3.12/site-packages/oslo_config/cfg.py:3549}}
Aug 14 02:04:07.899298 np0000007304 devstack@n-api.service[84338]: DEBUG nova.api.openstack.wsgi_app [None req-fdc38226-6826-452d-97d6-159052054f10 None None] instance_usage_audit = False {{(pid=84338) log_opt_values /opt/stack/data/venv/lib/python3.12/site-packages/oslo_config/cfg.py:3549}}
Aug 14 02:04:07.899441 np0000007304 devstack@n-api.service[84338]: DEBUG nova.api.openstack.wsgi_app [None req-fdc38226-6826-452d-97d6-159052054f10 None None] instance_usage_audit_period = month {{(pid=84338) log_opt_values /opt/stack/data/venv/lib/python3.12/site-packages/oslo_config/cfg.py:3549}}
Aug 14 02:04:07.899591 np0000007304 devstack@n-api.service[84338]: DEBUG nova.api.openstack.wsgi_app [None req-fdc38226-6826-452d-97d6-159052054f10 None None] instance_uuid_format = [instance: %(uuid)s] {{(pid=84338) log_opt_values /opt/stack/data/venv/lib/python3.12/site-packages/oslo_config/cfg.py:3549}}
Aug 14 02:04:07.899727 np0000007304 devstack@n-api.service[84338]: DEBUG nova.api.openstack.wsgi_app [None req-fdc38226-6826-452d-97d6-159052054f10 None None] instances_path = /opt/stack/data/nova/instances {{(pid=84338) log_opt_values /opt/stack/data/venv/lib/python3.12/site-packages/oslo_config/cfg.py:3549}}
Aug 14 02:04:07.899938 np0000007304 devstack@n-api.service[84338]: DEBUG nova.api.openstack.wsgi_app [None req-fdc38226-6826-452d-97d6-159052054f10 None None] internal_service_availability_zone = internal {{(pid=84338) log_opt_values /opt/stack/data/venv/lib/python3.12/site-packages/oslo_config/cfg.py:3549}}
Aug 14 02:04:07.900115 np0000007304 devstack@n-api.service[84338]: DEBUG nova.api.openstack.wsgi_app [None req-fdc38226-6826-452d-97d6-159052054f10 None None] key = None {{(pid=84338) log_opt_values /opt/stack/data/venv/lib/python3.12/site-packages/oslo_config/cfg.py:3549}}
Aug 14 02:04:07.900280 np0000007304 devstack@n-api.service[84338]: DEBUG nova.api.openstack.wsgi_app [None req-fdc38226-6826-452d-97d6-159052054f10 None None] live_migration_retry_count = 30 {{(pid=84338) log_opt_values /opt/stack/data/venv/lib/python3.12/site-packages/oslo_config/cfg.py:3549}}
Aug 14 02:04:07.900436 np0000007304 devstack@n-api.service[84338]: DEBUG nova.api.openstack.wsgi_app [None req-fdc38226-6826-452d-97d6-159052054f10 None None] log_color = False {{(pid=84338) log_opt_values /opt/stack/data/venv/lib/python3.12/site-packages/oslo_config/cfg.py:3549}}
Aug 14 02:04:07.900595 np0000007304 devstack@n-api.service[84338]: DEBUG nova.api.openstack.wsgi_app [None req-fdc38226-6826-452d-97d6-159052054f10 None None] log_config_append = None {{(pid=84338) log_opt_values /opt/stack/data/venv/lib/python3.12/site-packages/oslo_config/cfg.py:3549}}
Aug 14 02:04:07.900789 np0000007304 devstack@n-api.service[84338]: DEBUG nova.api.openstack.wsgi_app [None req-fdc38226-6826-452d-97d6-159052054f10 None None] log_date_format = %Y-%m-%d %H:%M:%S {{(pid=84338) log_opt_values /opt/stack/data/venv/lib/python3.12/site-packages/oslo_config/cfg.py:3549}}
Aug 14 02:04:07.900955 np0000007304 devstack@n-api.service[84338]: DEBUG nova.api.openstack.wsgi_app [None req-fdc38226-6826-452d-97d6-159052054f10 None None] log_dir = None {{(pid=84338) log_opt_values /opt/stack/data/venv/lib/python3.12/site-packages/oslo_config/cfg.py:3549}}
Aug 14 02:04:07.901102 np0000007304 devstack@n-api.service[84338]: DEBUG nova.api.openstack.wsgi_app [None req-fdc38226-6826-452d-97d6-159052054f10 None None] log_file = None {{(pid=84338) log_opt_values /opt/stack/data/venv/lib/python3.12/site-packages/oslo_config/cfg.py:3549}}
Aug 14 02:04:07.901201 np0000007304 devstack@n-api.service[84338]: DEBUG nova.api.openstack.wsgi_app [None req-fdc38226-6826-452d-97d6-159052054f10 None None] log_options = True {{(pid=84338) log_opt_values /opt/stack/data/venv/lib/python3.12/site-packages/oslo_config/cfg.py:3549}}
Aug 14 02:04:07.901315 np0000007304 devstack@n-api.service[84338]: DEBUG nova.api.openstack.wsgi_app [None req-fdc38226-6826-452d-97d6-159052054f10 None None] log_rotate_interval = 1 {{(pid=84338) log_opt_values /opt/stack/data/venv/lib/python3.12/site-packages/oslo_config/cfg.py:3549}}
Aug 14 02:04:07.901438 np0000007304 devstack@n-api.service[84338]: DEBUG nova.api.openstack.wsgi_app [None req-fdc38226-6826-452d-97d6-159052054f10 None None] log_rotate_interval_type = days {{(pid=84338) log_opt_values /opt/stack/data/venv/lib/python3.12/site-packages/oslo_config/cfg.py:3549}}
Aug 14 02:04:07.901577 np0000007304 devstack@n-api.service[84338]: DEBUG nova.api.openstack.wsgi_app [None req-fdc38226-6826-452d-97d6-159052054f10 None None] log_rotation_type = none {{(pid=84338) log_opt_values /opt/stack/data/venv/lib/python3.12/site-packages/oslo_config/cfg.py:3549}}
Aug 14 02:04:07.901684 np0000007304 devstack@n-api.service[84338]: DEBUG nova.api.openstack.wsgi_app [None req-fdc38226-6826-452d-97d6-159052054f10 None None] logging_context_format_string = %(color)s%(levelname)s %(name)s [%(global_request_id)s %(request_id)s %(project_name)s %(user_name)s%(color)s] %(instance)s%(color)s%(message)s {{(pid=84338) log_opt_values /opt/stack/data/venv/lib/python3.12/site-packages/oslo_config/cfg.py:3549}}
Aug 14 02:04:07.901826 np0000007304 devstack@n-api.service[84338]: DEBUG nova.api.openstack.wsgi_app [None req-fdc38226-6826-452d-97d6-159052054f10 None None] logging_debug_format_suffix = {{(pid=%(process)d) %(funcName)s %(pathname)s:%(lineno)d}} {{(pid=84338) log_opt_values /opt/stack/data/venv/lib/python3.12/site-packages/oslo_config/cfg.py:3549}}
Aug 14 02:04:07.902017 np0000007304 devstack@n-api.service[84338]: DEBUG nova.api.openstack.wsgi_app [None req-fdc38226-6826-452d-97d6-159052054f10 None None] logging_default_format_string = %(color)s%(levelname)s %(name)s [-%(color)s] %(instance)s%(color)s%(message)s {{(pid=84338) log_opt_values /opt/stack/data/venv/lib/python3.12/site-packages/oslo_config/cfg.py:3549}}
Aug 14 02:04:07.902202 np0000007304 devstack@n-api.service[84338]: DEBUG nova.api.openstack.wsgi_app [None req-fdc38226-6826-452d-97d6-159052054f10 None None] logging_exception_prefix = ERROR %(name)s %(instance)s {{(pid=84338) log_opt_values /opt/stack/data/venv/lib/python3.12/site-packages/oslo_config/cfg.py:3549}}
Aug 14 02:04:07.902341 np0000007304 devstack@n-api.service[84338]: DEBUG nova.api.openstack.wsgi_app [None req-fdc38226-6826-452d-97d6-159052054f10 None None] logging_user_identity_format = %(user)s %(project)s %(domain)s %(system_scope)s %(user_domain)s %(project_domain)s {{(pid=84338) log_opt_values /opt/stack/data/venv/lib/python3.12/site-packages/oslo_config/cfg.py:3549}}
Aug 14 02:04:07.902523 np0000007304 devstack@n-api.service[84338]: DEBUG nova.api.openstack.wsgi_app [None req-fdc38226-6826-452d-97d6-159052054f10 None None] long_rpc_timeout = 1800 {{(pid=84338) log_opt_values /opt/stack/data/venv/lib/python3.12/site-packages/oslo_config/cfg.py:3549}}
Aug 14 02:04:07.902714 np0000007304 devstack@n-api.service[84338]: DEBUG nova.api.openstack.wsgi_app [None req-fdc38226-6826-452d-97d6-159052054f10 None None] manager_shutdown_timeout = 160 {{(pid=84338) log_opt_values /opt/stack/data/venv/lib/python3.12/site-packages/oslo_config/cfg.py:3549}}
Aug 14 02:04:07.902881 np0000007304 devstack@n-api.service[84338]: DEBUG nova.api.openstack.wsgi_app [None req-fdc38226-6826-452d-97d6-159052054f10 None None] max_concurrent_builds = 10 {{(pid=84338) log_opt_values /opt/stack/data/venv/lib/python3.12/site-packages/oslo_config/cfg.py:3549}}
Aug 14 02:04:07.903030 np0000007304 devstack@n-api.service[84338]: DEBUG nova.api.openstack.wsgi_app [None req-fdc38226-6826-452d-97d6-159052054f10 None None] max_concurrent_live_migrations = 1 {{(pid=84338) log_opt_values /opt/stack/data/venv/lib/python3.12/site-packages/oslo_config/cfg.py:3549}}
Aug 14 02:04:07.903198 np0000007304 devstack@n-api.service[84338]: DEBUG nova.api.openstack.wsgi_app [None req-fdc38226-6826-452d-97d6-159052054f10 None None] max_concurrent_snapshots = 5 {{(pid=84338) log_opt_values /opt/stack/data/venv/lib/python3.12/site-packages/oslo_config/cfg.py:3549}}
Aug 14 02:04:07.903345 np0000007304 devstack@n-api.service[84338]: DEBUG nova.api.openstack.wsgi_app [None req-fdc38226-6826-452d-97d6-159052054f10 None None] max_local_block_devices = 3 {{(pid=84338) log_opt_values /opt/stack/data/venv/lib/python3.12/site-packages/oslo_config/cfg.py:3549}}
Aug 14 02:04:07.903459 np0000007304 devstack@n-api.service[84338]: DEBUG nova.api.openstack.wsgi_app [None req-fdc38226-6826-452d-97d6-159052054f10 None None] max_logfile_count = 30 {{(pid=84338) log_opt_values /opt/stack/data/venv/lib/python3.12/site-packages/oslo_config/cfg.py:3549}}
Aug 14 02:04:07.903586 np0000007304 devstack@n-api.service[84338]: DEBUG nova.api.openstack.wsgi_app [None req-fdc38226-6826-452d-97d6-159052054f10 None None] max_logfile_size_mb = 200 {{(pid=84338) log_opt_values /opt/stack/data/venv/lib/python3.12/site-packages/oslo_config/cfg.py:3549}}
Aug 14 02:04:07.903722 np0000007304 devstack@n-api.service[84338]: DEBUG nova.api.openstack.wsgi_app [None req-fdc38226-6826-452d-97d6-159052054f10 None None] maximum_instance_delete_attempts = 5 {{(pid=84338) log_opt_values /opt/stack/data/venv/lib/python3.12/site-packages/oslo_config/cfg.py:3549}}
Aug 14 02:04:07.903872 np0000007304 devstack@n-api.service[84338]: DEBUG nova.api.openstack.wsgi_app [None req-fdc38226-6826-452d-97d6-159052054f10 None None] migrate_max_retries = -1 {{(pid=84338) log_opt_values /opt/stack/data/venv/lib/python3.12/site-packages/oslo_config/cfg.py:3549}}
Aug 14 02:04:07.903996 np0000007304 devstack@n-api.service[84338]: DEBUG nova.api.openstack.wsgi_app [None req-fdc38226-6826-452d-97d6-159052054f10 None None] mkisofs_cmd = genisoimage {{(pid=84338) log_opt_values /opt/stack/data/venv/lib/python3.12/site-packages/oslo_config/cfg.py:3549}}
Aug 14 02:04:07.904157 np0000007304 devstack@n-api.service[84338]: DEBUG nova.api.openstack.wsgi_app [None req-fdc38226-6826-452d-97d6-159052054f10 None None] my_block_storage_ip = 10.4.3.22 {{(pid=84338) log_opt_values /opt/stack/data/venv/lib/python3.12/site-packages/oslo_config/cfg.py:3549}}
Aug 14 02:04:07.904250 np0000007304 devstack@n-api.service[84338]: DEBUG nova.api.openstack.wsgi_app [None req-fdc38226-6826-452d-97d6-159052054f10 None None] my_ip = 10.4.3.22 {{(pid=84338) log_opt_values /opt/stack/data/venv/lib/python3.12/site-packages/oslo_config/cfg.py:3549}}
Aug 14 02:04:07.904394 np0000007304 devstack@n-api.service[84338]: DEBUG nova.api.openstack.wsgi_app [None req-fdc38226-6826-452d-97d6-159052054f10 None None] my_shared_fs_storage_ip = 10.4.3.22 {{(pid=84338) log_opt_values /opt/stack/data/venv/lib/python3.12/site-packages/oslo_config/cfg.py:3549}}
Aug 14 02:04:07.904567 np0000007304 devstack@n-api.service[84338]: DEBUG nova.api.openstack.wsgi_app [None req-fdc38226-6826-452d-97d6-159052054f10 None None] network_allocate_retries = 0 {{(pid=84338) log_opt_values /opt/stack/data/venv/lib/python3.12/site-packages/oslo_config/cfg.py:3549}}
