Aug 14 02:04:56.726490 np0000007304 nova-conductor[95916]: DEBUG cotyledon.oslo_config_glue [-] oslo_messaging_rabbit.rabbit_quorum_max_memory_bytes = 0 {{(pid=95916) log_opt_values /opt/stack/data/venv/lib/python3.12/site-packages/oslo_config/cfg.py:3560}}
Aug 14 02:04:56.726490 np0000007304 nova-conductor[95916]: DEBUG cotyledon.oslo_config_glue [-] oslo_messaging_rabbit.rabbit_quorum_max_memory_length = 0 {{(pid=95916) log_opt_values /opt/stack/data/venv/lib/python3.12/site-packages/oslo_config/cfg.py:3560}}
Aug 14 02:04:56.726490 np0000007304 nova-conductor[95916]: DEBUG cotyledon.oslo_config_glue [-] oslo_messaging_rabbit.rabbit_quorum_queue = False {{(pid=95916) log_opt_values /opt/stack/data/venv/lib/python3.12/site-packages/oslo_config/cfg.py:3560}}
Aug 14 02:04:56.726490 np0000007304 nova-conductor[95916]: DEBUG cotyledon.oslo_config_glue [-] oslo_messaging_rabbit.rabbit_retry_backoff = 2 {{(pid=95916) log_opt_values /opt/stack/data/venv/lib/python3.12/site-packages/oslo_config/cfg.py:3560}}
Aug 14 02:04:56.726490 np0000007304 nova-conductor[95916]: DEBUG cotyledon.oslo_config_glue [-] oslo_messaging_rabbit.rabbit_retry_interval = 1 {{(pid=95916) log_opt_values /opt/stack/data/venv/lib/python3.12/site-packages/oslo_config/cfg.py:3560}}
Aug 14 02:04:56.726490 np0000007304 nova-conductor[95916]: DEBUG cotyledon.oslo_config_glue [-] oslo_messaging_rabbit.rabbit_stream_fanout = False {{(pid=95916) log_opt_values /opt/stack/data/venv/lib/python3.12/site-packages/oslo_config/cfg.py:3560}}
Aug 14 02:04:56.726490 np0000007304 nova-conductor[95916]: DEBUG cotyledon.oslo_config_glue [-] oslo_messaging_rabbit.rabbit_transient_queues_ttl = 1800 {{(pid=95916) log_opt_values /opt/stack/data/venv/lib/python3.12/site-packages/oslo_config/cfg.py:3560}}
Aug 14 02:04:56.726490 np0000007304 nova-conductor[95916]: DEBUG cotyledon.oslo_config_glue [-] oslo_messaging_rabbit.rabbit_transient_quorum_queue = False {{(pid=95916) log_opt_values /opt/stack/data/venv/lib/python3.12/site-packages/oslo_config/cfg.py:3560}}
Aug 14 02:04:56.726668 np0000007304 nova-conductor[95916]: DEBUG cotyledon.oslo_config_glue [-] oslo_messaging_rabbit.rpc_conn_pool_size = 30 {{(pid=95916) log_opt_values /opt/stack/data/venv/lib/python3.12/site-packages/oslo_config/cfg.py:3560}}
Aug 14 02:04:56.726668 np0000007304 nova-conductor[95916]: DEBUG cotyledon.oslo_config_glue [-] oslo_messaging_rabbit.ssl = False {{(pid=95916) log_opt_values /opt/stack/data/venv/lib/python3.12/site-packages/oslo_config/cfg.py:3560}}
Aug 14 02:04:56.726668 np0000007304 nova-conductor[95916]: DEBUG cotyledon.oslo_config_glue [-] oslo_messaging_rabbit.ssl_ca_file = {{(pid=95916) log_opt_values /opt/stack/data/venv/lib/python3.12/site-packages/oslo_config/cfg.py:3560}}
Aug 14 02:04:56.726668 np0000007304 nova-conductor[95916]: DEBUG cotyledon.oslo_config_glue [-] oslo_messaging_rabbit.ssl_cert_file = {{(pid=95916) log_opt_values /opt/stack/data/venv/lib/python3.12/site-packages/oslo_config/cfg.py:3560}}
Aug 14 02:04:56.726668 np0000007304 nova-conductor[95916]: DEBUG cotyledon.oslo_config_glue [-] oslo_messaging_rabbit.ssl_enforce_fips_mode = False {{(pid=95916) log_opt_values /opt/stack/data/venv/lib/python3.12/site-packages/oslo_config/cfg.py:3560}}
Aug 14 02:04:56.726668 np0000007304 nova-conductor[95916]: DEBUG cotyledon.oslo_config_glue [-] oslo_messaging_rabbit.ssl_enforce_hostname_verification = True {{(pid=95916) log_opt_values /opt/stack/data/venv/lib/python3.12/site-packages/oslo_config/cfg.py:3560}}
Aug 14 02:04:56.726668 np0000007304 nova-conductor[95916]: DEBUG cotyledon.oslo_config_glue [-] oslo_messaging_rabbit.ssl_key_file = {{(pid=95916) log_opt_values /opt/stack/data/venv/lib/python3.12/site-packages/oslo_config/cfg.py:3560}}
Aug 14 02:04:56.726668 np0000007304 nova-conductor[95916]: DEBUG cotyledon.oslo_config_glue [-] oslo_messaging_rabbit.ssl_version = {{(pid=95916) log_opt_values /opt/stack/data/venv/lib/python3.12/site-packages/oslo_config/cfg.py:3560}}
Aug 14 02:04:56.726668 np0000007304 nova-conductor[95916]: DEBUG cotyledon.oslo_config_glue [-] oslo_messaging_rabbit.use_queue_manager = False {{(pid=95916) log_opt_values /opt/stack/data/venv/lib/python3.12/site-packages/oslo_config/cfg.py:3560}}
Aug 14 02:04:56.726993 np0000007304 nova-conductor[95916]: DEBUG cotyledon.oslo_config_glue [-] oslo_messaging_notifications.driver = ['messagingv2'] {{(pid=95916) log_opt_values /opt/stack/data/venv/lib/python3.12/site-packages/oslo_config/cfg.py:3560}}
Aug 14 02:04:56.726993 np0000007304 nova-conductor[95916]: DEBUG cotyledon.oslo_config_glue [-] oslo_messaging_notifications.retry = -1 {{(pid=95916) log_opt_values /opt/stack/data/venv/lib/python3.12/site-packages/oslo_config/cfg.py:3560}}
Aug 14 02:04:56.726993 np0000007304 nova-conductor[95916]: DEBUG cotyledon.oslo_config_glue [-] oslo_messaging_notifications.topics = ['notifications'] {{(pid=95916) log_opt_values /opt/stack/data/venv/lib/python3.12/site-packages/oslo_config/cfg.py:3560}}
Aug 14 02:04:56.726993 np0000007304 nova-conductor[95916]: DEBUG cotyledon.oslo_config_glue [-] oslo_messaging_notifications.transport_url = **** {{(pid=95916) log_opt_values /opt/stack/data/venv/lib/python3.12/site-packages/oslo_config/cfg.py:3560}}
Aug 14 02:04:56.726993 np0000007304 nova-conductor[95916]: DEBUG cotyledon.oslo_config_glue [-] oslo_limit.auth_section = None {{(pid=95916) log_opt_values /opt/stack/data/venv/lib/python3.12/site-packages/oslo_config/cfg.py:3560}}
Aug 14 02:04:56.726993 np0000007304 nova-conductor[95916]: DEBUG cotyledon.oslo_config_glue [-] oslo_limit.auth_type = None {{(pid=95916) log_opt_values /opt/stack/data/venv/lib/python3.12/site-packages/oslo_config/cfg.py:3560}}
Aug 14 02:04:56.726993 np0000007304 nova-conductor[95916]: DEBUG cotyledon.oslo_config_glue [-] oslo_limit.cafile = None {{(pid=95916) log_opt_values /opt/stack/data/venv/lib/python3.12/site-packages/oslo_config/cfg.py:3560}}
Aug 14 02:04:56.726993 np0000007304 nova-conductor[95916]: DEBUG cotyledon.oslo_config_glue [-] oslo_limit.certfile = None {{(pid=95916) log_opt_values /opt/stack/data/venv/lib/python3.12/site-packages/oslo_config/cfg.py:3560}}
Aug 14 02:04:56.726993 np0000007304 nova-conductor[95916]: DEBUG cotyledon.oslo_config_glue [-] oslo_limit.collect_timing = False {{(pid=95916) log_opt_values /opt/stack/data/venv/lib/python3.12/site-packages/oslo_config/cfg.py:3560}}
Aug 14 02:04:56.727173 np0000007304 nova-conductor[95916]: DEBUG cotyledon.oslo_config_glue [-] oslo_limit.connect_retries = None {{(pid=95916) log_opt_values /opt/stack/data/venv/lib/python3.12/site-packages/oslo_config/cfg.py:3560}}
Aug 14 02:04:56.727173 np0000007304 nova-conductor[95916]: DEBUG cotyledon.oslo_config_glue [-] oslo_limit.connect_retry_delay = None {{(pid=95916) log_opt_values /opt/stack/data/venv/lib/python3.12/site-packages/oslo_config/cfg.py:3560}}
Aug 14 02:04:56.727173 np0000007304 nova-conductor[95916]: DEBUG cotyledon.oslo_config_glue [-] oslo_limit.endpoint_id = None {{(pid=95916) log_opt_values /opt/stack/data/venv/lib/python3.12/site-packages/oslo_config/cfg.py:3560}}
Aug 14 02:04:56.727173 np0000007304 nova-conductor[95916]: DEBUG cotyledon.oslo_config_glue [-] oslo_limit.endpoint_interface = public {{(pid=95916) log_opt_values /opt/stack/data/venv/lib/python3.12/site-packages/oslo_config/cfg.py:3560}}
Aug 14 02:04:56.727173 np0000007304 nova-conductor[95916]: DEBUG cotyledon.oslo_config_glue [-] oslo_limit.endpoint_override = None {{(pid=95916) log_opt_values /opt/stack/data/venv/lib/python3.12/site-packages/oslo_config/cfg.py:3560}}
Aug 14 02:04:56.727173 np0000007304 nova-conductor[95916]: DEBUG cotyledon.oslo_config_glue [-] oslo_limit.endpoint_region_name = None {{(pid=95916) log_opt_values /opt/stack/data/venv/lib/python3.12/site-packages/oslo_config/cfg.py:3560}}
Aug 14 02:04:56.727173 np0000007304 nova-conductor[95916]: DEBUG cotyledon.oslo_config_glue [-] oslo_limit.endpoint_service_name = None {{(pid=95916) log_opt_values /opt/stack/data/venv/lib/python3.12/site-packages/oslo_config/cfg.py:3560}}
Aug 14 02:04:56.727173 np0000007304 nova-conductor[95916]: DEBUG cotyledon.oslo_config_glue [-] oslo_limit.endpoint_service_type = None {{(pid=95916) log_opt_values /opt/stack/data/venv/lib/python3.12/site-packages/oslo_config/cfg.py:3560}}
Aug 14 02:04:56.727173 np0000007304 nova-conductor[95916]: DEBUG cotyledon.oslo_config_glue [-] oslo_limit.insecure = False {{(pid=95916) log_opt_values /opt/stack/data/venv/lib/python3.12/site-packages/oslo_config/cfg.py:3560}}
Aug 14 02:04:56.727790 np0000007304 nova-conductor[95916]: DEBUG cotyledon.oslo_config_glue [-] oslo_limit.keyfile = None {{(pid=95916) log_opt_values /opt/stack/data/venv/lib/python3.12/site-packages/oslo_config/cfg.py:3560}}
Aug 14 02:04:56.727790 np0000007304 nova-conductor[95916]: DEBUG cotyledon.oslo_config_glue [-] oslo_limit.max_version = None {{(pid=95916) log_opt_values /opt/stack/data/venv/lib/python3.12/site-packages/oslo_config/cfg.py:3560}}
Aug 14 02:04:56.727790 np0000007304 nova-conductor[95916]: DEBUG cotyledon.oslo_config_glue [-] oslo_limit.min_version = None {{(pid=95916) log_opt_values /opt/stack/data/venv/lib/python3.12/site-packages/oslo_config/cfg.py:3560}}
Aug 14 02:04:56.727790 np0000007304 nova-conductor[95916]: DEBUG cotyledon.oslo_config_glue [-] oslo_limit.region_name = None {{(pid=95916) log_opt_values /opt/stack/data/venv/lib/python3.12/site-packages/oslo_config/cfg.py:3560}}
Aug 14 02:04:56.727790 np0000007304 nova-conductor[95916]: DEBUG cotyledon.oslo_config_glue [-] oslo_limit.retriable_status_codes = None {{(pid=95916) log_opt_values /opt/stack/data/venv/lib/python3.12/site-packages/oslo_config/cfg.py:3560}}
Aug 14 02:04:56.727790 np0000007304 nova-conductor[95916]: DEBUG cotyledon.oslo_config_glue [-] oslo_limit.service_name = None {{(pid=95916) log_opt_values /opt/stack/data/venv/lib/python3.12/site-packages/oslo_config/cfg.py:3560}}
Aug 14 02:04:56.727790 np0000007304 nova-conductor[95916]: DEBUG cotyledon.oslo_config_glue [-] oslo_limit.service_type = None {{(pid=95916) log_opt_values /opt/stack/data/venv/lib/python3.12/site-packages/oslo_config/cfg.py:3560}}
Aug 14 02:04:56.727790 np0000007304 nova-conductor[95916]: DEBUG cotyledon.oslo_config_glue [-] oslo_limit.split_loggers = False {{(pid=95916) log_opt_values /opt/stack/data/venv/lib/python3.12/site-packages/oslo_config/cfg.py:3560}}
Aug 14 02:04:56.727790 np0000007304 nova-conductor[95916]: DEBUG cotyledon.oslo_config_glue [-] oslo_limit.status_code_retries = None {{(pid=95916) log_opt_values /opt/stack/data/venv/lib/python3.12/site-packages/oslo_config/cfg.py:3560}}
Aug 14 02:04:56.728003 np0000007304 nova-conductor[95916]: DEBUG cotyledon.oslo_config_glue [-] oslo_limit.status_code_retry_delay = None {{(pid=95916) log_opt_values /opt/stack/data/venv/lib/python3.12/site-packages/oslo_config/cfg.py:3560}}
Aug 14 02:04:56.728003 np0000007304 nova-conductor[95916]: DEBUG cotyledon.oslo_config_glue [-] oslo_limit.timeout = None {{(pid=95916) log_opt_values /opt/stack/data/venv/lib/python3.12/site-packages/oslo_config/cfg.py:3560}}
Aug 14 02:04:56.728003 np0000007304 nova-conductor[95916]: DEBUG cotyledon.oslo_config_glue [-] oslo_limit.valid_interfaces = None {{(pid=95916) log_opt_values /opt/stack/data/venv/lib/python3.12/site-packages/oslo_config/cfg.py:3560}}
Aug 14 02:04:56.728003 np0000007304 nova-conductor[95916]: DEBUG cotyledon.oslo_config_glue [-] oslo_limit.version = None {{(pid=95916) log_opt_values /opt/stack/data/venv/lib/python3.12/site-packages/oslo_config/cfg.py:3560}}
Aug 14 02:04:56.728003 np0000007304 nova-conductor[95916]: DEBUG cotyledon.oslo_config_glue [-] oslo_reports.file_event_handler = None {{(pid=95916) log_opt_values /opt/stack/data/venv/lib/python3.12/site-packages/oslo_config/cfg.py:3560}}
Aug 14 02:04:56.728003 np0000007304 nova-conductor[95916]: DEBUG cotyledon.oslo_config_glue [-] oslo_reports.file_event_handler_interval = 1 {{(pid=95916) log_opt_values /opt/stack/data/venv/lib/python3.12/site-packages/oslo_config/cfg.py:3560}}
Aug 14 02:04:56.728003 np0000007304 nova-conductor[95916]: DEBUG cotyledon.oslo_config_glue [-] oslo_reports.log_dir = None {{(pid=95916) log_opt_values /opt/stack/data/venv/lib/python3.12/site-packages/oslo_config/cfg.py:3560}}
Aug 14 02:04:56.728003 np0000007304 nova-conductor[95916]: DEBUG cotyledon.oslo_config_glue [-] ******************************************************************************** {{(pid=95916) log_opt_values /opt/stack/data/venv/lib/python3.12/site-packages/oslo_config/cfg.py:3567}}
Aug 14 02:04:56.728003 np0000007304 nova-conductor[95916]: DEBUG cotyledon._service_worker [-] Run service ServiceWrapper(2) [95916] {{(pid=95916) wait_forever /opt/stack/data/venv/lib/python3.12/site-packages/cotyledon/_service_worker.py:218}}
Aug 14 02:04:56.728434 np0000007304 nova-conductor[95916]: INFO nova.service [-] Starting conductor node (version 33.1.0)
Aug 14 02:04:56.728434 np0000007304 nova-conductor[95916]: INFO dbcounter [None req-ef255175-addb-49c1-8df2-a51498906f2c None None] Registered counter for database nova_cell0
Aug 14 02:04:56.728486 np0000007304 nova-conductor[95901]: DEBUG oslo_db.sqlalchemy.engines [None req-4db97b48-0ad2-461f-a042-fcae68cba01f None None] MySQL server mode set to STRICT_TRANS_TABLES,STRICT_ALL_TABLES,NO_ZERO_IN_DATE,NO_ZERO_DATE,ERROR_FOR_DIVISION_BY_ZERO,TRADITIONAL,NO_ENGINE_SUBSTITUTION {{(pid=95901) _check_effective_sql_mode /opt/stack/data/venv/lib/python3.12/site-packages/oslo_db/sqlalchemy/engines.py:325}}
Aug 14 02:04:56.733124 np0000007304 nova-conductor[95901]: DEBUG dbcounter [-] [95901] Writer thread running {{(pid=95901) stat_writer /opt/stack/data/venv/lib/python3.12/site-packages/dbcounter.py:102}}
Aug 14 02:04:56.734686 np0000007304 nova-conductor[95909]: DEBUG oslo_db.sqlalchemy.engines [None req-62f51e70-d286-45a3-ba00-3707be026807 None None] MySQL server mode set to STRICT_TRANS_TABLES,STRICT_ALL_TABLES,NO_ZERO_IN_DATE,NO_ZERO_DATE,ERROR_FOR_DIVISION_BY_ZERO,TRADITIONAL,NO_ENGINE_SUBSTITUTION {{(pid=95909) _check_effective_sql_mode /opt/stack/data/venv/lib/python3.12/site-packages/oslo_db/sqlalchemy/engines.py:325}}
Aug 14 02:04:56.745307 np0000007304 nova-conductor[95909]: DEBUG dbcounter [-] [95909] Writer thread running {{(pid=95909) stat_writer /opt/stack/data/venv/lib/python3.12/site-packages/dbcounter.py:102}}
Aug 14 02:04:56.749546 np0000007304 nova-conductor[95901]: DEBUG nova.service [None req-4db97b48-0ad2-461f-a042-fcae68cba01f None None] Creating RPC server for service: nova-conductor on topic: conductor {{(pid=95901) start /opt/stack/nova/nova/service.py:196}}
Aug 14 02:04:56.752833 np0000007304 nova-conductor[95916]: DEBUG oslo_db.sqlalchemy.engines [None req-ef255175-addb-49c1-8df2-a51498906f2c None None] MySQL server mode set to STRICT_TRANS_TABLES,STRICT_ALL_TABLES,NO_ZERO_IN_DATE,NO_ZERO_DATE,ERROR_FOR_DIVISION_BY_ZERO,TRADITIONAL,NO_ENGINE_SUBSTITUTION {{(pid=95916) _check_effective_sql_mode /opt/stack/data/venv/lib/python3.12/site-packages/oslo_db/sqlalchemy/engines.py:325}}
Aug 14 02:04:56.761815 np0000007304 nova-conductor[95909]: DEBUG nova.service [None req-62f51e70-d286-45a3-ba00-3707be026807 None None] Creating RPC server for service: nova-conductor on topic: conductor {{(pid=95909) start /opt/stack/nova/nova/service.py:196}}
Aug 14 02:04:56.762337 np0000007304 nova-conductor[95916]: DEBUG dbcounter [-] [95916] Writer thread running {{(pid=95916) stat_writer /opt/stack/data/venv/lib/python3.12/site-packages/dbcounter.py:102}}
Aug 14 02:04:56.765345 np0000007304 nova-conductor[95916]: DEBUG nova.service [None req-ef255175-addb-49c1-8df2-a51498906f2c None None] Creating RPC server for service: nova-conductor on topic: conductor {{(pid=95916) start /opt/stack/nova/nova/service.py:196}}
Aug 14 02:04:56.779271 np0000007304 nova-conductor[95901]: DEBUG nova.service [None req-4db97b48-0ad2-461f-a042-fcae68cba01f None None] Join ServiceGroup membership for this service conductor {{(pid=95901) start /opt/stack/nova/nova/service.py:222}}
Aug 14 02:04:56.779467 np0000007304 nova-conductor[95901]: DEBUG nova.servicegroup.drivers.db [None req-4db97b48-0ad2-461f-a042-fcae68cba01f None None] DB_Driver: join new ServiceGroup member np0000007304 to the conductor group, service = {{(pid=95901) join /opt/stack/nova/nova/servicegroup/drivers/db.py:44}}
Aug 14 02:04:56.781477 np0000007304 nova-conductor[95909]: DEBUG nova.service [None req-62f51e70-d286-45a3-ba00-3707be026807 None None] Join ServiceGroup membership for this service conductor {{(pid=95909) start /opt/stack/nova/nova/service.py:222}}
Aug 14 02:04:56.781707 np0000007304 nova-conductor[95909]: DEBUG nova.servicegroup.drivers.db [None req-62f51e70-d286-45a3-ba00-3707be026807 None None] DB_Driver: join new ServiceGroup member np0000007304 to the conductor group, service = {{(pid=95909) join /opt/stack/nova/nova/servicegroup/drivers/db.py:44}}
Aug 14 02:04:56.785106 np0000007304 nova-conductor[95916]: DEBUG nova.service [None req-ef255175-addb-49c1-8df2-a51498906f2c None None] Join ServiceGroup membership for this service conductor {{(pid=95916) start /opt/stack/nova/nova/service.py:222}}
Aug 14 02:04:56.785267 np0000007304 nova-conductor[95916]: DEBUG nova.servicegroup.drivers.db [None req-ef255175-addb-49c1-8df2-a51498906f2c None None] DB_Driver: join new ServiceGroup member np0000007304 to the conductor group, service = {{(pid=95916) join /opt/stack/nova/nova/servicegroup/drivers/db.py:44}}
Aug 14 02:05:01.796029 np0000007304 nova-conductor[95909]: DEBUG oslo.service.backend._threading.loopingcall [-] Fixed interval looping call 'nova.servicegroup.drivers.db.DbDriver._report_state' sleeping for 119.99 seconds {{(pid=95909) _run_loop /opt/stack/data/venv/lib/python3.12/site-packages/oslo_service/backend/_threading/loopingcall.py:125}}
Aug 14 02:05:01.796732 np0000007304 nova-conductor[95901]: DEBUG oslo.service.backend._threading.loopingcall [-] Fixed interval looping call 'nova.servicegroup.drivers.db.DbDriver._report_state' sleeping for 119.98 seconds {{(pid=95901) _run_loop /opt/stack/data/venv/lib/python3.12/site-packages/oslo_service/backend/_threading/loopingcall.py:125}}
Aug 14 02:05:01.799169 np0000007304 nova-conductor[95916]: DEBUG oslo.service.backend._threading.loopingcall [-] Fixed interval looping call 'nova.servicegroup.drivers.db.DbDriver._report_state' sleeping for 119.99 seconds {{(pid=95916) _run_loop /opt/stack/data/venv/lib/python3.12/site-packages/oslo_service/backend/_threading/loopingcall.py:125}}
Aug 14 02:05:05.408671 np0000007304 nova-conductor[94436]: DEBUG dbcounter [-] [94436] Writing DB stats nova_api:SELECT=1 {{(pid=94436) stat_writer /opt/stack/data/venv/lib/python3.12/site-packages/dbcounter.py:115}}
Aug 14 02:05:05.519569 np0000007304 nova-conductor[94436]: DEBUG dbcounter [-] [94436] Writing DB stats nova_cell0:SELECT=1 {{(pid=94436) stat_writer /opt/stack/data/venv/lib/python3.12/site-packages/dbcounter.py:115}}
Aug 14 02:05:05.523811 np0000007304 nova-conductor[94436]: DEBUG dbcounter [-] [94436] Writing DB stats nova_cell1:SELECT=1 {{(pid=94436) stat_writer /opt/stack/data/venv/lib/python3.12/site-packages/dbcounter.py:115}}
Aug 14 02:05:11.787199 np0000007304 nova-conductor[95916]: DEBUG oslo.service.backend._threading.loopingcall [None req-270da7c5-3df5-4f62-a80f-f551dcbe3d76 None None] Dynamic interval looping call 'nova.service.Service.periodic_tasks' sleeping for 60.00 seconds {{(pid=95916) _run_loop /opt/stack/data/venv/lib/python3.12/site-packages/oslo_service/backend/_threading/loopingcall.py:125}}
Aug 14 02:05:11.788279 np0000007304 nova-conductor[95901]: DEBUG dbcounter [-] [95901] Writing DB stats nova_cell0:SELECT=4,nova_cell0:INSERT=1,nova_cell0:UPDATE=1 {{(pid=95901) stat_writer /opt/stack/data/venv/lib/python3.12/site-packages/dbcounter.py:115}}
Aug 14 02:05:11.789820 np0000007304 nova-conductor[95909]: DEBUG dbcounter [-] [95909] Writing DB stats nova_cell0:SELECT=4,nova_cell0:INSERT=1,nova_cell0:UPDATE=1 {{(pid=95909) stat_writer /opt/stack/data/venv/lib/python3.12/site-packages/dbcounter.py:115}}
Aug 14 02:05:11.795229 np0000007304 nova-conductor[95916]: DEBUG dbcounter [-] [95916] Writing DB stats nova_cell0:SELECT=3 {{(pid=95916) stat_writer /opt/stack/data/venv/lib/python3.12/site-packages/dbcounter.py:115}}
Aug 14 02:05:28.784023 np0000007304 nova-conductor[95909]: DEBUG oslo.service.backend._threading.loopingcall [None req-5df2509b-b77e-4fb9-99e8-ea6c1f439a10 None None] Dynamic interval looping call 'nova.service.Service.periodic_tasks' sleeping for 60.00 seconds {{(pid=95909) _run_loop /opt/stack/data/venv/lib/python3.12/site-packages/oslo_service/backend/_threading/loopingcall.py:125}}
Aug 14 02:05:47.782469 np0000007304 nova-conductor[95901]: DEBUG oslo.service.backend._threading.loopingcall [None req-d6eb0448-a6e1-417d-890b-dd5ffb3da0b3 None None] Dynamic interval looping call 'nova.service.Service.periodic_tasks' sleeping for 60.00 seconds {{(pid=95901) _run_loop /opt/stack/data/venv/lib/python3.12/site-packages/oslo_service/backend/_threading/loopingcall.py:125}}
Aug 14 02:06:11.787612 np0000007304 nova-conductor[95916]: DEBUG oslo.service.backend._threading.loopingcall [None req-270da7c5-3df5-4f62-a80f-f551dcbe3d76 None None] Dynamic interval looping call 'nova.service.Service.periodic_tasks' sleeping for 60.00 seconds {{(pid=95916) _run_loop /opt/stack/data/venv/lib/python3.12/site-packages/oslo_service/backend/_threading/loopingcall.py:125}}
Aug 14 02:06:28.784578 np0000007304 nova-conductor[95909]: DEBUG oslo.service.backend._threading.loopingcall [None req-5df2509b-b77e-4fb9-99e8-ea6c1f439a10 None None] Dynamic interval looping call 'nova.service.Service.periodic_tasks' sleeping for 60.00 seconds {{(pid=95909) _run_loop /opt/stack/data/venv/lib/python3.12/site-packages/oslo_service/backend/_threading/loopingcall.py:125}}
Aug 14 02:06:47.783070 np0000007304 nova-conductor[95901]: DEBUG oslo.service.backend._threading.loopingcall [None req-d6eb0448-a6e1-417d-890b-dd5ffb3da0b3 None None] Dynamic interval looping call 'nova.service.Service.periodic_tasks' sleeping for 60.00 seconds {{(pid=95901) _run_loop /opt/stack/data/venv/lib/python3.12/site-packages/oslo_service/backend/_threading/loopingcall.py:125}}
Aug 14 02:07:01.842556 np0000007304 nova-conductor[95901]: DEBUG oslo.service.backend._threading.loopingcall [-] Fixed interval looping call 'nova.servicegroup.drivers.db.DbDriver._report_state' sleeping for 119.93 seconds {{(pid=95901) _run_loop /opt/stack/data/venv/lib/python3.12/site-packages/oslo_service/backend/_threading/loopingcall.py:125}}
Aug 14 02:07:01.843616 np0000007304 nova-conductor[95909]: DEBUG oslo.service.backend._threading.loopingcall [-] Fixed interval looping call 'nova.servicegroup.drivers.db.DbDriver._report_state' sleeping for 119.94 seconds {{(pid=95909) _run_loop /opt/stack/data/venv/lib/python3.12/site-packages/oslo_service/backend/_threading/loopingcall.py:125}}
Aug 14 02:07:01.844259 np0000007304 nova-conductor[95916]: DEBUG oslo.service.backend._threading.loopingcall [-] Fixed interval looping call 'nova.servicegroup.drivers.db.DbDriver._report_state' sleeping for 119.95 seconds {{(pid=95916) _run_loop /opt/stack/data/venv/lib/python3.12/site-packages/oslo_service/backend/_threading/loopingcall.py:125}}
Aug 14 02:07:11.780516 np0000007304 nova-conductor[95901]: DEBUG dbcounter [-] [95901] Writing DB stats nova_cell0:SELECT=1,nova_cell0:UPDATE=1 {{(pid=95901) stat_writer /opt/stack/data/venv/lib/python3.12/site-packages/dbcounter.py:115}}
Aug 14 02:07:11.788199 np0000007304 nova-conductor[95916]: DEBUG oslo.service.backend._threading.loopingcall [None req-270da7c5-3df5-4f62-a80f-f551dcbe3d76 None None] Dynamic interval looping call 'nova.service.Service.periodic_tasks' sleeping for 60.00 seconds {{(pid=95916) _run_loop /opt/stack/data/venv/lib/python3.12/site-packages/oslo_service/backend/_threading/loopingcall.py:125}}
Aug 14 02:07:11.789844 np0000007304 nova-conductor[95909]: DEBUG dbcounter [-] [95909] Writing DB stats nova_cell0:SELECT=1,nova_cell0:UPDATE=1 {{(pid=95909) stat_writer /opt/stack/data/venv/lib/python3.12/site-packages/dbcounter.py:115}}
Aug 14 02:07:11.796653 np0000007304 nova-conductor[95916]: DEBUG dbcounter [-] [95916] Writing DB stats nova_cell0:SELECT=1,nova_cell0:UPDATE=1 {{(pid=95916) stat_writer /opt/stack/data/venv/lib/python3.12/site-packages/dbcounter.py:115}}
Aug 14 02:07:28.785156 np0000007304 nova-conductor[95909]: DEBUG oslo.service.backend._threading.loopingcall [None req-5df2509b-b77e-4fb9-99e8-ea6c1f439a10 None None] Dynamic interval looping call 'nova.service.Service.periodic_tasks' sleeping for 60.00 seconds {{(pid=95909) _run_loop /opt/stack/data/venv/lib/python3.12/site-packages/oslo_service/backend/_threading/loopingcall.py:125}}
Aug 14 02:07:45.755661 np0000007304 nova-conductor[95901]: DEBUG oslo_db.sqlalchemy.engines [None req-813f8ea4-9e86-4d23-8dfa-5177a209c754 tempest-DeleteServersTestJSON-1461107368 tempest-DeleteServersTestJSON-1461107368-project-member] Parent process 94436 forked (95901) with an open database connection, which is being discarded and recreated. {{(pid=95901) checkout /opt/stack/data/venv/lib/python3.12/site-packages/oslo_db/sqlalchemy/engines.py:402}}
Aug 14 02:07:45.798582 np0000007304 nova-conductor[95901]: DEBUG dbcounter [-] [95901] Writer thread running {{(pid=95901) stat_writer /opt/stack/data/venv/lib/python3.12/site-packages/dbcounter.py:102}}
Aug 14 02:07:46.831839 np0000007304 nova-conductor[95901]: DEBUG nova.conductor.manager [None req-813f8ea4-9e86-4d23-8dfa-5177a209c754 tempest-DeleteServersTestJSON-1461107368 tempest-DeleteServersTestJSON-1461107368-project-member] Took 1.03 seconds to select destinations for 1 instance(s). {{(pid=95901) _schedule_instances /opt/stack/nova/nova/conductor/manager.py:968}}
Aug 14 02:07:46.877227 np0000007304 nova-conductor[95901]: DEBUG oslo_concurrency.lockutils [None req-813f8ea4-9e86-4d23-8dfa-5177a209c754 tempest-DeleteServersTestJSON-1461107368 tempest-DeleteServersTestJSON-1461107368-project-member] Acquiring lock "17cf2fa4-fea4-4ee2-ac01-f07bb1ef865e" by "nova.context.set_target_cell..get_or_set_cached_cell_and_set_connections" {{(pid=95901) inner /opt/stack/data/venv/lib/python3.12/site-packages/oslo_concurrency/lockutils.py:512}}
Aug 14 02:07:46.877433 np0000007304 nova-conductor[95901]: DEBUG oslo_concurrency.lockutils [None req-813f8ea4-9e86-4d23-8dfa-5177a209c754 tempest-DeleteServersTestJSON-1461107368 tempest-DeleteServersTestJSON-1461107368-project-member] Lock "17cf2fa4-fea4-4ee2-ac01-f07bb1ef865e" acquired by "nova.context.set_target_cell..get_or_set_cached_cell_and_set_connections" :: waited 0.000s {{(pid=95901) inner /opt/stack/data/venv/lib/python3.12/site-packages/oslo_concurrency/lockutils.py:525}}
Aug 14 02:07:46.879781 np0000007304 nova-conductor[95901]: DEBUG oslo_concurrency.lockutils [None req-813f8ea4-9e86-4d23-8dfa-5177a209c754 tempest-DeleteServersTestJSON-1461107368 tempest-DeleteServersTestJSON-1461107368-project-member] Lock "17cf2fa4-fea4-4ee2-ac01-f07bb1ef865e" "released" by "nova.context.set_target_cell..get_or_set_cached_cell_and_set_connections" :: held 0.002s {{(pid=95901) inner /opt/stack/data/venv/lib/python3.12/site-packages/oslo_concurrency/lockutils.py:544}}
Aug 14 02:07:46.882323 np0000007304 nova-conductor[95901]: INFO dbcounter [None req-813f8ea4-9e86-4d23-8dfa-5177a209c754 tempest-DeleteServersTestJSON-1461107368 tempest-DeleteServersTestJSON-1461107368-project-member] Registered counter for database nova_cell1
Aug 14 02:07:46.926478 np0000007304 nova-conductor[95901]: DEBUG oslo_db.sqlalchemy.engines [None req-813f8ea4-9e86-4d23-8dfa-5177a209c754 tempest-DeleteServersTestJSON-1461107368 tempest-DeleteServersTestJSON-1461107368-project-member] MySQL server mode set to STRICT_TRANS_TABLES,STRICT_ALL_TABLES,NO_ZERO_IN_DATE,NO_ZERO_DATE,ERROR_FOR_DIVISION_BY_ZERO,TRADITIONAL,NO_ENGINE_SUBSTITUTION {{(pid=95901) _check_effective_sql_mode /opt/stack/data/venv/lib/python3.12/site-packages/oslo_db/sqlalchemy/engines.py:325}}
Aug 14 02:07:46.935017 np0000007304 nova-conductor[95901]: DEBUG dbcounter [-] [95901] Writer thread running {{(pid=95901) stat_writer /opt/stack/data/venv/lib/python3.12/site-packages/dbcounter.py:102}}
Aug 14 02:07:47.009279 np0000007304 nova-conductor[95901]: INFO nova.utils [None req-813f8ea4-9e86-4d23-8dfa-5177a209c754 tempest-DeleteServersTestJSON-1461107368 tempest-DeleteServersTestJSON-1461107368-project-member] The cell worker thread pool ForkProcess-1.cell_worker is initialized
Aug 14 02:07:47.010011 np0000007304 nova-conductor[95901]: DEBUG oslo_concurrency.lockutils [None req-813f8ea4-9e86-4d23-8dfa-5177a209c754 tempest-DeleteServersTestJSON-1461107368 tempest-DeleteServersTestJSON-1461107368-project-member] Acquiring lock "00000000-0000-0000-0000-000000000000" by "nova.context.set_target_cell..get_or_set_cached_cell_and_set_connections" {{(pid=95901) inner /opt/stack/data/venv/lib/python3.12/site-packages/oslo_concurrency/lockutils.py:512}}
Aug 14 02:07:47.010011 np0000007304 nova-conductor[95901]: DEBUG oslo_concurrency.lockutils [None req-813f8ea4-9e86-4d23-8dfa-5177a209c754 tempest-DeleteServersTestJSON-1461107368 tempest-DeleteServersTestJSON-1461107368-project-member] Lock "00000000-0000-0000-0000-000000000000" acquired by "nova.context.set_target_cell..get_or_set_cached_cell_and_set_connections" :: waited 0.000s {{(pid=95901) inner /opt/stack/data/venv/lib/python3.12/site-packages/oslo_concurrency/lockutils.py:525}}
Aug 14 02:07:47.010297 np0000007304 nova-conductor[95901]: DEBUG oslo_concurrency.lockutils [None req-813f8ea4-9e86-4d23-8dfa-5177a209c754 tempest-DeleteServersTestJSON-1461107368 tempest-DeleteServersTestJSON-1461107368-project-member] Lock "00000000-0000-0000-0000-000000000000" "released" by "nova.context.set_target_cell..get_or_set_cached_cell_and_set_connections" :: held 0.000s {{(pid=95901) inner /opt/stack/data/venv/lib/python3.12/site-packages/oslo_concurrency/lockutils.py:544}}
Aug 14 02:07:47.011360 np0000007304 nova-conductor[95901]: DEBUG oslo_concurrency.lockutils [None req-813f8ea4-9e86-4d23-8dfa-5177a209c754 tempest-DeleteServersTestJSON-1461107368 tempest-DeleteServersTestJSON-1461107368-project-member] Acquiring lock "17cf2fa4-fea4-4ee2-ac01-f07bb1ef865e" by "nova.context.set_target_cell..get_or_set_cached_cell_and_set_connections" {{(pid=95901) inner /opt/stack/data/venv/lib/python3.12/site-packages/oslo_concurrency/lockutils.py:512}}
Aug 14 02:07:47.013208 np0000007304 nova-conductor[95901]: INFO dbcounter [None req-813f8ea4-9e86-4d23-8dfa-5177a209c754 tempest-DeleteServersTestJSON-1461107368 tempest-DeleteServersTestJSON-1461107368-project-member] Registered counter for database nova_cell0
Aug 14 02:07:47.014857 np0000007304 nova-conductor[95901]: DEBUG oslo_concurrency.lockutils [None req-813f8ea4-9e86-4d23-8dfa-5177a209c754 tempest-DeleteServersTestJSON-1461107368 tempest-DeleteServersTestJSON-1461107368-project-member] Lock "17cf2fa4-fea4-4ee2-ac01-f07bb1ef865e" acquired by "nova.context.set_target_cell..get_or_set_cached_cell_and_set_connections" :: waited 0.002s {{(pid=95901) inner /opt/stack/data/venv/lib/python3.12/site-packages/oslo_concurrency/lockutils.py:525}}
Aug 14 02:07:47.015077 np0000007304 nova-conductor[95901]: DEBUG oslo_concurrency.lockutils [None req-813f8ea4-9e86-4d23-8dfa-5177a209c754 tempest-DeleteServersTestJSON-1461107368 tempest-DeleteServersTestJSON-1461107368-project-member] Lock "17cf2fa4-fea4-4ee2-ac01-f07bb1ef865e" "released" by "nova.context.set_target_cell..get_or_set_cached_cell_and_set_connections" :: held 0.002s {{(pid=95901) inner /opt/stack/data/venv/lib/python3.12/site-packages/oslo_concurrency/lockutils.py:544}}
Aug 14 02:07:47.047632 np0000007304 nova-conductor[95901]: DEBUG oslo_db.sqlalchemy.engines [None req-813f8ea4-9e86-4d23-8dfa-5177a209c754 tempest-DeleteServersTestJSON-1461107368 tempest-DeleteServersTestJSON-1461107368-project-member] MySQL server mode set to STRICT_TRANS_TABLES,STRICT_ALL_TABLES,NO_ZERO_IN_DATE,NO_ZERO_DATE,ERROR_FOR_DIVISION_BY_ZERO,TRADITIONAL,NO_ENGINE_SUBSTITUTION {{(pid=95901) _check_effective_sql_mode /opt/stack/data/venv/lib/python3.12/site-packages/oslo_db/sqlalchemy/engines.py:325}}
Aug 14 02:07:47.054613 np0000007304 nova-conductor[95901]: DEBUG dbcounter [-] [95901] Writer thread running {{(pid=95901) stat_writer /opt/stack/data/venv/lib/python3.12/site-packages/dbcounter.py:102}}
Aug 14 02:07:47.066673 np0000007304 nova-conductor[95901]: DEBUG nova.quota [None req-813f8ea4-9e86-4d23-8dfa-5177a209c754 tempest-DeleteServersTestJSON-1461107368 tempest-DeleteServersTestJSON-1461107368-project-member] Getting quotas for project 13f8eedd33794b87bfef7d97a4ac57e5. Resources: {'ram', 'instances', 'cores'} {{(pid=95901) _get_quotas /opt/stack/nova/nova/quota.py:389}}
Aug 14 02:07:47.072591 np0000007304 nova-conductor[95901]: DEBUG nova.quota [None req-813f8ea4-9e86-4d23-8dfa-5177a209c754 tempest-DeleteServersTestJSON-1461107368 tempest-DeleteServersTestJSON-1461107368-project-member] Getting quotas for user f2bde5717b344c608bfeca79e8a93196 and project 13f8eedd33794b87bfef7d97a4ac57e5. Resources: {'ram', 'instances', 'cores'} {{(pid=95901) _get_quotas /opt/stack/nova/nova/quota.py:379}}
Aug 14 02:07:47.081870 np0000007304 nova-conductor[95901]: DEBUG nova.conductor.manager [None req-813f8ea4-9e86-4d23-8dfa-5177a209c754 tempest-DeleteServersTestJSON-1461107368 tempest-DeleteServersTestJSON-1461107368-project-member] [instance: 86c024f5-68bf-4ed9-a089-1e343c037a7c] Selected host: np0000007304; Selected node: np0000007304; Alternates: [] {{(pid=95901) schedule_and_build_instances /opt/stack/nova/nova/conductor/manager.py:1784}}
Aug 14 02:07:47.082456 np0000007304 nova-conductor[95901]: DEBUG oslo_concurrency.lockutils [None req-813f8ea4-9e86-4d23-8dfa-5177a209c754 tempest-DeleteServersTestJSON-1461107368 tempest-DeleteServersTestJSON-1461107368-project-member] Acquiring lock "17cf2fa4-fea4-4ee2-ac01-f07bb1ef865e" by "nova.context.set_target_cell..get_or_set_cached_cell_and_set_connections" {{(pid=95901) inner /opt/stack/data/venv/lib/python3.12/site-packages/oslo_concurrency/lockutils.py:512}}
Aug 14 02:07:47.082722 np0000007304 nova-conductor[95901]: DEBUG oslo_concurrency.lockutils [None req-813f8ea4-9e86-4d23-8dfa-5177a209c754 tempest-DeleteServersTestJSON-1461107368 tempest-DeleteServersTestJSON-1461107368-project-member] Lock "17cf2fa4-fea4-4ee2-ac01-f07bb1ef865e" acquired by "nova.context.set_target_cell..get_or_set_cached_cell_and_set_connections" :: waited 0.000s {{(pid=95901) inner /opt/stack/data/venv/lib/python3.12/site-packages/oslo_concurrency/lockutils.py:525}}
Aug 14 02:07:47.082722 np0000007304 nova-conductor[95901]: DEBUG oslo_concurrency.lockutils [None req-813f8ea4-9e86-4d23-8dfa-5177a209c754 tempest-DeleteServersTestJSON-1461107368 tempest-DeleteServersTestJSON-1461107368-project-member] Lock "17cf2fa4-fea4-4ee2-ac01-f07bb1ef865e" "released" by "nova.context.set_target_cell..get_or_set_cached_cell_and_set_connections" :: held 0.000s {{(pid=95901) inner /opt/stack/data/venv/lib/python3.12/site-packages/oslo_concurrency/lockutils.py:544}}
Aug 14 02:07:47.097001 np0000007304 nova-conductor[95901]: DEBUG nova.conductor.manager [None req-813f8ea4-9e86-4d23-8dfa-5177a209c754 tempest-DeleteServersTestJSON-1461107368 tempest-DeleteServersTestJSON-1461107368-project-member] [instance: 86c024f5-68bf-4ed9-a089-1e343c037a7c] block_device_mapping [BlockDeviceMapping(attachment_id=,boot_index=0,connection_info=None,created_at=,delete_on_termination=True,deleted=,deleted_at=,destination_type='local',device_name=None,device_type='disk',disk_bus=None,encrypted=False,encryption_format=None,encryption_options=None,encryption_secret_uuid=None,guest_format=None,id=,image_id='54bcf835-4103-4a2f-8bb5-e04ec7c137fa',instance=,instance_uuid=,no_device=False,snapshot_id=None,source_type='image',tag=None,updated_at=,uuid=,volume_id=None,volume_size=None,volume_type=None)] {{(pid=95901) _create_block_device_mapping /opt/stack/nova/nova/conductor/manager.py:1529}}
Aug 14 02:07:47.098509 np0000007304 nova-conductor[95901]: DEBUG oslo_concurrency.lockutils [None req-813f8ea4-9e86-4d23-8dfa-5177a209c754 tempest-DeleteServersTestJSON-1461107368 tempest-DeleteServersTestJSON-1461107368-project-member] Acquiring lock "17cf2fa4-fea4-4ee2-ac01-f07bb1ef865e" by "nova.context.set_target_cell..get_or_set_cached_cell_and_set_connections" {{(pid=95901) inner /opt/stack/data/venv/lib/python3.12/site-packages/oslo_concurrency/lockutils.py:512}}
Aug 14 02:07:47.098714 np0000007304 nova-conductor[95901]: DEBUG oslo_concurrency.lockutils [None req-813f8ea4-9e86-4d23-8dfa-5177a209c754 tempest-DeleteServersTestJSON-1461107368 tempest-DeleteServersTestJSON-1461107368-project-member] Lock "17cf2fa4-fea4-4ee2-ac01-f07bb1ef865e" acquired by "nova.context.set_target_cell..get_or_set_cached_cell_and_set_connections" :: waited 0.000s {{(pid=95901) inner /opt/stack/data/venv/lib/python3.12/site-packages/oslo_concurrency/lockutils.py:525}}
Aug 14 02:07:47.098904 np0000007304 nova-conductor[95901]: DEBUG oslo_concurrency.lockutils [None req-813f8ea4-9e86-4d23-8dfa-5177a209c754 tempest-DeleteServersTestJSON-1461107368 tempest-DeleteServersTestJSON-1461107368-project-member] Lock "17cf2fa4-fea4-4ee2-ac01-f07bb1ef865e" "released" by "nova.context.set_target_cell..get_or_set_cached_cell_and_set_connections" :: held 0.000s {{(pid=95901) inner /opt/stack/data/venv/lib/python3.12/site-packages/oslo_concurrency/lockutils.py:544}}
Aug 14 02:07:47.152589 np0000007304 nova-conductor[95901]: DEBUG oslo_concurrency.lockutils [None req-813f8ea4-9e86-4d23-8dfa-5177a209c754 tempest-DeleteServersTestJSON-1461107368 tempest-DeleteServersTestJSON-1461107368-project-member] Acquiring lock "17cf2fa4-fea4-4ee2-ac01-f07bb1ef865e" by "nova.context.set_target_cell..get_or_set_cached_cell_and_set_connections" {{(pid=95901) inner /opt/stack/data/venv/lib/python3.12/site-packages/oslo_concurrency/lockutils.py:512}}
Aug 14 02:07:47.152778 np0000007304 nova-conductor[95901]: DEBUG oslo_concurrency.lockutils [None req-813f8ea4-9e86-4d23-8dfa-5177a209c754 tempest-DeleteServersTestJSON-1461107368 tempest-DeleteServersTestJSON-1461107368-project-member] Lock "17cf2fa4-fea4-4ee2-ac01-f07bb1ef865e" acquired by "nova.context.set_target_cell..get_or_set_cached_cell_and_set_connections" :: waited 0.000s {{(pid=95901) inner /opt/stack/data/venv/lib/python3.12/site-packages/oslo_concurrency/lockutils.py:525}}
Aug 14 02:07:47.152929 np0000007304 nova-conductor[95901]: DEBUG oslo_concurrency.lockutils [None req-813f8ea4-9e86-4d23-8dfa-5177a209c754 tempest-DeleteServersTestJSON-1461107368 tempest-DeleteServersTestJSON-1461107368-project-member] Lock "17cf2fa4-fea4-4ee2-ac01-f07bb1ef865e" "released" by "nova.context.set_target_cell..get_or_set_cached_cell_and_set_connections" :: held 0.000s {{(pid=95901) inner /opt/stack/data/venv/lib/python3.12/site-packages/oslo_concurrency/lockutils.py:544}}
Aug 14 02:07:47.153126 np0000007304 nova-conductor[95901]: DEBUG oslo_concurrency.lockutils [None req-813f8ea4-9e86-4d23-8dfa-5177a209c754 tempest-DeleteServersTestJSON-1461107368 tempest-DeleteServersTestJSON-1461107368-project-member] Acquiring lock "compute-rpcapi-router" {{(pid=95901) lock /opt/stack/data/venv/lib/python3.12/site-packages/oslo_concurrency/lockutils.py:396}}
Aug 14 02:07:47.153207 np0000007304 nova-conductor[95901]: DEBUG oslo_concurrency.lockutils [None req-813f8ea4-9e86-4d23-8dfa-5177a209c754 tempest-DeleteServersTestJSON-1461107368 tempest-DeleteServersTestJSON-1461107368-project-member] Acquired lock "compute-rpcapi-router" {{(pid=95901) lock /opt/stack/data/venv/lib/python3.12/site-packages/oslo_concurrency/lockutils.py:399}}
Aug 14 02:07:47.153613 np0000007304 nova-conductor[95901]: DEBUG oslo_concurrency.lockutils [None req-4f300802-8b80-4cb8-9ac6-6a5a8d8fdb17 None None] Acquiring lock "00000000-0000-0000-0000-000000000000" by "nova.context.set_target_cell..get_or_set_cached_cell_and_set_connections" {{(pid=95901) inner /opt/stack/data/venv/lib/python3.12/site-packages/oslo_concurrency/lockutils.py:512}}
Aug 14 02:07:47.153722 np0000007304 nova-conductor[95901]: DEBUG oslo_concurrency.lockutils [None req-4f300802-8b80-4cb8-9ac6-6a5a8d8fdb17 None None] Lock "00000000-0000-0000-0000-000000000000" acquired by "nova.context.set_target_cell..get_or_set_cached_cell_and_set_connections" :: waited 0.000s {{(pid=95901) inner /opt/stack/data/venv/lib/python3.12/site-packages/oslo_concurrency/lockutils.py:525}}
Aug 14 02:07:47.153868 np0000007304 nova-conductor[95901]: DEBUG oslo_concurrency.lockutils [None req-4f300802-8b80-4cb8-9ac6-6a5a8d8fdb17 None None] Lock "00000000-0000-0000-0000-000000000000" "released" by "nova.context.set_target_cell..get_or_set_cached_cell_and_set_connections" :: held 0.000s {{(pid=95901) inner /opt/stack/data/venv/lib/python3.12/site-packages/oslo_concurrency/lockutils.py:544}}
Aug 14 02:07:47.154661 np0000007304 nova-conductor[95901]: DEBUG oslo_concurrency.lockutils [None req-4f300802-8b80-4cb8-9ac6-6a5a8d8fdb17 None None] Acquiring lock "17cf2fa4-fea4-4ee2-ac01-f07bb1ef865e" by "nova.context.set_target_cell..get_or_set_cached_cell_and_set_connections" {{(pid=95901) inner /opt/stack/data/venv/lib/python3.12/site-packages/oslo_concurrency/lockutils.py:512}}
Aug 14 02:07:47.154738 np0000007304 nova-conductor[95901]: DEBUG oslo_concurrency.lockutils [None req-4f300802-8b80-4cb8-9ac6-6a5a8d8fdb17 None None] Lock "17cf2fa4-fea4-4ee2-ac01-f07bb1ef865e" acquired by "nova.context.set_target_cell..get_or_set_cached_cell_and_set_connections" :: waited 0.000s {{(pid=95901) inner /opt/stack/data/venv/lib/python3.12/site-packages/oslo_concurrency/lockutils.py:525}}
Aug 14 02:07:47.154830 np0000007304 nova-conductor[95901]: DEBUG oslo_concurrency.lockutils [None req-4f300802-8b80-4cb8-9ac6-6a5a8d8fdb17 None None] Lock "17cf2fa4-fea4-4ee2-ac01-f07bb1ef865e" "released" by "nova.context.set_target_cell..get_or_set_cached_cell_and_set_connections" :: held 0.000s {{(pid=95901) inner /opt/stack/data/venv/lib/python3.12/site-packages/oslo_concurrency/lockutils.py:544}}
Aug 14 02:07:47.164485 np0000007304 nova-conductor[95901]: INFO nova.compute.rpcapi [None req-4f300802-8b80-4cb8-9ac6-6a5a8d8fdb17 None None] Automatically selected compute RPC version 6.5 from minimum service version 72
Aug 14 02:07:47.164485 np0000007304 nova-conductor[95901]: DEBUG oslo_concurrency.lockutils [None req-4f300802-8b80-4cb8-9ac6-6a5a8d8fdb17 None None] Releasing lock "compute-rpcapi-router" {{(pid=95901) lock /opt/stack/data/venv/lib/python3.12/site-packages/oslo_concurrency/lockutils.py:419}}
Aug 14 02:07:47.784161 np0000007304 nova-conductor[95901]: DEBUG oslo.service.backend._threading.loopingcall [None req-d6eb0448-a6e1-417d-890b-dd5ffb3da0b3 None None] Dynamic interval looping call 'nova.service.Service.periodic_tasks' sleeping for 60.00 seconds {{(pid=95901) _run_loop /opt/stack/data/venv/lib/python3.12/site-packages/oslo_service/backend/_threading/loopingcall.py:125}}
Aug 14 02:07:48.443087 np0000007304 nova-conductor[95909]: DEBUG dbcounter [-] [95909] Writer thread running {{(pid=95909) stat_writer /opt/stack/data/venv/lib/python3.12/site-packages/dbcounter.py:102}}
Aug 14 02:07:48.946060 np0000007304 nova-conductor[95909]: DEBUG nova.conductor.manager [None req-f410a932-5b74-4fa1-a8db-22e97ad7a9ea tempest-ServerActionsTestOtherA-1571033413 tempest-ServerActionsTestOtherA-1571033413-project-member] Took 0.50 seconds to select destinations for 1 instance(s). {{(pid=95909) _schedule_instances /opt/stack/nova/nova/conductor/manager.py:968}}
Aug 14 02:07:48.976822 np0000007304 nova-conductor[95909]: DEBUG oslo_concurrency.lockutils [None req-f410a932-5b74-4fa1-a8db-22e97ad7a9ea tempest-ServerActionsTestOtherA-1571033413 tempest-ServerActionsTestOtherA-1571033413-project-member] Acquiring lock "17cf2fa4-fea4-4ee2-ac01-f07bb1ef865e" by "nova.context.set_target_cell..get_or_set_cached_cell_and_set_connections" {{(pid=95909) inner /opt/stack/data/venv/lib/python3.12/site-packages/oslo_concurrency/lockutils.py:512}}
Aug 14 02:07:48.977579 np0000007304 nova-conductor[95909]: DEBUG oslo_concurrency.lockutils [None req-f410a932-5b74-4fa1-a8db-22e97ad7a9ea tempest-ServerActionsTestOtherA-1571033413 tempest-ServerActionsTestOtherA-1571033413-project-member] Lock "17cf2fa4-fea4-4ee2-ac01-f07bb1ef865e" acquired by "nova.context.set_target_cell..get_or_set_cached_cell_and_set_connections" :: waited 0.000s {{(pid=95909) inner /opt/stack/data/venv/lib/python3.12/site-packages/oslo_concurrency/lockutils.py:525}}
Aug 14 02:07:48.978833 np0000007304 nova-conductor[95909]: DEBUG oslo_concurrency.lockutils [None req-f410a932-5b74-4fa1-a8db-22e97ad7a9ea tempest-ServerActionsTestOtherA-1571033413 tempest-ServerActionsTestOtherA-1571033413-project-member] Lock "17cf2fa4-fea4-4ee2-ac01-f07bb1ef865e" "released" by "nova.context.set_target_cell..get_or_set_cached_cell_and_set_connections" :: held 0.002s {{(pid=95909) inner /opt/stack/data/venv/lib/python3.12/site-packages/oslo_concurrency/lockutils.py:544}}
Aug 14 02:07:48.980829 np0000007304 nova-conductor[95909]: INFO dbcounter [None req-f410a932-5b74-4fa1-a8db-22e97ad7a9ea tempest-ServerActionsTestOtherA-1571033413 tempest-ServerActionsTestOtherA-1571033413-project-member] Registered counter for database nova_cell1
Aug 14 02:07:49.018651 np0000007304 nova-conductor[95909]: DEBUG oslo_db.sqlalchemy.engines [None req-f410a932-5b74-4fa1-a8db-22e97ad7a9ea tempest-ServerActionsTestOtherA-1571033413 tempest-ServerActionsTestOtherA-1571033413-project-member] MySQL server mode set to STRICT_TRANS_TABLES,STRICT_ALL_TABLES,NO_ZERO_IN_DATE,NO_ZERO_DATE,ERROR_FOR_DIVISION_BY_ZERO,TRADITIONAL,NO_ENGINE_SUBSTITUTION {{(pid=95909) _check_effective_sql_mode /opt/stack/data/venv/lib/python3.12/site-packages/oslo_db/sqlalchemy/engines.py:325}}
Aug 14 02:07:49.026332 np0000007304 nova-conductor[95909]: DEBUG dbcounter [-] [95909] Writer thread running {{(pid=95909) stat_writer /opt/stack/data/venv/lib/python3.12/site-packages/dbcounter.py:102}}
Aug 14 02:07:49.088973 np0000007304 nova-conductor[95909]: INFO nova.utils [None req-f410a932-5b74-4fa1-a8db-22e97ad7a9ea tempest-ServerActionsTestOtherA-1571033413 tempest-ServerActionsTestOtherA-1571033413-project-member] The cell worker thread pool ForkProcess-2.cell_worker is initialized
Aug 14 02:07:49.089394 np0000007304 nova-conductor[95909]: DEBUG oslo_concurrency.lockutils [None req-f410a932-5b74-4fa1-a8db-22e97ad7a9ea tempest-ServerActionsTestOtherA-1571033413 tempest-ServerActionsTestOtherA-1571033413-project-member] Acquiring lock "00000000-0000-0000-0000-000000000000" by "nova.context.set_target_cell..get_or_set_cached_cell_and_set_connections" {{(pid=95909) inner /opt/stack/data/venv/lib/python3.12/site-packages/oslo_concurrency/lockutils.py:512}}
Aug 14 02:07:49.089659 np0000007304 nova-conductor[95909]: DEBUG oslo_concurrency.lockutils [None req-f410a932-5b74-4fa1-a8db-22e97ad7a9ea tempest-ServerActionsTestOtherA-1571033413 tempest-ServerActionsTestOtherA-1571033413-project-member] Lock "00000000-0000-0000-0000-000000000000" acquired by "nova.context.set_target_cell..get_or_set_cached_cell_and_set_connections" :: waited 0.000s {{(pid=95909) inner /opt/stack/data/venv/lib/python3.12/site-packages/oslo_concurrency/lockutils.py:525}}
Aug 14 02:07:49.090146 np0000007304 nova-conductor[95909]: DEBUG oslo_concurrency.lockutils [None req-f410a932-5b74-4fa1-a8db-22e97ad7a9ea tempest-ServerActionsTestOtherA-1571033413 tempest-ServerActionsTestOtherA-1571033413-project-member] Lock "00000000-0000-0000-0000-000000000000" "released" by "nova.context.set_target_cell..get_or_set_cached_cell_and_set_connections" :: held 0.001s {{(pid=95909) inner /opt/stack/data/venv/lib/python3.12/site-packages/oslo_concurrency/lockutils.py:544}}
Aug 14 02:07:49.091098 np0000007304 nova-conductor[95909]: DEBUG oslo_concurrency.lockutils [None req-f410a932-5b74-4fa1-a8db-22e97ad7a9ea tempest-ServerActionsTestOtherA-1571033413 tempest-ServerActionsTestOtherA-1571033413-project-member] Acquiring lock "17cf2fa4-fea4-4ee2-ac01-f07bb1ef865e" by "nova.context.set_target_cell..get_or_set_cached_cell_and_set_connections" {{(pid=95909) inner /opt/stack/data/venv/lib/python3.12/site-packages/oslo_concurrency/lockutils.py:512}}
Aug 14 02:07:49.092946 np0000007304 nova-conductor[95909]: INFO dbcounter [None req-f410a932-5b74-4fa1-a8db-22e97ad7a9ea tempest-ServerActionsTestOtherA-1571033413 tempest-ServerActionsTestOtherA-1571033413-project-member] Registered counter for database nova_cell0
Aug 14 02:07:49.095236 np0000007304 nova-conductor[95909]: DEBUG oslo_concurrency.lockutils [None req-f410a932-5b74-4fa1-a8db-22e97ad7a9ea tempest-ServerActionsTestOtherA-1571033413 tempest-ServerActionsTestOtherA-1571033413-project-member] Lock "17cf2fa4-fea4-4ee2-ac01-f07bb1ef865e" acquired by "nova.context.set_target_cell..get_or_set_cached_cell_and_set_connections" :: waited 0.002s {{(pid=95909) inner /opt/stack/data/venv/lib/python3.12/site-packages/oslo_concurrency/lockutils.py:525}}
Aug 14 02:07:49.095408 np0000007304 nova-conductor[95909]: DEBUG oslo_concurrency.lockutils [None req-f410a932-5b74-4fa1-a8db-22e97ad7a9ea tempest-ServerActionsTestOtherA-1571033413 tempest-ServerActionsTestOtherA-1571033413-project-member] Lock "17cf2fa4-fea4-4ee2-ac01-f07bb1ef865e" "released" by "nova.context.set_target_cell..get_or_set_cached_cell_and_set_connections" :: held 0.003s {{(pid=95909) inner /opt/stack/data/venv/lib/python3.12/site-packages/oslo_concurrency/lockutils.py:544}}
