Aug 24 19:09:01.156449 np0000008006 nova-conductor[96033]: DEBUG cotyledon.oslo_config_glue [-] oslo_messaging_rabbit.processname = nova-conductor {{(pid=96033) log_opt_values /opt/stack/data/venv/lib/python3.12/site-packages/oslo_config/cfg.py:3560}}
Aug 24 19:09:01.156449 np0000008006 nova-conductor[96033]: DEBUG cotyledon.oslo_config_glue [-] oslo_messaging_rabbit.rabbit_ha_queues = False {{(pid=96033) log_opt_values /opt/stack/data/venv/lib/python3.12/site-packages/oslo_config/cfg.py:3560}}
Aug 24 19:09:01.156449 np0000008006 nova-conductor[96033]: DEBUG cotyledon.oslo_config_glue [-] oslo_messaging_rabbit.rabbit_interval_max = 30 {{(pid=96033) log_opt_values /opt/stack/data/venv/lib/python3.12/site-packages/oslo_config/cfg.py:3560}}
Aug 24 19:09:01.156628 np0000008006 nova-conductor[96033]: DEBUG cotyledon.oslo_config_glue [-] oslo_messaging_rabbit.rabbit_login_method = AMQPLAIN {{(pid=96033) log_opt_values /opt/stack/data/venv/lib/python3.12/site-packages/oslo_config/cfg.py:3560}}
Aug 24 19:09:01.156628 np0000008006 nova-conductor[96033]: DEBUG cotyledon.oslo_config_glue [-] oslo_messaging_rabbit.rabbit_qos_prefetch_count = 0 {{(pid=96033) log_opt_values /opt/stack/data/venv/lib/python3.12/site-packages/oslo_config/cfg.py:3560}}
Aug 24 19:09:01.156628 np0000008006 nova-conductor[96033]: DEBUG cotyledon.oslo_config_glue [-] oslo_messaging_rabbit.rabbit_quorum_delivery_limit = 0 {{(pid=96033) log_opt_values /opt/stack/data/venv/lib/python3.12/site-packages/oslo_config/cfg.py:3560}}
Aug 24 19:09:01.156628 np0000008006 nova-conductor[96033]: DEBUG cotyledon.oslo_config_glue [-] oslo_messaging_rabbit.rabbit_quorum_max_memory_bytes = 0 {{(pid=96033) log_opt_values /opt/stack/data/venv/lib/python3.12/site-packages/oslo_config/cfg.py:3560}}
Aug 24 19:09:01.156628 np0000008006 nova-conductor[96033]: DEBUG cotyledon.oslo_config_glue [-] oslo_messaging_rabbit.rabbit_quorum_max_memory_length = 0 {{(pid=96033) log_opt_values /opt/stack/data/venv/lib/python3.12/site-packages/oslo_config/cfg.py:3560}}
Aug 24 19:09:01.156628 np0000008006 nova-conductor[96033]: DEBUG cotyledon.oslo_config_glue [-] oslo_messaging_rabbit.rabbit_quorum_queue = False {{(pid=96033) log_opt_values /opt/stack/data/venv/lib/python3.12/site-packages/oslo_config/cfg.py:3560}}
Aug 24 19:09:01.156628 np0000008006 nova-conductor[96033]: DEBUG cotyledon.oslo_config_glue [-] oslo_messaging_rabbit.rabbit_retry_backoff = 2 {{(pid=96033) log_opt_values /opt/stack/data/venv/lib/python3.12/site-packages/oslo_config/cfg.py:3560}}
Aug 24 19:09:01.156628 np0000008006 nova-conductor[96033]: DEBUG cotyledon.oslo_config_glue [-] oslo_messaging_rabbit.rabbit_retry_interval = 1 {{(pid=96033) log_opt_values /opt/stack/data/venv/lib/python3.12/site-packages/oslo_config/cfg.py:3560}}
Aug 24 19:09:01.156628 np0000008006 nova-conductor[96033]: DEBUG cotyledon.oslo_config_glue [-] oslo_messaging_rabbit.rabbit_stream_fanout = False {{(pid=96033) log_opt_values /opt/stack/data/venv/lib/python3.12/site-packages/oslo_config/cfg.py:3560}}
Aug 24 19:09:01.156787 np0000008006 nova-conductor[96033]: DEBUG cotyledon.oslo_config_glue [-] oslo_messaging_rabbit.rabbit_transient_queues_ttl = 1800 {{(pid=96033) log_opt_values /opt/stack/data/venv/lib/python3.12/site-packages/oslo_config/cfg.py:3560}}
Aug 24 19:09:01.156787 np0000008006 nova-conductor[96033]: DEBUG cotyledon.oslo_config_glue [-] oslo_messaging_rabbit.rabbit_transient_quorum_queue = False {{(pid=96033) log_opt_values /opt/stack/data/venv/lib/python3.12/site-packages/oslo_config/cfg.py:3560}}
Aug 24 19:09:01.156787 np0000008006 nova-conductor[96033]: DEBUG cotyledon.oslo_config_glue [-] oslo_messaging_rabbit.rpc_conn_pool_size = 30 {{(pid=96033) log_opt_values /opt/stack/data/venv/lib/python3.12/site-packages/oslo_config/cfg.py:3560}}
Aug 24 19:09:01.156787 np0000008006 nova-conductor[96033]: DEBUG cotyledon.oslo_config_glue [-] oslo_messaging_rabbit.ssl = False {{(pid=96033) log_opt_values /opt/stack/data/venv/lib/python3.12/site-packages/oslo_config/cfg.py:3560}}
Aug 24 19:09:01.156787 np0000008006 nova-conductor[96033]: DEBUG cotyledon.oslo_config_glue [-] oslo_messaging_rabbit.ssl_ca_file = {{(pid=96033) log_opt_values /opt/stack/data/venv/lib/python3.12/site-packages/oslo_config/cfg.py:3560}}
Aug 24 19:09:01.156787 np0000008006 nova-conductor[96033]: DEBUG cotyledon.oslo_config_glue [-] oslo_messaging_rabbit.ssl_cert_file = {{(pid=96033) log_opt_values /opt/stack/data/venv/lib/python3.12/site-packages/oslo_config/cfg.py:3560}}
Aug 24 19:09:01.156787 np0000008006 nova-conductor[96033]: DEBUG cotyledon.oslo_config_glue [-] oslo_messaging_rabbit.ssl_enforce_fips_mode = False {{(pid=96033) log_opt_values /opt/stack/data/venv/lib/python3.12/site-packages/oslo_config/cfg.py:3560}}
Aug 24 19:09:01.156787 np0000008006 nova-conductor[96033]: DEBUG cotyledon.oslo_config_glue [-] oslo_messaging_rabbit.ssl_enforce_hostname_verification = True {{(pid=96033) log_opt_values /opt/stack/data/venv/lib/python3.12/site-packages/oslo_config/cfg.py:3560}}
Aug 24 19:09:01.156787 np0000008006 nova-conductor[96033]: DEBUG cotyledon.oslo_config_glue [-] oslo_messaging_rabbit.ssl_key_file = {{(pid=96033) log_opt_values /opt/stack/data/venv/lib/python3.12/site-packages/oslo_config/cfg.py:3560}}
Aug 24 19:09:01.156968 np0000008006 nova-conductor[96033]: DEBUG cotyledon.oslo_config_glue [-] oslo_messaging_rabbit.ssl_version = {{(pid=96033) log_opt_values /opt/stack/data/venv/lib/python3.12/site-packages/oslo_config/cfg.py:3560}}
Aug 24 19:09:01.156968 np0000008006 nova-conductor[96033]: DEBUG cotyledon.oslo_config_glue [-] oslo_messaging_rabbit.use_queue_manager = False {{(pid=96033) log_opt_values /opt/stack/data/venv/lib/python3.12/site-packages/oslo_config/cfg.py:3560}}
Aug 24 19:09:01.156968 np0000008006 nova-conductor[96033]: DEBUG cotyledon.oslo_config_glue [-] oslo_messaging_notifications.driver = ['messagingv2'] {{(pid=96033) log_opt_values /opt/stack/data/venv/lib/python3.12/site-packages/oslo_config/cfg.py:3560}}
Aug 24 19:09:01.156968 np0000008006 nova-conductor[96033]: DEBUG cotyledon.oslo_config_glue [-] oslo_messaging_notifications.retry = -1 {{(pid=96033) log_opt_values /opt/stack/data/venv/lib/python3.12/site-packages/oslo_config/cfg.py:3560}}
Aug 24 19:09:01.156968 np0000008006 nova-conductor[96033]: DEBUG cotyledon.oslo_config_glue [-] oslo_messaging_notifications.topics = ['notifications'] {{(pid=96033) log_opt_values /opt/stack/data/venv/lib/python3.12/site-packages/oslo_config/cfg.py:3560}}
Aug 24 19:09:01.156968 np0000008006 nova-conductor[96033]: DEBUG cotyledon.oslo_config_glue [-] oslo_messaging_notifications.transport_url = **** {{(pid=96033) log_opt_values /opt/stack/data/venv/lib/python3.12/site-packages/oslo_config/cfg.py:3560}}
Aug 24 19:09:01.156968 np0000008006 nova-conductor[96033]: DEBUG cotyledon.oslo_config_glue [-] oslo_limit.auth_section = None {{(pid=96033) log_opt_values /opt/stack/data/venv/lib/python3.12/site-packages/oslo_config/cfg.py:3560}}
Aug 24 19:09:01.156968 np0000008006 nova-conductor[96033]: DEBUG cotyledon.oslo_config_glue [-] oslo_limit.auth_type = None {{(pid=96033) log_opt_values /opt/stack/data/venv/lib/python3.12/site-packages/oslo_config/cfg.py:3560}}
Aug 24 19:09:01.156968 np0000008006 nova-conductor[96033]: DEBUG cotyledon.oslo_config_glue [-] oslo_limit.cafile = None {{(pid=96033) log_opt_values /opt/stack/data/venv/lib/python3.12/site-packages/oslo_config/cfg.py:3560}}
Aug 24 19:09:01.157118 np0000008006 nova-conductor[96033]: DEBUG cotyledon.oslo_config_glue [-] oslo_limit.certfile = None {{(pid=96033) log_opt_values /opt/stack/data/venv/lib/python3.12/site-packages/oslo_config/cfg.py:3560}}
Aug 24 19:09:01.157118 np0000008006 nova-conductor[96033]: DEBUG cotyledon.oslo_config_glue [-] oslo_limit.collect_timing = False {{(pid=96033) log_opt_values /opt/stack/data/venv/lib/python3.12/site-packages/oslo_config/cfg.py:3560}}
Aug 24 19:09:01.157118 np0000008006 nova-conductor[96033]: DEBUG cotyledon.oslo_config_glue [-] oslo_limit.connect_retries = None {{(pid=96033) log_opt_values /opt/stack/data/venv/lib/python3.12/site-packages/oslo_config/cfg.py:3560}}
Aug 24 19:09:01.157118 np0000008006 nova-conductor[96033]: DEBUG cotyledon.oslo_config_glue [-] oslo_limit.connect_retry_delay = None {{(pid=96033) log_opt_values /opt/stack/data/venv/lib/python3.12/site-packages/oslo_config/cfg.py:3560}}
Aug 24 19:09:01.157118 np0000008006 nova-conductor[96033]: DEBUG cotyledon.oslo_config_glue [-] oslo_limit.endpoint_id = None {{(pid=96033) log_opt_values /opt/stack/data/venv/lib/python3.12/site-packages/oslo_config/cfg.py:3560}}
Aug 24 19:09:01.157118 np0000008006 nova-conductor[96033]: DEBUG cotyledon.oslo_config_glue [-] oslo_limit.endpoint_interface = public {{(pid=96033) log_opt_values /opt/stack/data/venv/lib/python3.12/site-packages/oslo_config/cfg.py:3560}}
Aug 24 19:09:01.157118 np0000008006 nova-conductor[96033]: DEBUG cotyledon.oslo_config_glue [-] oslo_limit.endpoint_override = None {{(pid=96033) log_opt_values /opt/stack/data/venv/lib/python3.12/site-packages/oslo_config/cfg.py:3560}}
Aug 24 19:09:01.157118 np0000008006 nova-conductor[96033]: DEBUG cotyledon.oslo_config_glue [-] oslo_limit.endpoint_region_name = None {{(pid=96033) log_opt_values /opt/stack/data/venv/lib/python3.12/site-packages/oslo_config/cfg.py:3560}}
Aug 24 19:09:01.157118 np0000008006 nova-conductor[96033]: DEBUG cotyledon.oslo_config_glue [-] oslo_limit.endpoint_service_name = None {{(pid=96033) log_opt_values /opt/stack/data/venv/lib/python3.12/site-packages/oslo_config/cfg.py:3560}}
Aug 24 19:09:01.157273 np0000008006 nova-conductor[96033]: DEBUG cotyledon.oslo_config_glue [-] oslo_limit.endpoint_service_type = None {{(pid=96033) log_opt_values /opt/stack/data/venv/lib/python3.12/site-packages/oslo_config/cfg.py:3560}}
Aug 24 19:09:01.157273 np0000008006 nova-conductor[96033]: DEBUG cotyledon.oslo_config_glue [-] oslo_limit.insecure = False {{(pid=96033) log_opt_values /opt/stack/data/venv/lib/python3.12/site-packages/oslo_config/cfg.py:3560}}
Aug 24 19:09:01.157273 np0000008006 nova-conductor[96033]: DEBUG cotyledon.oslo_config_glue [-] oslo_limit.keyfile = None {{(pid=96033) log_opt_values /opt/stack/data/venv/lib/python3.12/site-packages/oslo_config/cfg.py:3560}}
Aug 24 19:09:01.157273 np0000008006 nova-conductor[96033]: DEBUG cotyledon.oslo_config_glue [-] oslo_limit.max_version = None {{(pid=96033) log_opt_values /opt/stack/data/venv/lib/python3.12/site-packages/oslo_config/cfg.py:3560}}
Aug 24 19:09:01.157273 np0000008006 nova-conductor[96033]: DEBUG cotyledon.oslo_config_glue [-] oslo_limit.min_version = None {{(pid=96033) log_opt_values /opt/stack/data/venv/lib/python3.12/site-packages/oslo_config/cfg.py:3560}}
Aug 24 19:09:01.157273 np0000008006 nova-conductor[96033]: DEBUG cotyledon.oslo_config_glue [-] oslo_limit.region_name = None {{(pid=96033) log_opt_values /opt/stack/data/venv/lib/python3.12/site-packages/oslo_config/cfg.py:3560}}
Aug 24 19:09:01.157273 np0000008006 nova-conductor[96033]: DEBUG cotyledon.oslo_config_glue [-] oslo_limit.retriable_status_codes = None {{(pid=96033) log_opt_values /opt/stack/data/venv/lib/python3.12/site-packages/oslo_config/cfg.py:3560}}
Aug 24 19:09:01.157273 np0000008006 nova-conductor[96033]: DEBUG cotyledon.oslo_config_glue [-] oslo_limit.service_name = None {{(pid=96033) log_opt_values /opt/stack/data/venv/lib/python3.12/site-packages/oslo_config/cfg.py:3560}}
Aug 24 19:09:01.157273 np0000008006 nova-conductor[96033]: DEBUG cotyledon.oslo_config_glue [-] oslo_limit.service_type = None {{(pid=96033) log_opt_values /opt/stack/data/venv/lib/python3.12/site-packages/oslo_config/cfg.py:3560}}
Aug 24 19:09:01.157457 np0000008006 nova-conductor[96033]: DEBUG cotyledon.oslo_config_glue [-] oslo_limit.split_loggers = False {{(pid=96033) log_opt_values /opt/stack/data/venv/lib/python3.12/site-packages/oslo_config/cfg.py:3560}}
Aug 24 19:09:01.157457 np0000008006 nova-conductor[96033]: DEBUG cotyledon.oslo_config_glue [-] oslo_limit.status_code_retries = None {{(pid=96033) log_opt_values /opt/stack/data/venv/lib/python3.12/site-packages/oslo_config/cfg.py:3560}}
Aug 24 19:09:01.157457 np0000008006 nova-conductor[96033]: DEBUG cotyledon.oslo_config_glue [-] oslo_limit.status_code_retry_delay = None {{(pid=96033) log_opt_values /opt/stack/data/venv/lib/python3.12/site-packages/oslo_config/cfg.py:3560}}
Aug 24 19:09:01.157457 np0000008006 nova-conductor[96033]: DEBUG cotyledon.oslo_config_glue [-] oslo_limit.timeout = None {{(pid=96033) log_opt_values /opt/stack/data/venv/lib/python3.12/site-packages/oslo_config/cfg.py:3560}}
Aug 24 19:09:01.157457 np0000008006 nova-conductor[96033]: DEBUG cotyledon.oslo_config_glue [-] oslo_limit.valid_interfaces = None {{(pid=96033) log_opt_values /opt/stack/data/venv/lib/python3.12/site-packages/oslo_config/cfg.py:3560}}
Aug 24 19:09:01.157457 np0000008006 nova-conductor[96033]: DEBUG cotyledon.oslo_config_glue [-] oslo_limit.version = None {{(pid=96033) log_opt_values /opt/stack/data/venv/lib/python3.12/site-packages/oslo_config/cfg.py:3560}}
Aug 24 19:09:01.157457 np0000008006 nova-conductor[96033]: DEBUG cotyledon.oslo_config_glue [-] oslo_reports.file_event_handler = None {{(pid=96033) log_opt_values /opt/stack/data/venv/lib/python3.12/site-packages/oslo_config/cfg.py:3560}}
Aug 24 19:09:01.157457 np0000008006 nova-conductor[96033]: DEBUG cotyledon.oslo_config_glue [-] oslo_reports.file_event_handler_interval = 1 {{(pid=96033) log_opt_values /opt/stack/data/venv/lib/python3.12/site-packages/oslo_config/cfg.py:3560}}
Aug 24 19:09:01.157457 np0000008006 nova-conductor[96033]: DEBUG cotyledon.oslo_config_glue [-] oslo_reports.log_dir = None {{(pid=96033) log_opt_values /opt/stack/data/venv/lib/python3.12/site-packages/oslo_config/cfg.py:3560}}
Aug 24 19:09:01.157629 np0000008006 nova-conductor[96033]: DEBUG cotyledon.oslo_config_glue [-] ******************************************************************************** {{(pid=96033) log_opt_values /opt/stack/data/venv/lib/python3.12/site-packages/oslo_config/cfg.py:3567}}
Aug 24 19:09:01.157629 np0000008006 nova-conductor[96033]: DEBUG cotyledon._service_worker [-] Run service ServiceWrapper(2) [96033] {{(pid=96033) wait_forever /opt/stack/data/venv/lib/python3.12/site-packages/cotyledon/_service_worker.py:218}}
Aug 24 19:09:01.157629 np0000008006 nova-conductor[96033]: INFO nova.service [-] Starting conductor node (version 33.1.0)
Aug 24 19:09:01.157682 np0000008006 nova-conductor[96019]: DEBUG oslo_db.sqlalchemy.engines [None req-e93fda56-5aa8-4107-b030-2953cbdebcc9 None None] MySQL server mode set to STRICT_TRANS_TABLES,STRICT_ALL_TABLES,NO_ZERO_IN_DATE,NO_ZERO_DATE,ERROR_FOR_DIVISION_BY_ZERO,TRADITIONAL,NO_ENGINE_SUBSTITUTION {{(pid=96019) _check_effective_sql_mode /opt/stack/data/venv/lib/python3.12/site-packages/oslo_db/sqlalchemy/engines.py:325}}
Aug 24 19:09:01.157709 np0000008006 nova-conductor[96033]: INFO dbcounter [None req-b0967b24-857c-422a-8363-40eecb094fbb None None] Registered counter for database nova_cell0
Aug 24 19:09:01.157733 np0000008006 nova-conductor[96015]: DEBUG oslo_db.sqlalchemy.engines [None req-e3584a63-15af-42e8-9d1d-cef5e89eadf1 None None] MySQL server mode set to STRICT_TRANS_TABLES,STRICT_ALL_TABLES,NO_ZERO_IN_DATE,NO_ZERO_DATE,ERROR_FOR_DIVISION_BY_ZERO,TRADITIONAL,NO_ENGINE_SUBSTITUTION {{(pid=96015) _check_effective_sql_mode /opt/stack/data/venv/lib/python3.12/site-packages/oslo_db/sqlalchemy/engines.py:325}}
Aug 24 19:09:01.157757 np0000008006 nova-conductor[96019]: DEBUG dbcounter [-] [96019] Writer thread running {{(pid=96019) stat_writer /opt/stack/data/venv/lib/python3.12/site-packages/dbcounter.py:102}}
Aug 24 19:09:01.168759 np0000008006 nova-conductor[96015]: DEBUG dbcounter [-] [96015] Writer thread running {{(pid=96015) stat_writer /opt/stack/data/venv/lib/python3.12/site-packages/dbcounter.py:102}}
Aug 24 19:09:01.179486 np0000008006 nova-conductor[96019]: DEBUG nova.service [None req-e93fda56-5aa8-4107-b030-2953cbdebcc9 None None] Creating RPC server for service: nova-conductor on topic: conductor {{(pid=96019) start /opt/stack/nova/nova/service.py:262}}
Aug 24 19:09:01.186431 np0000008006 nova-conductor[96015]: DEBUG nova.service [None req-e3584a63-15af-42e8-9d1d-cef5e89eadf1 None None] Creating RPC server for service: nova-conductor on topic: conductor {{(pid=96015) start /opt/stack/nova/nova/service.py:262}}
Aug 24 19:09:01.197734 np0000008006 nova-conductor[96033]: DEBUG oslo_db.sqlalchemy.engines [None req-b0967b24-857c-422a-8363-40eecb094fbb None None] MySQL server mode set to STRICT_TRANS_TABLES,STRICT_ALL_TABLES,NO_ZERO_IN_DATE,NO_ZERO_DATE,ERROR_FOR_DIVISION_BY_ZERO,TRADITIONAL,NO_ENGINE_SUBSTITUTION {{(pid=96033) _check_effective_sql_mode /opt/stack/data/venv/lib/python3.12/site-packages/oslo_db/sqlalchemy/engines.py:325}}
Aug 24 19:09:01.209473 np0000008006 nova-conductor[96019]: DEBUG nova.service [None req-e93fda56-5aa8-4107-b030-2953cbdebcc9 None None] Join ServiceGroup membership for this service conductor {{(pid=96019) start /opt/stack/nova/nova/service.py:288}}
Aug 24 19:09:01.209720 np0000008006 nova-conductor[96019]: DEBUG nova.servicegroup.drivers.db [None req-e93fda56-5aa8-4107-b030-2953cbdebcc9 None None] DB_Driver: join new ServiceGroup member np0000008006 to the conductor group, service = {{(pid=96019) join /opt/stack/nova/nova/servicegroup/drivers/db.py:44}}
Aug 24 19:09:01.210348 np0000008006 nova-conductor[96033]: DEBUG dbcounter [-] [96033] Writer thread running {{(pid=96033) stat_writer /opt/stack/data/venv/lib/python3.12/site-packages/dbcounter.py:102}}
Aug 24 19:09:01.212179 np0000008006 nova-conductor[96015]: DEBUG nova.service [None req-e3584a63-15af-42e8-9d1d-cef5e89eadf1 None None] Join ServiceGroup membership for this service conductor {{(pid=96015) start /opt/stack/nova/nova/service.py:288}}
Aug 24 19:09:01.212629 np0000008006 nova-conductor[96015]: DEBUG nova.servicegroup.drivers.db [None req-e3584a63-15af-42e8-9d1d-cef5e89eadf1 None None] DB_Driver: join new ServiceGroup member np0000008006 to the conductor group, service = {{(pid=96015) join /opt/stack/nova/nova/servicegroup/drivers/db.py:44}}
Aug 24 19:09:01.213740 np0000008006 nova-conductor[96033]: DEBUG nova.service [None req-b0967b24-857c-422a-8363-40eecb094fbb None None] Creating RPC server for service: nova-conductor on topic: conductor {{(pid=96033) start /opt/stack/nova/nova/service.py:262}}
Aug 24 19:09:01.234478 np0000008006 nova-conductor[96033]: DEBUG nova.service [None req-b0967b24-857c-422a-8363-40eecb094fbb None None] Join ServiceGroup membership for this service conductor {{(pid=96033) start /opt/stack/nova/nova/service.py:288}}
Aug 24 19:09:01.234722 np0000008006 nova-conductor[96033]: DEBUG nova.servicegroup.drivers.db [None req-b0967b24-857c-422a-8363-40eecb094fbb None None] DB_Driver: join new ServiceGroup member np0000008006 to the conductor group, service = {{(pid=96033) join /opt/stack/nova/nova/servicegroup/drivers/db.py:44}}
Aug 24 19:09:06.225895 np0000008006 nova-conductor[96019]: DEBUG oslo.service.backend._threading.loopingcall [-] Fixed interval looping call 'nova.servicegroup.drivers.db.DbDriver._report_state' sleeping for 119.99 seconds {{(pid=96019) _run_loop /opt/stack/data/venv/lib/python3.12/site-packages/oslo_service/backend/_threading/loopingcall.py:125}}
Aug 24 19:09:06.227074 np0000008006 nova-conductor[96015]: DEBUG oslo.service.backend._threading.loopingcall [-] Fixed interval looping call 'nova.servicegroup.drivers.db.DbDriver._report_state' sleeping for 119.99 seconds {{(pid=96015) _run_loop /opt/stack/data/venv/lib/python3.12/site-packages/oslo_service/backend/_threading/loopingcall.py:125}}
Aug 24 19:09:06.245266 np0000008006 nova-conductor[96033]: DEBUG oslo.service.backend._threading.loopingcall [-] Fixed interval looping call 'nova.servicegroup.drivers.db.DbDriver._report_state' sleeping for 119.99 seconds {{(pid=96033) _run_loop /opt/stack/data/venv/lib/python3.12/site-packages/oslo_service/backend/_threading/loopingcall.py:125}}
Aug 24 19:09:09.778461 np0000008006 nova-conductor[94540]: DEBUG dbcounter [-] [94540] Writing DB stats nova_api:SELECT=1 {{(pid=94540) stat_writer /opt/stack/data/venv/lib/python3.12/site-packages/dbcounter.py:115}}
Aug 24 19:09:09.906247 np0000008006 nova-conductor[94540]: DEBUG dbcounter [-] [94540] Writing DB stats nova_cell0:SELECT=1 {{(pid=94540) stat_writer /opt/stack/data/venv/lib/python3.12/site-packages/dbcounter.py:115}}
Aug 24 19:09:09.910844 np0000008006 nova-conductor[94540]: DEBUG dbcounter [-] [94540] Writing DB stats nova_cell1:SELECT=1 {{(pid=94540) stat_writer /opt/stack/data/venv/lib/python3.12/site-packages/dbcounter.py:115}}
Aug 24 19:09:16.220312 np0000008006 nova-conductor[96019]: DEBUG dbcounter [-] [96019] Writing DB stats nova_cell0:SELECT=4,nova_cell0:INSERT=1,nova_cell0:UPDATE=1 {{(pid=96019) stat_writer /opt/stack/data/venv/lib/python3.12/site-packages/dbcounter.py:115}}
Aug 24 19:09:16.225207 np0000008006 nova-conductor[96015]: DEBUG dbcounter [-] [96015] Writing DB stats nova_cell0:SELECT=5,nova_cell0:INSERT=1,nova_cell0:UPDATE=1 {{(pid=96015) stat_writer /opt/stack/data/venv/lib/python3.12/site-packages/dbcounter.py:115}}
Aug 24 19:09:16.242501 np0000008006 nova-conductor[96033]: DEBUG dbcounter [-] [96033] Writing DB stats nova_cell0:SELECT=3 {{(pid=96033) stat_writer /opt/stack/data/venv/lib/python3.12/site-packages/dbcounter.py:115}}
Aug 24 19:09:19.214431 np0000008006 nova-conductor[96015]: DEBUG oslo.service.backend._threading.loopingcall [None req-ea4a438d-5ad7-4e9b-9351-8e3ab0616e8a None None] Dynamic interval looping call 'nova.service.Service.periodic_tasks' sleeping for 60.00 seconds {{(pid=96015) _run_loop /opt/stack/data/venv/lib/python3.12/site-packages/oslo_service/backend/_threading/loopingcall.py:125}}
Aug 24 19:09:21.237067 np0000008006 nova-conductor[96033]: DEBUG oslo.service.backend._threading.loopingcall [None req-ebb7fa1f-3926-480d-b2d3-175e1283fc67 None None] Dynamic interval looping call 'nova.service.Service.periodic_tasks' sleeping for 60.00 seconds {{(pid=96033) _run_loop /opt/stack/data/venv/lib/python3.12/site-packages/oslo_service/backend/_threading/loopingcall.py:125}}
Aug 24 19:09:52.211803 np0000008006 nova-conductor[96019]: DEBUG oslo.service.backend._threading.loopingcall [None req-443b4c4d-2620-4ac9-a099-c72241b71925 None None] Dynamic interval looping call 'nova.service.Service.periodic_tasks' sleeping for 60.00 seconds {{(pid=96019) _run_loop /opt/stack/data/venv/lib/python3.12/site-packages/oslo_service/backend/_threading/loopingcall.py:125}}
Aug 24 19:10:19.214954 np0000008006 nova-conductor[96015]: DEBUG oslo.service.backend._threading.loopingcall [None req-ea4a438d-5ad7-4e9b-9351-8e3ab0616e8a None None] Dynamic interval looping call 'nova.service.Service.periodic_tasks' sleeping for 60.00 seconds {{(pid=96015) _run_loop /opt/stack/data/venv/lib/python3.12/site-packages/oslo_service/backend/_threading/loopingcall.py:125}}
Aug 24 19:10:21.237560 np0000008006 nova-conductor[96033]: DEBUG oslo.service.backend._threading.loopingcall [None req-ebb7fa1f-3926-480d-b2d3-175e1283fc67 None None] Dynamic interval looping call 'nova.service.Service.periodic_tasks' sleeping for 60.00 seconds {{(pid=96033) _run_loop /opt/stack/data/venv/lib/python3.12/site-packages/oslo_service/backend/_threading/loopingcall.py:125}}
Aug 24 19:10:52.212302 np0000008006 nova-conductor[96019]: DEBUG oslo.service.backend._threading.loopingcall [None req-443b4c4d-2620-4ac9-a099-c72241b71925 None None] Dynamic interval looping call 'nova.service.Service.periodic_tasks' sleeping for 60.00 seconds {{(pid=96019) _run_loop /opt/stack/data/venv/lib/python3.12/site-packages/oslo_service/backend/_threading/loopingcall.py:125}}
Aug 24 19:11:06.223777 np0000008006 nova-conductor[96019]: DEBUG oslo.service.backend._threading.loopingcall [-] Fixed interval looping call 'nova.servicegroup.drivers.db.DbDriver._report_state' sleeping for 119.99 seconds {{(pid=96019) _run_loop /opt/stack/data/venv/lib/python3.12/site-packages/oslo_service/backend/_threading/loopingcall.py:125}}
Aug 24 19:11:06.224237 np0000008006 nova-conductor[96015]: DEBUG oslo.service.backend._threading.loopingcall [-] Fixed interval looping call 'nova.servicegroup.drivers.db.DbDriver._report_state' sleeping for 119.99 seconds {{(pid=96015) _run_loop /opt/stack/data/venv/lib/python3.12/site-packages/oslo_service/backend/_threading/loopingcall.py:125}}
Aug 24 19:11:06.239611 np0000008006 nova-conductor[96033]: DEBUG oslo.service.backend._threading.loopingcall [-] Fixed interval looping call 'nova.servicegroup.drivers.db.DbDriver._report_state' sleeping for 120.00 seconds {{(pid=96033) _run_loop /opt/stack/data/venv/lib/python3.12/site-packages/oslo_service/backend/_threading/loopingcall.py:125}}
Aug 24 19:11:16.219885 np0000008006 nova-conductor[96019]: DEBUG dbcounter [-] [96019] Writing DB stats nova_cell0:SELECT=1,nova_cell0:UPDATE=1 {{(pid=96019) stat_writer /opt/stack/data/venv/lib/python3.12/site-packages/dbcounter.py:115}}
Aug 24 19:11:16.221245 np0000008006 nova-conductor[96015]: DEBUG dbcounter [-] [96015] Writing DB stats nova_cell0:SELECT=1,nova_cell0:UPDATE=1 {{(pid=96015) stat_writer /opt/stack/data/venv/lib/python3.12/site-packages/dbcounter.py:115}}
Aug 24 19:11:16.237257 np0000008006 nova-conductor[96033]: DEBUG dbcounter [-] [96033] Writing DB stats nova_cell0:SELECT=1 {{(pid=96033) stat_writer /opt/stack/data/venv/lib/python3.12/site-packages/dbcounter.py:115}}
Aug 24 19:11:19.215687 np0000008006 nova-conductor[96015]: DEBUG oslo.service.backend._threading.loopingcall [None req-ea4a438d-5ad7-4e9b-9351-8e3ab0616e8a None None] Dynamic interval looping call 'nova.service.Service.periodic_tasks' sleeping for 60.00 seconds {{(pid=96015) _run_loop /opt/stack/data/venv/lib/python3.12/site-packages/oslo_service/backend/_threading/loopingcall.py:125}}
Aug 24 19:11:21.238615 np0000008006 nova-conductor[96033]: DEBUG oslo.service.backend._threading.loopingcall [None req-ebb7fa1f-3926-480d-b2d3-175e1283fc67 None None] Dynamic interval looping call 'nova.service.Service.periodic_tasks' sleeping for 60.00 seconds {{(pid=96033) _run_loop /opt/stack/data/venv/lib/python3.12/site-packages/oslo_service/backend/_threading/loopingcall.py:125}}
Aug 24 19:11:30.755468 np0000008006 nova-conductor[96019]: DEBUG oslo_db.sqlalchemy.engines [None req-c5ebc34b-fb2d-4dc3-8b2c-bbecfd7d962a tempest-ServerRescueNegativeTestJSON-1622834774 tempest-ServerRescueNegativeTestJSON-1622834774-project-member] Parent process 94540 forked (96019) with an open database connection, which is being discarded and recreated. {{(pid=96019) checkout /opt/stack/data/venv/lib/python3.12/site-packages/oslo_db/sqlalchemy/engines.py:402}}
Aug 24 19:11:30.798844 np0000008006 nova-conductor[96019]: DEBUG dbcounter [-] [96019] Writer thread running {{(pid=96019) stat_writer /opt/stack/data/venv/lib/python3.12/site-packages/dbcounter.py:102}}
Aug 24 19:11:30.828993 np0000008006 nova-conductor[96015]: DEBUG dbcounter [-] [96015] Writer thread running {{(pid=96015) stat_writer /opt/stack/data/venv/lib/python3.12/site-packages/dbcounter.py:102}}
Aug 24 19:11:31.766990 np0000008006 nova-conductor[96015]: DEBUG nova.conductor.manager [None req-3e31ab01-f53b-48ce-8512-df05c2ac1807 tempest-ServerBootFromVolumeStableRescueTest-108857341 tempest-ServerBootFromVolumeStableRescueTest-108857341-project-member] Took 0.94 seconds to select destinations for 1 instance(s). {{(pid=96015) _schedule_instances /opt/stack/nova/nova/conductor/manager.py:957}}
Aug 24 19:11:31.817414 np0000008006 nova-conductor[96015]: DEBUG oslo_concurrency.lockutils [None req-3e31ab01-f53b-48ce-8512-df05c2ac1807 tempest-ServerBootFromVolumeStableRescueTest-108857341 tempest-ServerBootFromVolumeStableRescueTest-108857341-project-member] Acquiring lock "ddf35106-9ddf-4d66-9e76-7b96fddb3d0f" by "nova.context.set_target_cell..get_or_set_cached_cell_and_set_connections" {{(pid=96015) inner /opt/stack/data/venv/lib/python3.12/site-packages/oslo_concurrency/lockutils.py:512}}
Aug 24 19:11:31.817650 np0000008006 nova-conductor[96015]: DEBUG oslo_concurrency.lockutils [None req-3e31ab01-f53b-48ce-8512-df05c2ac1807 tempest-ServerBootFromVolumeStableRescueTest-108857341 tempest-ServerBootFromVolumeStableRescueTest-108857341-project-member] Lock "ddf35106-9ddf-4d66-9e76-7b96fddb3d0f" acquired by "nova.context.set_target_cell..get_or_set_cached_cell_and_set_connections" :: waited 0.000s {{(pid=96015) inner /opt/stack/data/venv/lib/python3.12/site-packages/oslo_concurrency/lockutils.py:525}}
Aug 24 19:11:31.819129 np0000008006 nova-conductor[96015]: DEBUG oslo_concurrency.lockutils [None req-3e31ab01-f53b-48ce-8512-df05c2ac1807 tempest-ServerBootFromVolumeStableRescueTest-108857341 tempest-ServerBootFromVolumeStableRescueTest-108857341-project-member] Lock "ddf35106-9ddf-4d66-9e76-7b96fddb3d0f" "released" by "nova.context.set_target_cell..get_or_set_cached_cell_and_set_connections" :: held 0.001s {{(pid=96015) inner /opt/stack/data/venv/lib/python3.12/site-packages/oslo_concurrency/lockutils.py:544}}
Aug 24 19:11:31.821505 np0000008006 nova-conductor[96015]: INFO dbcounter [None req-3e31ab01-f53b-48ce-8512-df05c2ac1807 tempest-ServerBootFromVolumeStableRescueTest-108857341 tempest-ServerBootFromVolumeStableRescueTest-108857341-project-member] Registered counter for database nova_cell1
Aug 24 19:11:31.857317 np0000008006 nova-conductor[96015]: DEBUG oslo_db.sqlalchemy.engines [None req-3e31ab01-f53b-48ce-8512-df05c2ac1807 tempest-ServerBootFromVolumeStableRescueTest-108857341 tempest-ServerBootFromVolumeStableRescueTest-108857341-project-member] MySQL server mode set to STRICT_TRANS_TABLES,STRICT_ALL_TABLES,NO_ZERO_IN_DATE,NO_ZERO_DATE,ERROR_FOR_DIVISION_BY_ZERO,TRADITIONAL,NO_ENGINE_SUBSTITUTION {{(pid=96015) _check_effective_sql_mode /opt/stack/data/venv/lib/python3.12/site-packages/oslo_db/sqlalchemy/engines.py:325}}
Aug 24 19:11:31.866592 np0000008006 nova-conductor[96015]: DEBUG dbcounter [-] [96015] Writer thread running {{(pid=96015) stat_writer /opt/stack/data/venv/lib/python3.12/site-packages/dbcounter.py:102}}
Aug 24 19:11:31.959581 np0000008006 nova-conductor[96015]: DEBUG oslo_concurrency.lockutils [None req-3e31ab01-f53b-48ce-8512-df05c2ac1807 tempest-ServerBootFromVolumeStableRescueTest-108857341 tempest-ServerBootFromVolumeStableRescueTest-108857341-project-member] Acquiring lock "00000000-0000-0000-0000-000000000000" by "nova.context.set_target_cell..get_or_set_cached_cell_and_set_connections" {{(pid=96015) inner /opt/stack/data/venv/lib/python3.12/site-packages/oslo_concurrency/lockutils.py:512}}
Aug 24 19:11:31.959788 np0000008006 nova-conductor[96015]: DEBUG oslo_concurrency.lockutils [None req-3e31ab01-f53b-48ce-8512-df05c2ac1807 tempest-ServerBootFromVolumeStableRescueTest-108857341 tempest-ServerBootFromVolumeStableRescueTest-108857341-project-member] Lock "00000000-0000-0000-0000-000000000000" acquired by "nova.context.set_target_cell..get_or_set_cached_cell_and_set_connections" :: waited 0.000s {{(pid=96015) inner /opt/stack/data/venv/lib/python3.12/site-packages/oslo_concurrency/lockutils.py:525}}
Aug 24 19:11:31.960279 np0000008006 nova-conductor[96015]: DEBUG oslo_concurrency.lockutils [None req-3e31ab01-f53b-48ce-8512-df05c2ac1807 tempest-ServerBootFromVolumeStableRescueTest-108857341 tempest-ServerBootFromVolumeStableRescueTest-108857341-project-member] Lock "00000000-0000-0000-0000-000000000000" "released" by "nova.context.set_target_cell..get_or_set_cached_cell_and_set_connections" :: held 0.000s {{(pid=96015) inner /opt/stack/data/venv/lib/python3.12/site-packages/oslo_concurrency/lockutils.py:544}}
Aug 24 19:11:31.960548 np0000008006 nova-conductor[96015]: INFO nova.thread_pool_factory [None req-3e31ab01-f53b-48ce-8512-df05c2ac1807 tempest-ServerBootFromVolumeStableRescueTest-108857341 tempest-ServerBootFromVolumeStableRescueTest-108857341-project-member] The cell_worker thread pool ForkProcess-1.cell_worker is initialized
Aug 24 19:11:31.962065 np0000008006 nova-conductor[96015]: DEBUG oslo_concurrency.lockutils [None req-3e31ab01-f53b-48ce-8512-df05c2ac1807 tempest-ServerBootFromVolumeStableRescueTest-108857341 tempest-ServerBootFromVolumeStableRescueTest-108857341-project-member] Acquiring lock "ddf35106-9ddf-4d66-9e76-7b96fddb3d0f" by "nova.context.set_target_cell..get_or_set_cached_cell_and_set_connections" {{(pid=96015) inner /opt/stack/data/venv/lib/python3.12/site-packages/oslo_concurrency/lockutils.py:512}}
Aug 24 19:11:31.962321 np0000008006 nova-conductor[96015]: DEBUG oslo_concurrency.lockutils [None req-3e31ab01-f53b-48ce-8512-df05c2ac1807 tempest-ServerBootFromVolumeStableRescueTest-108857341 tempest-ServerBootFromVolumeStableRescueTest-108857341-project-member] Lock "ddf35106-9ddf-4d66-9e76-7b96fddb3d0f" acquired by "nova.context.set_target_cell..get_or_set_cached_cell_and_set_connections" :: waited 0.000s {{(pid=96015) inner /opt/stack/data/venv/lib/python3.12/site-packages/oslo_concurrency/lockutils.py:525}}
Aug 24 19:11:31.962459 np0000008006 nova-conductor[96015]: DEBUG oslo_concurrency.lockutils [None req-3e31ab01-f53b-48ce-8512-df05c2ac1807 tempest-ServerBootFromVolumeStableRescueTest-108857341 tempest-ServerBootFromVolumeStableRescueTest-108857341-project-member] Lock "ddf35106-9ddf-4d66-9e76-7b96fddb3d0f" "released" by "nova.context.set_target_cell..get_or_set_cached_cell_and_set_connections" :: held 0.000s {{(pid=96015) inner /opt/stack/data/venv/lib/python3.12/site-packages/oslo_concurrency/lockutils.py:544}}
Aug 24 19:11:31.964034 np0000008006 nova-conductor[96015]: INFO dbcounter [None req-3e31ab01-f53b-48ce-8512-df05c2ac1807 tempest-ServerBootFromVolumeStableRescueTest-108857341 tempest-ServerBootFromVolumeStableRescueTest-108857341-project-member] Registered counter for database nova_cell0
Aug 24 19:11:31.996527 np0000008006 nova-conductor[96019]: DEBUG nova.conductor.manager [None req-c5ebc34b-fb2d-4dc3-8b2c-bbecfd7d962a tempest-ServerRescueNegativeTestJSON-1622834774 tempest-ServerRescueNegativeTestJSON-1622834774-project-member] Took 1.19 seconds to select destinations for 1 instance(s). {{(pid=96019) _schedule_instances /opt/stack/nova/nova/conductor/manager.py:957}}
Aug 24 19:11:32.034379 np0000008006 nova-conductor[96015]: DEBUG oslo_db.sqlalchemy.engines [None req-3e31ab01-f53b-48ce-8512-df05c2ac1807 tempest-ServerBootFromVolumeStableRescueTest-108857341 tempest-ServerBootFromVolumeStableRescueTest-108857341-project-member] MySQL server mode set to STRICT_TRANS_TABLES,STRICT_ALL_TABLES,NO_ZERO_IN_DATE,NO_ZERO_DATE,ERROR_FOR_DIVISION_BY_ZERO,TRADITIONAL,NO_ENGINE_SUBSTITUTION {{(pid=96015) _check_effective_sql_mode /opt/stack/data/venv/lib/python3.12/site-packages/oslo_db/sqlalchemy/engines.py:325}}
Aug 24 19:11:32.037250 np0000008006 nova-conductor[96019]: DEBUG oslo_concurrency.lockutils [None req-c5ebc34b-fb2d-4dc3-8b2c-bbecfd7d962a tempest-ServerRescueNegativeTestJSON-1622834774 tempest-ServerRescueNegativeTestJSON-1622834774-project-member] Acquiring lock "ddf35106-9ddf-4d66-9e76-7b96fddb3d0f" by "nova.context.set_target_cell..get_or_set_cached_cell_and_set_connections" {{(pid=96019) inner /opt/stack/data/venv/lib/python3.12/site-packages/oslo_concurrency/lockutils.py:512}}
Aug 24 19:11:32.037620 np0000008006 nova-conductor[96019]: DEBUG oslo_concurrency.lockutils [None req-c5ebc34b-fb2d-4dc3-8b2c-bbecfd7d962a tempest-ServerRescueNegativeTestJSON-1622834774 tempest-ServerRescueNegativeTestJSON-1622834774-project-member] Lock "ddf35106-9ddf-4d66-9e76-7b96fddb3d0f" acquired by "nova.context.set_target_cell..get_or_set_cached_cell_and_set_connections" :: waited 0.001s {{(pid=96019) inner /opt/stack/data/venv/lib/python3.12/site-packages/oslo_concurrency/lockutils.py:525}}
Aug 24 19:11:32.039398 np0000008006 nova-conductor[96019]: DEBUG oslo_concurrency.lockutils [None req-c5ebc34b-fb2d-4dc3-8b2c-bbecfd7d962a tempest-ServerRescueNegativeTestJSON-1622834774 tempest-ServerRescueNegativeTestJSON-1622834774-project-member] Lock "ddf35106-9ddf-4d66-9e76-7b96fddb3d0f" "released" by "nova.context.set_target_cell..get_or_set_cached_cell_and_set_connections" :: held 0.002s {{(pid=96019) inner /opt/stack/data/venv/lib/python3.12/site-packages/oslo_concurrency/lockutils.py:544}}
Aug 24 19:11:32.040053 np0000008006 nova-conductor[96015]: DEBUG dbcounter [-] [96015] Writer thread running {{(pid=96015) stat_writer /opt/stack/data/venv/lib/python3.12/site-packages/dbcounter.py:102}}
Aug 24 19:11:32.042530 np0000008006 nova-conductor[96019]: INFO dbcounter [None req-c5ebc34b-fb2d-4dc3-8b2c-bbecfd7d962a tempest-ServerRescueNegativeTestJSON-1622834774 tempest-ServerRescueNegativeTestJSON-1622834774-project-member] Registered counter for database nova_cell1
Aug 24 19:11:32.053466 np0000008006 nova-conductor[96015]: DEBUG nova.quota [None req-3e31ab01-f53b-48ce-8512-df05c2ac1807 tempest-ServerBootFromVolumeStableRescueTest-108857341 tempest-ServerBootFromVolumeStableRescueTest-108857341-project-member] Getting quotas for project a92119e4713c428abd6abcb4ddefbb32. Resources: {'cores', 'instances', 'ram'} {{(pid=96015) _get_quotas /opt/stack/nova/nova/quota.py:389}}
Aug 24 19:11:32.057683 np0000008006 nova-conductor[96015]: DEBUG nova.quota [None req-3e31ab01-f53b-48ce-8512-df05c2ac1807 tempest-ServerBootFromVolumeStableRescueTest-108857341 tempest-ServerBootFromVolumeStableRescueTest-108857341-project-member] Getting quotas for user 8f76c25803224da9a104fdae13f912f0 and project a92119e4713c428abd6abcb4ddefbb32. Resources: {'cores', 'instances', 'ram'} {{(pid=96015) _get_quotas /opt/stack/nova/nova/quota.py:379}}
Aug 24 19:11:32.068614 np0000008006 nova-conductor[96015]: DEBUG nova.conductor.manager [None req-3e31ab01-f53b-48ce-8512-df05c2ac1807 tempest-ServerBootFromVolumeStableRescueTest-108857341 tempest-ServerBootFromVolumeStableRescueTest-108857341-project-member] [instance: f9596b95-8d1e-4406-b633-b837fb27657d] Selected host: np0000008006; Selected node: np0000008006; Alternates: [] {{(pid=96015) schedule_and_build_instances /opt/stack/nova/nova/conductor/manager.py:1773}}
Aug 24 19:11:32.068950 np0000008006 nova-conductor[96015]: DEBUG oslo_concurrency.lockutils [None req-3e31ab01-f53b-48ce-8512-df05c2ac1807 tempest-ServerBootFromVolumeStableRescueTest-108857341 tempest-ServerBootFromVolumeStableRescueTest-108857341-project-member] Acquiring lock "ddf35106-9ddf-4d66-9e76-7b96fddb3d0f" by "nova.context.set_target_cell..get_or_set_cached_cell_and_set_connections" {{(pid=96015) inner /opt/stack/data/venv/lib/python3.12/site-packages/oslo_concurrency/lockutils.py:512}}
Aug 24 19:11:32.069166 np0000008006 nova-conductor[96015]: DEBUG oslo_concurrency.lockutils [None req-3e31ab01-f53b-48ce-8512-df05c2ac1807 tempest-ServerBootFromVolumeStableRescueTest-108857341 tempest-ServerBootFromVolumeStableRescueTest-108857341-project-member] Lock "ddf35106-9ddf-4d66-9e76-7b96fddb3d0f" acquired by "nova.context.set_target_cell..get_or_set_cached_cell_and_set_connections" :: waited 0.000s {{(pid=96015) inner /opt/stack/data/venv/lib/python3.12/site-packages/oslo_concurrency/lockutils.py:525}}
Aug 24 19:11:32.069356 np0000008006 nova-conductor[96015]: DEBUG oslo_concurrency.lockutils [None req-3e31ab01-f53b-48ce-8512-df05c2ac1807 tempest-ServerBootFromVolumeStableRescueTest-108857341 tempest-ServerBootFromVolumeStableRescueTest-108857341-project-member] Lock "ddf35106-9ddf-4d66-9e76-7b96fddb3d0f" "released" by "nova.context.set_target_cell..get_or_set_cached_cell_and_set_connections" :: held 0.000s {{(pid=96015) inner /opt/stack/data/venv/lib/python3.12/site-packages/oslo_concurrency/lockutils.py:544}}
Aug 24 19:11:32.079005 np0000008006 nova-conductor[96015]: DEBUG nova.conductor.manager [None req-3e31ab01-f53b-48ce-8512-df05c2ac1807 tempest-ServerBootFromVolumeStableRescueTest-108857341 tempest-ServerBootFromVolumeStableRescueTest-108857341-project-member] [instance: f9596b95-8d1e-4406-b633-b837fb27657d] block_device_mapping [BlockDeviceMapping(attachment_id=,boot_index=0,connection_info=None,created_at=,delete_on_termination=True,deleted=,deleted_at=,destination_type='local',device_name=None,device_type='disk',disk_bus=None,encrypted=False,encryption_format=None,encryption_options=None,encryption_secret_uuid=None,guest_format=None,id=,image_id='5e88014b-1263-46e5-9a45-62cebc642ce1',instance=,instance_uuid=,no_device=False,snapshot_id=None,source_type='image',tag=None,updated_at=,uuid=,volume_id=None,volume_size=None,volume_type=None)] {{(pid=96015) _create_block_device_mapping /opt/stack/nova/nova/conductor/manager.py:1518}}
Aug 24 19:11:32.080778 np0000008006 nova-conductor[96015]: DEBUG oslo_concurrency.lockutils [None req-3e31ab01-f53b-48ce-8512-df05c2ac1807 tempest-ServerBootFromVolumeStableRescueTest-108857341 tempest-ServerBootFromVolumeStableRescueTest-108857341-project-member] Acquiring lock "ddf35106-9ddf-4d66-9e76-7b96fddb3d0f" by "nova.context.set_target_cell..get_or_set_cached_cell_and_set_connections" {{(pid=96015) inner /opt/stack/data/venv/lib/python3.12/site-packages/oslo_concurrency/lockutils.py:512}}
Aug 24 19:11:32.080778 np0000008006 nova-conductor[96015]: DEBUG oslo_concurrency.lockutils [None req-3e31ab01-f53b-48ce-8512-df05c2ac1807 tempest-ServerBootFromVolumeStableRescueTest-108857341 tempest-ServerBootFromVolumeStableRescueTest-108857341-project-member] Lock "ddf35106-9ddf-4d66-9e76-7b96fddb3d0f" acquired by "nova.context.set_target_cell..get_or_set_cached_cell_and_set_connections" :: waited 0.000s {{(pid=96015) inner /opt/stack/data/venv/lib/python3.12/site-packages/oslo_concurrency/lockutils.py:525}}
Aug 24 19:11:32.080778 np0000008006 nova-conductor[96015]: DEBUG oslo_concurrency.lockutils [None req-3e31ab01-f53b-48ce-8512-df05c2ac1807 tempest-ServerBootFromVolumeStableRescueTest-108857341 tempest-ServerBootFromVolumeStableRescueTest-108857341-project-member] Lock "ddf35106-9ddf-4d66-9e76-7b96fddb3d0f" "released" by "nova.context.set_target_cell..get_or_set_cached_cell_and_set_connections" :: held 0.000s {{(pid=96015) inner /opt/stack/data/venv/lib/python3.12/site-packages/oslo_concurrency/lockutils.py:544}}
Aug 24 19:11:32.084579 np0000008006 nova-conductor[96019]: DEBUG oslo_db.sqlalchemy.engines [None req-c5ebc34b-fb2d-4dc3-8b2c-bbecfd7d962a tempest-ServerRescueNegativeTestJSON-1622834774 tempest-ServerRescueNegativeTestJSON-1622834774-project-member] MySQL server mode set to STRICT_TRANS_TABLES,STRICT_ALL_TABLES,NO_ZERO_IN_DATE,NO_ZERO_DATE,ERROR_FOR_DIVISION_BY_ZERO,TRADITIONAL,NO_ENGINE_SUBSTITUTION {{(pid=96019) _check_effective_sql_mode /opt/stack/data/venv/lib/python3.12/site-packages/oslo_db/sqlalchemy/engines.py:325}}
Aug 24 19:11:32.092563 np0000008006 nova-conductor[96019]: DEBUG dbcounter [-] [96019] Writer thread running {{(pid=96019) stat_writer /opt/stack/data/venv/lib/python3.12/site-packages/dbcounter.py:102}}
Aug 24 19:11:32.123384 np0000008006 nova-conductor[96015]: DEBUG oslo_concurrency.lockutils [None req-3e31ab01-f53b-48ce-8512-df05c2ac1807 tempest-ServerBootFromVolumeStableRescueTest-108857341 tempest-ServerBootFromVolumeStableRescueTest-108857341-project-member] Acquiring lock "ddf35106-9ddf-4d66-9e76-7b96fddb3d0f" by "nova.context.set_target_cell..get_or_set_cached_cell_and_set_connections" {{(pid=96015) inner /opt/stack/data/venv/lib/python3.12/site-packages/oslo_concurrency/lockutils.py:512}}
Aug 24 19:11:32.123646 np0000008006 nova-conductor[96015]: DEBUG oslo_concurrency.lockutils [None req-3e31ab01-f53b-48ce-8512-df05c2ac1807 tempest-ServerBootFromVolumeStableRescueTest-108857341 tempest-ServerBootFromVolumeStableRescueTest-108857341-project-member] Lock "ddf35106-9ddf-4d66-9e76-7b96fddb3d0f" acquired by "nova.context.set_target_cell..get_or_set_cached_cell_and_set_connections" :: waited 0.001s {{(pid=96015) inner /opt/stack/data/venv/lib/python3.12/site-packages/oslo_concurrency/lockutils.py:525}}
Aug 24 19:11:32.123792 np0000008006 nova-conductor[96015]: DEBUG oslo_concurrency.lockutils [None req-3e31ab01-f53b-48ce-8512-df05c2ac1807 tempest-ServerBootFromVolumeStableRescueTest-108857341 tempest-ServerBootFromVolumeStableRescueTest-108857341-project-member] Lock "ddf35106-9ddf-4d66-9e76-7b96fddb3d0f" "released" by "nova.context.set_target_cell..get_or_set_cached_cell_and_set_connections" :: held 0.000s {{(pid=96015) inner /opt/stack/data/venv/lib/python3.12/site-packages/oslo_concurrency/lockutils.py:544}}
Aug 24 19:11:32.124005 np0000008006 nova-conductor[96015]: DEBUG oslo_concurrency.lockutils [None req-3e31ab01-f53b-48ce-8512-df05c2ac1807 tempest-ServerBootFromVolumeStableRescueTest-108857341 tempest-ServerBootFromVolumeStableRescueTest-108857341-project-member] Acquiring lock "compute-rpcapi-router" {{(pid=96015) lock /opt/stack/data/venv/lib/python3.12/site-packages/oslo_concurrency/lockutils.py:396}}
Aug 24 19:11:32.124106 np0000008006 nova-conductor[96015]: DEBUG oslo_concurrency.lockutils [None req-3e31ab01-f53b-48ce-8512-df05c2ac1807 tempest-ServerBootFromVolumeStableRescueTest-108857341 tempest-ServerBootFromVolumeStableRescueTest-108857341-project-member] Acquired lock "compute-rpcapi-router" {{(pid=96015) lock /opt/stack/data/venv/lib/python3.12/site-packages/oslo_concurrency/lockutils.py:399}}
Aug 24 19:11:32.124538 np0000008006 nova-conductor[96015]: DEBUG oslo_concurrency.lockutils [None req-23ce621f-4839-457b-a1ee-3588dfdf8cfd None None] Acquiring lock "00000000-0000-0000-0000-000000000000" by "nova.context.set_target_cell..get_or_set_cached_cell_and_set_connections" {{(pid=96015) inner /opt/stack/data/venv/lib/python3.12/site-packages/oslo_concurrency/lockutils.py:512}}
Aug 24 19:11:32.124656 np0000008006 nova-conductor[96015]: DEBUG oslo_concurrency.lockutils [None req-23ce621f-4839-457b-a1ee-3588dfdf8cfd None None] Lock "00000000-0000-0000-0000-000000000000" acquired by "nova.context.set_target_cell..get_or_set_cached_cell_and_set_connections" :: waited 0.000s {{(pid=96015) inner /opt/stack/data/venv/lib/python3.12/site-packages/oslo_concurrency/lockutils.py:525}}
Aug 24 19:11:32.124782 np0000008006 nova-conductor[96015]: DEBUG oslo_concurrency.lockutils [None req-23ce621f-4839-457b-a1ee-3588dfdf8cfd None None] Lock "00000000-0000-0000-0000-000000000000" "released" by "nova.context.set_target_cell..get_or_set_cached_cell_and_set_connections" :: held 0.000s {{(pid=96015) inner /opt/stack/data/venv/lib/python3.12/site-packages/oslo_concurrency/lockutils.py:544}}
Aug 24 19:11:32.125595 np0000008006 nova-conductor[96015]: DEBUG oslo_concurrency.lockutils [None req-23ce621f-4839-457b-a1ee-3588dfdf8cfd None None] Acquiring lock "ddf35106-9ddf-4d66-9e76-7b96fddb3d0f" by "nova.context.set_target_cell..get_or_set_cached_cell_and_set_connections" {{(pid=96015) inner /opt/stack/data/venv/lib/python3.12/site-packages/oslo_concurrency/lockutils.py:512}}
Aug 24 19:11:32.125795 np0000008006 nova-conductor[96015]: DEBUG oslo_concurrency.lockutils [None req-23ce621f-4839-457b-a1ee-3588dfdf8cfd None None] Lock "ddf35106-9ddf-4d66-9e76-7b96fddb3d0f" acquired by "nova.context.set_target_cell..get_or_set_cached_cell_and_set_connections" :: waited 0.000s {{(pid=96015) inner /opt/stack/data/venv/lib/python3.12/site-packages/oslo_concurrency/lockutils.py:525}}
Aug 24 19:11:32.125899 np0000008006 nova-conductor[96015]: DEBUG oslo_concurrency.lockutils [None req-23ce621f-4839-457b-a1ee-3588dfdf8cfd None None] Lock "ddf35106-9ddf-4d66-9e76-7b96fddb3d0f" "released" by "nova.context.set_target_cell..get_or_set_cached_cell_and_set_connections" :: held 0.000s {{(pid=96015) inner /opt/stack/data/venv/lib/python3.12/site-packages/oslo_concurrency/lockutils.py:544}}
Aug 24 19:11:32.136544 np0000008006 nova-conductor[96015]: INFO nova.compute.rpcapi [None req-23ce621f-4839-457b-a1ee-3588dfdf8cfd None None] Automatically selected compute RPC version 6.5 from minimum service version 73
Aug 24 19:11:32.137064 np0000008006 nova-conductor[96015]: DEBUG oslo_concurrency.lockutils [None req-23ce621f-4839-457b-a1ee-3588dfdf8cfd None None] Releasing lock "compute-rpcapi-router" {{(pid=96015) lock /opt/stack/data/venv/lib/python3.12/site-packages/oslo_concurrency/lockutils.py:419}}
Aug 24 19:11:32.172147 np0000008006 nova-conductor[96019]: DEBUG oslo_concurrency.lockutils [None req-c5ebc34b-fb2d-4dc3-8b2c-bbecfd7d962a tempest-ServerRescueNegativeTestJSON-1622834774 tempest-ServerRescueNegativeTestJSON-1622834774-project-member] Acquiring lock "00000000-0000-0000-0000-000000000000" by "nova.context.set_target_cell..get_or_set_cached_cell_and_set_connections" {{(pid=96019) inner /opt/stack/data/venv/lib/python3.12/site-packages/oslo_concurrency/lockutils.py:512}}
Aug 24 19:11:32.172388 np0000008006 nova-conductor[96019]: DEBUG oslo_concurrency.lockutils [None req-c5ebc34b-fb2d-4dc3-8b2c-bbecfd7d962a tempest-ServerRescueNegativeTestJSON-1622834774 tempest-ServerRescueNegativeTestJSON-1622834774-project-member] Lock "00000000-0000-0000-0000-000000000000" acquired by "nova.context.set_target_cell..get_or_set_cached_cell_and_set_connections" :: waited 0.000s {{(pid=96019) inner /opt/stack/data/venv/lib/python3.12/site-packages/oslo_concurrency/lockutils.py:525}}
Aug 24 19:11:32.172643 np0000008006 nova-conductor[96019]: DEBUG oslo_concurrency.lockutils [None req-c5ebc34b-fb2d-4dc3-8b2c-bbecfd7d962a tempest-ServerRescueNegativeTestJSON-1622834774 tempest-ServerRescueNegativeTestJSON-1622834774-project-member] Lock "00000000-0000-0000-0000-000000000000" "released" by "nova.context.set_target_cell..get_or_set_cached_cell_and_set_connections" :: held 0.000s {{(pid=96019) inner /opt/stack/data/venv/lib/python3.12/site-packages/oslo_concurrency/lockutils.py:544}}
Aug 24 19:11:32.172924 np0000008006 nova-conductor[96019]: INFO nova.thread_pool_factory [None req-c5ebc34b-fb2d-4dc3-8b2c-bbecfd7d962a tempest-ServerRescueNegativeTestJSON-1622834774 tempest-ServerRescueNegativeTestJSON-1622834774-project-member] The cell_worker thread pool ForkProcess-2.cell_worker is initialized
