Aug 24 19:08:30.878929 np0000008006 devstack@neutron-api.service[87757]: DEBUG neutron.api.extensions [None req-52d314f1-1215-4906-b443-7b86d5f05346 None None] Loading extension file: vlantransparent.py {{(pid=87757) _load_all_extensions_from_path /opt/stack/neutron/neutron/api/extensions.py:449}}
Aug 24 19:08:30.879042 np0000008006 devstack@neutron-api.service[87759]: DEBUG neutron.api.extensions [None req-470954b7-f278-4802-9033-9470519362c5 None None] Extended resource: tags {{(pid=87759) __init__ /opt/stack/neutron/neutron/api/extensions.py:156}}
Aug 24 19:08:30.879240 np0000008006 devstack@neutron-api.service[87757]: DEBUG neutron.api.extensions [None req-52d314f1-1215-4906-b443-7b86d5f05346 None None] Ext name="Vlantransparent" alias="vlan-transparent" description="Provides Vlan Transparent Networks" updated="2015-03-23T09:00:00-00:00" {{(pid=87757) _check_extension /opt/stack/neutron/neutron/api/extensions.py:415}}
Aug 24 19:08:30.879416 np0000008006 devstack@neutron-api.service[87757]: INFO neutron.api.extensions [None req-52d314f1-1215-4906-b443-7b86d5f05346 None None] Loaded extension: vlan-transparent
Aug 24 19:08:30.879595 np0000008006 devstack@neutron-api.service[87759]: DEBUG neutron.api.extensions [None req-470954b7-f278-4802-9033-9470519362c5 None None] Extended resource: tags {{(pid=87759) __init__ /opt/stack/neutron/neutron/api/extensions.py:156}}
Aug 24 19:08:30.880344 np0000008006 devstack@neutron-api.service[87759]: DEBUG neutron.api.extensions [None req-470954b7-f278-4802-9033-9470519362c5 None None] Extended resource: tags {{(pid=87759) __init__ /opt/stack/neutron/neutron/api/extensions.py:156}}
Aug 24 19:08:30.881063 np0000008006 devstack@neutron-api.service[87759]: DEBUG neutron.api.extensions [None req-470954b7-f278-4802-9033-9470519362c5 None None] Extended resource: tags {{(pid=87759) __init__ /opt/stack/neutron/neutron/api/extensions.py:156}}
Aug 24 19:08:30.881591 np0000008006 devstack@neutron-api.service[87757]: INFO neutron.quota.resource_registry [None req-52d314f1-1215-4906-b443-7b86d5f05346 None None] Creating instance of TrackedResource for resource:network
Aug 24 19:08:30.881832 np0000008006 devstack@neutron-api.service[87759]: DEBUG neutron.api.extensions [None req-470954b7-f278-4802-9033-9470519362c5 None None] Extended resource: tags {{(pid=87759) __init__ /opt/stack/neutron/neutron/api/extensions.py:156}}
Aug 24 19:08:30.881967 np0000008006 devstack@neutron-api.service[87757]: INFO neutron.quota.resource_registry [None req-52d314f1-1215-4906-b443-7b86d5f05346 None None] Creating instance of TrackedResource for resource:subnet
Aug 24 19:08:30.882169 np0000008006 devstack@neutron-api.service[87757]: INFO neutron.quota.resource_registry [None req-52d314f1-1215-4906-b443-7b86d5f05346 None None] Creating instance of TrackedResource for resource:subnetpool
Aug 24 19:08:30.882421 np0000008006 devstack@neutron-api.service[87759]: DEBUG neutron.api.extensions [None req-470954b7-f278-4802-9033-9470519362c5 None None] Extended resource: tags {{(pid=87759) __init__ /opt/stack/neutron/neutron/api/extensions.py:156}}
Aug 24 19:08:30.882552 np0000008006 devstack@neutron-api.service[87757]: INFO neutron.quota.resource_registry [None req-52d314f1-1215-4906-b443-7b86d5f05346 None None] Creating instance of TrackedResource for resource:port
Aug 24 19:08:30.883122 np0000008006 devstack@neutron-api.service[87759]: DEBUG neutron.api.extensions [None req-470954b7-f278-4802-9033-9470519362c5 None None] Extended resource: tags {{(pid=87759) __init__ /opt/stack/neutron/neutron/api/extensions.py:156}}
Aug 24 19:08:30.883807 np0000008006 devstack@neutron-api.service[87759]: DEBUG neutron.api.extensions [None req-470954b7-f278-4802-9033-9470519362c5 None None] Extended resource: tags {{(pid=87759) __init__ /opt/stack/neutron/neutron/api/extensions.py:156}}
Aug 24 19:08:30.884428 np0000008006 devstack@neutron-api.service[87757]: INFO neutron.quota.resource_registry [None req-52d314f1-1215-4906-b443-7b86d5f05346 None None] Creating instance of CountableResource for resource:router_route
Aug 24 19:08:30.884569 np0000008006 devstack@neutron-api.service[87759]: DEBUG neutron.api.extensions [None req-470954b7-f278-4802-9033-9470519362c5 None None] Extended resource: tags {{(pid=87759) __init__ /opt/stack/neutron/neutron/api/extensions.py:156}}
Aug 24 19:08:30.884684 np0000008006 devstack@neutron-api.service[87757]: DEBUG neutron.api.v2.resource_helper [None req-52d314f1-1215-4906-b443-7b86d5f05346 None None] Service L3_ROUTER_NAT assigned prefix: {{(pid=87757) build_resource_info /opt/stack/neutron/neutron/api/v2/resource_helper.py:77}}
Aug 24 19:08:30.885270 np0000008006 devstack@neutron-api.service[87757]: DEBUG neutron.api.v2.resource_helper [None req-52d314f1-1215-4906-b443-7b86d5f05346 None None] Service FLAVORS assigned prefix: {{(pid=87757) build_resource_info /opt/stack/neutron/neutron/api/v2/resource_helper.py:77}}
Aug 24 19:08:30.888938 np0000008006 devstack@neutron-api.service[87757]: DEBUG neutron.api.v2.resource_helper [None req-52d314f1-1215-4906-b443-7b86d5f05346 None None] Service L3_ROUTER_NAT assigned prefix: {{(pid=87757) build_resource_info /opt/stack/neutron/neutron/api/v2/resource_helper.py:77}}
Aug 24 19:08:30.889700 np0000008006 devstack@neutron-api.service[87757]: DEBUG neutron.api.v2.resource_helper [None req-52d314f1-1215-4906-b443-7b86d5f05346 None None] Service L3_ROUTER_NAT assigned prefix: {{(pid=87757) build_resource_info /opt/stack/neutron/neutron/api/v2/resource_helper.py:77}}
Aug 24 19:08:30.889814 np0000008006 devstack@neutron-api.service[87757]: INFO neutron.quota.resource_registry [None req-52d314f1-1215-4906-b443-7b86d5f05346 None None] Creating instance of TrackedResource for resource:router
Aug 24 19:08:30.890428 np0000008006 devstack@neutron-api.service[87757]: INFO neutron.quota.resource_registry [None req-52d314f1-1215-4906-b443-7b86d5f05346 None None] Creating instance of TrackedResource for resource:floatingip
Aug 24 19:08:30.891864 np0000008006 devstack@neutron-api.service[87757]: INFO neutron.quota.resource_registry [None req-52d314f1-1215-4906-b443-7b86d5f05346 None None] Creating instance of CountableResource for resource:rbac_policy
Aug 24 19:08:30.892849 np0000008006 devstack@neutron-api.service[87757]: INFO neutron.quota.resource_registry [None req-52d314f1-1215-4906-b443-7b86d5f05346 None None] Creating instance of TrackedResource for resource:security_group
Aug 24 19:08:30.893061 np0000008006 devstack@neutron-api.service[87759]: DEBUG neutron_lib.callbacks.manager [None req-470954b7-f278-4802-9033-9470519362c5 None None] Publish callbacks ['neutron.plugins.ml2.drivers.ovn.mech_driver.mech_driver.OVNMechanismDriver.pre_fork_initialize-346054'] for process (None), before_spawn {{(pid=87759) _notify_loop /opt/stack/data/venv/lib/python3.12/site-packages/neutron_lib/callbacks/manager.py:184}}
Aug 24 19:08:30.893323 np0000008006 devstack@neutron-api.service[87757]: INFO neutron.quota.resource_registry [None req-52d314f1-1215-4906-b443-7b86d5f05346 None None] Creating instance of TrackedResource for resource:security_group_rule
Aug 24 19:08:30.893532 np0000008006 devstack@neutron-api.service[87759]: DEBUG oslo_concurrency.processutils [None req-470954b7-f278-4802-9033-9470519362c5 None None] Running cmd (subprocess): ovsdb-client transact ssl:10.4.3.99:6641 --timeout 180 -p /opt/stack/data/CA/int-ca/private/devstack-cert.key -c /opt/stack/data/CA/int-ca/devstack-cert.crt -C /opt/stack/data/CA/int-ca/ca-chain.pem ["OVN_Northbound", {"op": "wait", "timeout": 0, "table": "Port_Group", "where": [["name", "==", "neutron_pg_drop"]], "until": "==", "rows": []}, {"op": "insert", "table": "ACL", "row": {"action": "drop", "direction": "to-lport", "match": "outport == @neutron_pg_drop && ip", "priority": 1000}, "uuid-name": "droptoport"}, {"op": "insert", "table": "ACL", "row": {"action": "drop", "direction": "from-lport", "match": "inport == @neutron_pg_drop && ip", "priority": 1000}, "uuid-name": "dropfromport"}, {"op": "insert", "table": "Port_Group", "row": {"name": "neutron_pg_drop", "acls": ["set", [["named-uuid", "droptoport"], ["named-uuid", "dropfromport"]]]}}] {{(pid=87759) execute /opt/stack/data/venv/lib/python3.12/site-packages/oslo_concurrency/processutils.py:440}}
Aug 24 19:08:30.894420 np0000008006 devstack@neutron-api.service[87757]: DEBUG neutron.api.v2.resource_helper [None req-52d314f1-1215-4906-b443-7b86d5f05346 None None] Service CORE assigned prefix: {{(pid=87757) build_resource_info /opt/stack/neutron/neutron/api/v2/resource_helper.py:77}}
Aug 24 19:08:30.894506 np0000008006 devstack@neutron-api.service[87757]: INFO neutron.quota.resource_registry [None req-52d314f1-1215-4906-b443-7b86d5f05346 None None] Creating instance of TrackedResource for resource:subnetpool
Aug 24 19:08:30.894672 np0000008006 devstack@neutron-api.service[87757]: WARNING neutron.quota.resource_registry [None req-52d314f1-1215-4906-b443-7b86d5f05346 None None] subnetpool is already registered
Aug 24 19:08:30.895164 np0000008006 devstack@neutron-api.service[87757]: DEBUG neutron.api.v2.resource_helper [None req-52d314f1-1215-4906-b443-7b86d5f05346 None None] Service CORE assigned prefix: {{(pid=87757) build_resource_info /opt/stack/neutron/neutron/api/v2/resource_helper.py:77}}
Aug 24 19:08:30.895409 np0000008006 devstack@neutron-api.service[87757]: INFO neutron.quota.resource_registry [None req-52d314f1-1215-4906-b443-7b86d5f05346 None None] Creating instance of TrackedResource for resource:subnetpool
Aug 24 19:08:30.895540 np0000008006 devstack@neutron-api.service[87757]: WARNING neutron.quota.resource_registry [None req-52d314f1-1215-4906-b443-7b86d5f05346 None None] subnetpool is already registered
Aug 24 19:08:30.898669 np0000008006 devstack@neutron-api.service[87757]: INFO neutron.quota.resource_registry [None req-52d314f1-1215-4906-b443-7b86d5f05346 None None] Creating instance of CountableResource for resource:router_route
Aug 24 19:08:30.898798 np0000008006 devstack@neutron-api.service[87757]: WARNING neutron.quota.resource_registry [None req-52d314f1-1215-4906-b443-7b86d5f05346 None None] router_route is already registered
Aug 24 19:08:30.899009 np0000008006 devstack@neutron-api.service[87757]: DEBUG neutron.api.v2.resource_helper [None req-52d314f1-1215-4906-b443-7b86d5f05346 None None] Service L3_ROUTER_NAT assigned prefix: {{(pid=87757) build_resource_info /opt/stack/neutron/neutron/api/v2/resource_helper.py:77}}
Aug 24 19:08:30.899670 np0000008006 devstack@neutron-api.service[87757]: DEBUG neutron.api.v2.resource_helper [None req-52d314f1-1215-4906-b443-7b86d5f05346 None None] Service FLAVORS assigned prefix: {{(pid=87757) build_resource_info /opt/stack/neutron/neutron/api/v2/resource_helper.py:77}}
Aug 24 19:08:30.900954 np0000008006 devstack@neutron-api.service[87757]: DEBUG neutron.api.v2.resource_helper [None req-52d314f1-1215-4906-b443-7b86d5f05346 None None] Service L3_ROUTER_NAT assigned prefix: {{(pid=87757) build_resource_info /opt/stack/neutron/neutron/api/v2/resource_helper.py:77}}
Aug 24 19:08:30.901426 np0000008006 devstack@neutron-api.service[87757]: DEBUG neutron.api.v2.resource_helper [None req-52d314f1-1215-4906-b443-7b86d5f05346 None None] Service L3_ROUTER_NAT assigned prefix: {{(pid=87757) build_resource_info /opt/stack/neutron/neutron/api/v2/resource_helper.py:77}}
Aug 24 19:08:30.901634 np0000008006 devstack@neutron-api.service[87757]: INFO neutron.quota.resource_registry [None req-52d314f1-1215-4906-b443-7b86d5f05346 None None] Creating instance of TrackedResource for resource:router
Aug 24 19:08:30.901777 np0000008006 devstack@neutron-api.service[87757]: WARNING neutron.quota.resource_registry [None req-52d314f1-1215-4906-b443-7b86d5f05346 None None] router is already registered
Aug 24 19:08:30.902271 np0000008006 devstack@neutron-api.service[87757]: INFO neutron.quota.resource_registry [None req-52d314f1-1215-4906-b443-7b86d5f05346 None None] Creating instance of TrackedResource for resource:floatingip
Aug 24 19:08:30.902457 np0000008006 devstack@neutron-api.service[87757]: WARNING neutron.quota.resource_registry [None req-52d314f1-1215-4906-b443-7b86d5f05346 None None] floatingip is already registered
Aug 24 19:08:30.903911 np0000008006 devstack@neutron-api.service[87757]: INFO neutron.quota.resource_registry [None req-52d314f1-1215-4906-b443-7b86d5f05346 None None] Creating instance of CountableResource for resource:rbac_policy
Aug 24 19:08:30.904052 np0000008006 devstack@neutron-api.service[87757]: WARNING neutron.quota.resource_registry [None req-52d314f1-1215-4906-b443-7b86d5f05346 None None] rbac_policy is already registered
Aug 24 19:08:30.905048 np0000008006 devstack@neutron-api.service[87757]: INFO neutron.quota.resource_registry [None req-52d314f1-1215-4906-b443-7b86d5f05346 None None] Creating instance of TrackedResource for resource:security_group
Aug 24 19:08:30.905207 np0000008006 devstack@neutron-api.service[87757]: WARNING neutron.quota.resource_registry [None req-52d314f1-1215-4906-b443-7b86d5f05346 None None] security_group is already registered
Aug 24 19:08:30.905721 np0000008006 devstack@neutron-api.service[87757]: INFO neutron.quota.resource_registry [None req-52d314f1-1215-4906-b443-7b86d5f05346 None None] Creating instance of TrackedResource for resource:security_group_rule
Aug 24 19:08:30.905860 np0000008006 devstack@neutron-api.service[87757]: WARNING neutron.quota.resource_registry [None req-52d314f1-1215-4906-b443-7b86d5f05346 None None] security_group_rule is already registered
Aug 24 19:08:30.906749 np0000008006 devstack@neutron-api.service[87757]: DEBUG neutron.api.v2.resource_helper [None req-52d314f1-1215-4906-b443-7b86d5f05346 None None] Service CORE assigned prefix: {{(pid=87757) build_resource_info /opt/stack/neutron/neutron/api/v2/resource_helper.py:77}}
Aug 24 19:08:30.906889 np0000008006 devstack@neutron-api.service[87757]: INFO neutron.quota.resource_registry [None req-52d314f1-1215-4906-b443-7b86d5f05346 None None] Creating instance of TrackedResource for resource:subnetpool
Aug 24 19:08:30.907058 np0000008006 devstack@neutron-api.service[87757]: WARNING neutron.quota.resource_registry [None req-52d314f1-1215-4906-b443-7b86d5f05346 None None] subnetpool is already registered
Aug 24 19:08:30.907579 np0000008006 devstack@neutron-api.service[87757]: DEBUG neutron.api.v2.resource_helper [None req-52d314f1-1215-4906-b443-7b86d5f05346 None None] Service CORE assigned prefix: {{(pid=87757) build_resource_info /opt/stack/neutron/neutron/api/v2/resource_helper.py:77}}
Aug 24 19:08:30.907741 np0000008006 devstack@neutron-api.service[87757]: INFO neutron.quota.resource_registry [None req-52d314f1-1215-4906-b443-7b86d5f05346 None None] Creating instance of TrackedResource for resource:subnetpool
Aug 24 19:08:30.907888 np0000008006 devstack@neutron-api.service[87757]: WARNING neutron.quota.resource_registry [None req-52d314f1-1215-4906-b443-7b86d5f05346 None None] subnetpool is already registered
Aug 24 19:08:30.908435 np0000008006 devstack@neutron-api.service[87757]: DEBUG neutron.api.extensions [None req-52d314f1-1215-4906-b443-7b86d5f05346 None None] Extended resource: extensions {{(pid=87757) __init__ /opt/stack/neutron/neutron/api/extensions.py:156}}
Aug 24 19:08:30.909414 np0000008006 devstack@neutron-api.service[87757]: DEBUG neutron.api.extensions [None req-52d314f1-1215-4906-b443-7b86d5f05346 None None] Extended resource: address-groups {{(pid=87757) __init__ /opt/stack/neutron/neutron/api/extensions.py:156}}
Aug 24 19:08:30.910576 np0000008006 devstack@neutron-api.service[87757]: DEBUG neutron.api.extensions [None req-52d314f1-1215-4906-b443-7b86d5f05346 None None] Extended resource: address-scopes {{(pid=87757) __init__ /opt/stack/neutron/neutron/api/extensions.py:156}}
Aug 24 19:08:30.911228 np0000008006 devstack@neutron-api.service[87757]: DEBUG neutron.api.extensions [None req-52d314f1-1215-4906-b443-7b86d5f05346 None None] Extended resource: agents {{(pid=87757) __init__ /opt/stack/neutron/neutron/api/extensions.py:156}}
Aug 24 19:08:30.911878 np0000008006 devstack@neutron-api.service[87757]: DEBUG neutron.api.extensions [None req-52d314f1-1215-4906-b443-7b86d5f05346 None None] Extended resource: auto-allocated-topology {{(pid=87757) __init__ /opt/stack/neutron/neutron/api/extensions.py:156}}
Aug 24 19:08:30.913017 np0000008006 devstack@neutron-api.service[87757]: DEBUG neutron.api.extensions [None req-52d314f1-1215-4906-b443-7b86d5f05346 None None] Extended resource: availability_zones {{(pid=87757) __init__ /opt/stack/neutron/neutron/api/extensions.py:156}}
Aug 24 19:08:30.913364 np0000008006 devstack@neutron-api.service[87757]: DEBUG neutron.api.extensions [None req-52d314f1-1215-4906-b443-7b86d5f05346 None None] Extended resource: dhcp-networks {{(pid=87757) __init__ /opt/stack/neutron/neutron/api/extensions.py:156}}
Aug 24 19:08:30.914448 np0000008006 devstack@neutron-api.service[87757]: DEBUG neutron.api.extensions [None req-52d314f1-1215-4906-b443-7b86d5f05346 None None] Extended resource: dhcp-agents {{(pid=87757) __init__ /opt/stack/neutron/neutron/api/extensions.py:156}}
Aug 24 19:08:30.915402 np0000008006 devstack@neutron-api.service[87757]: DEBUG neutron.api.extensions [None req-52d314f1-1215-4906-b443-7b86d5f05346 None None] Extended resource: routers {{(pid=87757) __init__ /opt/stack/neutron/neutron/api/extensions.py:156}}
Aug 24 19:08:30.916687 np0000008006 devstack@neutron-api.service[87757]: DEBUG neutron.api.extensions [None req-52d314f1-1215-4906-b443-7b86d5f05346 None None] Extended resource: flavors {{(pid=87757) __init__ /opt/stack/neutron/neutron/api/extensions.py:156}}
Aug 24 19:08:30.917339 np0000008006 devstack@neutron-api.service[87757]: DEBUG neutron.api.extensions [None req-52d314f1-1215-4906-b443-7b86d5f05346 None None] Extended resource: service_profiles {{(pid=87757) __init__ /opt/stack/neutron/neutron/api/extensions.py:156}}
Aug 24 19:08:30.918111 np0000008006 devstack@neutron-api.service[87757]: DEBUG neutron.api.extensions [None req-52d314f1-1215-4906-b443-7b86d5f05346 None None] Extended resource: next_providers {{(pid=87757) __init__ /opt/stack/neutron/neutron/api/extensions.py:156}}
Aug 24 19:08:30.918935 np0000008006 devstack@neutron-api.service[87757]: DEBUG neutron.api.extensions [None req-52d314f1-1215-4906-b443-7b86d5f05346 None None] Extended resource: service_profiles {{(pid=87757) __init__ /opt/stack/neutron/neutron/api/extensions.py:156}}
Aug 24 19:08:30.920040 np0000008006 devstack@neutron-api.service[87757]: DEBUG neutron.api.extensions [None req-52d314f1-1215-4906-b443-7b86d5f05346 None None] Extended resource: floatingip-pools {{(pid=87757) __init__ /opt/stack/neutron/neutron/api/extensions.py:156}}
Aug 24 19:08:30.920835 np0000008006 devstack@neutron-api.service[87757]: DEBUG neutron.api.extensions [None req-52d314f1-1215-4906-b443-7b86d5f05346 None None] Extended resource: routers {{(pid=87757) __init__ /opt/stack/neutron/neutron/api/extensions.py:156}}
Aug 24 19:08:30.922029 np0000008006 devstack@neutron-api.service[87757]: DEBUG neutron.api.extensions [None req-52d314f1-1215-4906-b443-7b86d5f05346 None None] Extended resource: floatingips {{(pid=87757) __init__ /opt/stack/neutron/neutron/api/extensions.py:156}}
Aug 24 19:08:30.922725 np0000008006 devstack@neutron-api.service[87757]: DEBUG neutron.api.extensions [None req-52d314f1-1215-4906-b443-7b86d5f05346 None None] Extended resource: l3-routers {{(pid=87757) __init__ /opt/stack/neutron/neutron/api/extensions.py:156}}
Aug 24 19:08:30.923708 np0000008006 devstack@neutron-api.service[87757]: DEBUG neutron.api.extensions [None req-52d314f1-1215-4906-b443-7b86d5f05346 None None] Extended resource: l3-agents {{(pid=87757) __init__ /opt/stack/neutron/neutron/api/extensions.py:156}}
Aug 24 19:08:30.924100 np0000008006 devstack@neutron-api.service[87759]: DEBUG oslo_concurrency.processutils [None req-470954b7-f278-4802-9033-9470519362c5 None None] CMD "ovsdb-client transact ssl:10.4.3.99:6641 --timeout 180 -p /opt/stack/data/CA/int-ca/private/devstack-cert.key -c /opt/stack/data/CA/int-ca/devstack-cert.crt -C /opt/stack/data/CA/int-ca/ca-chain.pem ["OVN_Northbound", {"op": "wait", "timeout": 0, "table": "Port_Group", "where": [["name", "==", "neutron_pg_drop"]], "until": "==", "rows": []}, {"op": "insert", "table": "ACL", "row": {"action": "drop", "direction": "to-lport", "match": "outport == @neutron_pg_drop && ip", "priority": 1000}, "uuid-name": "droptoport"}, {"op": "insert", "table": "ACL", "row": {"action": "drop", "direction": "from-lport", "match": "inport == @neutron_pg_drop && ip", "priority": 1000}, "uuid-name": "dropfromport"}, {"op": "insert", "table": "Port_Group", "row": {"name": "neutron_pg_drop", "acls": ["set", [["named-uuid", "droptoport"], ["named-uuid", "dropfromport"]]]}}]" returned: 0 in 0.030s {{(pid=87759) execute /opt/stack/data/venv/lib/python3.12/site-packages/oslo_concurrency/processutils.py:468}}
Aug 24 19:08:30.924513 np0000008006 devstack@neutron-api.service[87757]: DEBUG neutron.api.extensions [None req-52d314f1-1215-4906-b443-7b86d5f05346 None None] Extended resource: network-ip-availabilities {{(pid=87757) __init__ /opt/stack/neutron/neutron/api/extensions.py:156}}
Aug 24 19:08:30.924635 np0000008006 devstack@neutron-api.service[87759]: DEBUG neutron_lib.callbacks.manager [None req-470954b7-f278-4802-9033-9470519362c5 None None] Publish callbacks ['neutron.plugins.ml2.drivers.ovn.mech_driver.mech_driver.OVNMechanismDriver.post_fork_initialize-345902', 'neutron.services.pvlan.drivers.ovn.driver._initialize_pvlan_pg_drop-8614081346130', 'neutron.services.ovn_l3.plugin.OVNL3RouterPlugin._post_fork_initialize-2692197'] for process (None), after_init {{(pid=87759) _notify_loop /opt/stack/data/venv/lib/python3.12/site-packages/neutron_lib/callbacks/manager.py:184}}
Aug 24 19:08:30.924992 np0000008006 devstack@neutron-api.service[87759]: DEBUG oslo_concurrency.lockutils [None req-470954b7-f278-4802-9033-9470519362c5 None None] Acquiring lock "singleton_lock" {{(pid=87759) lock /opt/stack/data/venv/lib/python3.12/site-packages/oslo_concurrency/lockutils.py:396}}
Aug 24 19:08:30.925139 np0000008006 devstack@neutron-api.service[87759]: DEBUG oslo_concurrency.lockutils [None req-470954b7-f278-4802-9033-9470519362c5 None None] Acquired lock "singleton_lock" {{(pid=87759) lock /opt/stack/data/venv/lib/python3.12/site-packages/oslo_concurrency/lockutils.py:399}}
Aug 24 19:08:30.925358 np0000008006 devstack@neutron-api.service[87759]: DEBUG oslo_concurrency.lockutils [None req-470954b7-f278-4802-9033-9470519362c5 None None] Releasing lock "singleton_lock" {{(pid=87759) lock /opt/stack/data/venv/lib/python3.12/site-packages/oslo_concurrency/lockutils.py:419}}
Aug 24 19:08:30.925423 np0000008006 devstack@neutron-api.service[87757]: DEBUG neutron.api.extensions [None req-52d314f1-1215-4906-b443-7b86d5f05346 None None] Extended resource: network-ip-availabilities {{(pid=87757) __init__ /opt/stack/neutron/neutron/api/extensions.py:156}}
Aug 24 19:08:30.926084 np0000008006 devstack@neutron-api.service[87757]: DEBUG neutron.api.extensions [None req-52d314f1-1215-4906-b443-7b86d5f05346 None None] Extended resource: bindings {{(pid=87757) __init__ /opt/stack/neutron/neutron/api/extensions.py:156}}
Aug 24 19:08:30.927303 np0000008006 devstack@neutron-api.service[87757]: DEBUG neutron.api.extensions [None req-52d314f1-1215-4906-b443-7b86d5f05346 None None] Extended resource: quotas {{(pid=87757) __init__ /opt/stack/neutron/neutron/api/extensions.py:156}}
Aug 24 19:08:30.928464 np0000008006 devstack@neutron-api.service[87757]: DEBUG neutron.api.extensions [None req-52d314f1-1215-4906-b443-7b86d5f05346 None None] Extended resource: quotas {{(pid=87757) __init__ /opt/stack/neutron/neutron/api/extensions.py:156}}
Aug 24 19:08:30.929069 np0000008006 devstack@neutron-api.service[87757]: DEBUG neutron.api.extensions [None req-52d314f1-1215-4906-b443-7b86d5f05346 None None] Extended resource: rbac-policies {{(pid=87757) __init__ /opt/stack/neutron/neutron/api/extensions.py:156}}
Aug 24 19:08:30.929873 np0000008006 devstack@neutron-api.service[87757]: DEBUG neutron.api.extensions [None req-52d314f1-1215-4906-b443-7b86d5f05346 None None] Extended resource: default-security-group-rules {{(pid=87757) __init__ /opt/stack/neutron/neutron/api/extensions.py:156}}
Aug 24 19:08:30.930531 np0000008006 devstack@neutron-api.service[87759]: DEBUG neutron.plugins.ml2.drivers.ovn.mech_driver.mech_driver [None req-470954b7-f278-4802-9033-9470519362c5 None None] Hash Ring setup using WSGI start time 2026-08-24 19:08:30+00:00 {{(pid=87759) _init_hash_ring /opt/stack/neutron/neutron/plugins/ml2/drivers/ovn/mech_driver/mech_driver.py:382}}
Aug 24 19:08:30.930744 np0000008006 devstack@neutron-api.service[87757]: DEBUG neutron.api.extensions [None req-52d314f1-1215-4906-b443-7b86d5f05346 None None] Extended resource: security-groups-default-statefulness {{(pid=87757) __init__ /opt/stack/neutron/neutron/api/extensions.py:156}}
Aug 24 19:08:30.931481 np0000008006 devstack@neutron-api.service[87757]: DEBUG neutron.api.extensions [None req-52d314f1-1215-4906-b443-7b86d5f05346 None None] Extended resource: security-groups {{(pid=87757) __init__ /opt/stack/neutron/neutron/api/extensions.py:156}}
Aug 24 19:08:30.933628 np0000008006 devstack@neutron-api.service[87757]: DEBUG neutron.api.extensions [None req-52d314f1-1215-4906-b443-7b86d5f05346 None None] Extended resource: security-group-rules {{(pid=87757) __init__ /opt/stack/neutron/neutron/api/extensions.py:156}}
Aug 24 19:08:30.934458 np0000008006 devstack@neutron-api.service[87757]: DEBUG neutron.api.extensions [None req-52d314f1-1215-4906-b443-7b86d5f05346 None None] Extended resource: service-providers {{(pid=87757) __init__ /opt/stack/neutron/neutron/api/extensions.py:156}}
Aug 24 19:08:30.935102 np0000008006 devstack@neutron-api.service[87757]: DEBUG neutron.api.extensions [None req-52d314f1-1215-4906-b443-7b86d5f05346 None None] Extended resource: subnetpools {{(pid=87757) __init__ /opt/stack/neutron/neutron/api/extensions.py:156}}
Aug 24 19:08:30.936083 np0000008006 devstack@neutron-api.service[87757]: DEBUG neutron.api.extensions [None req-52d314f1-1215-4906-b443-7b86d5f05346 None None] Extended resource: subnetpools {{(pid=87757) __init__ /opt/stack/neutron/neutron/api/extensions.py:156}}
Aug 24 19:08:30.936951 np0000008006 devstack@neutron-api.service[87757]: DEBUG neutron.api.extensions [None req-52d314f1-1215-4906-b443-7b86d5f05346 None None] Extended resource: tags {{(pid=87757) __init__ /opt/stack/neutron/neutron/api/extensions.py:156}}
Aug 24 19:08:30.938035 np0000008006 devstack@neutron-api.service[87757]: DEBUG neutron.api.extensions [None req-52d314f1-1215-4906-b443-7b86d5f05346 None None] Extended resource: tags {{(pid=87757) __init__ /opt/stack/neutron/neutron/api/extensions.py:156}}
Aug 24 19:08:30.939108 np0000008006 devstack@neutron-api.service[87757]: DEBUG neutron.api.extensions [None req-52d314f1-1215-4906-b443-7b86d5f05346 None None] Extended resource: tags {{(pid=87757) __init__ /opt/stack/neutron/neutron/api/extensions.py:156}}
Aug 24 19:08:30.939652 np0000008006 devstack@neutron-api.service[87759]: INFO neutron.db.ovn_hash_ring_db [None req-470954b7-f278-4802-9033-9470519362c5 None None] Nodes from host "np0000008006" and group "mechanism_driver" removed from the Hash Ring created at 2026-08-24 19:08:30+00:00
Aug 24 19:08:30.940217 np0000008006 devstack@neutron-api.service[87757]: DEBUG neutron.api.extensions [None req-52d314f1-1215-4906-b443-7b86d5f05346 None None] Extended resource: tags {{(pid=87757) __init__ /opt/stack/neutron/neutron/api/extensions.py:156}}
Aug 24 19:08:30.941488 np0000008006 devstack@neutron-api.service[87757]: DEBUG neutron.api.extensions [None req-52d314f1-1215-4906-b443-7b86d5f05346 None None] Extended resource: tags {{(pid=87757) __init__ /opt/stack/neutron/neutron/api/extensions.py:156}}
Aug 24 19:08:30.942468 np0000008006 devstack@neutron-api.service[87757]: DEBUG neutron.api.extensions [None req-52d314f1-1215-4906-b443-7b86d5f05346 None None] Extended resource: tags {{(pid=87757) __init__ /opt/stack/neutron/neutron/api/extensions.py:156}}
Aug 24 19:08:30.943897 np0000008006 devstack@neutron-api.service[87757]: DEBUG neutron.api.extensions [None req-52d314f1-1215-4906-b443-7b86d5f05346 None None] Extended resource: tags {{(pid=87757) __init__ /opt/stack/neutron/neutron/api/extensions.py:156}}
Aug 24 19:08:30.944894 np0000008006 devstack@neutron-api.service[87757]: DEBUG neutron.api.extensions [None req-52d314f1-1215-4906-b443-7b86d5f05346 None None] Extended resource: tags {{(pid=87757) __init__ /opt/stack/neutron/neutron/api/extensions.py:156}}
Aug 24 19:08:30.945726 np0000008006 devstack@neutron-api.service[87759]: INFO neutron.db.ovn_hash_ring_db [None req-470954b7-f278-4802-9033-9470519362c5 None None] Node e4ff9ea347945e52a9c5e7ff1753a5c8 from host "np0000008006" and group "mechanism_driver" added to the Hash Ring
Aug 24 19:08:30.946074 np0000008006 devstack@neutron-api.service[87757]: DEBUG neutron.api.extensions [None req-52d314f1-1215-4906-b443-7b86d5f05346 None None] Extended resource: tags {{(pid=87757) __init__ /opt/stack/neutron/neutron/api/extensions.py:156}}
Aug 24 19:08:30.946972 np0000008006 devstack@neutron-api.service[87757]: DEBUG neutron.api.extensions [None req-52d314f1-1215-4906-b443-7b86d5f05346 None None] Extended resource: tags {{(pid=87757) __init__ /opt/stack/neutron/neutron/api/extensions.py:156}}
Aug 24 19:08:30.951017 np0000008006 devstack@neutron-api.service[87759]: DEBUG neutron.plugins.ml2.drivers.ovn.mech_driver.mech_driver [None req-470954b7-f278-4802-9033-9470519362c5 None None] Hash Ring setup, this worker has detected 2 OVN hash ring registers in the database {{(pid=87759) _init_hash_ring /opt/stack/neutron/neutron/plugins/ml2/drivers/ovn/mech_driver/mech_driver.py:392}}
Aug 24 19:08:30.956204 np0000008006 devstack@neutron-api.service[87759]: DEBUG neutron.plugins.ml2.drivers.ovn.mech_driver.ovsdb.maintenance [None req-470954b7-f278-4802-9033-9470519362c5 None None] Periodic task found: HashRingHealthCheckPeriodics.touch_hash_ring_node {{(pid=87759) add_periodics /opt/stack/neutron/neutron/plugins/ml2/drivers/ovn/mech_driver/ovsdb/maintenance.py:151}}
Aug 24 19:08:30.957354 np0000008006 devstack@neutron-api.service[87759]: INFO neutron.plugins.ml2.drivers.ovn.mech_driver.mech_driver [None req-470954b7-f278-4802-9033-9470519362c5 None None] Hash Ring probing thread for node e4ff9ea347945e52a9c5e7ff1753a5c8 has started
Aug 24 19:08:30.957999 np0000008006 devstack@neutron-api.service[87759]: INFO neutron.plugins.ml2.drivers.ovn.mech_driver.ovsdb.impl_idl_ovn [None req-470954b7-f278-4802-9033-9470519362c5 None None] Getting OvsdbNbOvnIdl for WorkerService with retry
Aug 24 19:08:30.961643 np0000008006 devstack@neutron-api.service[87757]: DEBUG neutron_lib.callbacks.manager [None req-52d314f1-1215-4906-b443-7b86d5f05346 None None] Publish callbacks ['neutron.plugins.ml2.drivers.ovn.mech_driver.mech_driver.OVNMechanismDriver.pre_fork_initialize-368040'] for process (None), before_spawn {{(pid=87757) _notify_loop /opt/stack/data/venv/lib/python3.12/site-packages/neutron_lib/callbacks/manager.py:184}}
Aug 24 19:08:30.962306 np0000008006 devstack@neutron-api.service[87757]: DEBUG oslo_concurrency.processutils [None req-52d314f1-1215-4906-b443-7b86d5f05346 None None] Running cmd (subprocess): ovsdb-client transact ssl:10.4.3.99:6641 --timeout 180 -p /opt/stack/data/CA/int-ca/private/devstack-cert.key -c /opt/stack/data/CA/int-ca/devstack-cert.crt -C /opt/stack/data/CA/int-ca/ca-chain.pem ["OVN_Northbound", {"op": "wait", "timeout": 0, "table": "Port_Group", "where": [["name", "==", "neutron_pg_drop"]], "until": "==", "rows": []}, {"op": "insert", "table": "ACL", "row": {"action": "drop", "direction": "to-lport", "match": "outport == @neutron_pg_drop && ip", "priority": 1000}, "uuid-name": "droptoport"}, {"op": "insert", "table": "ACL", "row": {"action": "drop", "direction": "from-lport", "match": "inport == @neutron_pg_drop && ip", "priority": 1000}, "uuid-name": "dropfromport"}, {"op": "insert", "table": "Port_Group", "row": {"name": "neutron_pg_drop", "acls": ["set", [["named-uuid", "droptoport"], ["named-uuid", "dropfromport"]]]}}] {{(pid=87757) execute /opt/stack/data/venv/lib/python3.12/site-packages/oslo_concurrency/processutils.py:440}}
Aug 24 19:08:30.996246 np0000008006 devstack@neutron-api.service[87757]: DEBUG oslo_concurrency.processutils [None req-52d314f1-1215-4906-b443-7b86d5f05346 None None] CMD "ovsdb-client transact ssl:10.4.3.99:6641 --timeout 180 -p /opt/stack/data/CA/int-ca/private/devstack-cert.key -c /opt/stack/data/CA/int-ca/devstack-cert.crt -C /opt/stack/data/CA/int-ca/ca-chain.pem ["OVN_Northbound", {"op": "wait", "timeout": 0, "table": "Port_Group", "where": [["name", "==", "neutron_pg_drop"]], "until": "==", "rows": []}, {"op": "insert", "table": "ACL", "row": {"action": "drop", "direction": "to-lport", "match": "outport == @neutron_pg_drop && ip", "priority": 1000}, "uuid-name": "droptoport"}, {"op": "insert", "table": "ACL", "row": {"action": "drop", "direction": "from-lport", "match": "inport == @neutron_pg_drop && ip", "priority": 1000}, "uuid-name": "dropfromport"}, {"op": "insert", "table": "Port_Group", "row": {"name": "neutron_pg_drop", "acls": ["set", [["named-uuid", "droptoport"], ["named-uuid", "dropfromport"]]]}}]" returned: 0 in 0.034s {{(pid=87757) execute /opt/stack/data/venv/lib/python3.12/site-packages/oslo_concurrency/processutils.py:468}}
Aug 24 19:08:30.996964 np0000008006 devstack@neutron-api.service[87757]: DEBUG neutron_lib.callbacks.manager [None req-52d314f1-1215-4906-b443-7b86d5f05346 None None] Publish callbacks ['neutron.plugins.ml2.drivers.ovn.mech_driver.mech_driver.OVNMechanismDriver.post_fork_initialize-368112', 'neutron.services.pvlan.drivers.ovn.driver._initialize_pvlan_pg_drop-8614081334072', 'neutron.services.ovn_l3.plugin.OVNL3RouterPlugin._post_fork_initialize-2774357'] for process (None), after_init {{(pid=87757) _notify_loop /opt/stack/data/venv/lib/python3.12/site-packages/neutron_lib/callbacks/manager.py:184}}
Aug 24 19:08:30.997719 np0000008006 devstack@neutron-api.service[87757]: DEBUG oslo_concurrency.lockutils [None req-52d314f1-1215-4906-b443-7b86d5f05346 None None] Acquiring lock "singleton_lock" {{(pid=87757) lock /opt/stack/data/venv/lib/python3.12/site-packages/oslo_concurrency/lockutils.py:396}}
Aug 24 19:08:30.997930 np0000008006 devstack@neutron-api.service[87757]: DEBUG oslo_concurrency.lockutils [None req-52d314f1-1215-4906-b443-7b86d5f05346 None None] Acquired lock "singleton_lock" {{(pid=87757) lock /opt/stack/data/venv/lib/python3.12/site-packages/oslo_concurrency/lockutils.py:399}}
Aug 24 19:08:30.998369 np0000008006 devstack@neutron-api.service[87757]: DEBUG oslo_concurrency.lockutils [None req-52d314f1-1215-4906-b443-7b86d5f05346 None None] Releasing lock "singleton_lock" {{(pid=87757) lock /opt/stack/data/venv/lib/python3.12/site-packages/oslo_concurrency/lockutils.py:419}}
Aug 24 19:08:31.004358 np0000008006 devstack@neutron-api.service[87757]: DEBUG neutron.plugins.ml2.drivers.ovn.mech_driver.mech_driver [None req-52d314f1-1215-4906-b443-7b86d5f05346 None None] Hash Ring setup using WSGI start time 2026-08-24 19:08:30+00:00 {{(pid=87757) _init_hash_ring /opt/stack/neutron/neutron/plugins/ml2/drivers/ovn/mech_driver/mech_driver.py:382}}
Aug 24 19:08:31.011247 np0000008006 devstack@neutron-api.service[87759]: DEBUG ovsdbapp.backend.ovs_idl [None req-470954b7-f278-4802-9033-9470519362c5 None None] Created lookup_table index Logical_Switch.name {{(pid=87759) autocreate_indices /opt/stack/data/venv/lib/python3.12/site-packages/ovsdbapp/backend/ovs_idl/__init__.py:87}}
Aug 24 19:08:31.011328 np0000008006 devstack@neutron-api.service[87759]: DEBUG ovsdbapp.backend.ovs_idl [None req-470954b7-f278-4802-9033-9470519362c5 None None] Created lookup_table index Logical_Router.name {{(pid=87759) autocreate_indices /opt/stack/data/venv/lib/python3.12/site-packages/ovsdbapp/backend/ovs_idl/__init__.py:87}}
Aug 24 19:08:31.011471 np0000008006 devstack@neutron-api.service[87759]: DEBUG ovsdbapp.backend.ovs_idl [None req-470954b7-f278-4802-9033-9470519362c5 None None] Created lookup_table index Load_Balancer.name {{(pid=87759) autocreate_indices /opt/stack/data/venv/lib/python3.12/site-packages/ovsdbapp/backend/ovs_idl/__init__.py:87}}
Aug 24 19:08:31.011664 np0000008006 devstack@neutron-api.service[87759]: DEBUG ovsdbapp.backend.ovs_idl [None req-470954b7-f278-4802-9033-9470519362c5 None None] Created schema index Copp.name {{(pid=87759) autocreate_indices /opt/stack/data/venv/lib/python3.12/site-packages/ovsdbapp/backend/ovs_idl/__init__.py:106}}
Aug 24 19:08:31.011805 np0000008006 devstack@neutron-api.service[87759]: DEBUG ovsdbapp.backend.ovs_idl [None req-470954b7-f278-4802-9033-9470519362c5 None None] Created schema index Meter.name {{(pid=87759) autocreate_indices /opt/stack/data/venv/lib/python3.12/site-packages/ovsdbapp/backend/ovs_idl/__init__.py:106}}
Aug 24 19:08:31.011948 np0000008006 devstack@neutron-api.service[87757]: INFO neutron.db.ovn_hash_ring_db [None req-52d314f1-1215-4906-b443-7b86d5f05346 None None] Nodes from host "np0000008006" and group "mechanism_driver" removed from the Hash Ring created at 2026-08-24 19:08:30+00:00
Aug 24 19:08:31.011986 np0000008006 devstack@neutron-api.service[87759]: DEBUG ovsdbapp.backend.ovs_idl [None req-470954b7-f278-4802-9033-9470519362c5 None None] Created schema index Load_Balancer_Group.name {{(pid=87759) autocreate_indices /opt/stack/data/venv/lib/python3.12/site-packages/ovsdbapp/backend/ovs_idl/__init__.py:106}}
Aug 24 19:08:31.012086 np0000008006 devstack@neutron-api.service[87759]: DEBUG ovsdbapp.backend.ovs_idl [None req-470954b7-f278-4802-9033-9470519362c5 None None] Created schema index HA_Chassis_Group.name {{(pid=87759) autocreate_indices /opt/stack/data/venv/lib/python3.12/site-packages/ovsdbapp/backend/ovs_idl/__init__.py:106}}
Aug 24 19:08:31.012238 np0000008006 devstack@neutron-api.service[87759]: DEBUG ovsdbapp.backend.ovs_idl [None req-470954b7-f278-4802-9033-9470519362c5 None None] Created schema index Address_Set.name {{(pid=87759) autocreate_indices /opt/stack/data/venv/lib/python3.12/site-packages/ovsdbapp/backend/ovs_idl/__init__.py:106}}
Aug 24 19:08:31.012523 np0000008006 devstack@neutron-api.service[87759]: DEBUG ovsdbapp.backend.ovs_idl [None req-470954b7-f278-4802-9033-9470519362c5 None None] Created schema index Connection.target {{(pid=87759) autocreate_indices /opt/stack/data/venv/lib/python3.12/site-packages/ovsdbapp/backend/ovs_idl/__init__.py:106}}
Aug 24 19:08:31.012980 np0000008006 devstack@neutron-api.service[87759]: DEBUG ovsdbapp.backend.ovs_idl [None req-470954b7-f278-4802-9033-9470519362c5 None None] Created schema index Gateway_Chassis.name {{(pid=87759) autocreate_indices /opt/stack/data/venv/lib/python3.12/site-packages/ovsdbapp/backend/ovs_idl/__init__.py:106}}
Aug 24 19:08:31.013133 np0000008006 devstack@neutron-api.service[87759]: DEBUG ovsdbapp.backend.ovs_idl [None req-470954b7-f278-4802-9033-9470519362c5 None None] Created schema index Mirror.name {{(pid=87759) autocreate_indices /opt/stack/data/venv/lib/python3.12/site-packages/ovsdbapp/backend/ovs_idl/__init__.py:106}}
Aug 24 19:08:31.013342 np0000008006 devstack@neutron-api.service[87759]: DEBUG ovsdbapp.backend.ovs_idl [None req-470954b7-f278-4802-9033-9470519362c5 None None] Created schema index Chassis_Template_Var.chassis {{(pid=87759) autocreate_indices /opt/stack/data/venv/lib/python3.12/site-packages/ovsdbapp/backend/ovs_idl/__init__.py:106}}
Aug 24 19:08:31.013436 np0000008006 devstack@neutron-api.service[87759]: DEBUG ovsdbapp.backend.ovs_idl [None req-470954b7-f278-4802-9033-9470519362c5 None None] Created schema index Logical_Router_Port.name {{(pid=87759) autocreate_indices /opt/stack/data/venv/lib/python3.12/site-packages/ovsdbapp/backend/ovs_idl/__init__.py:106}}
Aug 24 19:08:31.013580 np0000008006 devstack@neutron-api.service[87759]: DEBUG ovsdbapp.backend.ovs_idl [None req-470954b7-f278-4802-9033-9470519362c5 None None] Created schema index Port_Group.name {{(pid=87759) autocreate_indices /opt/stack/data/venv/lib/python3.12/site-packages/ovsdbapp/backend/ovs_idl/__init__.py:106}}
Aug 24 19:08:31.013948 np0000008006 devstack@neutron-api.service[87759]: DEBUG ovsdbapp.backend.ovs_idl [None req-470954b7-f278-4802-9033-9470519362c5 None None] Created schema index Logical_Switch_Port.name {{(pid=87759) autocreate_indices /opt/stack/data/venv/lib/python3.12/site-packages/ovsdbapp/backend/ovs_idl/__init__.py:106}}
Aug 24 19:08:31.016316 np0000008006 devstack@neutron-api.service[87757]: INFO neutron.db.ovn_hash_ring_db [None req-52d314f1-1215-4906-b443-7b86d5f05346 None None] Node 31678891980a5e3e9b9f54c13f0c1a15 from host "np0000008006" and group "mechanism_driver" added to the Hash Ring
Aug 24 19:08:31.019713 np0000008006 devstack@neutron-api.service[87759]: INFO ovsdbapp.backend.ovs_idl.vlog [None req-470954b7-f278-4802-9033-9470519362c5 None None] ssl:10.4.3.99:6641: connecting...
Aug 24 19:08:31.023724 np0000008006 devstack@neutron-api.service[87757]: DEBUG neutron.plugins.ml2.drivers.ovn.mech_driver.mech_driver [None req-52d314f1-1215-4906-b443-7b86d5f05346 None None] Hash Ring setup, this worker has detected 3 OVN hash ring registers in the database {{(pid=87757) _init_hash_ring /opt/stack/neutron/neutron/plugins/ml2/drivers/ovn/mech_driver/mech_driver.py:392}}
Aug 24 19:08:31.026473 np0000008006 devstack@neutron-api.service[87759]: INFO ovsdbapp.backend.ovs_idl.vlog [None req-470954b7-f278-4802-9033-9470519362c5 None None] ssl:10.4.3.99:6641: connected
Aug 24 19:08:31.029394 np0000008006 devstack@neutron-api.service[87757]: DEBUG neutron.plugins.ml2.drivers.ovn.mech_driver.ovsdb.maintenance [None req-52d314f1-1215-4906-b443-7b86d5f05346 None None] Periodic task found: HashRingHealthCheckPeriodics.touch_hash_ring_node {{(pid=87757) add_periodics /opt/stack/neutron/neutron/plugins/ml2/drivers/ovn/mech_driver/ovsdb/maintenance.py:151}}
Aug 24 19:08:31.029394 np0000008006 devstack@neutron-api.service[87757]: INFO neutron.plugins.ml2.drivers.ovn.mech_driver.mech_driver [None req-52d314f1-1215-4906-b443-7b86d5f05346 None None] Hash Ring probing thread for node 31678891980a5e3e9b9f54c13f0c1a15 has started
Aug 24 19:08:31.030369 np0000008006 devstack@neutron-api.service[87757]: INFO neutron.plugins.ml2.drivers.ovn.mech_driver.ovsdb.impl_idl_ovn [None req-52d314f1-1215-4906-b443-7b86d5f05346 None None] Getting OvsdbNbOvnIdl for WorkerService with retry
Aug 24 19:08:31.067440 np0000008006 devstack@neutron-api.service[87757]: DEBUG ovsdbapp.backend.ovs_idl [None req-52d314f1-1215-4906-b443-7b86d5f05346 None None] Created lookup_table index Logical_Switch.name {{(pid=87757) autocreate_indices /opt/stack/data/venv/lib/python3.12/site-packages/ovsdbapp/backend/ovs_idl/__init__.py:87}}
Aug 24 19:08:31.067562 np0000008006 devstack@neutron-api.service[87757]: DEBUG ovsdbapp.backend.ovs_idl [None req-52d314f1-1215-4906-b443-7b86d5f05346 None None] Created lookup_table index Logical_Router.name {{(pid=87757) autocreate_indices /opt/stack/data/venv/lib/python3.12/site-packages/ovsdbapp/backend/ovs_idl/__init__.py:87}}
Aug 24 19:08:31.067709 np0000008006 devstack@neutron-api.service[87757]: DEBUG ovsdbapp.backend.ovs_idl [None req-52d314f1-1215-4906-b443-7b86d5f05346 None None] Created lookup_table index Load_Balancer.name {{(pid=87757) autocreate_indices /opt/stack/data/venv/lib/python3.12/site-packages/ovsdbapp/backend/ovs_idl/__init__.py:87}}
Aug 24 19:08:31.067852 np0000008006 devstack@neutron-api.service[87757]: DEBUG ovsdbapp.backend.ovs_idl [None req-52d314f1-1215-4906-b443-7b86d5f05346 None None] Created schema index Copp.name {{(pid=87757) autocreate_indices /opt/stack/data/venv/lib/python3.12/site-packages/ovsdbapp/backend/ovs_idl/__init__.py:106}}
Aug 24 19:08:31.067975 np0000008006 devstack@neutron-api.service[87757]: DEBUG ovsdbapp.backend.ovs_idl [None req-52d314f1-1215-4906-b443-7b86d5f05346 None None] Created schema index Meter.name {{(pid=87757) autocreate_indices /opt/stack/data/venv/lib/python3.12/site-packages/ovsdbapp/backend/ovs_idl/__init__.py:106}}
Aug 24 19:08:31.068094 np0000008006 devstack@neutron-api.service[87757]: DEBUG ovsdbapp.backend.ovs_idl [None req-52d314f1-1215-4906-b443-7b86d5f05346 None None] Created schema index Load_Balancer_Group.name {{(pid=87757) autocreate_indices /opt/stack/data/venv/lib/python3.12/site-packages/ovsdbapp/backend/ovs_idl/__init__.py:106}}
Aug 24 19:08:31.068215 np0000008006 devstack@neutron-api.service[87757]: DEBUG ovsdbapp.backend.ovs_idl [None req-52d314f1-1215-4906-b443-7b86d5f05346 None None] Created schema index HA_Chassis_Group.name {{(pid=87757) autocreate_indices /opt/stack/data/venv/lib/python3.12/site-packages/ovsdbapp/backend/ovs_idl/__init__.py:106}}
Aug 24 19:08:31.068363 np0000008006 devstack@neutron-api.service[87757]: DEBUG ovsdbapp.backend.ovs_idl [None req-52d314f1-1215-4906-b443-7b86d5f05346 None None] Created schema index Address_Set.name {{(pid=87757) autocreate_indices /opt/stack/data/venv/lib/python3.12/site-packages/ovsdbapp/backend/ovs_idl/__init__.py:106}}
Aug 24 19:08:31.068491 np0000008006 devstack@neutron-api.service[87757]: DEBUG ovsdbapp.backend.ovs_idl [None req-52d314f1-1215-4906-b443-7b86d5f05346 None None] Created schema index Connection.target {{(pid=87757) autocreate_indices /opt/stack/data/venv/lib/python3.12/site-packages/ovsdbapp/backend/ovs_idl/__init__.py:106}}
Aug 24 19:08:31.068639 np0000008006 devstack@neutron-api.service[87757]: DEBUG ovsdbapp.backend.ovs_idl [None req-52d314f1-1215-4906-b443-7b86d5f05346 None None] Created schema index Gateway_Chassis.name {{(pid=87757) autocreate_indices /opt/stack/data/venv/lib/python3.12/site-packages/ovsdbapp/backend/ovs_idl/__init__.py:106}}
Aug 24 19:08:31.068762 np0000008006 devstack@neutron-api.service[87757]: DEBUG ovsdbapp.backend.ovs_idl [None req-52d314f1-1215-4906-b443-7b86d5f05346 None None] Created schema index Mirror.name {{(pid=87757) autocreate_indices /opt/stack/data/venv/lib/python3.12/site-packages/ovsdbapp/backend/ovs_idl/__init__.py:106}}
Aug 24 19:08:31.068897 np0000008006 devstack@neutron-api.service[87757]: DEBUG ovsdbapp.backend.ovs_idl [None req-52d314f1-1215-4906-b443-7b86d5f05346 None None] Created schema index Chassis_Template_Var.chassis {{(pid=87757) autocreate_indices /opt/stack/data/venv/lib/python3.12/site-packages/ovsdbapp/backend/ovs_idl/__init__.py:106}}
Aug 24 19:08:31.069015 np0000008006 devstack@neutron-api.service[87757]: DEBUG ovsdbapp.backend.ovs_idl [None req-52d314f1-1215-4906-b443-7b86d5f05346 None None] Created schema index Logical_Router_Port.name {{(pid=87757) autocreate_indices /opt/stack/data/venv/lib/python3.12/site-packages/ovsdbapp/backend/ovs_idl/__init__.py:106}}
Aug 24 19:08:31.069582 np0000008006 devstack@neutron-api.service[87757]: DEBUG ovsdbapp.backend.ovs_idl [None req-52d314f1-1215-4906-b443-7b86d5f05346 None None] Created schema index Port_Group.name {{(pid=87757) autocreate_indices /opt/stack/data/venv/lib/python3.12/site-packages/ovsdbapp/backend/ovs_idl/__init__.py:106}}
Aug 24 19:08:31.069582 np0000008006 devstack@neutron-api.service[87757]: DEBUG ovsdbapp.backend.ovs_idl [None req-52d314f1-1215-4906-b443-7b86d5f05346 None None] Created schema index Logical_Switch_Port.name {{(pid=87757) autocreate_indices /opt/stack/data/venv/lib/python3.12/site-packages/ovsdbapp/backend/ovs_idl/__init__.py:106}}
Aug 24 19:08:31.074482 np0000008006 devstack@neutron-api.service[87757]: INFO ovsdbapp.backend.ovs_idl.vlog [None req-52d314f1-1215-4906-b443-7b86d5f05346 None None] ssl:10.4.3.99:6641: connecting...
Aug 24 19:08:31.079795 np0000008006 devstack@neutron-api.service[87757]: INFO ovsdbapp.backend.ovs_idl.vlog [None req-52d314f1-1215-4906-b443-7b86d5f05346 None None] ssl:10.4.3.99:6641: connected
Aug 24 19:08:31.079942 np0000008006 devstack@neutron-api.service[87759]: DEBUG neutron.common.ovn.hash_ring_manager [None req-470954b7-f278-4802-9033-9470519362c5 None None] Allow caching, nodes 3>=3 {{(pid=87759) _wait_startup_before_caching /opt/stack/neutron/neutron/common/ovn/hash_ring_manager.py:71}}
Aug 24 19:08:31.086678 np0000008006 devstack@neutron-api.service[87759]: DEBUG neutron.common.ovn.hash_ring_manager [None req-470954b7-f278-4802-9033-9470519362c5 None None] Hash Ring loaded. 3 active nodes. 0 offline nodes {{(pid=87759) _load_hash_ring /opt/stack/neutron/neutron/common/ovn/hash_ring_manager.py:110}}
Aug 24 19:08:31.087005 np0000008006 devstack@neutron-api.service[87759]: DEBUG neutron.plugins.ml2.drivers.ovn.mech_driver.ovsdb.ovsdb_monitor [None req-470954b7-f278-4802-9033-9470519362c5 None None] Hash Ring: Node e4ff9ea347945e52a9c5e7ff1753a5c8 (host: np0000008006) handling event "create" for row d40bb788-571f-48e1-82e8-67cf343c1429 (table: ACL) {{(pid=87759) notify /opt/stack/neutron/neutron/plugins/ml2/drivers/ovn/mech_driver/ovsdb/ovsdb_monitor.py:1099}}
Aug 24 19:08:31.087261 np0000008006 devstack@neutron-api.service[87759]: DEBUG neutron.plugins.ml2.drivers.ovn.mech_driver.ovsdb.ovsdb_monitor [None req-470954b7-f278-4802-9033-9470519362c5 None None] Hash Ring: Node e4ff9ea347945e52a9c5e7ff1753a5c8 (host: np0000008006) handling event "create" for row 37bfb69b-6906-44a6-8d2a-b21275c68163 (table: Connection) {{(pid=87759) notify /opt/stack/neutron/neutron/plugins/ml2/drivers/ovn/mech_driver/ovsdb/ovsdb_monitor.py:1099}}
