May 22 16:50:39.820557 np0000001292 nova-scheduler[95609]: DEBUG cotyledon.oslo_config_glue [-] oslo_messaging_notifications.transport_url = **** {{(pid=95609) log_opt_values /opt/stack/data/venv/lib/python3.12/site-packages/oslo_config/cfg.py:3256}}
May 22 16:50:39.820642 np0000001292 nova-scheduler[95609]: DEBUG cotyledon.oslo_config_glue [-] oslo_limit.auth_section = None {{(pid=95609) log_opt_values /opt/stack/data/venv/lib/python3.12/site-packages/oslo_config/cfg.py:3256}}
May 22 16:50:39.820699 np0000001292 nova-scheduler[95609]: DEBUG cotyledon.oslo_config_glue [-] oslo_limit.auth_type = None {{(pid=95609) log_opt_values /opt/stack/data/venv/lib/python3.12/site-packages/oslo_config/cfg.py:3256}}
May 22 16:50:39.820756 np0000001292 nova-scheduler[95609]: DEBUG cotyledon.oslo_config_glue [-] oslo_limit.cafile = None {{(pid=95609) log_opt_values /opt/stack/data/venv/lib/python3.12/site-packages/oslo_config/cfg.py:3256}}
May 22 16:50:39.820811 np0000001292 nova-scheduler[95609]: DEBUG cotyledon.oslo_config_glue [-] oslo_limit.certfile = None {{(pid=95609) log_opt_values /opt/stack/data/venv/lib/python3.12/site-packages/oslo_config/cfg.py:3256}}
May 22 16:50:39.820874 np0000001292 nova-scheduler[95609]: DEBUG cotyledon.oslo_config_glue [-] oslo_limit.collect_timing = False {{(pid=95609) log_opt_values /opt/stack/data/venv/lib/python3.12/site-packages/oslo_config/cfg.py:3256}}
May 22 16:50:39.820929 np0000001292 nova-scheduler[95609]: DEBUG cotyledon.oslo_config_glue [-] oslo_limit.connect_retries = None {{(pid=95609) log_opt_values /opt/stack/data/venv/lib/python3.12/site-packages/oslo_config/cfg.py:3256}}
May 22 16:50:39.820993 np0000001292 nova-scheduler[95609]: DEBUG cotyledon.oslo_config_glue [-] oslo_limit.connect_retry_delay = None {{(pid=95609) log_opt_values /opt/stack/data/venv/lib/python3.12/site-packages/oslo_config/cfg.py:3256}}
May 22 16:50:39.821053 np0000001292 nova-scheduler[95609]: DEBUG cotyledon.oslo_config_glue [-] oslo_limit.endpoint_id = None {{(pid=95609) log_opt_values /opt/stack/data/venv/lib/python3.12/site-packages/oslo_config/cfg.py:3256}}
May 22 16:50:39.821116 np0000001292 nova-scheduler[95609]: DEBUG cotyledon.oslo_config_glue [-] oslo_limit.endpoint_interface = public {{(pid=95609) log_opt_values /opt/stack/data/venv/lib/python3.12/site-packages/oslo_config/cfg.py:3256}}
May 22 16:50:39.821211 np0000001292 nova-scheduler[95609]: DEBUG cotyledon.oslo_config_glue [-] oslo_limit.endpoint_override = None {{(pid=95609) log_opt_values /opt/stack/data/venv/lib/python3.12/site-packages/oslo_config/cfg.py:3256}}
May 22 16:50:39.821272 np0000001292 nova-scheduler[95609]: DEBUG cotyledon.oslo_config_glue [-] oslo_limit.endpoint_region_name = None {{(pid=95609) log_opt_values /opt/stack/data/venv/lib/python3.12/site-packages/oslo_config/cfg.py:3256}}
May 22 16:50:39.821338 np0000001292 nova-scheduler[95609]: DEBUG cotyledon.oslo_config_glue [-] oslo_limit.endpoint_service_name = None {{(pid=95609) log_opt_values /opt/stack/data/venv/lib/python3.12/site-packages/oslo_config/cfg.py:3256}}
May 22 16:50:39.821406 np0000001292 nova-scheduler[95609]: DEBUG cotyledon.oslo_config_glue [-] oslo_limit.endpoint_service_type = None {{(pid=95609) log_opt_values /opt/stack/data/venv/lib/python3.12/site-packages/oslo_config/cfg.py:3256}}
May 22 16:50:39.821462 np0000001292 nova-scheduler[95609]: DEBUG cotyledon.oslo_config_glue [-] oslo_limit.insecure = False {{(pid=95609) log_opt_values /opt/stack/data/venv/lib/python3.12/site-packages/oslo_config/cfg.py:3256}}
May 22 16:50:39.821516 np0000001292 nova-scheduler[95609]: DEBUG cotyledon.oslo_config_glue [-] oslo_limit.keyfile = None {{(pid=95609) log_opt_values /opt/stack/data/venv/lib/python3.12/site-packages/oslo_config/cfg.py:3256}}
May 22 16:50:39.821572 np0000001292 nova-scheduler[95609]: DEBUG cotyledon.oslo_config_glue [-] oslo_limit.max_version = None {{(pid=95609) log_opt_values /opt/stack/data/venv/lib/python3.12/site-packages/oslo_config/cfg.py:3256}}
May 22 16:50:39.821639 np0000001292 nova-scheduler[95609]: DEBUG cotyledon.oslo_config_glue [-] oslo_limit.min_version = None {{(pid=95609) log_opt_values /opt/stack/data/venv/lib/python3.12/site-packages/oslo_config/cfg.py:3256}}
May 22 16:50:39.821703 np0000001292 nova-scheduler[95609]: DEBUG cotyledon.oslo_config_glue [-] oslo_limit.region_name = None {{(pid=95609) log_opt_values /opt/stack/data/venv/lib/python3.12/site-packages/oslo_config/cfg.py:3256}}
May 22 16:50:39.821766 np0000001292 nova-scheduler[95609]: DEBUG cotyledon.oslo_config_glue [-] oslo_limit.retriable_status_codes = None {{(pid=95609) log_opt_values /opt/stack/data/venv/lib/python3.12/site-packages/oslo_config/cfg.py:3256}}
May 22 16:50:39.821831 np0000001292 nova-scheduler[95609]: DEBUG cotyledon.oslo_config_glue [-] oslo_limit.service_name = None {{(pid=95609) log_opt_values /opt/stack/data/venv/lib/python3.12/site-packages/oslo_config/cfg.py:3256}}
May 22 16:50:39.821889 np0000001292 nova-scheduler[95609]: DEBUG cotyledon.oslo_config_glue [-] oslo_limit.service_type = None {{(pid=95609) log_opt_values /opt/stack/data/venv/lib/python3.12/site-packages/oslo_config/cfg.py:3256}}
May 22 16:50:39.821946 np0000001292 nova-scheduler[95609]: DEBUG cotyledon.oslo_config_glue [-] oslo_limit.split_loggers = False {{(pid=95609) log_opt_values /opt/stack/data/venv/lib/python3.12/site-packages/oslo_config/cfg.py:3256}}
May 22 16:50:39.822012 np0000001292 nova-scheduler[95609]: DEBUG cotyledon.oslo_config_glue [-] oslo_limit.status_code_retries = None {{(pid=95609) log_opt_values /opt/stack/data/venv/lib/python3.12/site-packages/oslo_config/cfg.py:3256}}
May 22 16:50:39.822080 np0000001292 nova-scheduler[95609]: DEBUG cotyledon.oslo_config_glue [-] oslo_limit.status_code_retry_delay = None {{(pid=95609) log_opt_values /opt/stack/data/venv/lib/python3.12/site-packages/oslo_config/cfg.py:3256}}
May 22 16:50:39.822134 np0000001292 nova-scheduler[95609]: DEBUG cotyledon.oslo_config_glue [-] oslo_limit.timeout = None {{(pid=95609) log_opt_values /opt/stack/data/venv/lib/python3.12/site-packages/oslo_config/cfg.py:3256}}
May 22 16:50:39.822216 np0000001292 nova-scheduler[95609]: DEBUG cotyledon.oslo_config_glue [-] oslo_limit.valid_interfaces = None {{(pid=95609) log_opt_values /opt/stack/data/venv/lib/python3.12/site-packages/oslo_config/cfg.py:3256}}
May 22 16:50:39.822282 np0000001292 nova-scheduler[95609]: DEBUG cotyledon.oslo_config_glue [-] oslo_limit.version = None {{(pid=95609) log_opt_values /opt/stack/data/venv/lib/python3.12/site-packages/oslo_config/cfg.py:3256}}
May 22 16:50:39.822402 np0000001292 nova-scheduler[95609]: DEBUG cotyledon.oslo_config_glue [-] oslo_reports.file_event_handler = None {{(pid=95609) log_opt_values /opt/stack/data/venv/lib/python3.12/site-packages/oslo_config/cfg.py:3256}}
May 22 16:50:39.822554 np0000001292 nova-scheduler[95609]: DEBUG cotyledon.oslo_config_glue [-] oslo_reports.file_event_handler_interval = 1 {{(pid=95609) log_opt_values /opt/stack/data/venv/lib/python3.12/site-packages/oslo_config/cfg.py:3256}}
May 22 16:50:39.822554 np0000001292 nova-scheduler[95609]: DEBUG cotyledon.oslo_config_glue [-] oslo_reports.log_dir = None {{(pid=95609) log_opt_values /opt/stack/data/venv/lib/python3.12/site-packages/oslo_config/cfg.py:3256}}
May 22 16:50:39.822554 np0000001292 nova-scheduler[95609]: DEBUG cotyledon.oslo_config_glue [-] ******************************************************************************** {{(pid=95609) log_opt_values /opt/stack/data/venv/lib/python3.12/site-packages/oslo_config/cfg.py:3263}}
May 22 16:50:39.822855 np0000001292 nova-scheduler[95609]: DEBUG cotyledon._service_worker [-] Run service ServiceWrapper(2) [95609] {{(pid=95609) wait_forever /opt/stack/data/venv/lib/python3.12/site-packages/cotyledon/_service_worker.py:218}}
May 22 16:50:39.823973 np0000001292 nova-scheduler[95609]: INFO nova.service [-] Starting scheduler node (version 33.1.0)
May 22 16:50:39.829250 np0000001292 nova-scheduler[95563]: DEBUG nova.service [None req-71ba6213-2c5d-4e20-a6a8-bd80a0f3f2e4 None None] Creating RPC server for service: nova-scheduler on topic: scheduler {{(pid=95563) start /opt/stack/nova/nova/service.py:195}}
May 22 16:50:39.829333 np0000001292 nova-scheduler[95609]: INFO dbcounter [None req-83791087-0887-40ce-ac0e-809103960792 None None] Registered counter for database nova_cell0
May 22 16:50:39.830528 np0000001292 nova-scheduler[95596]: DEBUG oslo_db.sqlalchemy.engines [None req-0295bd77-706e-4a70-b83c-445d9ffe66f1 None None] MySQL server mode set to STRICT_TRANS_TABLES,STRICT_ALL_TABLES,NO_ZERO_IN_DATE,NO_ZERO_DATE,ERROR_FOR_DIVISION_BY_ZERO,TRADITIONAL,NO_ENGINE_SUBSTITUTION {{(pid=95596) _check_effective_sql_mode /opt/stack/data/venv/lib/python3.12/site-packages/oslo_db/sqlalchemy/engines.py:325}}
May 22 16:50:39.838531 np0000001292 nova-scheduler[95609]: DEBUG oslo_db.sqlalchemy.engines [None req-83791087-0887-40ce-ac0e-809103960792 None None] MySQL server mode set to STRICT_TRANS_TABLES,STRICT_ALL_TABLES,NO_ZERO_IN_DATE,NO_ZERO_DATE,ERROR_FOR_DIVISION_BY_ZERO,TRADITIONAL,NO_ENGINE_SUBSTITUTION {{(pid=95609) _check_effective_sql_mode /opt/stack/data/venv/lib/python3.12/site-packages/oslo_db/sqlalchemy/engines.py:325}}
May 22 16:50:39.839757 np0000001292 nova-scheduler[95596]: DEBUG dbcounter [-] [95596] Writer thread running {{(pid=95596) stat_writer /opt/stack/data/venv/lib/python3.12/site-packages/dbcounter.py:102}}
May 22 16:50:39.842430 np0000001292 nova-scheduler[95596]: DEBUG nova.service [None req-0295bd77-706e-4a70-b83c-445d9ffe66f1 None None] Creating RPC server for service: nova-scheduler on topic: scheduler {{(pid=95596) start /opt/stack/nova/nova/service.py:195}}
May 22 16:50:39.850227 np0000001292 nova-scheduler[95609]: DEBUG dbcounter [-] [95609] Writer thread running {{(pid=95609) stat_writer /opt/stack/data/venv/lib/python3.12/site-packages/dbcounter.py:102}}
May 22 16:50:39.853323 np0000001292 nova-scheduler[95609]: DEBUG nova.service [None req-83791087-0887-40ce-ac0e-809103960792 None None] Creating RPC server for service: nova-scheduler on topic: scheduler {{(pid=95609) start /opt/stack/nova/nova/service.py:195}}
May 22 16:50:39.869409 np0000001292 nova-scheduler[95596]: DEBUG nova.service [None req-0295bd77-706e-4a70-b83c-445d9ffe66f1 None None] Join ServiceGroup membership for this service scheduler {{(pid=95596) start /opt/stack/nova/nova/service.py:221}}
May 22 16:50:39.869409 np0000001292 nova-scheduler[95596]: DEBUG nova.servicegroup.drivers.db [None req-0295bd77-706e-4a70-b83c-445d9ffe66f1 None None] DB_Driver: join new ServiceGroup member np0000001292 to the scheduler group, service = {{(pid=95596) join /opt/stack/nova/nova/servicegroup/drivers/db.py:44}}
May 22 16:50:39.872016 np0000001292 nova-scheduler[95609]: DEBUG nova.service [None req-83791087-0887-40ce-ac0e-809103960792 None None] Join ServiceGroup membership for this service scheduler {{(pid=95609) start /opt/stack/nova/nova/service.py:221}}
May 22 16:50:39.872228 np0000001292 nova-scheduler[95609]: DEBUG nova.servicegroup.drivers.db [None req-83791087-0887-40ce-ac0e-809103960792 None None] DB_Driver: join new ServiceGroup member np0000001292 to the scheduler group, service = {{(pid=95609) join /opt/stack/nova/nova/servicegroup/drivers/db.py:44}}
May 22 16:50:39.873650 np0000001292 nova-scheduler[95563]: DEBUG nova.service [None req-71ba6213-2c5d-4e20-a6a8-bd80a0f3f2e4 None None] Join ServiceGroup membership for this service scheduler {{(pid=95563) start /opt/stack/nova/nova/service.py:221}}
May 22 16:50:39.873894 np0000001292 nova-scheduler[95563]: DEBUG nova.servicegroup.drivers.db [None req-71ba6213-2c5d-4e20-a6a8-bd80a0f3f2e4 None None] DB_Driver: join new ServiceGroup member np0000001292 to the scheduler group, service = {{(pid=95563) join /opt/stack/nova/nova/servicegroup/drivers/db.py:44}}
May 22 16:50:44.889350 np0000001292 nova-scheduler[95563]: DEBUG oslo.service.backend._threading.loopingcall [-] Fixed interval looping call 'nova.servicegroup.drivers.db.DbDriver._report_state' sleeping for 119.99 seconds {{(pid=95563) _run_loop /opt/stack/data/venv/lib/python3.12/site-packages/oslo_service/backend/_threading/loopingcall.py:125}}
May 22 16:50:44.890023 np0000001292 nova-scheduler[95596]: DEBUG oslo.service.backend._threading.loopingcall [-] Fixed interval looping call 'nova.servicegroup.drivers.db.DbDriver._report_state' sleeping for 119.98 seconds {{(pid=95596) _run_loop /opt/stack/data/venv/lib/python3.12/site-packages/oslo_service/backend/_threading/loopingcall.py:125}}
May 22 16:50:44.891569 np0000001292 nova-scheduler[95609]: DEBUG oslo.service.backend._threading.loopingcall [-] Fixed interval looping call 'nova.servicegroup.drivers.db.DbDriver._report_state' sleeping for 119.98 seconds {{(pid=95609) _run_loop /opt/stack/data/venv/lib/python3.12/site-packages/oslo_service/backend/_threading/loopingcall.py:125}}
May 22 16:50:48.450207 np0000001292 nova-scheduler[94359]: DEBUG dbcounter [-] [94359] Writing DB stats nova_api:SELECT=3 {{(pid=94359) stat_writer /opt/stack/data/venv/lib/python3.12/site-packages/dbcounter.py:115}}
May 22 16:50:48.553904 np0000001292 nova-scheduler[94359]: DEBUG dbcounter [-] [94359] Writing DB stats nova_cell0:SELECT=1 {{(pid=94359) stat_writer /opt/stack/data/venv/lib/python3.12/site-packages/dbcounter.py:115}}
May 22 16:50:48.554429 np0000001292 nova-scheduler[94359]: DEBUG dbcounter [-] [94359] Writing DB stats nova_cell1:SELECT=1 {{(pid=94359) stat_writer /opt/stack/data/venv/lib/python3.12/site-packages/dbcounter.py:115}}
May 22 16:50:54.884174 np0000001292 nova-scheduler[95563]: DEBUG dbcounter [-] [95563] Writing DB stats nova_cell0:SELECT=4,nova_cell0:INSERT=1,nova_cell0:UPDATE=1 {{(pid=95563) stat_writer /opt/stack/data/venv/lib/python3.12/site-packages/dbcounter.py:115}}
May 22 16:50:54.885221 np0000001292 nova-scheduler[95596]: DEBUG dbcounter [-] [95596] Writing DB stats nova_cell0:SELECT=3,nova_cell0:UPDATE=1 {{(pid=95596) stat_writer /opt/stack/data/venv/lib/python3.12/site-packages/dbcounter.py:115}}
May 22 16:50:54.889405 np0000001292 nova-scheduler[95609]: DEBUG dbcounter [-] [95609] Writing DB stats nova_cell0:SELECT=3,nova_cell0:UPDATE=1 {{(pid=95609) stat_writer /opt/stack/data/venv/lib/python3.12/site-packages/dbcounter.py:115}}
May 22 16:50:56.875869 np0000001292 nova-scheduler[95563]: DEBUG oslo.service.backend._threading.loopingcall [None req-6589eb8c-b79e-4357-927a-42fe4550a474 None None] Dynamic interval looping call 'nova.service.Service.periodic_tasks' sleeping for 60.00 seconds {{(pid=95563) _run_loop /opt/stack/data/venv/lib/python3.12/site-packages/oslo_service/backend/_threading/loopingcall.py:125}}
May 22 16:51:02.871558 np0000001292 nova-scheduler[95596]: DEBUG oslo.service.backend._threading.loopingcall [None req-968c40a5-34a7-4c2a-a3e3-c24d4f14e689 None None] Dynamic interval looping call 'nova.service.Service.periodic_tasks' sleeping for 60.00 seconds {{(pid=95596) _run_loop /opt/stack/data/venv/lib/python3.12/site-packages/oslo_service/backend/_threading/loopingcall.py:125}}
May 22 16:51:31.874164 np0000001292 nova-scheduler[95609]: DEBUG oslo.service.backend._threading.loopingcall [None req-41afaa45-977f-4c46-81c2-dd6533dc2bbe None None] Dynamic interval looping call 'nova.service.Service.periodic_tasks' sleeping for 60.00 seconds {{(pid=95609) _run_loop /opt/stack/data/venv/lib/python3.12/site-packages/oslo_service/backend/_threading/loopingcall.py:125}}
May 22 16:51:56.876330 np0000001292 nova-scheduler[95563]: DEBUG oslo.service.backend._threading.loopingcall [None req-6589eb8c-b79e-4357-927a-42fe4550a474 None None] Dynamic interval looping call 'nova.service.Service.periodic_tasks' sleeping for 60.00 seconds {{(pid=95563) _run_loop /opt/stack/data/venv/lib/python3.12/site-packages/oslo_service/backend/_threading/loopingcall.py:125}}
May 22 16:52:02.872125 np0000001292 nova-scheduler[95596]: DEBUG oslo.service.backend._threading.loopingcall [None req-968c40a5-34a7-4c2a-a3e3-c24d4f14e689 None None] Dynamic interval looping call 'nova.service.Service.periodic_tasks' sleeping for 60.00 seconds {{(pid=95596) _run_loop /opt/stack/data/venv/lib/python3.12/site-packages/oslo_service/backend/_threading/loopingcall.py:125}}
May 22 16:52:31.874795 np0000001292 nova-scheduler[95609]: DEBUG oslo.service.backend._threading.loopingcall [None req-41afaa45-977f-4c46-81c2-dd6533dc2bbe None None] Dynamic interval looping call 'nova.service.Service.periodic_tasks' sleeping for 60.00 seconds {{(pid=95609) _run_loop /opt/stack/data/venv/lib/python3.12/site-packages/oslo_service/backend/_threading/loopingcall.py:125}}
May 22 16:52:44.886372 np0000001292 nova-scheduler[95596]: DEBUG oslo.service.backend._threading.loopingcall [-] Fixed interval looping call 'nova.servicegroup.drivers.db.DbDriver._report_state' sleeping for 119.98 seconds {{(pid=95596) _run_loop /opt/stack/data/venv/lib/python3.12/site-packages/oslo_service/backend/_threading/loopingcall.py:125}}
May 22 16:52:44.887700 np0000001292 nova-scheduler[95609]: DEBUG oslo.service.backend._threading.loopingcall [-] Fixed interval looping call 'nova.servicegroup.drivers.db.DbDriver._report_state' sleeping for 119.98 seconds {{(pid=95609) _run_loop /opt/stack/data/venv/lib/python3.12/site-packages/oslo_service/backend/_threading/loopingcall.py:125}}
May 22 16:52:44.888387 np0000001292 nova-scheduler[95563]: DEBUG oslo.service.backend._threading.loopingcall [-] Fixed interval looping call 'nova.servicegroup.drivers.db.DbDriver._report_state' sleeping for 119.99 seconds {{(pid=95563) _run_loop /opt/stack/data/venv/lib/python3.12/site-packages/oslo_service/backend/_threading/loopingcall.py:125}}
May 22 16:52:54.875085 np0000001292 nova-scheduler[95596]: DEBUG dbcounter [-] [95596] Writing DB stats nova_cell0:SELECT=1,nova_cell0:UPDATE=1 {{(pid=95596) stat_writer /opt/stack/data/venv/lib/python3.12/site-packages/dbcounter.py:115}}
May 22 16:52:54.882627 np0000001292 nova-scheduler[95563]: DEBUG dbcounter [-] [95563] Writing DB stats nova_cell0:SELECT=1,nova_cell0:UPDATE=1 {{(pid=95563) stat_writer /opt/stack/data/venv/lib/python3.12/site-packages/dbcounter.py:115}}
May 22 16:52:54.882948 np0000001292 nova-scheduler[95609]: DEBUG dbcounter [-] [95609] Writing DB stats nova_cell0:SELECT=1,nova_cell0:UPDATE=1 {{(pid=95609) stat_writer /opt/stack/data/venv/lib/python3.12/site-packages/dbcounter.py:115}}
May 22 16:52:56.876816 np0000001292 nova-scheduler[95563]: DEBUG oslo.service.backend._threading.loopingcall [None req-6589eb8c-b79e-4357-927a-42fe4550a474 None None] Dynamic interval looping call 'nova.service.Service.periodic_tasks' sleeping for 60.00 seconds {{(pid=95563) _run_loop /opt/stack/data/venv/lib/python3.12/site-packages/oslo_service/backend/_threading/loopingcall.py:125}}
May 22 16:53:02.872642 np0000001292 nova-scheduler[95596]: DEBUG oslo.service.backend._threading.loopingcall [None req-968c40a5-34a7-4c2a-a3e3-c24d4f14e689 None None] Dynamic interval looping call 'nova.service.Service.periodic_tasks' sleeping for 60.00 seconds {{(pid=95596) _run_loop /opt/stack/data/venv/lib/python3.12/site-packages/oslo_service/backend/_threading/loopingcall.py:125}}
May 22 16:53:31.875458 np0000001292 nova-scheduler[95609]: DEBUG oslo.service.backend._threading.loopingcall [None req-41afaa45-977f-4c46-81c2-dd6533dc2bbe None None] Dynamic interval looping call 'nova.service.Service.periodic_tasks' sleeping for 60.00 seconds {{(pid=95609) _run_loop /opt/stack/data/venv/lib/python3.12/site-packages/oslo_service/backend/_threading/loopingcall.py:125}}
May 22 16:53:32.505189 np0000001292 nova-scheduler[95596]: DEBUG nova.scheduler.manager [None req-f5dbcf5d-d6d1-485d-be16-9474fdb8f871 tempest-AttachSCSIVolumeTestJSON-115123434 tempest-AttachSCSIVolumeTestJSON-115123434-project-member] Starting to schedule for instances: ['404b27b2-cc70-4aa7-a62e-2e9e6a6aaf4e'] {{(pid=95596) select_destinations /opt/stack/nova/nova/scheduler/manager.py:210}}
May 22 16:53:32.505663 np0000001292 nova-scheduler[95596]: DEBUG nova.scheduler.request_filter [None req-f5dbcf5d-d6d1-485d-be16-9474fdb8f871 tempest-AttachSCSIVolumeTestJSON-115123434 tempest-AttachSCSIVolumeTestJSON-115123434-project-member] compute_status_filter request filter added forbidden trait COMPUTE_STATUS_DISABLED {{(pid=95596) compute_status_filter /opt/stack/nova/nova/scheduler/request_filter.py:253}}
May 22 16:53:32.505782 np0000001292 nova-scheduler[95596]: DEBUG nova.scheduler.request_filter [None req-f5dbcf5d-d6d1-485d-be16-9474fdb8f871 tempest-AttachSCSIVolumeTestJSON-115123434 tempest-AttachSCSIVolumeTestJSON-115123434-project-member] Request filter 'compute_status_filter' took 0.0 seconds {{(pid=95596) wrapper /opt/stack/nova/nova/scheduler/request_filter.py:46}}
May 22 16:53:32.505997 np0000001292 nova-scheduler[95596]: DEBUG nova.scheduler.request_filter [None req-f5dbcf5d-d6d1-485d-be16-9474fdb8f871 tempest-AttachSCSIVolumeTestJSON-115123434 tempest-AttachSCSIVolumeTestJSON-115123434-project-member] Request filter 'accelerators_filter' took 0.0 seconds {{(pid=95596) wrapper /opt/stack/nova/nova/scheduler/request_filter.py:46}}
May 22 16:53:32.506281 np0000001292 nova-scheduler[95596]: DEBUG nova.scheduler.request_filter [None req-f5dbcf5d-d6d1-485d-be16-9474fdb8f871 tempest-AttachSCSIVolumeTestJSON-115123434 tempest-AttachSCSIVolumeTestJSON-115123434-project-member] Request filter 'packed_virtqueue_filter' took 0.0 seconds {{(pid=95596) wrapper /opt/stack/nova/nova/scheduler/request_filter.py:46}}
May 22 16:53:32.506863 np0000001292 nova-scheduler[95596]: DEBUG nova.scheduler.request_filter [None req-f5dbcf5d-d6d1-485d-be16-9474fdb8f871 tempest-AttachSCSIVolumeTestJSON-115123434 tempest-AttachSCSIVolumeTestJSON-115123434-project-member] Request filter 'remote_managed_ports_filter' took 0.0 seconds {{(pid=95596) wrapper /opt/stack/nova/nova/scheduler/request_filter.py:46}}
May 22 16:53:32.507000 np0000001292 nova-scheduler[95596]: DEBUG nova.scheduler.request_filter [None req-f5dbcf5d-d6d1-485d-be16-9474fdb8f871 tempest-AttachSCSIVolumeTestJSON-115123434 tempest-AttachSCSIVolumeTestJSON-115123434-project-member] ephemeral_encryption_filter skipped {{(pid=95596) ephemeral_encryption_filter /opt/stack/nova/nova/scheduler/request_filter.py:426}}
May 22 16:53:32.507177 np0000001292 nova-scheduler[95596]: DEBUG nova.scheduler.request_filter [None req-f5dbcf5d-d6d1-485d-be16-9474fdb8f871 tempest-AttachSCSIVolumeTestJSON-115123434 tempest-AttachSCSIVolumeTestJSON-115123434-project-member] virtio_sound_filter skipped {{(pid=95596) virtio_sound_filter /opt/stack/nova/nova/scheduler/request_filter.py:460}}
May 22 16:53:32.507284 np0000001292 nova-scheduler[95596]: DEBUG nova.scheduler.request_filter [None req-f5dbcf5d-d6d1-485d-be16-9474fdb8f871 tempest-AttachSCSIVolumeTestJSON-115123434 tempest-AttachSCSIVolumeTestJSON-115123434-project-member] tpm_secret_security_filter skipped {{(pid=95596) tpm_secret_security_filter /opt/stack/nova/nova/scheduler/request_filter.py:477}}
May 22 16:53:33.093132 np0000001292 nova-scheduler[95596]: INFO nova.utils [None req-f5dbcf5d-d6d1-485d-be16-9474fdb8f871 tempest-AttachSCSIVolumeTestJSON-115123434 tempest-AttachSCSIVolumeTestJSON-115123434-project-member] The cell worker thread pool ForkProcess-2.cell_worker is initialized
May 22 16:53:33.093913 np0000001292 nova-scheduler[95596]: DEBUG oslo_concurrency.lockutils [None req-f5dbcf5d-d6d1-485d-be16-9474fdb8f871 tempest-AttachSCSIVolumeTestJSON-115123434 tempest-AttachSCSIVolumeTestJSON-115123434-project-member] Acquiring lock "c127abfa-b45d-4567-a942-7ecad7bdec5b" by "nova.context.set_target_cell..get_or_set_cached_cell_and_set_connections" {{(pid=95596) inner /opt/stack/data/venv/lib/python3.12/site-packages/oslo_concurrency/lockutils.py:511}}
May 22 16:53:33.093913 np0000001292 nova-scheduler[95596]: DEBUG oslo_concurrency.lockutils [None req-f5dbcf5d-d6d1-485d-be16-9474fdb8f871 tempest-AttachSCSIVolumeTestJSON-115123434 tempest-AttachSCSIVolumeTestJSON-115123434-project-member] Lock "c127abfa-b45d-4567-a942-7ecad7bdec5b" acquired by "nova.context.set_target_cell..get_or_set_cached_cell_and_set_connections" :: waited 0.000s {{(pid=95596) inner /opt/stack/data/venv/lib/python3.12/site-packages/oslo_concurrency/lockutils.py:524}}
May 22 16:53:33.095786 np0000001292 nova-scheduler[95596]: DEBUG oslo_concurrency.lockutils [None req-f5dbcf5d-d6d1-485d-be16-9474fdb8f871 tempest-AttachSCSIVolumeTestJSON-115123434 tempest-AttachSCSIVolumeTestJSON-115123434-project-member] Lock "c127abfa-b45d-4567-a942-7ecad7bdec5b" "released" by "nova.context.set_target_cell..get_or_set_cached_cell_and_set_connections" :: held 0.001s {{(pid=95596) inner /opt/stack/data/venv/lib/python3.12/site-packages/oslo_concurrency/lockutils.py:543}}
May 22 16:53:33.097033 np0000001292 nova-scheduler[95596]: INFO dbcounter [None req-f5dbcf5d-d6d1-485d-be16-9474fdb8f871 tempest-AttachSCSIVolumeTestJSON-115123434 tempest-AttachSCSIVolumeTestJSON-115123434-project-member] Registered counter for database nova_cell1
May 22 16:53:33.100799 np0000001292 nova-scheduler[95596]: DEBUG oslo_db.sqlalchemy.engines [None req-f5dbcf5d-d6d1-485d-be16-9474fdb8f871 tempest-AttachSCSIVolumeTestJSON-115123434 tempest-AttachSCSIVolumeTestJSON-115123434-project-member] MySQL server mode set to STRICT_TRANS_TABLES,STRICT_ALL_TABLES,NO_ZERO_IN_DATE,NO_ZERO_DATE,ERROR_FOR_DIVISION_BY_ZERO,TRADITIONAL,NO_ENGINE_SUBSTITUTION {{(pid=95596) _check_effective_sql_mode /opt/stack/data/venv/lib/python3.12/site-packages/oslo_db/sqlalchemy/engines.py:325}}
May 22 16:53:33.105708 np0000001292 nova-scheduler[95596]: DEBUG dbcounter [-] [95596] Writer thread running {{(pid=95596) stat_writer /opt/stack/data/venv/lib/python3.12/site-packages/dbcounter.py:102}}
May 22 16:53:33.117368 np0000001292 nova-scheduler[95596]: DEBUG oslo_db.sqlalchemy.engines [None req-f5dbcf5d-d6d1-485d-be16-9474fdb8f871 tempest-AttachSCSIVolumeTestJSON-115123434 tempest-AttachSCSIVolumeTestJSON-115123434-project-member] Parent process 94359 forked (95596) with an open database connection, which is being discarded and recreated. {{(pid=95596) checkout /opt/stack/data/venv/lib/python3.12/site-packages/oslo_db/sqlalchemy/engines.py:402}}
May 22 16:53:33.123127 np0000001292 nova-scheduler[95596]: DEBUG dbcounter [-] [95596] Writer thread running {{(pid=95596) stat_writer /opt/stack/data/venv/lib/python3.12/site-packages/dbcounter.py:102}}
May 22 16:53:33.127135 np0000001292 nova-scheduler[95596]: DEBUG oslo_concurrency.lockutils [None req-f5dbcf5d-d6d1-485d-be16-9474fdb8f871 tempest-AttachSCSIVolumeTestJSON-115123434 tempest-AttachSCSIVolumeTestJSON-115123434-project-member] Acquiring lock "c127abfa-b45d-4567-a942-7ecad7bdec5b" by "nova.context.set_target_cell..get_or_set_cached_cell_and_set_connections" {{(pid=95596) inner /opt/stack/data/venv/lib/python3.12/site-packages/oslo_concurrency/lockutils.py:511}}
May 22 16:53:33.127135 np0000001292 nova-scheduler[95596]: DEBUG oslo_concurrency.lockutils [None req-f5dbcf5d-d6d1-485d-be16-9474fdb8f871 tempest-AttachSCSIVolumeTestJSON-115123434 tempest-AttachSCSIVolumeTestJSON-115123434-project-member] Lock "c127abfa-b45d-4567-a942-7ecad7bdec5b" acquired by "nova.context.set_target_cell..get_or_set_cached_cell_and_set_connections" :: waited 0.000s {{(pid=95596) inner /opt/stack/data/venv/lib/python3.12/site-packages/oslo_concurrency/lockutils.py:524}}
May 22 16:53:33.127135 np0000001292 nova-scheduler[95596]: DEBUG oslo_concurrency.lockutils [None req-f5dbcf5d-d6d1-485d-be16-9474fdb8f871 tempest-AttachSCSIVolumeTestJSON-115123434 tempest-AttachSCSIVolumeTestJSON-115123434-project-member] Lock "c127abfa-b45d-4567-a942-7ecad7bdec5b" "released" by "nova.context.set_target_cell..get_or_set_cached_cell_and_set_connections" :: held 0.000s {{(pid=95596) inner /opt/stack/data/venv/lib/python3.12/site-packages/oslo_concurrency/lockutils.py:543}}
May 22 16:53:33.129354 np0000001292 nova-scheduler[95596]: DEBUG oslo_concurrency.lockutils [None req-f5dbcf5d-d6d1-485d-be16-9474fdb8f871 tempest-AttachSCSIVolumeTestJSON-115123434 tempest-AttachSCSIVolumeTestJSON-115123434-project-member] Acquiring lock "('np0000001292', 'np0000001292')" by "nova.scheduler.host_manager.HostState.update.._locked_update" {{(pid=95596) inner /opt/stack/data/venv/lib/python3.12/site-packages/oslo_concurrency/lockutils.py:511}}
May 22 16:53:33.129488 np0000001292 nova-scheduler[95596]: DEBUG oslo_concurrency.lockutils [None req-f5dbcf5d-d6d1-485d-be16-9474fdb8f871 tempest-AttachSCSIVolumeTestJSON-115123434 tempest-AttachSCSIVolumeTestJSON-115123434-project-member] Lock "('np0000001292', 'np0000001292')" acquired by "nova.scheduler.host_manager.HostState.update.._locked_update" :: waited 0.000s {{(pid=95596) inner /opt/stack/data/venv/lib/python3.12/site-packages/oslo_concurrency/lockutils.py:524}}
May 22 16:53:33.130638 np0000001292 nova-scheduler[95596]: DEBUG nova.scheduler.host_manager [None req-f5dbcf5d-d6d1-485d-be16-9474fdb8f871 tempest-AttachSCSIVolumeTestJSON-115123434 tempest-AttachSCSIVolumeTestJSON-115123434-project-member] Update host state from compute node: ComputeNode(cpu_allocation_ratio=4.0,cpu_info='{"arch": "x86_64", "model": "EPYC-Milan", "vendor": "AMD", "topology": {"cells": 1, "sockets": 12, "cores": 1, "threads": 1}, "maxphysaddr": {"mode": "emulate", "bits": 40}, "features": ["apic", "ibrs", "sse2", "stibp", "f16c", "arat", "adx", "wbnoinvd", "arch-capabilities", "fsrm", "mds-no", "mmxext", "lm", "nx", "invpcid", "mca", "ibpb", "misalignsse", "sse4a", "spec-ctrl", "skip-l1dfl-vmentry", "gds-no", "mmx", "xsave", "pse", "popcnt", "ssbd", "pni", "de", "vpclmulqdq", "pschange-mc-no", "topoext", "cr8legacy", "pat", "cmp_legacy", "cx8", "fxsr_opt", "sse4.2", "rdtscp", "rdpid", "smap", "erms", "rdctl-no", "flushbyasid", "syscall", "3dnowprefetch", "vmcb-clean", "nrip-save", "lahf_lm", "pse36", "avx", "movbe", "pku", "perfctr_core", "pge", "sha-ni", "ssse3", "bmi1", "v-vmsave-vmload", "smep", "avx2", "pclmuldq", "amd-psfd", "msr", "sep", "clwb", "x2apic", "fma", "bmi2", "xsaveerptr", "xsaveopt", "xgetbv1", "null-sel-clr-base", "svm", "tsc", "sse4.1", "vme", "vgif", "vaes", "mce", "fpu", "rdrand", "osvw", "cx16", "umip", "clflush", "pdpe1gb", "tsc-deadline", "fsgsbase", "lbrv", "aes", "abm", "stibp-always-on", "mtrr", "npt", "fxsr", "pcid", "tsc-scale", "rdseed", "pae", "virt-ssbd", "cmov", "amd-stibp", "pause-filter", "lfence-always-serializing", "clzero", "tsc_adjust", "xsavec", "amd-ssbd", "clflushopt", "no-nested-data-bp", "sse", "svme-addr-chk", "hypervisor", "xsaves", "pfthreshold"]}',created_at=2026-05-22T16:51:04Z,current_workload=0,deleted=False,deleted_at=None,disk_allocation_ratio=1.0,disk_available_least=74,free_disk_gb=95,free_ram_mb=23518,host='np0000001292',host_ip=10.4.3.249,hypervisor_hostname='np0000001292',hypervisor_type='QEMU',hypervisor_version=8002002,id=1,local_gb=95,local_gb_used=0,mapped=1,memory_mb=24030,memory_mb_used=512,metrics='[]',numa_topology='{"nova_object.name": "NUMATopology", "nova_object.namespace": "nova", "nova_object.version": "1.2", "nova_object.data": {"cells": [{"nova_object.name": "NUMACell", "nova_object.namespace": "nova", "nova_object.version": "1.5", "nova_object.data": {"id": 0, "cpuset": [0, 1, 2, 3, 4, 5, 6, 7, 8, 9, 10, 11], "pcpuset": [0, 1, 2, 3, 4, 5, 6, 7, 8, 9, 10, 11], "memory": 24030, "cpu_usage": 0, "memory_usage": 0, "pinned_cpus": [], "siblings": [[6], [2], [5], [11], [8], [4], [1], [7], [10], [0], [3], [9]], "mempages": [{"nova_object.name": "NUMAPagesTopology", "nova_object.namespace": "nova", "nova_object.version": "1.1", "nova_object.data": {"size_kb": 4, "total": 6151799, "used": 0, "reserved": 0}, "nova_object.changes": ["size_kb", "used", "reserved", "total"]}, {"nova_object.name": "NUMAPagesTopology", "nova_object.namespace": "nova", "nova_object.version": "1.1", "nova_object.data": {"size_kb": 2048, "total": 0, "used": 0, "reserved": 0}, "nova_object.changes": ["size_kb", "used", "reserved", "total"]}, {"nova_object.name": "NUMAPagesTopology", "nova_object.namespace": "nova", "nova_object.version": "1.1", "nova_object.data": {"size_kb": 1048576, "total": 0, "used": 0, "reserved": 0}, "nova_object.changes": ["size_kb", "used", "reserved", "total"]}], "network_metadata": {"nova_object.name": "NetworkMetadata", "nova_object.namespace": "nova", "nova_object.version": "1.0", "nova_object.data": {"physnets": [], "tunneled": false}, "nova_object.changes": ["tunneled", "physnets"]}, "socket": null}, "nova_object.changes": ["mempages", "cpuset", "pinned_cpus", "network_metadata", "pcpuset", "memory", "id", "siblings", "memory_usage", "cpu_usage", "socket"]}]}, "nova_object.changes": ["cells"]}',pci_device_pools=PciDevicePoolList,ram_allocation_ratio=1.0,running_vms=0,service_id=3,stats={failed_builds='0',uptime=' 16:52:51 up 24 min, 2 users, load average: 1.15, 1.27, 0.74
May 22 16:53:33.130638 np0000001292 nova-scheduler[95596]: '},supported_hv_specs=[HVSpec,HVSpec,HVSpec,HVSpec,HVSpec,HVSpec,HVSpec,HVSpec,HVSpec,HVSpec,HVSpec,HVSpec,HVSpec,HVSpec,HVSpec,HVSpec,HVSpec,HVSpec,HVSpec,HVSpec,HVSpec,HVSpec,HVSpec,HVSpec,HVSpec],updated_at=2026-05-22T16:52:53Z,uuid=d08ef557-024d-409a-9093-8a960ae5155d,vcpus=12,vcpus_used=0) {{(pid=95596) _locked_update /opt/stack/nova/nova/scheduler/host_manager.py:168}}
May 22 16:53:33.131556 np0000001292 nova-scheduler[95596]: DEBUG nova.scheduler.host_manager [None req-f5dbcf5d-d6d1-485d-be16-9474fdb8f871 tempest-AttachSCSIVolumeTestJSON-115123434 tempest-AttachSCSIVolumeTestJSON-115123434-project-member] Update host state with aggregates: [] {{(pid=95596) _locked_update /opt/stack/nova/nova/scheduler/host_manager.py:171}}
May 22 16:53:33.131662 np0000001292 nova-scheduler[95596]: DEBUG nova.scheduler.host_manager [None req-f5dbcf5d-d6d1-485d-be16-9474fdb8f871 tempest-AttachSCSIVolumeTestJSON-115123434 tempest-AttachSCSIVolumeTestJSON-115123434-project-member] Update host state with service dict: {'id': 3, 'uuid': 'e6120f6f-d3cf-441d-b5d8-b49f556bba84', 'host': 'np0000001292', 'binary': 'nova-compute', 'topic': 'compute', 'report_count': 2, 'disabled': False, 'disabled_reason': None, 'last_seen_up': datetime.datetime(2026, 5, 22, 16, 53, 13, tzinfo=datetime.timezone.utc), 'forced_down': False, 'version': 72, 'created_at': datetime.datetime(2026, 5, 22, 16, 51, 3, tzinfo=datetime.timezone.utc), 'updated_at': datetime.datetime(2026, 5, 22, 16, 53, 13, tzinfo=datetime.timezone.utc), 'deleted_at': None, 'deleted': False} {{(pid=95596) _locked_update /opt/stack/nova/nova/scheduler/host_manager.py:174}}
May 22 16:53:33.131784 np0000001292 nova-scheduler[95596]: DEBUG nova.scheduler.host_manager [None req-f5dbcf5d-d6d1-485d-be16-9474fdb8f871 tempest-AttachSCSIVolumeTestJSON-115123434 tempest-AttachSCSIVolumeTestJSON-115123434-project-member] Update host state with instances: [] {{(pid=95596) _locked_update /opt/stack/nova/nova/scheduler/host_manager.py:177}}
May 22 16:53:33.132040 np0000001292 nova-scheduler[95596]: DEBUG oslo_concurrency.lockutils [None req-f5dbcf5d-d6d1-485d-be16-9474fdb8f871 tempest-AttachSCSIVolumeTestJSON-115123434 tempest-AttachSCSIVolumeTestJSON-115123434-project-member] Lock "('np0000001292', 'np0000001292')" "released" by "nova.scheduler.host_manager.HostState.update.._locked_update" :: held 0.002s {{(pid=95596) inner /opt/stack/data/venv/lib/python3.12/site-packages/oslo_concurrency/lockutils.py:543}}
May 22 16:53:33.132431 np0000001292 nova-scheduler[95596]: DEBUG nova.filters [None req-f5dbcf5d-d6d1-485d-be16-9474fdb8f871 tempest-AttachSCSIVolumeTestJSON-115123434 tempest-AttachSCSIVolumeTestJSON-115123434-project-member] Starting with 1 host(s) {{(pid=95596) get_filtered_objects /opt/stack/nova/nova/filters.py:70}}
May 22 16:53:33.132636 np0000001292 nova-scheduler[95596]: DEBUG nova.filters [None req-f5dbcf5d-d6d1-485d-be16-9474fdb8f871 tempest-AttachSCSIVolumeTestJSON-115123434 tempest-AttachSCSIVolumeTestJSON-115123434-project-member] Filter ComputeFilter returned 1 host(s) {{(pid=95596) get_filtered_objects /opt/stack/nova/nova/filters.py:102}}
May 22 16:53:33.132784 np0000001292 nova-scheduler[95596]: DEBUG nova.filters [None req-f5dbcf5d-d6d1-485d-be16-9474fdb8f871 tempest-AttachSCSIVolumeTestJSON-115123434 tempest-AttachSCSIVolumeTestJSON-115123434-project-member] Filter ComputeCapabilitiesFilter returned 1 host(s) {{(pid=95596) get_filtered_objects /opt/stack/nova/nova/filters.py:102}}
May 22 16:53:33.132961 np0000001292 nova-scheduler[95596]: DEBUG nova.filters [None req-f5dbcf5d-d6d1-485d-be16-9474fdb8f871 tempest-AttachSCSIVolumeTestJSON-115123434 tempest-AttachSCSIVolumeTestJSON-115123434-project-member] Filter ImagePropertiesFilter returned 1 host(s) {{(pid=95596) get_filtered_objects /opt/stack/nova/nova/filters.py:102}}
May 22 16:53:33.133279 np0000001292 nova-scheduler[95596]: DEBUG nova.filters [None req-f5dbcf5d-d6d1-485d-be16-9474fdb8f871 tempest-AttachSCSIVolumeTestJSON-115123434 tempest-AttachSCSIVolumeTestJSON-115123434-project-member] Filter ServerGroupAntiAffinityFilter returned 1 host(s) {{(pid=95596) get_filtered_objects /opt/stack/nova/nova/filters.py:102}}
May 22 16:53:33.133279 np0000001292 nova-scheduler[95596]: DEBUG nova.filters [None req-f5dbcf5d-d6d1-485d-be16-9474fdb8f871 tempest-AttachSCSIVolumeTestJSON-115123434 tempest-AttachSCSIVolumeTestJSON-115123434-project-member] Filter ServerGroupAffinityFilter returned 1 host(s) {{(pid=95596) get_filtered_objects /opt/stack/nova/nova/filters.py:102}}
May 22 16:53:33.133482 np0000001292 nova-scheduler[95596]: DEBUG nova.filters [None req-f5dbcf5d-d6d1-485d-be16-9474fdb8f871 tempest-AttachSCSIVolumeTestJSON-115123434 tempest-AttachSCSIVolumeTestJSON-115123434-project-member] Filter SameHostFilter returned 1 host(s) {{(pid=95596) get_filtered_objects /opt/stack/nova/nova/filters.py:102}}
May 22 16:53:33.133482 np0000001292 nova-scheduler[95596]: DEBUG nova.filters [None req-f5dbcf5d-d6d1-485d-be16-9474fdb8f871 tempest-AttachSCSIVolumeTestJSON-115123434 tempest-AttachSCSIVolumeTestJSON-115123434-project-member] Filter DifferentHostFilter returned 1 host(s) {{(pid=95596) get_filtered_objects /opt/stack/nova/nova/filters.py:102}}
May 22 16:53:33.133602 np0000001292 nova-scheduler[95596]: DEBUG nova.scheduler.manager [None req-f5dbcf5d-d6d1-485d-be16-9474fdb8f871 tempest-AttachSCSIVolumeTestJSON-115123434 tempest-AttachSCSIVolumeTestJSON-115123434-project-member] Filtered [(np0000001292, np0000001292) ram: 23518MB disk: 75776MB io_ops: 0 instances: 0, allocation_candidates: 1] {{(pid=95596) _get_sorted_hosts /opt/stack/nova/nova/scheduler/manager.py:743}}
May 22 16:53:33.133836 np0000001292 nova-scheduler[95596]: DEBUG nova.scheduler.manager [None req-f5dbcf5d-d6d1-485d-be16-9474fdb8f871 tempest-AttachSCSIVolumeTestJSON-115123434 tempest-AttachSCSIVolumeTestJSON-115123434-project-member] Weighed [WeighedHost [host: (np0000001292, np0000001292) ram: 23518MB disk: 75776MB io_ops: 0 instances: 0, allocation_candidates: 1, weight: 0.0]] {{(pid=95596) _get_sorted_hosts /opt/stack/nova/nova/scheduler/manager.py:765}}
May 22 16:53:33.133962 np0000001292 nova-scheduler[95596]: DEBUG nova.scheduler.utils [None req-f5dbcf5d-d6d1-485d-be16-9474fdb8f871 tempest-AttachSCSIVolumeTestJSON-115123434 tempest-AttachSCSIVolumeTestJSON-115123434-project-member] Attempting to claim resources in the placement API for instance 404b27b2-cc70-4aa7-a62e-2e9e6a6aaf4e {{(pid=95596) claim_resources /opt/stack/nova/nova/scheduler/utils.py:1304}}
May 22 16:53:33.282367 np0000001292 nova-scheduler[95596]: DEBUG nova.scheduler.manager [None req-f5dbcf5d-d6d1-485d-be16-9474fdb8f871 tempest-AttachSCSIVolumeTestJSON-115123434 tempest-AttachSCSIVolumeTestJSON-115123434-project-member] [instance: 404b27b2-cc70-4aa7-a62e-2e9e6a6aaf4e] Selected host: (np0000001292, np0000001292) ram: 23518MB disk: 75776MB io_ops: 0 instances: 0, allocation_candidates: 1 {{(pid=95596) _consume_selected_host /opt/stack/nova/nova/scheduler/manager.py:625}}
May 22 16:53:33.282587 np0000001292 nova-scheduler[95596]: DEBUG oslo_concurrency.lockutils [None req-f5dbcf5d-d6d1-485d-be16-9474fdb8f871 tempest-AttachSCSIVolumeTestJSON-115123434 tempest-AttachSCSIVolumeTestJSON-115123434-project-member] Acquiring lock "('np0000001292', 'np0000001292')" by "nova.scheduler.host_manager.HostState.consume_from_request.._locked" {{(pid=95596) inner /opt/stack/data/venv/lib/python3.12/site-packages/oslo_concurrency/lockutils.py:511}}
May 22 16:53:33.282714 np0000001292 nova-scheduler[95596]: DEBUG oslo_concurrency.lockutils [None req-f5dbcf5d-d6d1-485d-be16-9474fdb8f871 tempest-AttachSCSIVolumeTestJSON-115123434 tempest-AttachSCSIVolumeTestJSON-115123434-project-member] Lock "('np0000001292', 'np0000001292')" acquired by "nova.scheduler.host_manager.HostState.consume_from_request.._locked" :: waited 0.000s {{(pid=95596) inner /opt/stack/data/venv/lib/python3.12/site-packages/oslo_concurrency/lockutils.py:524}}
May 22 16:53:33.282970 np0000001292 nova-scheduler[95596]: DEBUG oslo_concurrency.lockutils [None req-f5dbcf5d-d6d1-485d-be16-9474fdb8f871 tempest-AttachSCSIVolumeTestJSON-115123434 tempest-AttachSCSIVolumeTestJSON-115123434-project-member] Lock "('np0000001292', 'np0000001292')" "released" by "nova.scheduler.host_manager.HostState.consume_from_request.._locked" :: held 0.000s {{(pid=95596) inner /opt/stack/data/venv/lib/python3.12/site-packages/oslo_concurrency/lockutils.py:543}}
May 22 16:53:34.844971 np0000001292 nova-scheduler[95609]: DEBUG nova.scheduler.manager [None req-0b28c719-2f16-4ee7-9b46-14d687339256 tempest-ServerActionsV293TestJSON-629645652 tempest-ServerActionsV293TestJSON-629645652-project-member] Starting to schedule for instances: ['d99cc8b6-84a2-418d-af95-cbd1098bec19'] {{(pid=95609) select_destinations /opt/stack/nova/nova/scheduler/manager.py:210}}
May 22 16:53:34.845673 np0000001292 nova-scheduler[95609]: DEBUG nova.scheduler.request_filter [None req-0b28c719-2f16-4ee7-9b46-14d687339256 tempest-ServerActionsV293TestJSON-629645652 tempest-ServerActionsV293TestJSON-629645652-project-member] compute_status_filter request filter added forbidden trait COMPUTE_STATUS_DISABLED {{(pid=95609) compute_status_filter /opt/stack/nova/nova/scheduler/request_filter.py:253}}
May 22 16:53:34.845830 np0000001292 nova-scheduler[95609]: DEBUG nova.scheduler.request_filter [None req-0b28c719-2f16-4ee7-9b46-14d687339256 tempest-ServerActionsV293TestJSON-629645652 tempest-ServerActionsV293TestJSON-629645652-project-member] Request filter 'compute_status_filter' took 0.0 seconds {{(pid=95609) wrapper /opt/stack/nova/nova/scheduler/request_filter.py:46}}
May 22 16:53:34.846132 np0000001292 nova-scheduler[95609]: DEBUG nova.scheduler.request_filter [None req-0b28c719-2f16-4ee7-9b46-14d687339256 tempest-ServerActionsV293TestJSON-629645652 tempest-ServerActionsV293TestJSON-629645652-project-member] Request filter 'accelerators_filter' took 0.0 seconds {{(pid=95609) wrapper /opt/stack/nova/nova/scheduler/request_filter.py:46}}
May 22 16:53:34.846358 np0000001292 nova-scheduler[95609]: DEBUG nova.scheduler.request_filter [None req-0b28c719-2f16-4ee7-9b46-14d687339256 tempest-ServerActionsV293TestJSON-629645652 tempest-ServerActionsV293TestJSON-629645652-project-member] Request filter 'packed_virtqueue_filter' took 0.0 seconds {{(pid=95609) wrapper /opt/stack/nova/nova/scheduler/request_filter.py:46}}
May 22 16:53:34.846741 np0000001292 nova-scheduler[95609]: DEBUG nova.scheduler.request_filter [None req-0b28c719-2f16-4ee7-9b46-14d687339256 tempest-ServerActionsV293TestJSON-629645652 tempest-ServerActionsV293TestJSON-629645652-project-member] Request filter 'remote_managed_ports_filter' took 0.0 seconds {{(pid=95609) wrapper /opt/stack/nova/nova/scheduler/request_filter.py:46}}
May 22 16:53:34.846924 np0000001292 nova-scheduler[95609]: DEBUG nova.scheduler.request_filter [None req-0b28c719-2f16-4ee7-9b46-14d687339256 tempest-ServerActionsV293TestJSON-629645652 tempest-ServerActionsV293TestJSON-629645652-project-member] ephemeral_encryption_filter skipped {{(pid=95609) ephemeral_encryption_filter /opt/stack/nova/nova/scheduler/request_filter.py:426}}
May 22 16:53:34.847053 np0000001292 nova-scheduler[95609]: DEBUG nova.scheduler.request_filter [None req-0b28c719-2f16-4ee7-9b46-14d687339256 tempest-ServerActionsV293TestJSON-629645652 tempest-ServerActionsV293TestJSON-629645652-project-member] virtio_sound_filter skipped {{(pid=95609) virtio_sound_filter /opt/stack/nova/nova/scheduler/request_filter.py:460}}
May 22 16:53:34.847261 np0000001292 nova-scheduler[95609]: DEBUG nova.scheduler.request_filter [None req-0b28c719-2f16-4ee7-9b46-14d687339256 tempest-ServerActionsV293TestJSON-629645652 tempest-ServerActionsV293TestJSON-629645652-project-member] tpm_secret_security_filter skipped {{(pid=95609) tpm_secret_security_filter /opt/stack/nova/nova/scheduler/request_filter.py:477}}
May 22 16:53:34.965350 np0000001292 nova-scheduler[95609]: INFO nova.utils [None req-0b28c719-2f16-4ee7-9b46-14d687339256 tempest-ServerActionsV293TestJSON-629645652 tempest-ServerActionsV293TestJSON-629645652-project-member] The cell worker thread pool ForkProcess-3.cell_worker is initialized
May 22 16:53:34.965725 np0000001292 nova-scheduler[95609]: DEBUG oslo_concurrency.lockutils [None req-0b28c719-2f16-4ee7-9b46-14d687339256 tempest-ServerActionsV293TestJSON-629645652 tempest-ServerActionsV293TestJSON-629645652-project-member] Acquiring lock "c127abfa-b45d-4567-a942-7ecad7bdec5b" by "nova.context.set_target_cell..get_or_set_cached_cell_and_set_connections" {{(pid=95609) inner /opt/stack/data/venv/lib/python3.12/site-packages/oslo_concurrency/lockutils.py:511}}
May 22 16:53:34.965943 np0000001292 nova-scheduler[95609]: DEBUG oslo_concurrency.lockutils [None req-0b28c719-2f16-4ee7-9b46-14d687339256 tempest-ServerActionsV293TestJSON-629645652 tempest-ServerActionsV293TestJSON-629645652-project-member] Lock "c127abfa-b45d-4567-a942-7ecad7bdec5b" acquired by "nova.context.set_target_cell..get_or_set_cached_cell_and_set_connections" :: waited 0.000s {{(pid=95609) inner /opt/stack/data/venv/lib/python3.12/site-packages/oslo_concurrency/lockutils.py:524}}
May 22 16:53:34.967373 np0000001292 nova-scheduler[95609]: DEBUG oslo_concurrency.lockutils [None req-0b28c719-2f16-4ee7-9b46-14d687339256 tempest-ServerActionsV293TestJSON-629645652 tempest-ServerActionsV293TestJSON-629645652-project-member] Lock "c127abfa-b45d-4567-a942-7ecad7bdec5b" "released" by "nova.context.set_target_cell..get_or_set_cached_cell_and_set_connections" :: held 0.001s {{(pid=95609) inner /opt/stack/data/venv/lib/python3.12/site-packages/oslo_concurrency/lockutils.py:543}}
May 22 16:53:34.969680 np0000001292 nova-scheduler[95609]: INFO dbcounter [None req-0b28c719-2f16-4ee7-9b46-14d687339256 tempest-ServerActionsV293TestJSON-629645652 tempest-ServerActionsV293TestJSON-629645652-project-member] Registered counter for database nova_cell1
May 22 16:53:34.974912 np0000001292 nova-scheduler[95609]: DEBUG oslo_db.sqlalchemy.engines [None req-0b28c719-2f16-4ee7-9b46-14d687339256 tempest-ServerActionsV293TestJSON-629645652 tempest-ServerActionsV293TestJSON-629645652-project-member] MySQL server mode set to STRICT_TRANS_TABLES,STRICT_ALL_TABLES,NO_ZERO_IN_DATE,NO_ZERO_DATE,ERROR_FOR_DIVISION_BY_ZERO,TRADITIONAL,NO_ENGINE_SUBSTITUTION {{(pid=95609) _check_effective_sql_mode /opt/stack/data/venv/lib/python3.12/site-packages/oslo_db/sqlalchemy/engines.py:325}}
May 22 16:53:34.980327 np0000001292 nova-scheduler[95609]: DEBUG dbcounter [-] [95609] Writer thread running {{(pid=95609) stat_writer /opt/stack/data/venv/lib/python3.12/site-packages/dbcounter.py:102}}
May 22 16:53:35.004477 np0000001292 nova-scheduler[95609]: DEBUG dbcounter [-] [95609] Writer thread running {{(pid=95609) stat_writer /opt/stack/data/venv/lib/python3.12/site-packages/dbcounter.py:102}}
May 22 16:53:35.006767 np0000001292 nova-scheduler[95609]: DEBUG oslo_concurrency.lockutils [None req-0b28c719-2f16-4ee7-9b46-14d687339256 tempest-ServerActionsV293TestJSON-629645652 tempest-ServerActionsV293TestJSON-629645652-project-member] Acquiring lock "c127abfa-b45d-4567-a942-7ecad7bdec5b" by "nova.context.set_target_cell..get_or_set_cached_cell_and_set_connections" {{(pid=95609) inner /opt/stack/data/venv/lib/python3.12/site-packages/oslo_concurrency/lockutils.py:511}}
May 22 16:53:35.006902 np0000001292 nova-scheduler[95609]: DEBUG oslo_concurrency.lockutils [None req-0b28c719-2f16-4ee7-9b46-14d687339256 tempest-ServerActionsV293TestJSON-629645652 tempest-ServerActionsV293TestJSON-629645652-project-member] Lock "c127abfa-b45d-4567-a942-7ecad7bdec5b" acquired by "nova.context.set_target_cell..get_or_set_cached_cell_and_set_connections" :: waited 0.000s {{(pid=95609) inner /opt/stack/data/venv/lib/python3.12/site-packages/oslo_concurrency/lockutils.py:524}}
May 22 16:53:35.007007 np0000001292 nova-scheduler[95609]: DEBUG oslo_concurrency.lockutils [None req-0b28c719-2f16-4ee7-9b46-14d687339256 tempest-ServerActionsV293TestJSON-629645652 tempest-ServerActionsV293TestJSON-629645652-project-member] Lock "c127abfa-b45d-4567-a942-7ecad7bdec5b" "released" by "nova.context.set_target_cell..get_or_set_cached_cell_and_set_connections" :: held 0.000s {{(pid=95609) inner /opt/stack/data/venv/lib/python3.12/site-packages/oslo_concurrency/lockutils.py:543}}
May 22 16:53:35.009944 np0000001292 nova-scheduler[95609]: DEBUG oslo_concurrency.lockutils [None req-0b28c719-2f16-4ee7-9b46-14d687339256 tempest-ServerActionsV293TestJSON-629645652 tempest-ServerActionsV293TestJSON-629645652-project-member] Acquiring lock "('np0000001292', 'np0000001292')" by "nova.scheduler.host_manager.HostState.update.._locked_update" {{(pid=95609) inner /opt/stack/data/venv/lib/python3.12/site-packages/oslo_concurrency/lockutils.py:511}}
