May 22 16:54:44.323064 np0000001292 devstack@placement-api.service[92182]: DEBUG placement.requestlog [req-e290eabf-83cb-456f-a494-1d3c3e6c5a9c req-b885628d-8360-4684-9eca-8e2e1603528c None None] Starting request: 10.4.3.249 "GET /placement/allocations/329b849c-d8e2-4baf-bdcc-4b643628f391" {{(pid=92182) __call__ /opt/stack/placement/placement/requestlog.py:55}}
May 22 16:54:44.328312 np0000001292 devstack@placement-api.service[92184]: INFO placement.requestlog [None req-0f7379fb-fa7a-4546-9e41-0f755247239f service placement] 10.4.3.249 "GET /placement/resource_providers/0b4a9d80-74d8-40ed-baf6-85bb6f733b51/aggregates" status: 404 len: 235 microversion: 1.1
May 22 16:54:44.328312 np0000001292 devstack@placement-api.service[92184]: [pid: 92184|app: 0|req: 52/157] 10.4.3.249 () {66 vars in 1474 bytes} [Fri May 22 16:54:44 2026] GET /placement/resource_providers/0b4a9d80-74d8-40ed-baf6-85bb6f733b51/aggregates => generated 235 bytes in 139 msecs (HTTP/1.1 404) 5 headers in 202 bytes (1 switches on core 0)
May 22 16:54:44.331128 np0000001292 devstack@placement-api.service[92182]: INFO placement.requestlog [req-e290eabf-83cb-456f-a494-1d3c3e6c5a9c req-b885628d-8360-4684-9eca-8e2e1603528c service nova] 10.4.3.249 "GET /placement/allocations/329b849c-d8e2-4baf-bdcc-4b643628f391" status: 200 len: 258 microversion: 1.28
May 22 16:54:44.331128 np0000001292 devstack@placement-api.service[92182]: [pid: 92182|app: 0|req: 54/158] 10.4.3.249 () {68 vars in 1499 bytes} [Fri May 22 16:54:44 2026] GET /placement/allocations/329b849c-d8e2-4baf-bdcc-4b643628f391 => generated 258 bytes in 8 msecs (HTTP/1.1 200) 8 headers in 296 bytes (1 switches on core 0)
May 22 16:54:44.369031 np0000001292 devstack@placement-api.service[92183]: DEBUG placement.requestlog [req-e290eabf-83cb-456f-a494-1d3c3e6c5a9c req-a947bd0e-db3e-46aa-a981-c0eeb1a0b078 None None] Starting request: 10.4.3.249 "GET /placement/allocations/6ea3fda8-32f4-4af7-9837-b2563cd9feb9" {{(pid=92183) __call__ /opt/stack/placement/placement/requestlog.py:55}}
May 22 16:54:44.379860 np0000001292 devstack@placement-api.service[92183]: INFO placement.requestlog [req-e290eabf-83cb-456f-a494-1d3c3e6c5a9c req-a947bd0e-db3e-46aa-a981-c0eeb1a0b078 service nova] 10.4.3.249 "GET /placement/allocations/6ea3fda8-32f4-4af7-9837-b2563cd9feb9" status: 200 len: 244 microversion: 1.28
May 22 16:54:44.379971 np0000001292 devstack@placement-api.service[92184]: DEBUG placement.requestlog [None req-753085c0-6ef3-476a-8780-a2d776b619f6 None None] Starting request: 10.4.3.249 "DELETE /placement/resource_providers/0b4a9d80-74d8-40ed-baf6-85bb6f733b51" {{(pid=92184) __call__ /opt/stack/placement/placement/requestlog.py:55}}
May 22 16:54:44.380202 np0000001292 devstack@placement-api.service[92183]: [pid: 92183|app: 0|req: 53/159] 10.4.3.249 () {68 vars in 1499 bytes} [Fri May 22 16:54:44 2026] GET /placement/allocations/6ea3fda8-32f4-4af7-9837-b2563cd9feb9 => generated 244 bytes in 11 msecs (HTTP/1.1 200) 8 headers in 296 bytes (1 switches on core 0)
May 22 16:54:44.388074 np0000001292 devstack@placement-api.service[92184]: DEBUG placement.wsgi_wrapper [None req-753085c0-6ef3-476a-8780-a2d776b619f6 service placement] Placement API returning an error response: No resource provider with uuid 0b4a9d80-74d8-40ed-baf6-85bb6f733b51 found for delete {{(pid=92184) call_func /opt/stack/placement/placement/wsgi_wrapper.py:31}}
May 22 16:54:44.388499 np0000001292 devstack@placement-api.service[92184]: INFO placement.requestlog [None req-753085c0-6ef3-476a-8780-a2d776b619f6 service placement] 10.4.3.249 "DELETE /placement/resource_providers/0b4a9d80-74d8-40ed-baf6-85bb6f733b51" status: 404 len: 246 microversion: 1.1
May 22 16:54:44.388712 np0000001292 devstack@placement-api.service[92184]: [pid: 92184|app: 0|req: 53/160] 10.4.3.249 () {68 vars in 1463 bytes} [Fri May 22 16:54:44 2026] DELETE /placement/resource_providers/0b4a9d80-74d8-40ed-baf6-85bb6f733b51 => generated 246 bytes in 9 msecs (HTTP/1.1 404) 6 headers in 231 bytes (1 switches on core 0)
May 22 16:54:44.436830 np0000001292 devstack@placement-api.service[92182]: DEBUG placement.requestlog [req-e290eabf-83cb-456f-a494-1d3c3e6c5a9c req-7e052eef-e4b4-485c-bcf3-bb909fd7f0f2 None None] Starting request: 10.4.3.249 "GET /placement/allocations/6d6a3b10-3764-40fd-8332-6c153f8d5369" {{(pid=92182) __call__ /opt/stack/placement/placement/requestlog.py:55}}
May 22 16:54:44.452875 np0000001292 devstack@placement-api.service[92182]: INFO placement.requestlog [req-e290eabf-83cb-456f-a494-1d3c3e6c5a9c req-7e052eef-e4b4-485c-bcf3-bb909fd7f0f2 service nova] 10.4.3.249 "GET /placement/allocations/6d6a3b10-3764-40fd-8332-6c153f8d5369" status: 200 len: 258 microversion: 1.28
May 22 16:54:44.453031 np0000001292 devstack@placement-api.service[92182]: [pid: 92182|app: 0|req: 55/161] 10.4.3.249 () {68 vars in 1499 bytes} [Fri May 22 16:54:44 2026] GET /placement/allocations/6d6a3b10-3764-40fd-8332-6c153f8d5369 => generated 258 bytes in 16 msecs (HTTP/1.1 200) 8 headers in 296 bytes (1 switches on core 0)
May 22 16:54:44.492919 np0000001292 devstack@placement-api.service[92183]: DEBUG placement.requestlog [req-e290eabf-83cb-456f-a494-1d3c3e6c5a9c req-70fb2313-0a8b-4cc9-9695-b3c8cd46cd75 None None] Starting request: 10.4.3.249 "GET /placement/allocations/71a26e14-aaeb-4fdc-a921-3437fa926965" {{(pid=92183) __call__ /opt/stack/placement/placement/requestlog.py:55}}
May 22 16:54:44.501806 np0000001292 devstack@placement-api.service[92183]: INFO placement.requestlog [req-e290eabf-83cb-456f-a494-1d3c3e6c5a9c req-70fb2313-0a8b-4cc9-9695-b3c8cd46cd75 service nova] 10.4.3.249 "GET /placement/allocations/71a26e14-aaeb-4fdc-a921-3437fa926965" status: 200 len: 244 microversion: 1.28
May 22 16:54:44.506160 np0000001292 devstack@placement-api.service[92183]: [pid: 92183|app: 0|req: 54/162] 10.4.3.249 () {68 vars in 1499 bytes} [Fri May 22 16:54:44 2026] GET /placement/allocations/71a26e14-aaeb-4fdc-a921-3437fa926965 => generated 244 bytes in 10 msecs (HTTP/1.1 200) 8 headers in 296 bytes (1 switches on core 0)
May 22 16:54:44.539026 np0000001292 devstack@placement-api.service[92184]: DEBUG placement.requestlog [req-e290eabf-83cb-456f-a494-1d3c3e6c5a9c req-028c2b3b-0b6b-4ead-b396-7494c3de48b8 None None] Starting request: 10.4.3.249 "GET /placement/allocations/404b27b2-cc70-4aa7-a62e-2e9e6a6aaf4e" {{(pid=92184) __call__ /opt/stack/placement/placement/requestlog.py:55}}
May 22 16:54:44.548205 np0000001292 devstack@placement-api.service[92184]: INFO placement.requestlog [req-e290eabf-83cb-456f-a494-1d3c3e6c5a9c req-028c2b3b-0b6b-4ead-b396-7494c3de48b8 service nova] 10.4.3.249 "GET /placement/allocations/404b27b2-cc70-4aa7-a62e-2e9e6a6aaf4e" status: 200 len: 258 microversion: 1.28
May 22 16:54:44.548515 np0000001292 devstack@placement-api.service[92184]: [pid: 92184|app: 0|req: 54/163] 10.4.3.249 () {68 vars in 1499 bytes} [Fri May 22 16:54:44 2026] GET /placement/allocations/404b27b2-cc70-4aa7-a62e-2e9e6a6aaf4e => generated 258 bytes in 9 msecs (HTTP/1.1 200) 8 headers in 296 bytes (1 switches on core 0)
May 22 16:54:44.590155 np0000001292 devstack@placement-api.service[92182]: DEBUG placement.requestlog [req-e290eabf-83cb-456f-a494-1d3c3e6c5a9c req-1aac1cbd-1552-4d4c-a792-6e32109b1d63 None None] Starting request: 10.4.3.249 "GET /placement/allocations/5187fd10-2c19-48b3-94a3-a1d4d7784223" {{(pid=92182) __call__ /opt/stack/placement/placement/requestlog.py:55}}
May 22 16:54:44.600168 np0000001292 devstack@placement-api.service[92182]: INFO placement.requestlog [req-e290eabf-83cb-456f-a494-1d3c3e6c5a9c req-1aac1cbd-1552-4d4c-a792-6e32109b1d63 service nova] 10.4.3.249 "GET /placement/allocations/5187fd10-2c19-48b3-94a3-a1d4d7784223" status: 200 len: 258 microversion: 1.28
May 22 16:54:44.600324 np0000001292 devstack@placement-api.service[92182]: [pid: 92182|app: 0|req: 56/164] 10.4.3.249 () {68 vars in 1499 bytes} [Fri May 22 16:54:44 2026] GET /placement/allocations/5187fd10-2c19-48b3-94a3-a1d4d7784223 => generated 258 bytes in 10 msecs (HTTP/1.1 200) 8 headers in 296 bytes (1 switches on core 0)
May 22 16:54:45.683664 np0000001292 devstack@placement-api.service[92183]: DEBUG placement.requestlog [req-e290eabf-83cb-456f-a494-1d3c3e6c5a9c req-8a974ac3-1fbd-4056-b7ab-d512a5b17010 None None] Starting request: 10.4.3.249 "DELETE /placement/allocations/6d6a3b10-3764-40fd-8332-6c153f8d5369" {{(pid=92183) __call__ /opt/stack/placement/placement/requestlog.py:55}}
May 22 16:54:45.708173 np0000001292 devstack@placement-api.service[92183]: DEBUG placement.handlers.allocation [req-e290eabf-83cb-456f-a494-1d3c3e6c5a9c req-8a974ac3-1fbd-4056-b7ab-d512a5b17010 service nova] Successfully deleted allocations [, , ] {{(pid=92183) delete_allocations /opt/stack/placement/placement/handlers/allocation.py:627}}
May 22 16:54:45.708496 np0000001292 devstack@placement-api.service[92183]: INFO placement.requestlog [req-e290eabf-83cb-456f-a494-1d3c3e6c5a9c req-8a974ac3-1fbd-4056-b7ab-d512a5b17010 service nova] 10.4.3.249 "DELETE /placement/allocations/6d6a3b10-3764-40fd-8332-6c153f8d5369" status: 204 len: 0 microversion: 1.0
May 22 16:54:45.708769 np0000001292 devstack@placement-api.service[92183]: [pid: 92183|app: 0|req: 55/165] 10.4.3.249 () {68 vars in 1477 bytes} [Fri May 22 16:54:45 2026] DELETE /placement/allocations/6d6a3b10-3764-40fd-8332-6c153f8d5369 => generated 0 bytes in 25 msecs (HTTP/1.1 204) 5 headers in 198 bytes (1 switches on core 0)
May 22 16:54:46.306279 np0000001292 devstack@placement-api.service[92184]: DEBUG placement.requestlog [req-5ade5578-e72e-41e5-b819-3ada17a0942e req-ab6a69f5-9521-47b6-b8cb-22985d5aed32 None None] Starting request: 10.4.3.249 "GET /placement/allocations/d99cc8b6-84a2-418d-af95-cbd1098bec19" {{(pid=92184) __call__ /opt/stack/placement/placement/requestlog.py:55}}
May 22 16:54:46.318514 np0000001292 devstack@placement-api.service[92184]: INFO placement.requestlog [req-5ade5578-e72e-41e5-b819-3ada17a0942e req-ab6a69f5-9521-47b6-b8cb-22985d5aed32 service nova] 10.4.3.249 "GET /placement/allocations/d99cc8b6-84a2-418d-af95-cbd1098bec19" status: 200 len: 244 microversion: 1.28
May 22 16:54:46.318779 np0000001292 devstack@placement-api.service[92184]: [pid: 92184|app: 0|req: 55/166] 10.4.3.249 () {68 vars in 1499 bytes} [Fri May 22 16:54:46 2026] GET /placement/allocations/d99cc8b6-84a2-418d-af95-cbd1098bec19 => generated 244 bytes in 13 msecs (HTTP/1.1 200) 8 headers in 296 bytes (1 switches on core 0)
May 22 16:54:49.565262 np0000001292 devstack@placement-api.service[92182]: DEBUG placement.requestlog [None req-c21bb65e-b329-4c2d-a646-a2a860b65b9b None None] Starting request: 10.4.3.249 "GET /placement/resource_providers/57708155-cf01-4554-9c1f-dda08354e3ac/aggregates" {{(pid=92182) __call__ /opt/stack/placement/placement/requestlog.py:55}}
May 22 16:54:49.577855 np0000001292 devstack@placement-api.service[92182]: INFO placement.requestlog [None req-c21bb65e-b329-4c2d-a646-a2a860b65b9b service placement] 10.4.3.249 "GET /placement/resource_providers/57708155-cf01-4554-9c1f-dda08354e3ac/aggregates" status: 404 len: 235 microversion: 1.1
May 22 16:54:49.578157 np0000001292 devstack@placement-api.service[92182]: [pid: 92182|app: 0|req: 57/167] 10.4.3.249 () {66 vars in 1474 bytes} [Fri May 22 16:54:49 2026] GET /placement/resource_providers/57708155-cf01-4554-9c1f-dda08354e3ac/aggregates => generated 235 bytes in 13 msecs (HTTP/1.1 404) 5 headers in 202 bytes (1 switches on core 0)
May 22 16:54:49.634982 np0000001292 devstack@placement-api.service[92183]: DEBUG placement.requestlog [None req-ef444a65-a1c4-43ed-95d2-f560f712e878 None None] Starting request: 10.4.3.249 "DELETE /placement/resource_providers/57708155-cf01-4554-9c1f-dda08354e3ac" {{(pid=92183) __call__ /opt/stack/placement/placement/requestlog.py:55}}
May 22 16:54:49.644946 np0000001292 devstack@placement-api.service[92183]: DEBUG placement.wsgi_wrapper [None req-ef444a65-a1c4-43ed-95d2-f560f712e878 service placement] Placement API returning an error response: No resource provider with uuid 57708155-cf01-4554-9c1f-dda08354e3ac found for delete {{(pid=92183) call_func /opt/stack/placement/placement/wsgi_wrapper.py:31}}
May 22 16:54:49.645428 np0000001292 devstack@placement-api.service[92183]: INFO placement.requestlog [None req-ef444a65-a1c4-43ed-95d2-f560f712e878 service placement] 10.4.3.249 "DELETE /placement/resource_providers/57708155-cf01-4554-9c1f-dda08354e3ac" status: 404 len: 246 microversion: 1.1
May 22 16:54:49.645673 np0000001292 devstack@placement-api.service[92183]: [pid: 92183|app: 0|req: 56/168] 10.4.3.249 () {68 vars in 1463 bytes} [Fri May 22 16:54:49 2026] DELETE /placement/resource_providers/57708155-cf01-4554-9c1f-dda08354e3ac => generated 246 bytes in 11 msecs (HTTP/1.1 404) 6 headers in 231 bytes (1 switches on core 0)
May 22 16:54:56.316181 np0000001292 devstack@placement-api.service[92184]: DEBUG dbcounter [-] [92184] Writing DB stats placement:SELECT=16,placement:DELETE=2 {{(pid=92184) stat_writer /opt/stack/data/venv/lib/python3.12/site-packages/dbcounter.py:115}}
May 22 16:54:56.544976 np0000001292 devstack@placement-api.service[92184]: DEBUG placement.requestlog [req-2f5303cc-6f4f-493e-ade3-55129d1a17cf req-8e342a0a-efac-4cca-a87f-6e70caaf5fdf None None] Starting request: 10.4.3.249 "GET /placement/resource_providers/d08ef557-024d-409a-9093-8a960ae5155d/allocations" {{(pid=92184) __call__ /opt/stack/placement/placement/requestlog.py:55}}
May 22 16:54:56.557181 np0000001292 devstack@placement-api.service[92184]: INFO placement.requestlog [req-2f5303cc-6f4f-493e-ade3-55129d1a17cf req-8e342a0a-efac-4cca-a87f-6e70caaf5fdf service nova] 10.4.3.249 "GET /placement/resource_providers/d08ef557-024d-409a-9093-8a960ae5155d/allocations" status: 200 len: 711 microversion: 1.0
May 22 16:54:56.557181 np0000001292 devstack@placement-api.service[92184]: [pid: 92184|app: 0|req: 56/169] 10.4.3.249 () {66 vars in 1512 bytes} [Fri May 22 16:54:56 2026] GET /placement/resource_providers/d08ef557-024d-409a-9093-8a960ae5155d/allocations => generated 711 bytes in 14 msecs (HTTP/1.1 200) 6 headers in 224 bytes (1 switches on core 0)
May 22 16:54:56.596734 np0000001292 devstack@placement-api.service[92182]: DEBUG placement.requestlog [req-2f5303cc-6f4f-493e-ade3-55129d1a17cf req-ea769e4b-80f3-48a7-97e5-bb1486210bcb None None] Starting request: 10.4.3.249 "GET /placement/allocations/329b849c-d8e2-4baf-bdcc-4b643628f391" {{(pid=92182) __call__ /opt/stack/placement/placement/requestlog.py:55}}
May 22 16:54:56.606628 np0000001292 devstack@placement-api.service[92182]: INFO placement.requestlog [req-2f5303cc-6f4f-493e-ade3-55129d1a17cf req-ea769e4b-80f3-48a7-97e5-bb1486210bcb service nova] 10.4.3.249 "GET /placement/allocations/329b849c-d8e2-4baf-bdcc-4b643628f391" status: 200 len: 258 microversion: 1.28
May 22 16:54:56.607234 np0000001292 devstack@placement-api.service[92182]: [pid: 92182|app: 0|req: 58/170] 10.4.3.249 () {68 vars in 1499 bytes} [Fri May 22 16:54:56 2026] GET /placement/allocations/329b849c-d8e2-4baf-bdcc-4b643628f391 => generated 258 bytes in 11 msecs (HTTP/1.1 200) 8 headers in 296 bytes (1 switches on core 0)
May 22 16:54:56.648576 np0000001292 devstack@placement-api.service[92183]: DEBUG placement.requestlog [req-2f5303cc-6f4f-493e-ade3-55129d1a17cf req-5d123882-2d8d-453c-9802-d309ad3eec18 None None] Starting request: 10.4.3.249 "GET /placement/allocations/6ea3fda8-32f4-4af7-9837-b2563cd9feb9" {{(pid=92183) __call__ /opt/stack/placement/placement/requestlog.py:55}}
May 22 16:54:56.661154 np0000001292 devstack@placement-api.service[92183]: INFO placement.requestlog [req-2f5303cc-6f4f-493e-ade3-55129d1a17cf req-5d123882-2d8d-453c-9802-d309ad3eec18 service nova] 10.4.3.249 "GET /placement/allocations/6ea3fda8-32f4-4af7-9837-b2563cd9feb9" status: 200 len: 244 microversion: 1.28
May 22 16:54:56.661474 np0000001292 devstack@placement-api.service[92183]: [pid: 92183|app: 0|req: 57/171] 10.4.3.249 () {68 vars in 1499 bytes} [Fri May 22 16:54:56 2026] GET /placement/allocations/6ea3fda8-32f4-4af7-9837-b2563cd9feb9 => generated 244 bytes in 13 msecs (HTTP/1.1 200) 8 headers in 296 bytes (1 switches on core 0)
May 22 16:54:56.712652 np0000001292 devstack@placement-api.service[92184]: DEBUG placement.requestlog [req-2f5303cc-6f4f-493e-ade3-55129d1a17cf req-babe1ef5-c31c-4241-a117-3ff31769d788 None None] Starting request: 10.4.3.249 "GET /placement/allocations/d99cc8b6-84a2-418d-af95-cbd1098bec19" {{(pid=92184) __call__ /opt/stack/placement/placement/requestlog.py:55}}
May 22 16:54:56.721228 np0000001292 devstack@placement-api.service[92184]: INFO placement.requestlog [req-2f5303cc-6f4f-493e-ade3-55129d1a17cf req-babe1ef5-c31c-4241-a117-3ff31769d788 service nova] 10.4.3.249 "GET /placement/allocations/d99cc8b6-84a2-418d-af95-cbd1098bec19" status: 200 len: 244 microversion: 1.28
May 22 16:54:56.721421 np0000001292 devstack@placement-api.service[92184]: [pid: 92184|app: 0|req: 57/172] 10.4.3.249 () {68 vars in 1499 bytes} [Fri May 22 16:54:56 2026] GET /placement/allocations/d99cc8b6-84a2-418d-af95-cbd1098bec19 => generated 244 bytes in 9 msecs (HTTP/1.1 200) 8 headers in 296 bytes (1 switches on core 0)
May 22 16:54:56.758345 np0000001292 devstack@placement-api.service[92182]: DEBUG placement.requestlog [req-2f5303cc-6f4f-493e-ade3-55129d1a17cf req-24fee438-2fed-4ab0-84a6-04909787bfa0 None None] Starting request: 10.4.3.249 "GET /placement/allocations/71a26e14-aaeb-4fdc-a921-3437fa926965" {{(pid=92182) __call__ /opt/stack/placement/placement/requestlog.py:55}}
May 22 16:54:56.777819 np0000001292 devstack@placement-api.service[92182]: INFO placement.requestlog [req-2f5303cc-6f4f-493e-ade3-55129d1a17cf req-24fee438-2fed-4ab0-84a6-04909787bfa0 service nova] 10.4.3.249 "GET /placement/allocations/71a26e14-aaeb-4fdc-a921-3437fa926965" status: 200 len: 244 microversion: 1.28
May 22 16:54:56.778060 np0000001292 devstack@placement-api.service[92182]: [pid: 92182|app: 0|req: 59/173] 10.4.3.249 () {68 vars in 1499 bytes} [Fri May 22 16:54:56 2026] GET /placement/allocations/71a26e14-aaeb-4fdc-a921-3437fa926965 => generated 244 bytes in 20 msecs (HTTP/1.1 200) 8 headers in 296 bytes (1 switches on core 0)
May 22 16:54:56.828905 np0000001292 devstack@placement-api.service[92183]: DEBUG placement.requestlog [req-2f5303cc-6f4f-493e-ade3-55129d1a17cf req-d01b8096-6a44-42c9-ac08-a8cf352ac10a None None] Starting request: 10.4.3.249 "GET /placement/allocations/404b27b2-cc70-4aa7-a62e-2e9e6a6aaf4e" {{(pid=92183) __call__ /opt/stack/placement/placement/requestlog.py:55}}
May 22 16:54:56.850167 np0000001292 devstack@placement-api.service[92183]: INFO placement.requestlog [req-2f5303cc-6f4f-493e-ade3-55129d1a17cf req-d01b8096-6a44-42c9-ac08-a8cf352ac10a service nova] 10.4.3.249 "GET /placement/allocations/404b27b2-cc70-4aa7-a62e-2e9e6a6aaf4e" status: 200 len: 258 microversion: 1.28
May 22 16:54:56.850493 np0000001292 devstack@placement-api.service[92183]: [pid: 92183|app: 0|req: 58/174] 10.4.3.249 () {68 vars in 1499 bytes} [Fri May 22 16:54:56 2026] GET /placement/allocations/404b27b2-cc70-4aa7-a62e-2e9e6a6aaf4e => generated 258 bytes in 22 msecs (HTTP/1.1 200) 8 headers in 296 bytes (1 switches on core 0)
May 22 16:54:56.895938 np0000001292 devstack@placement-api.service[92184]: DEBUG placement.requestlog [req-2f5303cc-6f4f-493e-ade3-55129d1a17cf req-1af4390b-c7e2-40a1-a7ae-6463fc6404bd None None] Starting request: 10.4.3.249 "GET /placement/allocations/5187fd10-2c19-48b3-94a3-a1d4d7784223" {{(pid=92184) __call__ /opt/stack/placement/placement/requestlog.py:55}}
May 22 16:54:56.905772 np0000001292 devstack@placement-api.service[92184]: INFO placement.requestlog [req-2f5303cc-6f4f-493e-ade3-55129d1a17cf req-1af4390b-c7e2-40a1-a7ae-6463fc6404bd service nova] 10.4.3.249 "GET /placement/allocations/5187fd10-2c19-48b3-94a3-a1d4d7784223" status: 200 len: 258 microversion: 1.28
May 22 16:54:56.905963 np0000001292 devstack@placement-api.service[92184]: [pid: 92184|app: 0|req: 58/175] 10.4.3.249 () {68 vars in 1499 bytes} [Fri May 22 16:54:56 2026] GET /placement/allocations/5187fd10-2c19-48b3-94a3-a1d4d7784223 => generated 258 bytes in 10 msecs (HTTP/1.1 200) 8 headers in 296 bytes (1 switches on core 0)
May 22 16:54:56.936967 np0000001292 devstack@placement-api.service[92182]: DEBUG placement.requestlog [req-2f5303cc-6f4f-493e-ade3-55129d1a17cf req-fc55d9c8-281a-4966-980b-f1c06b83d718 None None] Starting request: 10.4.3.249 "GET /placement/allocations/c9fc46c0-2bb4-434b-bbad-3cdef7cf5073" {{(pid=92182) __call__ /opt/stack/placement/placement/requestlog.py:55}}
May 22 16:54:56.959634 np0000001292 devstack@placement-api.service[92182]: INFO placement.requestlog [req-2f5303cc-6f4f-493e-ade3-55129d1a17cf req-fc55d9c8-281a-4966-980b-f1c06b83d718 service nova] 10.4.3.249 "GET /placement/allocations/c9fc46c0-2bb4-434b-bbad-3cdef7cf5073" status: 200 len: 258 microversion: 1.28
May 22 16:54:56.959634 np0000001292 devstack@placement-api.service[92182]: [pid: 92182|app: 0|req: 60/176] 10.4.3.249 () {68 vars in 1499 bytes} [Fri May 22 16:54:56 2026] GET /placement/allocations/c9fc46c0-2bb4-434b-bbad-3cdef7cf5073 => generated 258 bytes in 23 msecs (HTTP/1.1 200) 8 headers in 296 bytes (1 switches on core 0)
May 22 16:54:58.031870 np0000001292 devstack@placement-api.service[92183]: DEBUG placement.requestlog [req-2f5303cc-6f4f-493e-ade3-55129d1a17cf req-a4108f2f-f089-4e36-9dd7-373677e48f64 None None] Starting request: 10.4.3.249 "DELETE /placement/allocations/404b27b2-cc70-4aa7-a62e-2e9e6a6aaf4e" {{(pid=92183) __call__ /opt/stack/placement/placement/requestlog.py:55}}
May 22 16:54:58.148627 np0000001292 devstack@placement-api.service[92183]: DEBUG placement.handlers.allocation [req-2f5303cc-6f4f-493e-ade3-55129d1a17cf req-a4108f2f-f089-4e36-9dd7-373677e48f64 service nova] Successfully deleted allocations [, , ] {{(pid=92183) delete_allocations /opt/stack/placement/placement/handlers/allocation.py:627}}
May 22 16:54:58.149220 np0000001292 devstack@placement-api.service[92183]: INFO placement.requestlog [req-2f5303cc-6f4f-493e-ade3-55129d1a17cf req-a4108f2f-f089-4e36-9dd7-373677e48f64 service nova] 10.4.3.249 "DELETE /placement/allocations/404b27b2-cc70-4aa7-a62e-2e9e6a6aaf4e" status: 204 len: 0 microversion: 1.0
May 22 16:54:58.149220 np0000001292 devstack@placement-api.service[92183]: [pid: 92183|app: 0|req: 59/177] 10.4.3.249 () {68 vars in 1477 bytes} [Fri May 22 16:54:58 2026] DELETE /placement/allocations/404b27b2-cc70-4aa7-a62e-2e9e6a6aaf4e => generated 0 bytes in 117 msecs (HTTP/1.1 204) 5 headers in 198 bytes (1 switches on core 0)
May 22 16:54:59.992342 np0000001292 devstack@placement-api.service[92184]: DEBUG placement.requestlog [req-53a6b073-d602-4049-bbbd-0fe97a39e34f req-b7ec0c39-21bd-489b-98b8-2c760f483654 None None] Starting request: 10.4.3.249 "GET /placement/resource_providers/d08ef557-024d-409a-9093-8a960ae5155d/allocations" {{(pid=92184) __call__ /opt/stack/placement/placement/requestlog.py:55}}
May 22 16:55:00.010828 np0000001292 devstack@placement-api.service[92184]: INFO placement.requestlog [req-53a6b073-d602-4049-bbbd-0fe97a39e34f req-b7ec0c39-21bd-489b-98b8-2c760f483654 service nova] 10.4.3.249 "GET /placement/resource_providers/d08ef557-024d-409a-9093-8a960ae5155d/allocations" status: 200 len: 611 microversion: 1.0
May 22 16:55:00.011688 np0000001292 devstack@placement-api.service[92184]: [pid: 92184|app: 0|req: 59/178] 10.4.3.249 () {66 vars in 1512 bytes} [Fri May 22 16:54:59 2026] GET /placement/resource_providers/d08ef557-024d-409a-9093-8a960ae5155d/allocations => generated 611 bytes in 19 msecs (HTTP/1.1 200) 6 headers in 224 bytes (1 switches on core 0)
May 22 16:55:00.061158 np0000001292 devstack@placement-api.service[92182]: DEBUG placement.requestlog [req-53a6b073-d602-4049-bbbd-0fe97a39e34f req-57bd9369-57d1-47aa-9b34-82f115c75cf1 None None] Starting request: 10.4.3.249 "GET /placement/allocations/329b849c-d8e2-4baf-bdcc-4b643628f391" {{(pid=92182) __call__ /opt/stack/placement/placement/requestlog.py:55}}
May 22 16:55:00.078471 np0000001292 devstack@placement-api.service[92182]: INFO placement.requestlog [req-53a6b073-d602-4049-bbbd-0fe97a39e34f req-57bd9369-57d1-47aa-9b34-82f115c75cf1 service nova] 10.4.3.249 "GET /placement/allocations/329b849c-d8e2-4baf-bdcc-4b643628f391" status: 200 len: 258 microversion: 1.28
May 22 16:55:00.078696 np0000001292 devstack@placement-api.service[92182]: [pid: 92182|app: 0|req: 61/179] 10.4.3.249 () {68 vars in 1499 bytes} [Fri May 22 16:55:00 2026] GET /placement/allocations/329b849c-d8e2-4baf-bdcc-4b643628f391 => generated 258 bytes in 17 msecs (HTTP/1.1 200) 8 headers in 296 bytes (1 switches on core 0)
May 22 16:55:00.090620 np0000001292 devstack@placement-api.service[92183]: DEBUG placement.requestlog [req-7f4af7f7-8ed0-464e-a18f-46dbc6e4f594 req-6b90a986-59ab-4007-aa58-9e2614b8ceb1 None None] Starting request: 10.4.3.249 "GET /placement/allocation_candidates?limit=1000&resources=DISK_GB%3A1%2CMEMORY_MB%3A192%2CVCPU%3A1&root_required=%21COMPUTE_STATUS_DISABLED" {{(pid=92183) __call__ /opt/stack/placement/placement/requestlog.py:55}}
May 22 16:55:00.113431 np0000001292 devstack@placement-api.service[92184]: DEBUG placement.requestlog [req-53a6b073-d602-4049-bbbd-0fe97a39e34f req-a85e7783-da0b-4f9b-83fd-7a9346a66e0c None None] Starting request: 10.4.3.249 "GET /placement/allocations/6ea3fda8-32f4-4af7-9837-b2563cd9feb9" {{(pid=92184) __call__ /opt/stack/placement/placement/requestlog.py:55}}
May 22 16:55:00.120015 np0000001292 devstack@placement-api.service[92183]: DEBUG placement.objects.research_context [req-7f4af7f7-8ed0-464e-a18f-46dbc6e4f594 req-6b90a986-59ab-4007-aa58-9e2614b8ceb1 service nova] getting providers with 1 DISK_GB {{(pid=92183) __init__ /opt/stack/placement/placement/objects/research_context.py:137}}
May 22 16:55:00.122022 np0000001292 devstack@placement-api.service[92184]: INFO placement.requestlog [req-53a6b073-d602-4049-bbbd-0fe97a39e34f req-a85e7783-da0b-4f9b-83fd-7a9346a66e0c service nova] 10.4.3.249 "GET /placement/allocations/6ea3fda8-32f4-4af7-9837-b2563cd9feb9" status: 200 len: 244 microversion: 1.28
May 22 16:55:00.122236 np0000001292 devstack@placement-api.service[92184]: [pid: 92184|app: 0|req: 60/180] 10.4.3.249 () {68 vars in 1499 bytes} [Fri May 22 16:55:00 2026] GET /placement/allocations/6ea3fda8-32f4-4af7-9837-b2563cd9feb9 => generated 244 bytes in 9 msecs (HTTP/1.1 200) 8 headers in 296 bytes (1 switches on core 0)
May 22 16:55:00.125590 np0000001292 devstack@placement-api.service[92183]: DEBUG placement.objects.research_context [req-7f4af7f7-8ed0-464e-a18f-46dbc6e4f594 req-6b90a986-59ab-4007-aa58-9e2614b8ceb1 service nova] getting providers with 192 MEMORY_MB {{(pid=92183) __init__ /opt/stack/placement/placement/objects/research_context.py:137}}
May 22 16:55:00.129780 np0000001292 devstack@placement-api.service[92183]: DEBUG placement.objects.research_context [req-7f4af7f7-8ed0-464e-a18f-46dbc6e4f594 req-6b90a986-59ab-4007-aa58-9e2614b8ceb1 service nova] getting providers with 1 VCPU {{(pid=92183) __init__ /opt/stack/placement/placement/objects/research_context.py:137}}
May 22 16:55:00.136365 np0000001292 devstack@placement-api.service[92183]: DEBUG placement.objects.research_context [req-7f4af7f7-8ed0-464e-a18f-46dbc6e4f594 req-6b90a986-59ab-4007-aa58-9e2614b8ceb1 service nova] found 1 providers with available 1 DISK_GB {{(pid=92183) get_provider_ids_matching /opt/stack/placement/placement/objects/research_context.py:563}}
May 22 16:55:00.136365 np0000001292 devstack@placement-api.service[92183]: DEBUG placement.objects.research_context [req-7f4af7f7-8ed0-464e-a18f-46dbc6e4f594 req-6b90a986-59ab-4007-aa58-9e2614b8ceb1 service nova] found 1 providers with available 192 MEMORY_MB {{(pid=92183) get_provider_ids_matching /opt/stack/placement/placement/objects/research_context.py:563}}
May 22 16:55:00.136365 np0000001292 devstack@placement-api.service[92183]: DEBUG placement.objects.research_context [req-7f4af7f7-8ed0-464e-a18f-46dbc6e4f594 req-6b90a986-59ab-4007-aa58-9e2614b8ceb1 service nova] found 1 providers after filtering by previous result {{(pid=92183) get_provider_ids_matching /opt/stack/placement/placement/objects/research_context.py:594}}
May 22 16:55:00.136365 np0000001292 devstack@placement-api.service[92183]: DEBUG placement.objects.research_context [req-7f4af7f7-8ed0-464e-a18f-46dbc6e4f594 req-6b90a986-59ab-4007-aa58-9e2614b8ceb1 service nova] found 1 providers with available 1 VCPU {{(pid=92183) get_provider_ids_matching /opt/stack/placement/placement/objects/research_context.py:563}}
May 22 16:55:00.136365 np0000001292 devstack@placement-api.service[92183]: DEBUG placement.objects.research_context [req-7f4af7f7-8ed0-464e-a18f-46dbc6e4f594 req-6b90a986-59ab-4007-aa58-9e2614b8ceb1 service nova] found 1 providers after filtering by previous result {{(pid=92183) get_provider_ids_matching /opt/stack/placement/placement/objects/research_context.py:594}}
May 22 16:55:00.150704 np0000001292 devstack@placement-api.service[92183]: DEBUG placement.objects.allocation_candidate [req-7f4af7f7-8ed0-464e-a18f-46dbc6e4f594 req-6b90a986-59ab-4007-aa58-9e2614b8ceb1 service nova] RequestGroup(use_same_provider=False, resources={DISK_GB:1, MEMORY_MB:192, VCPU:1}, traits=(), aggregates=[]) (suffix '') returned 1 matches {{(pid=92183) _get_by_requests /opt/stack/placement/placement/objects/allocation_candidate.py:158}}
May 22 16:55:00.150965 np0000001292 devstack@placement-api.service[92183]: DEBUG placement.objects.allocation_candidate [req-7f4af7f7-8ed0-464e-a18f-46dbc6e4f594 req-6b90a986-59ab-4007-aa58-9e2614b8ceb1 service nova] Merging candidates yields 1 allocation requests and 1 provider summaries {{(pid=92183) _merge_candidates /opt/stack/placement/placement/objects/allocation_candidate.py:908}}
May 22 16:55:00.152417 np0000001292 devstack@placement-api.service[92183]: INFO placement.requestlog [req-7f4af7f7-8ed0-464e-a18f-46dbc6e4f594 req-6b90a986-59ab-4007-aa58-9e2614b8ceb1 service nova] 10.4.3.249 "GET /placement/allocation_candidates?limit=1000&resources=DISK_GB%3A1%2CMEMORY_MB%3A192%2CVCPU%3A1&root_required=%21COMPUTE_STATUS_DISABLED" status: 200 len: 2493 microversion: 1.36
May 22 16:55:00.152804 np0000001292 devstack@placement-api.service[92183]: [pid: 92183|app: 0|req: 60/181] 10.4.3.249 () {68 vars in 1625 bytes} [Fri May 22 16:55:00 2026] GET /placement/allocation_candidates?limit=1000&resources=DISK_GB%3A1%2CMEMORY_MB%3A192%2CVCPU%3A1&root_required=%21COMPUTE_STATUS_DISABLED => generated 2493 bytes in 63 msecs (HTTP/1.1 200) 8 headers in 297 bytes (1 switches on core 0)
May 22 16:55:00.164904 np0000001292 devstack@placement-api.service[92182]: DEBUG placement.requestlog [req-53a6b073-d602-4049-bbbd-0fe97a39e34f req-96b543ad-0a1a-4e0d-903e-239ebd3c3c68 None None] Starting request: 10.4.3.249 "GET /placement/allocations/d99cc8b6-84a2-418d-af95-cbd1098bec19" {{(pid=92182) __call__ /opt/stack/placement/placement/requestlog.py:55}}
May 22 16:55:00.177187 np0000001292 devstack@placement-api.service[92182]: INFO placement.requestlog [req-53a6b073-d602-4049-bbbd-0fe97a39e34f req-96b543ad-0a1a-4e0d-903e-239ebd3c3c68 service nova] 10.4.3.249 "GET /placement/allocations/d99cc8b6-84a2-418d-af95-cbd1098bec19" status: 200 len: 244 microversion: 1.28
May 22 16:55:00.178006 np0000001292 devstack@placement-api.service[92182]: [pid: 92182|app: 0|req: 62/182] 10.4.3.249 () {68 vars in 1499 bytes} [Fri May 22 16:55:00 2026] GET /placement/allocations/d99cc8b6-84a2-418d-af95-cbd1098bec19 => generated 244 bytes in 12 msecs (HTTP/1.1 200) 8 headers in 296 bytes (1 switches on core 0)
May 22 16:55:00.216747 np0000001292 devstack@placement-api.service[92184]: DEBUG placement.requestlog [req-7f4af7f7-8ed0-464e-a18f-46dbc6e4f594 req-53520895-c8bc-4b37-809d-136b7ef856fa None None] Starting request: 10.4.3.249 "GET /placement/allocations/d484023c-ed20-4916-a538-e19272b2dc69" {{(pid=92184) __call__ /opt/stack/placement/placement/requestlog.py:55}}
May 22 16:55:00.220577 np0000001292 devstack@placement-api.service[92183]: DEBUG placement.requestlog [req-53a6b073-d602-4049-bbbd-0fe97a39e34f req-b2252e4b-635e-4811-bf56-8a9d82f3f1cf None None] Starting request: 10.4.3.249 "GET /placement/allocations/71a26e14-aaeb-4fdc-a921-3437fa926965" {{(pid=92183) __call__ /opt/stack/placement/placement/requestlog.py:55}}
May 22 16:55:00.224815 np0000001292 devstack@placement-api.service[92184]: INFO placement.requestlog [req-7f4af7f7-8ed0-464e-a18f-46dbc6e4f594 req-53520895-c8bc-4b37-809d-136b7ef856fa service nova] 10.4.3.249 "GET /placement/allocations/d484023c-ed20-4916-a538-e19272b2dc69" status: 200 len: 19 microversion: 1.28
May 22 16:55:00.225109 np0000001292 devstack@placement-api.service[92184]: [pid: 92184|app: 0|req: 61/183] 10.4.3.249 () {68 vars in 1501 bytes} [Fri May 22 16:55:00 2026] GET /placement/allocations/d484023c-ed20-4916-a538-e19272b2dc69 => generated 19 bytes in 8 msecs (HTTP/1.1 200) 8 headers in 295 bytes (1 switches on core 0)
May 22 16:55:00.233426 np0000001292 devstack@placement-api.service[92183]: INFO placement.requestlog [req-53a6b073-d602-4049-bbbd-0fe97a39e34f req-b2252e4b-635e-4811-bf56-8a9d82f3f1cf service nova] 10.4.3.249 "GET /placement/allocations/71a26e14-aaeb-4fdc-a921-3437fa926965" status: 200 len: 244 microversion: 1.28
May 22 16:55:00.236355 np0000001292 devstack@placement-api.service[92183]: [pid: 92183|app: 0|req: 61/184] 10.4.3.249 () {68 vars in 1499 bytes} [Fri May 22 16:55:00 2026] GET /placement/allocations/71a26e14-aaeb-4fdc-a921-3437fa926965 => generated 244 bytes in 13 msecs (HTTP/1.1 200) 8 headers in 296 bytes (1 switches on core 0)
May 22 16:55:00.270898 np0000001292 devstack@placement-api.service[92182]: DEBUG placement.requestlog [req-7f4af7f7-8ed0-464e-a18f-46dbc6e4f594 req-8ef4d9eb-7802-4272-8403-2130554294c7 None None] Starting request: 10.4.3.249 "PUT /placement/allocations/d484023c-ed20-4916-a538-e19272b2dc69" {{(pid=92182) __call__ /opt/stack/placement/placement/requestlog.py:55}}
May 22 16:55:00.277183 np0000001292 devstack@placement-api.service[92184]: DEBUG placement.requestlog [req-53a6b073-d602-4049-bbbd-0fe97a39e34f req-9cb4bca9-8b3c-4830-be3d-ec1963e445aa None None] Starting request: 10.4.3.249 "GET /placement/allocations/5187fd10-2c19-48b3-94a3-a1d4d7784223" {{(pid=92184) __call__ /opt/stack/placement/placement/requestlog.py:55}}
May 22 16:55:00.300057 np0000001292 devstack@placement-api.service[92184]: INFO placement.requestlog [req-53a6b073-d602-4049-bbbd-0fe97a39e34f req-9cb4bca9-8b3c-4830-be3d-ec1963e445aa service nova] 10.4.3.249 "GET /placement/allocations/5187fd10-2c19-48b3-94a3-a1d4d7784223" status: 200 len: 258 microversion: 1.28
May 22 16:55:00.300437 np0000001292 devstack@placement-api.service[92184]: [pid: 92184|app: 0|req: 62/185] 10.4.3.249 () {68 vars in 1499 bytes} [Fri May 22 16:55:00 2026] GET /placement/allocations/5187fd10-2c19-48b3-94a3-a1d4d7784223 => generated 258 bytes in 24 msecs (HTTP/1.1 200) 8 headers in 296 bytes (1 switches on core 0)
May 22 16:55:00.324358 np0000001292 devstack@placement-api.service[92182]: DEBUG placement.handlers.allocation [req-7f4af7f7-8ed0-464e-a18f-46dbc6e4f594 req-8ef4d9eb-7802-4272-8403-2130554294c7 service nova] Successfully wrote allocations [, , ] {{(pid=92182) _update_consumers_and_create_allocations /opt/stack/placement/placement/handlers/allocation.py:462}}
May 22 16:55:00.326651 np0000001292 devstack@placement-api.service[92182]: INFO placement.requestlog [req-7f4af7f7-8ed0-464e-a18f-46dbc6e4f594 req-8ef4d9eb-7802-4272-8403-2130554294c7 service nova] 10.4.3.249 "PUT /placement/allocations/d484023c-ed20-4916-a538-e19272b2dc69" status: 204 len: 0 microversion: 1.36
May 22 16:55:00.326966 np0000001292 devstack@placement-api.service[92182]: [pid: 92182|app: 0|req: 63/186] 10.4.3.249 () {72 vars in 1554 bytes} [Fri May 22 16:55:00 2026] PUT /placement/allocations/d484023c-ed20-4916-a538-e19272b2dc69 => generated 0 bytes in 56 msecs (HTTP/1.1 204) 5 headers in 199 bytes (1 switches on core 0)
May 22 16:55:00.338879 np0000001292 devstack@placement-api.service[92183]: DEBUG placement.requestlog [req-53a6b073-d602-4049-bbbd-0fe97a39e34f req-d8132c7c-7f30-4b89-ba80-30249a81854f None None] Starting request: 10.4.3.249 "GET /placement/allocations/c9fc46c0-2bb4-434b-bbad-3cdef7cf5073" {{(pid=92183) __call__ /opt/stack/placement/placement/requestlog.py:55}}
May 22 16:55:00.350211 np0000001292 devstack@placement-api.service[92183]: INFO placement.requestlog [req-53a6b073-d602-4049-bbbd-0fe97a39e34f req-d8132c7c-7f30-4b89-ba80-30249a81854f service nova] 10.4.3.249 "GET /placement/allocations/c9fc46c0-2bb4-434b-bbad-3cdef7cf5073" status: 200 len: 258 microversion: 1.28
May 22 16:55:00.350381 np0000001292 devstack@placement-api.service[92183]: [pid: 92183|app: 0|req: 62/187] 10.4.3.249 () {68 vars in 1499 bytes} [Fri May 22 16:55:00 2026] GET /placement/allocations/c9fc46c0-2bb4-434b-bbad-3cdef7cf5073 => generated 258 bytes in 12 msecs (HTTP/1.1 200) 8 headers in 296 bytes (1 switches on core 0)
May 22 16:55:01.415927 np0000001292 devstack@placement-api.service[92184]: DEBUG placement.requestlog [req-53a6b073-d602-4049-bbbd-0fe97a39e34f req-3b748ff8-3cef-4c18-87fa-e7e8398b2e7c None None] Starting request: 10.4.3.249 "DELETE /placement/allocations/5187fd10-2c19-48b3-94a3-a1d4d7784223" {{(pid=92184) __call__ /opt/stack/placement/placement/requestlog.py:55}}
May 22 16:55:01.444020 np0000001292 devstack@placement-api.service[92184]: DEBUG placement.handlers.allocation [req-53a6b073-d602-4049-bbbd-0fe97a39e34f req-3b748ff8-3cef-4c18-87fa-e7e8398b2e7c service nova] Successfully deleted allocations [, , ] {{(pid=92184) delete_allocations /opt/stack/placement/placement/handlers/allocation.py:627}}
May 22 16:55:01.444362 np0000001292 devstack@placement-api.service[92184]: INFO placement.requestlog [req-53a6b073-d602-4049-bbbd-0fe97a39e34f req-3b748ff8-3cef-4c18-87fa-e7e8398b2e7c service nova] 10.4.3.249 "DELETE /placement/allocations/5187fd10-2c19-48b3-94a3-a1d4d7784223" status: 204 len: 0 microversion: 1.0
May 22 16:55:01.445191 np0000001292 devstack@placement-api.service[92184]: [pid: 92184|app: 0|req: 63/188] 10.4.3.249 () {68 vars in 1477 bytes} [Fri May 22 16:55:01 2026] DELETE /placement/allocations/5187fd10-2c19-48b3-94a3-a1d4d7784223 => generated 0 bytes in 31 msecs (HTTP/1.1 204) 5 headers in 198 bytes (1 switches on core 0)
May 22 16:55:01.695985 np0000001292 devstack@placement-api.service[92182]: DEBUG placement.requestlog [req-7f4af7f7-8ed0-464e-a18f-46dbc6e4f594 req-bf69390f-aa58-4487-a8a8-96826a9a3675 None None] Starting request: 10.4.3.249 "GET /placement/allocations/d484023c-ed20-4916-a538-e19272b2dc69" {{(pid=92182) __call__ /opt/stack/placement/placement/requestlog.py:55}}
May 22 16:55:01.707448 np0000001292 devstack@placement-api.service[92182]: INFO placement.requestlog [req-7f4af7f7-8ed0-464e-a18f-46dbc6e4f594 req-bf69390f-aa58-4487-a8a8-96826a9a3675 service nova] 10.4.3.249 "GET /placement/allocations/d484023c-ed20-4916-a538-e19272b2dc69" status: 200 len: 258 microversion: 1.28
May 22 16:55:01.707731 np0000001292 devstack@placement-api.service[92182]: [pid: 92182|app: 0|req: 64/189] 10.4.3.249 () {68 vars in 1499 bytes} [Fri May 22 16:55:01 2026] GET /placement/allocations/d484023c-ed20-4916-a538-e19272b2dc69 => generated 258 bytes in 12 msecs (HTTP/1.1 200) 8 headers in 296 bytes (2 switches on core 0)
May 22 16:55:02.794809 np0000001292 devstack@placement-api.service[92183]: DEBUG placement.requestlog [req-7f4af7f7-8ed0-464e-a18f-46dbc6e4f594 req-963ba88d-29c6-402a-93e1-93197a91bbcc None None] Starting request: 10.4.3.249 "GET /placement/resource_providers/d08ef557-024d-409a-9093-8a960ae5155d/allocations" {{(pid=92183) __call__ /opt/stack/placement/placement/requestlog.py:55}}
May 22 16:55:02.806060 np0000001292 devstack@placement-api.service[92183]: INFO placement.requestlog [req-7f4af7f7-8ed0-464e-a18f-46dbc6e4f594 req-963ba88d-29c6-402a-93e1-93197a91bbcc service nova] 10.4.3.249 "GET /placement/resource_providers/d08ef557-024d-409a-9093-8a960ae5155d/allocations" status: 200 len: 611 microversion: 1.0
May 22 16:55:02.806297 np0000001292 devstack@placement-api.service[92183]: [pid: 92183|app: 0|req: 63/190] 10.4.3.249 () {66 vars in 1512 bytes} [Fri May 22 16:55:02 2026] GET /placement/resource_providers/d08ef557-024d-409a-9093-8a960ae5155d/allocations => generated 611 bytes in 11 msecs (HTTP/1.1 200) 6 headers in 224 bytes (1 switches on core 0)
May 22 16:55:02.860426 np0000001292 devstack@placement-api.service[92184]: DEBUG placement.requestlog [req-7f4af7f7-8ed0-464e-a18f-46dbc6e4f594 req-9cac780a-9dda-45c8-9c1f-657335813769 None None] Starting request: 10.4.3.249 "GET /placement/allocations/d484023c-ed20-4916-a538-e19272b2dc69" {{(pid=92184) __call__ /opt/stack/placement/placement/requestlog.py:55}}
May 22 16:55:02.877559 np0000001292 devstack@placement-api.service[92184]: INFO placement.requestlog [req-7f4af7f7-8ed0-464e-a18f-46dbc6e4f594 req-9cac780a-9dda-45c8-9c1f-657335813769 service nova] 10.4.3.249 "GET /placement/allocations/d484023c-ed20-4916-a538-e19272b2dc69" status: 200 len: 258 microversion: 1.28
May 22 16:55:02.877735 np0000001292 devstack@placement-api.service[92184]: [pid: 92184|app: 0|req: 64/191] 10.4.3.249 () {68 vars in 1499 bytes} [Fri May 22 16:55:02 2026] GET /placement/allocations/d484023c-ed20-4916-a538-e19272b2dc69 => generated 258 bytes in 17 msecs (HTTP/1.1 200) 8 headers in 296 bytes (1 switches on core 0)
May 22 16:55:02.913946 np0000001292 devstack@placement-api.service[92182]: DEBUG placement.requestlog [req-7f4af7f7-8ed0-464e-a18f-46dbc6e4f594 req-0e162a8c-487f-44c9-94f8-d168c5c06ebf None None] Starting request: 10.4.3.249 "GET /placement/allocations/329b849c-d8e2-4baf-bdcc-4b643628f391" {{(pid=92182) __call__ /opt/stack/placement/placement/requestlog.py:55}}
May 22 16:55:02.940071 np0000001292 devstack@placement-api.service[92182]: INFO placement.requestlog [req-7f4af7f7-8ed0-464e-a18f-46dbc6e4f594 req-0e162a8c-487f-44c9-94f8-d168c5c06ebf service nova] 10.4.3.249 "GET /placement/allocations/329b849c-d8e2-4baf-bdcc-4b643628f391" status: 200 len: 258 microversion: 1.28
May 22 16:55:02.940375 np0000001292 devstack@placement-api.service[92182]: [pid: 92182|app: 0|req: 65/192] 10.4.3.249 () {68 vars in 1499 bytes} [Fri May 22 16:55:02 2026] GET /placement/allocations/329b849c-d8e2-4baf-bdcc-4b643628f391 => generated 258 bytes in 26 msecs (HTTP/1.1 200) 8 headers in 296 bytes (1 switches on core 0)
May 22 16:55:02.981172 np0000001292 devstack@placement-api.service[92183]: DEBUG placement.requestlog [req-7f4af7f7-8ed0-464e-a18f-46dbc6e4f594 req-c8f18c27-ba88-4896-ac13-7fbe9cedee2a None None] Starting request: 10.4.3.249 "GET /placement/allocations/6ea3fda8-32f4-4af7-9837-b2563cd9feb9" {{(pid=92183) __call__ /opt/stack/placement/placement/requestlog.py:55}}
May 22 16:55:02.989601 np0000001292 devstack@placement-api.service[92183]: INFO placement.requestlog [req-7f4af7f7-8ed0-464e-a18f-46dbc6e4f594 req-c8f18c27-ba88-4896-ac13-7fbe9cedee2a service nova] 10.4.3.249 "GET /placement/allocations/6ea3fda8-32f4-4af7-9837-b2563cd9feb9" status: 200 len: 244 microversion: 1.28
May 22 16:55:02.989884 np0000001292 devstack@placement-api.service[92183]: [pid: 92183|app: 0|req: 64/193] 10.4.3.249 () {68 vars in 1499 bytes} [Fri May 22 16:55:02 2026] GET /placement/allocations/6ea3fda8-32f4-4af7-9837-b2563cd9feb9 => generated 244 bytes in 12 msecs (HTTP/1.1 200) 8 headers in 296 bytes (1 switches on core 0)
May 22 16:55:03.026387 np0000001292 devstack@placement-api.service[92184]: DEBUG placement.requestlog [req-7f4af7f7-8ed0-464e-a18f-46dbc6e4f594 req-19d4df35-a991-416d-ae58-2c521d45d1a3 None None] Starting request: 10.4.3.249 "GET /placement/allocations/d99cc8b6-84a2-418d-af95-cbd1098bec19" {{(pid=92184) __call__ /opt/stack/placement/placement/requestlog.py:55}}
May 22 16:55:03.040207 np0000001292 devstack@placement-api.service[92184]: INFO placement.requestlog [req-7f4af7f7-8ed0-464e-a18f-46dbc6e4f594 req-19d4df35-a991-416d-ae58-2c521d45d1a3 service nova] 10.4.3.249 "GET /placement/allocations/d99cc8b6-84a2-418d-af95-cbd1098bec19" status: 200 len: 244 microversion: 1.28
May 22 16:55:03.040460 np0000001292 devstack@placement-api.service[92184]: [pid: 92184|app: 0|req: 65/194] 10.4.3.249 () {68 vars in 1499 bytes} [Fri May 22 16:55:03 2026] GET /placement/allocations/d99cc8b6-84a2-418d-af95-cbd1098bec19 => generated 244 bytes in 14 msecs (HTTP/1.1 200) 8 headers in 296 bytes (1 switches on core 0)
May 22 16:55:03.086757 np0000001292 devstack@placement-api.service[92182]: DEBUG placement.requestlog [req-7f4af7f7-8ed0-464e-a18f-46dbc6e4f594 req-f6befa01-cb96-4a94-a086-a47003bfb676 None None] Starting request: 10.4.3.249 "GET /placement/allocations/71a26e14-aaeb-4fdc-a921-3437fa926965" {{(pid=92182) __call__ /opt/stack/placement/placement/requestlog.py:55}}
May 22 16:55:03.097373 np0000001292 devstack@placement-api.service[92182]: INFO placement.requestlog [req-7f4af7f7-8ed0-464e-a18f-46dbc6e4f594 req-f6befa01-cb96-4a94-a086-a47003bfb676 service nova] 10.4.3.249 "GET /placement/allocations/71a26e14-aaeb-4fdc-a921-3437fa926965" status: 200 len: 244 microversion: 1.28
May 22 16:55:03.097373 np0000001292 devstack@placement-api.service[92182]: [pid: 92182|app: 0|req: 66/195] 10.4.3.249 () {68 vars in 1499 bytes} [Fri May 22 16:55:03 2026] GET /placement/allocations/71a26e14-aaeb-4fdc-a921-3437fa926965 => generated 244 bytes in 10 msecs (HTTP/1.1 200) 8 headers in 296 bytes (1 switches on core 0)
May 22 16:55:03.132917 np0000001292 devstack@placement-api.service[92183]: DEBUG placement.requestlog [req-7f4af7f7-8ed0-464e-a18f-46dbc6e4f594 req-161dffdc-a3bc-40a4-936a-cacafb0917fe None None] Starting request: 10.4.3.249 "GET /placement/allocations/c9fc46c0-2bb4-434b-bbad-3cdef7cf5073" {{(pid=92183) __call__ /opt/stack/placement/placement/requestlog.py:55}}
May 22 16:55:03.145886 np0000001292 devstack@placement-api.service[92183]: INFO placement.requestlog [req-7f4af7f7-8ed0-464e-a18f-46dbc6e4f594 req-161dffdc-a3bc-40a4-936a-cacafb0917fe service nova] 10.4.3.249 "GET /placement/allocations/c9fc46c0-2bb4-434b-bbad-3cdef7cf5073" status: 200 len: 258 microversion: 1.28
May 22 16:55:03.146873 np0000001292 devstack@placement-api.service[92183]: [pid: 92183|app: 0|req: 65/196] 10.4.3.249 () {68 vars in 1499 bytes} [Fri May 22 16:55:03 2026] GET /placement/allocations/c9fc46c0-2bb4-434b-bbad-3cdef7cf5073 => generated 258 bytes in 14 msecs (HTTP/1.1 200) 8 headers in 296 bytes (1 switches on core 0)
May 22 16:55:04.204174 np0000001292 devstack@placement-api.service[92184]: DEBUG placement.requestlog [None req-b6e4d0ad-4fe6-43da-af29-f5123ea2f368 None None] Starting request: 10.4.3.249 "GET /placement/resource_providers/39fa5b19-7a66-45b4-9508-a0ea6e7fe5cd/aggregates" {{(pid=92184) __call__ /opt/stack/placement/placement/requestlog.py:55}}
May 22 16:55:04.210083 np0000001292 devstack@placement-api.service[92184]: INFO placement.requestlog [None req-b6e4d0ad-4fe6-43da-af29-f5123ea2f368 service placement] 10.4.3.249 "GET /placement/resource_providers/39fa5b19-7a66-45b4-9508-a0ea6e7fe5cd/aggregates" status: 404 len: 235 microversion: 1.1
May 22 16:55:04.210381 np0000001292 devstack@placement-api.service[92184]: [pid: 92184|app: 0|req: 66/197] 10.4.3.249 () {66 vars in 1474 bytes} [Fri May 22 16:55:04 2026] GET /placement/resource_providers/39fa5b19-7a66-45b4-9508-a0ea6e7fe5cd/aggregates => generated 235 bytes in 8 msecs (HTTP/1.1 404) 5 headers in 202 bytes (1 switches on core 0)
May 22 16:55:04.257438 np0000001292 devstack@placement-api.service[92182]: DEBUG placement.requestlog [None req-f92824bd-bed7-42d4-9869-64c19d0eda60 None None] Starting request: 10.4.3.249 "DELETE /placement/resource_providers/39fa5b19-7a66-45b4-9508-a0ea6e7fe5cd" {{(pid=92182) __call__ /opt/stack/placement/placement/requestlog.py:55}}
May 22 16:55:04.331413 np0000001292 devstack@placement-api.service[92182]: DEBUG placement.wsgi_wrapper [None req-f92824bd-bed7-42d4-9869-64c19d0eda60 service placement] Placement API returning an error response: No resource provider with uuid 39fa5b19-7a66-45b4-9508-a0ea6e7fe5cd found for delete {{(pid=92182) call_func /opt/stack/placement/placement/wsgi_wrapper.py:31}}
May 22 16:55:04.331715 np0000001292 devstack@placement-api.service[92182]: INFO placement.requestlog [None req-f92824bd-bed7-42d4-9869-64c19d0eda60 service placement] 10.4.3.249 "DELETE /placement/resource_providers/39fa5b19-7a66-45b4-9508-a0ea6e7fe5cd" status: 404 len: 246 microversion: 1.1
May 22 16:55:04.331929 np0000001292 devstack@placement-api.service[92182]: [pid: 92182|app: 0|req: 67/198] 10.4.3.249 () {68 vars in 1463 bytes} [Fri May 22 16:55:04 2026] DELETE /placement/resource_providers/39fa5b19-7a66-45b4-9508-a0ea6e7fe5cd => generated 246 bytes in 74 msecs (HTTP/1.1 404) 6 headers in 231 bytes (1 switches on core 0)
May 22 16:55:05.260393 np0000001292 devstack@placement-api.service[92183]: DEBUG placement.requestlog [req-5b2cd869-a502-48a4-ba07-300a7da5f499 req-7f57aca5-54c5-4450-9e86-17a4dcdab3cb None None] Starting request: 10.4.3.249 "GET /placement/resource_providers/d08ef557-024d-409a-9093-8a960ae5155d/allocations" {{(pid=92183) __call__ /opt/stack/placement/placement/requestlog.py:55}}
May 22 16:55:05.273717 np0000001292 devstack@placement-api.service[92183]: INFO placement.requestlog [req-5b2cd869-a502-48a4-ba07-300a7da5f499 req-7f57aca5-54c5-4450-9e86-17a4dcdab3cb service nova] 10.4.3.249 "GET /placement/resource_providers/d08ef557-024d-409a-9093-8a960ae5155d/allocations" status: 200 len: 611 microversion: 1.0
May 22 16:55:05.274035 np0000001292 devstack@placement-api.service[92183]: [pid: 92183|app: 0|req: 66/199] 10.4.3.249 () {66 vars in 1512 bytes} [Fri May 22 16:55:05 2026] GET /placement/resource_providers/d08ef557-024d-409a-9093-8a960ae5155d/allocations => generated 611 bytes in 14 msecs (HTTP/1.1 200) 6 headers in 224 bytes (1 switches on core 0)
