May 27 19:49:14.159087 np0000001544 devstack@neutron-api.service[86961]: DEBUG neutron.plugins.ml2.drivers.ovn.mech_driver.ovsdb.ovsdb_monitor [None req-115b3822-b12a-4599-82d0-d9c9c782df5e None None] Touching Hash Ring node "da39394b798e5be698080be27f6406aa" from IDL notify handler {{(pid=86961) notify /opt/stack/neutron/neutron/plugins/ml2/drivers/ovn/mech_driver/ovsdb/ovsdb_monitor.py:978}}
May 27 19:49:14.160145 np0000001544 devstack@neutron-api.service[86961]: DEBUG neutron.plugins.ml2.drivers.ovn.mech_driver.ovsdb.ovsdb_monitor [None req-18e9a372-1815-4e65-89c6-8a2c43b3df69 None None] Touching Hash Ring node "da39394b798e5be698080be27f6406aa" from IDL notify handler {{(pid=86961) notify /opt/stack/neutron/neutron/plugins/ml2/drivers/ovn/mech_driver/ovsdb/ovsdb_monitor.py:978}}
May 27 19:49:14.164505 np0000001544 devstack@neutron-api.service[86961]: DEBUG neutron.plugins.ml2.drivers.ovn.mech_driver.ovsdb.ovsdb_monitor [None req-115b3822-b12a-4599-82d0-d9c9c782df5e None None] Hash Ring: Node da39394b798e5be698080be27f6406aa (host: np0000001544) handling event "create" for row e67fa1e6-e290-4625-9679-a675cdf1069a (table: Logical_Router_Port) {{(pid=86961) notify /opt/stack/neutron/neutron/plugins/ml2/drivers/ovn/mech_driver/ovsdb/ovsdb_monitor.py:986}}
May 27 19:49:14.165132 np0000001544 devstack@neutron-api.service[86960]: INFO neutron.db.ovn_revision_numbers_db [None req-3c2190ef-3aaf-4ae0-a916-e431a7b395d2 admin admin] Successfully bumped revision number for resource f68b3917-7909-48c8-83a6-598cc654a445 (type: router_ports) to 1
May 27 19:49:14.165333 np0000001544 devstack@neutron-api.service[86961]: DEBUG ovsdbapp.backend.ovs_idl.event [None req-115b3822-b12a-4599-82d0-d9c9c782df5e None None] Matched CREATE: LogicalRouterPortEvent(events=('create', 'delete'), table='Logical_Router_Port', conditions=None, old_conditions=None), priority=20 to row=Logical_Router_Port(uuid=e67fa1e6-e290-4625-9679-a675cdf1069a, enabled=[], external_ids={'neutron:is_ext_gw': 'True', 'neutron:network_name': 'neutron-324e5971-ff45-4312-a46b-d7892aacca37', 'neutron:revision_number': '1', 'neutron:router_name': 'neutron-deb46a2e-0745-4c78-af0f-ff47b1c76172', 'neutron:subnet_ids': '8d8e9689-af90-436e-8d22-740f427cb0a5 72e2533a-3b5e-4786-84cb-ea158fa3345d'}, gateway_chassis=[], ha_chassis_group=ff38d9ff-2039-4990-9943-990a0bd47a5f, ipv6_prefix=[], ipv6_ra_configs={}, mac='fa:16:3e:96:45:d8', name='lrp-f68b3917-7909-48c8-83a6-598cc654a445', networks=['172.24.5.122/24', '2001:db8::2c4/64'], options={'gateway_mtu': '1430', 'reside-on-redirect-chassis': 'true'}, peer=[], status={}) old= {{(pid=86961) matches /opt/stack/data/venv/lib/python3.12/site-packages/ovsdbapp/backend/ovs_idl/event.py:55}}
May 27 19:49:14.165949 np0000001544 devstack@neutron-api.service[86961]: DEBUG neutron.plugins.ml2.drivers.ovn.mech_driver.ovsdb.ovsdb_monitor [None req-18e9a372-1815-4e65-89c6-8a2c43b3df69 None None] Hash Ring: Node da39394b798e5be698080be27f6406aa (host: np0000001544) handling event "update" for row c479fb9c-ca5f-4a7c-aabd-064a81c4f2cd (table: Port_Binding) {{(pid=86961) notify /opt/stack/neutron/neutron/plugins/ml2/drivers/ovn/mech_driver/ovsdb/ovsdb_monitor.py:986}}
May 27 19:49:14.167256 np0000001544 devstack@neutron-api.service[86961]: DEBUG neutron_lib.callbacks.manager [None req-b9a00f70-5fc7-447d-b370-fe6f379534db admin admin] Publish callbacks [] for router_gateway (08871664-241a-42bf-8260-61cb34dcef43), after_create {{(pid=86961) _notify_loop /opt/stack/data/venv/lib/python3.12/site-packages/neutron_lib/callbacks/manager.py:184}}
May 27 19:49:14.167994 np0000001544 devstack@neutron-api.service[86961]: DEBUG neutron.plugins.ml2.drivers.ovn.mech_driver.ovsdb.ovsdb_monitor [None req-115b3822-b12a-4599-82d0-d9c9c782df5e None None] Touching Hash Ring node "da39394b798e5be698080be27f6406aa" from IDL notify handler {{(pid=86961) notify /opt/stack/neutron/neutron/plugins/ml2/drivers/ovn/mech_driver/ovsdb/ovsdb_monitor.py:978}}
May 27 19:49:14.169586 np0000001544 devstack@neutron-api.service[86961]: DEBUG neutron.plugins.ml2.drivers.ovn.mech_driver.ovsdb.ovsdb_monitor [None req-18e9a372-1815-4e65-89c6-8a2c43b3df69 None None] Touching Hash Ring node "da39394b798e5be698080be27f6406aa" from IDL notify handler {{(pid=86961) notify /opt/stack/neutron/neutron/plugins/ml2/drivers/ovn/mech_driver/ovsdb/ovsdb_monitor.py:978}}
May 27 19:49:14.170079 np0000001544 devstack@neutron-api.service[86960]: DEBUG neutron.plugins.ml2.plugin [None req-1b5110f4-6a95-4d26-b168-b7f407ec674b None None] Port f68b3917-7909-48c8-83a6-598cc654a445 cannot update to ACTIVE because it is not bound. {{(pid=86960) _port_provisioned /opt/stack/neutron/neutron/plugins/ml2/plugin.py:389}}
May 27 19:49:14.181364 np0000001544 devstack@neutron-api.service[86961]: DEBUG neutron.plugins.ml2.drivers.ovn.mech_driver.ovsdb.ovsdb_monitor [None req-115b3822-b12a-4599-82d0-d9c9c782df5e None None] Hash Ring: Node da39394b798e5be698080be27f6406aa (host: np0000001544) handling event "create" for row 946b1ff0-d2df-440a-90ee-f57798389a42 (table: Logical_Router_Static_Route) {{(pid=86961) notify /opt/stack/neutron/neutron/plugins/ml2/drivers/ovn/mech_driver/ovsdb/ovsdb_monitor.py:986}}
May 27 19:49:14.182267 np0000001544 devstack@neutron-api.service[86961]: DEBUG neutron.plugins.ml2.drivers.ovn.mech_driver.ovsdb.ovsdb_monitor [None req-18e9a372-1815-4e65-89c6-8a2c43b3df69 None None] Hash Ring: Node da39394b798e5be698080be27f6406aa (host: np0000001544) handling event "update" for row 4dceb090-9eda-4b0b-8919-21ee12025f99 (table: Port_Binding) {{(pid=86961) notify /opt/stack/neutron/neutron/plugins/ml2/drivers/ovn/mech_driver/ovsdb/ovsdb_monitor.py:986}}
May 27 19:49:14.186340 np0000001544 devstack@neutron-api.service[86961]: DEBUG ovsdbapp.backend.ovs_idl.event [None req-18e9a372-1815-4e65-89c6-8a2c43b3df69 None None] Matched UPDATE: PortBindingChassisEvent(events=('update',), table='Port_Binding', conditions=None, old_conditions=None), priority=20 to row=Port_Binding(uuid=4dceb090-9eda-4b0b-8919-21ee12025f99, additional_chassis=[], additional_encap=[], chassis=e6d920b0-ed02-4f18-aa6f-d370fe48da88, datapath=ff6e29de-b5db-42a6-adb2-924d2f09c892, encap=[], external_ids={'neutron:is_ext_gw': 'True', 'neutron:network_name': 'neutron-324e5971-ff45-4312-a46b-d7892aacca37', 'neutron:revision_number': '1', 'neutron:router_name': 'neutron-deb46a2e-0745-4c78-af0f-ff47b1c76172', 'neutron:subnet_ids': '8d8e9689-af90-436e-8d22-740f427cb0a5 72e2533a-3b5e-4786-84cb-ea158fa3345d'}, gateway_chassis=[], logical_port='cr-lrp-f68b3917-7909-48c8-83a6-598cc654a445', mac=['fa:16:3e:96:45:d8 172.24.5.122/24 2001:db8::2c4/64'], mirror_rules=[], nat_addresses=[], options={'always-redirect': 'true', 'distributed-port': 'lrp-f68b3917-7909-48c8-83a6-598cc654a445'}, parent_port=[], port_security=[], requested_additional_chassis=[], requested_chassis=[], tag=[], tunnel_key=2, type='chassisredirect', up=True, virtual_parent=[]) old=Port_Binding(uuid=4dceb090-9eda-4b0b-8919-21ee12025f99, chassis=[], up=False) {{(pid=86961) matches /opt/stack/data/venv/lib/python3.12/site-packages/ovsdbapp/backend/ovs_idl/event.py:55}}
May 27 19:49:14.187428 np0000001544 devstack@neutron-api.service[86961]: DEBUG neutron.plugins.ml2.drivers.ovn.mech_driver.ovsdb.ovsdb_monitor [None req-115b3822-b12a-4599-82d0-d9c9c782df5e None None] Touching Hash Ring node "da39394b798e5be698080be27f6406aa" from IDL notify handler {{(pid=86961) notify /opt/stack/neutron/neutron/plugins/ml2/drivers/ovn/mech_driver/ovsdb/ovsdb_monitor.py:978}}
May 27 19:49:14.192673 np0000001544 devstack@neutron-api.service[86961]: DEBUG neutron.plugins.ml2.drivers.ovn.mech_driver.ovsdb.ovsdb_monitor [None req-115b3822-b12a-4599-82d0-d9c9c782df5e None None] Hash Ring: Node da39394b798e5be698080be27f6406aa (host: np0000001544) handling event "create" for row df7125d0-a219-4a8e-92c6-403e3314a97c (table: Logical_Router_Static_Route) {{(pid=86961) notify /opt/stack/neutron/neutron/plugins/ml2/drivers/ovn/mech_driver/ovsdb/ovsdb_monitor.py:986}}
May 27 19:49:14.196868 np0000001544 devstack@neutron-api.service[86961]: DEBUG neutron.plugins.ml2.drivers.ovn.mech_driver.ovsdb.ovsdb_monitor [None req-115b3822-b12a-4599-82d0-d9c9c782df5e None None] Touching Hash Ring node "da39394b798e5be698080be27f6406aa" from IDL notify handler {{(pid=86961) notify /opt/stack/neutron/neutron/plugins/ml2/drivers/ovn/mech_driver/ovsdb/ovsdb_monitor.py:978}}
May 27 19:49:14.201305 np0000001544 devstack@neutron-api.service[86961]: DEBUG neutron.plugins.ml2.drivers.ovn.mech_driver.ovsdb.ovsdb_monitor [None req-115b3822-b12a-4599-82d0-d9c9c782df5e None None] Hash Ring: Node da39394b798e5be698080be27f6406aa (host: np0000001544) handling event "update" for row e67fa1e6-e290-4625-9679-a675cdf1069a (table: Logical_Router_Port) {{(pid=86961) notify /opt/stack/neutron/neutron/plugins/ml2/drivers/ovn/mech_driver/ovsdb/ovsdb_monitor.py:986}}
May 27 19:49:14.239235 np0000001544 devstack@neutron-api.service[86961]: INFO neutron.db.ovn_revision_numbers_db [None req-07813f40-361d-4d6b-a5ec-eb25da2d24d5 None None] Successfully bumped revision number for resource 98ab8214-5def-468b-97fc-84d97ddac903 (type: ports) to 4
May 27 19:49:14.258096 np0000001544 devstack@neutron-api.service[86961]: DEBUG ovsdbapp.backend.ovs_idl.transaction [None req-115b3822-b12a-4599-82d0-d9c9c782df5e None None] Running txn n=1 command(idx=0): DbSetCommand(_result=None, table=Logical_Switch_Port, record=98ab8214-5def-468b-97fc-84d97ddac903, col_values=(('external_ids', {'neutron:host_id': 'np0000001544'}),), if_exists=True) {{(pid=86961) do_commit /opt/stack/data/venv/lib/python3.12/site-packages/ovsdbapp/backend/ovs_idl/transaction.py:89}}
May 27 19:49:14.263473 np0000001544 devstack@neutron-api.service[86961]: DEBUG neutron.plugins.ml2.drivers.ovn.mech_driver.ovsdb.ovsdb_monitor [None req-115b3822-b12a-4599-82d0-d9c9c782df5e None None] Touching Hash Ring node "da39394b798e5be698080be27f6406aa" from IDL notify handler {{(pid=86961) notify /opt/stack/neutron/neutron/plugins/ml2/drivers/ovn/mech_driver/ovsdb/ovsdb_monitor.py:978}}
May 27 19:49:14.267574 np0000001544 devstack@neutron-api.service[86961]: DEBUG neutron.plugins.ml2.drivers.ovn.mech_driver.ovsdb.ovsdb_monitor [None req-18e9a372-1815-4e65-89c6-8a2c43b3df69 None None] Touching Hash Ring node "da39394b798e5be698080be27f6406aa" from IDL notify handler {{(pid=86961) notify /opt/stack/neutron/neutron/plugins/ml2/drivers/ovn/mech_driver/ovsdb/ovsdb_monitor.py:978}}
May 27 19:49:14.270132 np0000001544 devstack@neutron-api.service[86961]: DEBUG neutron.plugins.ml2.drivers.ovn.mech_driver.ovsdb.ovsdb_monitor [None req-115b3822-b12a-4599-82d0-d9c9c782df5e None None] Hash Ring: Node da39394b798e5be698080be27f6406aa (host: np0000001544) handling event "update" for row d712eaba-0da6-4d03-9152-26aecad494b2 (table: Logical_Switch_Port) {{(pid=86961) notify /opt/stack/neutron/neutron/plugins/ml2/drivers/ovn/mech_driver/ovsdb/ovsdb_monitor.py:986}}
May 27 19:49:14.271605 np0000001544 devstack@neutron-api.service[86961]: DEBUG neutron.plugins.ml2.drivers.ovn.mech_driver.ovsdb.ovsdb_monitor [None req-18e9a372-1815-4e65-89c6-8a2c43b3df69 None None] Hash Ring: Node da39394b798e5be698080be27f6406aa (host: np0000001544) handling event "update" for row 50b5f405-b38d-4482-a5ea-371d8e20799b (table: Port_Binding) {{(pid=86961) notify /opt/stack/neutron/neutron/plugins/ml2/drivers/ovn/mech_driver/ovsdb/ovsdb_monitor.py:986}}
May 27 19:49:14.301535 np0000001544 devstack@neutron-api.service[86961]: DEBUG neutron.plugins.ml2.plugin [None req-07813f40-361d-4d6b-a5ec-eb25da2d24d5 None None] Current status of the port 98ab8214-5def-468b-97fc-84d97ddac903 is: DOWN; New status is: ACTIVE {{(pid=86961) _update_individual_port_db_status /opt/stack/neutron/neutron/plugins/ml2/plugin.py:2469}}
May 27 19:49:14.301680 np0000001544 devstack@neutron-api.service[86961]: DEBUG neutron_lib.callbacks.manager [None req-07813f40-361d-4d6b-a5ec-eb25da2d24d5 None None] Publish callbacks ['neutron.plugins.ml2.plugin.SecurityGroupDbMixin._ensure_default_security_group_handler-222023', 'neutron.services.ovn_l3.plugin.OVNL3RouterPlugin._port_update-8356506168554', 'neutron.db.l3_db.L3_NAT_dbonly_mixin._prevent_internal_ip_change_for_fip-8356507680498'] for port (98ab8214-5def-468b-97fc-84d97ddac903), before_update {{(pid=86961) _notify_loop /opt/stack/data/venv/lib/python3.12/site-packages/neutron_lib/callbacks/manager.py:184}}
May 27 19:49:14.323691 np0000001544 devstack@neutron-api.service[86961]: DEBUG neutron.plugins.ml2.db [None req-07813f40-361d-4d6b-a5ec-eb25da2d24d5 None None] For port 98ab8214-5def-468b-97fc-84d97ddac903, host np0000001544, got binding levels [PortBindingLevel(driver='ovn',host='np0000001544',level=0,port_id=98ab8214-5def-468b-97fc-84d97ddac903,segment=NetworkSegment(7ffb5b0a-3c71-4b9b-88c1-93f84e703ba0),segment_id=7ffb5b0a-3c71-4b9b-88c1-93f84e703ba0)] {{(pid=86961) get_binding_level_objs /opt/stack/neutron/neutron/plugins/ml2/db.py:74}}
May 27 19:49:14.323929 np0000001544 devstack@neutron-api.service[86961]: DEBUG neutron.plugins.ml2.drivers.ovn.mech_driver.mech_driver [None req-07813f40-361d-4d6b-a5ec-eb25da2d24d5 None None] No provisioning block for port 98ab8214-5def-468b-97fc-84d97ddac903 since it is active {{(pid=86961) _is_port_provisioning_required /opt/stack/neutron/neutron/plugins/ml2/drivers/ovn/mech_driver/mech_driver.py:891}}
May 27 19:49:14.351238 np0000001544 devstack@neutron-api.service[86961]: DEBUG neutron_lib.callbacks.manager [None req-b9a00f70-5fc7-447d-b370-fe6f379534db admin admin] Publish callbacks ['neutron.services.ovn_l3.service_providers.ovn.OvnDriver._process_router_create-621207'] for router (08871664-241a-42bf-8260-61cb34dcef43), after_create {{(pid=86961) _notify_loop /opt/stack/data/venv/lib/python3.12/site-packages/neutron_lib/callbacks/manager.py:184}}
May 27 19:49:14.544667 np0000001544 devstack@neutron-api.service[86960]: INFO neutron.db.ovn_revision_numbers_db [None req-3c2190ef-3aaf-4ae0-a916-e431a7b395d2 admin admin] Successfully bumped revision number for resource deb46a2e-0745-4c78-af0f-ff47b1c76172 (type: routers) to 2
May 27 19:49:14.554044 np0000001544 devstack@neutron-api.service[86960]: DEBUG neutron_lib.callbacks.manager [None req-3c2190ef-3aaf-4ae0-a916-e431a7b395d2 admin admin] Publish callbacks [] for router (None), before_response {{(pid=86960) _notify_loop /opt/stack/data/venv/lib/python3.12/site-packages/neutron_lib/callbacks/manager.py:184}}
May 27 19:49:14.554520 np0000001544 devstack@neutron-api.service[86960]: [pid: 86960|app: 0|req: 30/60] 10.4.3.49 () {68 vars in 1267 bytes} [Wed May 27 19:49:13 2026] POST /networking/v2.0/routers => generated 1161 bytes in 1415 msecs (HTTP/1.1 201) 4 headers in 163 bytes (1 switches on core 0)
May 27 19:49:14.623820 np0000001544 devstack@neutron-api.service[86961]: DEBUG ovsdbapp.backend.ovs_idl.transaction [None req-115b3822-b12a-4599-82d0-d9c9c782df5e None None] Running txn n=1 command(idx=0): CheckRevisionNumberCommand(_result=None, name=98ab8214-5def-468b-97fc-84d97ddac903, resource={'id': '98ab8214-5def-468b-97fc-84d97ddac903', 'name': '', 'network_id': '324e5971-ff45-4312-a46b-d7892aacca37', 'project_id': '', 'mac_address': 'fa:16:3e:cb:eb:41', 'admin_state_up': True, 'status': 'ACTIVE', 'device_id': '85a573d3-86f4-4c06-8a3e-cef719de8ea6', 'device_owner': 'network:router_gateway', 'standard_attr_id': 99, 'fixed_ips': [{'subnet_id': '8d8e9689-af90-436e-8d22-740f427cb0a5', 'ip_address': '172.24.5.190'}, {'subnet_id': '72e2533a-3b5e-4786-84cb-ea158fa3345d', 'ip_address': '2001:db8::1f7'}], 'allowed_address_pairs': [], 'extra_dhcp_opts': [], 'security_groups': [], 'description': '', 'binding:vnic_type': 'normal', 'binding:profile': {}, 'binding:host_id': 'np0000001544', 'binding:vif_type': 'ovs', 'binding:vif_details': {'port_filter': True, 'connectivity': 'l2', 'ovs_create_tap': False, 'bridge_name': 'br-int', 'datapath_type': 'system', 'bound_drivers': {'0': 'ovn'}}, 'port_security_enabled': False, 'tags': [], 'created_at': '2026-05-27T19:49:11Z', 'updated_at': '2026-05-27T19:49:14Z', 'revision_number': 5, 'tenant_id': '', 'network': {'id': '324e5971-ff45-4312-a46b-d7892aacca37', 'name': 'public', 'tenant_id': 'd31a7520b7184852b6b7761278702a43', 'project_id': 'd31a7520b7184852b6b7761278702a43', 'admin_state_up': True, 'mtu': 1430, 'status': 'ACTIVE', 'subnets': ['72e2533a-3b5e-4786-84cb-ea158fa3345d', '8d8e9689-af90-436e-8d22-740f427cb0a5'], 'standard_attr_id': 18, 'shared': False, 'availability_zone_hints': [], 'availability_zones': [], 'ipv4_address_scope': None, 'ipv6_address_scope': None, 'router:external': True, 'qinq': False, 'vlan_transparent': False, 'description': '', 'port_security_enabled': True, 'is_default': True, 'tags': [], 'created_at': '2026-05-27T19:46:39Z', 'updated_at': '2026-05-27T19:46:46Z', 'revision_number': 3, 'provider:network_type': 'flat', 'provider:physical_network': 'public', 'provider:segmentation_id': None}}, resource_type=ports, if_exists=True) {{(pid=86961) do_commit /opt/stack/data/venv/lib/python3.12/site-packages/ovsdbapp/backend/ovs_idl/transaction.py:89}}
May 27 19:49:14.625202 np0000001544 devstack@neutron-api.service[86961]: DEBUG ovsdbapp.backend.ovs_idl.transaction [None req-115b3822-b12a-4599-82d0-d9c9c782df5e None None] Running txn n=1 command(idx=1): SetLSwitchPortCommand(_result=None, lport=98ab8214-5def-468b-97fc-84d97ddac903, external_ids_update=None, columns={'external_ids': {'neutron:port_name': '', 'neutron:device_id': '85a573d3-86f4-4c06-8a3e-cef719de8ea6', 'neutron:project_id': '', 'neutron:cidrs': '172.24.5.190/24 2001:db8::1f7/64', 'neutron:device_owner': 'network:router_gateway', 'neutron:subnet_pool_addr_scope4': '', 'neutron:subnet_pool_addr_scope6': '', 'neutron:network_name': 'neutron-324e5971-ff45-4312-a46b-d7892aacca37', 'neutron:security_group_ids': '', 'neutron:revision_number': '5', 'neutron:vnic_type': 'normal', 'neutron:port_capabilities': '', 'neutron:mtu': '', 'neutron:host_id': 'np0000001544'}, 'parent_name': [], 'tag': [], 'options': {'requested-chassis': 'np0000001544', 'exclude-lb-vips-from-garp': 'true', 'nat-addresses': 'router', 'router-port': 'lrp-98ab8214-5def-468b-97fc-84d97ddac903'}, 'enabled': True, 'port_security': [], 'dhcpv4_options': [], 'dhcpv6_options': [], 'type': 'router', 'ha_chassis_group': []}, if_exists=False) {{(pid=86961) do_commit /opt/stack/data/venv/lib/python3.12/site-packages/ovsdbapp/backend/ovs_idl/transaction.py:89}}
May 27 19:49:14.625708 np0000001544 devstack@neutron-api.service[86961]: DEBUG ovsdbapp.backend.ovs_idl.transaction [None req-115b3822-b12a-4599-82d0-d9c9c782df5e None None] Running txn n=1 command(idx=2): PgDelPortCommand(_result=None, port_group=neutron_pg_drop, lsp=['98ab8214-5def-468b-97fc-84d97ddac903'], if_exists=False) {{(pid=86961) do_commit /opt/stack/data/venv/lib/python3.12/site-packages/ovsdbapp/backend/ovs_idl/transaction.py:89}}
May 27 19:49:14.644370 np0000001544 devstack@neutron-api.service[86961]: DEBUG neutron.plugins.ml2.drivers.ovn.mech_driver.ovsdb.ovsdb_monitor [None req-115b3822-b12a-4599-82d0-d9c9c782df5e None None] Touching Hash Ring node "da39394b798e5be698080be27f6406aa" from IDL notify handler {{(pid=86961) notify /opt/stack/neutron/neutron/plugins/ml2/drivers/ovn/mech_driver/ovsdb/ovsdb_monitor.py:978}}
May 27 19:49:14.650643 np0000001544 devstack@neutron-api.service[86961]: DEBUG neutron.plugins.ml2.drivers.ovn.mech_driver.ovsdb.ovsdb_monitor [None req-18e9a372-1815-4e65-89c6-8a2c43b3df69 None None] Touching Hash Ring node "da39394b798e5be698080be27f6406aa" from IDL notify handler {{(pid=86961) notify /opt/stack/neutron/neutron/plugins/ml2/drivers/ovn/mech_driver/ovsdb/ovsdb_monitor.py:978}}
May 27 19:49:14.658141 np0000001544 devstack@neutron-api.service[86961]: DEBUG neutron.plugins.ml2.drivers.ovn.mech_driver.ovsdb.ovsdb_monitor [None req-115b3822-b12a-4599-82d0-d9c9c782df5e None None] Hash Ring: Node da39394b798e5be698080be27f6406aa (host: np0000001544) handling event "update" for row d712eaba-0da6-4d03-9152-26aecad494b2 (table: Logical_Switch_Port) {{(pid=86961) notify /opt/stack/neutron/neutron/plugins/ml2/drivers/ovn/mech_driver/ovsdb/ovsdb_monitor.py:986}}
May 27 19:49:14.662030 np0000001544 devstack@neutron-api.service[86961]: DEBUG neutron.plugins.ml2.drivers.ovn.mech_driver.ovsdb.ovsdb_monitor [None req-18e9a372-1815-4e65-89c6-8a2c43b3df69 None None] Hash Ring: Node da39394b798e5be698080be27f6406aa (host: np0000001544) handling event "update" for row 50b5f405-b38d-4482-a5ea-371d8e20799b (table: Port_Binding) {{(pid=86961) notify /opt/stack/neutron/neutron/plugins/ml2/drivers/ovn/mech_driver/ovsdb/ovsdb_monitor.py:986}}
May 27 19:49:14.675591 np0000001544 devstack@neutron-api.service[86960]: DEBUG futurist.periodics [-] Submitting periodic callback 'neutron.plugins.ml2.drivers.ovn.mech_driver.ovsdb.maintenance.HashRingHealthCheckPeriodics.touch_hash_ring_node' {{(pid=86960) _process_scheduled /opt/stack/data/venv/lib/python3.12/site-packages/futurist/periodics.py:784}}
May 27 19:49:14.676031 np0000001544 devstack@neutron-api.service[86960]: DEBUG neutron.plugins.ml2.drivers.ovn.mech_driver.ovsdb.maintenance [-] Touching Hash Ring node "c73d833e102c54b0a6735faa6b78d888" from periodic health check thread {{(pid=86960) touch_hash_ring_node /opt/stack/neutron/neutron/plugins/ml2/drivers/ovn/mech_driver/ovsdb/maintenance.py:1466}}
May 27 19:49:14.710207 np0000001544 devstack@neutron-api.service[86961]: INFO neutron.db.ovn_revision_numbers_db [None req-07813f40-361d-4d6b-a5ec-eb25da2d24d5 None None] Successfully bumped revision number for resource 98ab8214-5def-468b-97fc-84d97ddac903 (type: ports) to 5
May 27 19:49:14.736043 np0000001544 devstack@neutron-api.service[86961]: DEBUG neutron_lib.callbacks.manager [None req-07813f40-361d-4d6b-a5ec-eb25da2d24d5 None None] Publish callbacks ['neutron.plugins.ml2.ovo_rpc._ObjectChangeHandler.handle_event-3407762', 'neutron.services.ovn_l3.plugin.OVNL3RouterPlugin._port_update-8356506168554'] for port (98ab8214-5def-468b-97fc-84d97ddac903), after_update {{(pid=86961) _notify_loop /opt/stack/data/venv/lib/python3.12/site-packages/neutron_lib/callbacks/manager.py:184}}
May 27 19:49:14.744892 np0000001544 devstack@neutron-api.service[86960]: DEBUG neutron_lib.callbacks.manager [None req-543f226c-6f86-4a4b-a4dd-2d62613a03b2 admin admin] Publish callbacks [] for security_group (None), before_create {{(pid=86960) _notify_loop /opt/stack/data/venv/lib/python3.12/site-packages/neutron_lib/callbacks/manager.py:184}}
May 27 19:49:14.779536 np0000001544 devstack@neutron-api.service[86961]: DEBUG neutron.api.rpc.handlers.resources_rpc [None req-07813f40-361d-4d6b-a5ec-eb25da2d24d5 None None] Pushing event updated for resources: {'Port': ['ID=98ab8214-5def-468b-97fc-84d97ddac903,revision_number=5']} {{(pid=86961) push /opt/stack/neutron/neutron/api/rpc/handlers/resources_rpc.py:237}}
May 27 19:49:14.787362 np0000001544 devstack@neutron-api.service[86961]: INFO neutron.plugins.ml2.drivers.ovn.mech_driver.ovsdb.ovsdb_monitor [None req-07813f40-361d-4d6b-a5ec-eb25da2d24d5 None None] Router 8f06f437-4e25-4ee1-b963-a0faaa4ff256 is bound to host np0000001544
May 27 19:49:14.797518 np0000001544 devstack@neutron-api.service[86960]: DEBUG neutron_lib.callbacks.manager [None req-543f226c-6f86-4a4b-a4dd-2d62613a03b2 admin admin] Publish callbacks ['neutron.plugins.ml2.drivers.ovn.mech_driver.mech_driver.OVNMechanismDriver._create_security_group_precommit-179666'] for security_group (bc18b036-6773-4744-8079-253a47479f24), precommit_create {{(pid=86960) _notify_loop /opt/stack/data/venv/lib/python3.12/site-packages/neutron_lib/callbacks/manager.py:184}}
May 27 19:49:14.797611 np0000001544 devstack@neutron-api.service[86960]: DEBUG neutron.db.ovn_revision_numbers_db [None req-543f226c-6f86-4a4b-a4dd-2d62613a03b2 admin admin] create_initial_revision uuid=bc18b036-6773-4744-8079-253a47479f24, type=security_groups, rev=-1 {{(pid=86960) create_initial_revision /opt/stack/neutron/neutron/db/ovn_revision_numbers_db.py:98}}
May 27 19:49:14.798565 np0000001544 devstack@neutron-api.service[86960]: DEBUG neutron.db.ovn_revision_numbers_db [None req-543f226c-6f86-4a4b-a4dd-2d62613a03b2 admin admin] create_initial_revision uuid=20ec2805-346f-4181-93c6-9b91bb64e305, type=security_group_rules, rev=-1 {{(pid=86960) create_initial_revision /opt/stack/neutron/neutron/db/ovn_revision_numbers_db.py:98}}
May 27 19:49:14.799339 np0000001544 devstack@neutron-api.service[86960]: DEBUG neutron.db.ovn_revision_numbers_db [None req-543f226c-6f86-4a4b-a4dd-2d62613a03b2 admin admin] create_initial_revision uuid=5f1c6fc9-8635-4fad-a85e-095857ca7820, type=security_group_rules, rev=-1 {{(pid=86960) create_initial_revision /opt/stack/neutron/neutron/db/ovn_revision_numbers_db.py:98}}
May 27 19:49:14.800008 np0000001544 devstack@neutron-api.service[86960]: DEBUG neutron.db.ovn_revision_numbers_db [None req-543f226c-6f86-4a4b-a4dd-2d62613a03b2 admin admin] create_initial_revision uuid=73de466e-b5b4-47fd-8eae-b0f577ee7483, type=security_group_rules, rev=-1 {{(pid=86960) create_initial_revision /opt/stack/neutron/neutron/db/ovn_revision_numbers_db.py:98}}
May 27 19:49:14.800696 np0000001544 devstack@neutron-api.service[86960]: DEBUG neutron.db.ovn_revision_numbers_db [None req-543f226c-6f86-4a4b-a4dd-2d62613a03b2 admin admin] create_initial_revision uuid=9cfa0f4e-7ef3-431b-8490-6f77133a893f, type=security_group_rules, rev=-1 {{(pid=86960) create_initial_revision /opt/stack/neutron/neutron/db/ovn_revision_numbers_db.py:98}}
May 27 19:49:14.803931 np0000001544 devstack@neutron-api.service[86960]: DEBUG neutron_lib.callbacks.manager [None req-543f226c-6f86-4a4b-a4dd-2d62613a03b2 admin admin] Publish callbacks ['neutron.plugins.ml2.drivers.ovn.mech_driver.mech_driver.OVNMechanismDriver._create_security_group-179676', 'neutron.plugins.ml2.ovo_rpc._ObjectChangeHandler.handle_event-4111969'] for security_group (bc18b036-6773-4744-8079-253a47479f24), after_create {{(pid=86960) _notify_loop /opt/stack/data/venv/lib/python3.12/site-packages/neutron_lib/callbacks/manager.py:184}}
May 27 19:49:14.804599 np0000001544 devstack@neutron-api.service[86960]: DEBUG ovsdbapp.backend.ovs_idl.transaction [None req-ce8f6b87-2546-4c3c-9335-a08207eff235 None None] Running txn n=1 command(idx=0): PgAddCommand(_result=None, name=pg_bc18b036_6773_4744_8079_253a47479f24, may_exist=False, columns={'acls': [], 'external_ids': {'neutron:security_group_id': 'bc18b036-6773-4744-8079-253a47479f24'}}) {{(pid=86960) do_commit /opt/stack/data/venv/lib/python3.12/site-packages/ovsdbapp/backend/ovs_idl/transaction.py:89}}
May 27 19:49:14.804991 np0000001544 devstack@neutron-api.service[86960]: DEBUG ovsdbapp.backend.ovs_idl.transaction [None req-ce8f6b87-2546-4c3c-9335-a08207eff235 None None] Running txn n=1 command(idx=1): PgAclAddCommand(_result=None, entity=pg_bc18b036_6773_4744_8079_253a47479f24, direction=from-lport, priority=1002, match=inport == @pg_bc18b036_6773_4744_8079_253a47479f24 && ip6, action=allow-related, log=False, may_exist=True, severity=[], name=[], meter=[], external_ids={'neutron:security_group_rule_id': '20ec2805-346f-4181-93c6-9b91bb64e305'}) {{(pid=86960) do_commit /opt/stack/data/venv/lib/python3.12/site-packages/ovsdbapp/backend/ovs_idl/transaction.py:89}}
May 27 19:49:14.805306 np0000001544 devstack@neutron-api.service[86960]: DEBUG ovsdbapp.backend.ovs_idl.transaction [None req-ce8f6b87-2546-4c3c-9335-a08207eff235 None None] Running txn n=1 command(idx=2): PgAclAddCommand(_result=None, entity=pg_bc18b036_6773_4744_8079_253a47479f24, direction=to-lport, priority=1002, match=outport == @pg_bc18b036_6773_4744_8079_253a47479f24 && ip6 && ip6.src == $pg_bc18b036_6773_4744_8079_253a47479f24_ip6, action=allow-related, log=False, may_exist=True, severity=[], name=[], meter=[], external_ids={'neutron:security_group_rule_id': '5f1c6fc9-8635-4fad-a85e-095857ca7820'}) {{(pid=86960) do_commit /opt/stack/data/venv/lib/python3.12/site-packages/ovsdbapp/backend/ovs_idl/transaction.py:89}}
May 27 19:49:14.805623 np0000001544 devstack@neutron-api.service[86960]: DEBUG ovsdbapp.backend.ovs_idl.transaction [None req-ce8f6b87-2546-4c3c-9335-a08207eff235 None None] Running txn n=1 command(idx=3): PgAclAddCommand(_result=None, entity=pg_bc18b036_6773_4744_8079_253a47479f24, direction=to-lport, priority=1002, match=outport == @pg_bc18b036_6773_4744_8079_253a47479f24 && ip4 && ip4.src == $pg_bc18b036_6773_4744_8079_253a47479f24_ip4, action=allow-related, log=False, may_exist=True, severity=[], name=[], meter=[], external_ids={'neutron:security_group_rule_id': '73de466e-b5b4-47fd-8eae-b0f577ee7483'}) {{(pid=86960) do_commit /opt/stack/data/venv/lib/python3.12/site-packages/ovsdbapp/backend/ovs_idl/transaction.py:89}}
May 27 19:49:14.806013 np0000001544 devstack@neutron-api.service[86960]: DEBUG ovsdbapp.backend.ovs_idl.transaction [None req-ce8f6b87-2546-4c3c-9335-a08207eff235 None None] Running txn n=1 command(idx=4): PgAclAddCommand(_result=None, entity=pg_bc18b036_6773_4744_8079_253a47479f24, direction=from-lport, priority=1002, match=inport == @pg_bc18b036_6773_4744_8079_253a47479f24 && ip4, action=allow-related, log=False, may_exist=True, severity=[], name=[], meter=[], external_ids={'neutron:security_group_rule_id': '9cfa0f4e-7ef3-431b-8490-6f77133a893f'}) {{(pid=86960) do_commit /opt/stack/data/venv/lib/python3.12/site-packages/ovsdbapp/backend/ovs_idl/transaction.py:89}}
May 27 19:49:14.806859 np0000001544 devstack@neutron-api.service[86961]: DEBUG ovsdbapp.backend.ovs_idl.transaction [None req-115b3822-b12a-4599-82d0-d9c9c782df5e None None] Running txn n=1 command(idx=0): LrAddCommand(_result=None, router=neutron-08871664-241a-42bf-8260-61cb34dcef43, may_exist=True, columns={'external_ids': {'neutron:router_name': 'tempest-DeleteServersTestJSON-257187995-router', 'neutron:revision_number': '2', 'neutron:availability_zone_hints': ''}, 'enabled': True, 'options': {'always_learn_from_arp_request': 'false', 'dynamic_neigh_routers': 'true', 'mac_binding_age_threshold': '300'}}) {{(pid=86961) do_commit /opt/stack/data/venv/lib/python3.12/site-packages/ovsdbapp/backend/ovs_idl/transaction.py:89}}
May 27 19:49:14.807524 np0000001544 devstack@neutron-api.service[86961]: DEBUG ovsdbapp.backend.ovs_idl.transaction [None req-115b3822-b12a-4599-82d0-d9c9c782df5e None None] Running txn n=1 command(idx=1): AddLRouterPortCommand(_result=None, name=lrp-5be4a814-5212-4dc8-9fd8-c00f6d31478c, lrouter=neutron-08871664-241a-42bf-8260-61cb34dcef43, may_exist=True, columns={'mac': 'fa:16:3e:71:22:8b', 'networks': ['172.24.5.252/24', '2001:db8::2d2/64'], 'external_ids': {'neutron:revision_number': '1', 'neutron:subnet_ids': '8d8e9689-af90-436e-8d22-740f427cb0a5 72e2533a-3b5e-4786-84cb-ea158fa3345d', 'neutron:network_name': 'neutron-324e5971-ff45-4312-a46b-d7892aacca37', 'neutron:is_ext_gw': 'True', 'neutron:router_name': 'neutron-08871664-241a-42bf-8260-61cb34dcef43'}, 'options': {'reside-on-redirect-chassis': 'true', 'gateway_mtu': '1430'}}) {{(pid=86961) do_commit /opt/stack/data/venv/lib/python3.12/site-packages/ovsdbapp/backend/ovs_idl/transaction.py:89}}
May 27 19:49:14.807886 np0000001544 devstack@neutron-api.service[86961]: DEBUG ovsdbapp.backend.ovs_idl.transaction [None req-115b3822-b12a-4599-82d0-d9c9c782df5e None None] Running txn n=1 command(idx=2): ScheduleNewGatewayCommand(_result=None, g_name=lrp-5be4a814-5212-4dc8-9fd8-c00f6d31478c, sb_api=, lrouter_name=neutron-08871664-241a-42bf-8260-61cb34dcef43, ovn_client=, scheduler=, physnet=public, az_hints=[]) {{(pid=86961) do_commit /opt/stack/data/venv/lib/python3.12/site-packages/ovsdbapp/backend/ovs_idl/transaction.py:89}}
May 27 19:49:14.808424 np0000001544 devstack@neutron-api.service[86961]: DEBUG neutron.plugins.ml2.drivers.ovn.mech_driver.ovsdb.ovn_client [None req-115b3822-b12a-4599-82d0-d9c9c782df5e None None] Chassis candidates for scheduling gateway router ports for "public" physical network: ['a969ba3b-1d01-4e16-8a67-94572cd968df'] {{(pid=86961) get_candidates_for_scheduling /opt/stack/neutron/neutron/plugins/ml2/drivers/ovn/mech_driver/ovsdb/ovn_client.py:1718}}
May 27 19:49:14.808998 np0000001544 devstack@neutron-api.service[86961]: DEBUG neutron.scheduler.l3_ovn_scheduler [None req-115b3822-b12a-4599-82d0-d9c9c782df5e None None] Gateway lrp-5be4a814-5212-4dc8-9fd8-c00f6d31478c scheduled on chassis ['a969ba3b-1d01-4e16-8a67-94572cd968df'] {{(pid=86961) _schedule_gateway /opt/stack/neutron/neutron/scheduler/l3_ovn_scheduler.py:88}}
May 27 19:49:14.809358 np0000001544 devstack@neutron-api.service[86961]: DEBUG ovsdbapp.backend.ovs_idl.transaction [None req-115b3822-b12a-4599-82d0-d9c9c782df5e None None] Running txn n=1 command(idx=3): SetLRouterPortInLSwitchPortCommand(_result=None, lswitch_port=5be4a814-5212-4dc8-9fd8-c00f6d31478c, lrouter_port=lrp-5be4a814-5212-4dc8-9fd8-c00f6d31478c, is_gw_port=True, if_exists=True, lsp_address=router) {{(pid=86961) do_commit /opt/stack/data/venv/lib/python3.12/site-packages/ovsdbapp/backend/ovs_idl/transaction.py:89}}
May 27 19:49:14.809593 np0000001544 devstack@neutron-api.service[86961]: DEBUG ovsdbapp.backend.ovs_idl.transaction [None req-115b3822-b12a-4599-82d0-d9c9c782df5e None None] Running txn n=1 command(idx=4): AddStaticRouteCommand(_result=None, lrouter=neutron-08871664-241a-42bf-8260-61cb34dcef43, maintain_bfd=False, columns={'ip_prefix': '0.0.0.0/0', 'nexthop': '172.24.5.1', 'external_ids': {'neutron:is_ext_gw': 'true', 'neutron:subnet_id': '8d8e9689-af90-436e-8d22-740f427cb0a5', 'neutron:is_static_route': 'true'}}) {{(pid=86961) do_commit /opt/stack/data/venv/lib/python3.12/site-packages/ovsdbapp/backend/ovs_idl/transaction.py:89}}
May 27 19:49:14.809817 np0000001544 devstack@neutron-api.service[86961]: DEBUG ovsdbapp.backend.ovs_idl.transaction [None req-115b3822-b12a-4599-82d0-d9c9c782df5e None None] Running txn n=1 command(idx=5): AddStaticRouteCommand(_result=None, lrouter=neutron-08871664-241a-42bf-8260-61cb34dcef43, maintain_bfd=False, columns={'ip_prefix': '::/0', 'nexthop': '2001:db8::2', 'external_ids': {'neutron:is_ext_gw': 'true', 'neutron:subnet_id': '72e2533a-3b5e-4786-84cb-ea158fa3345d', 'neutron:is_static_route': 'true'}}) {{(pid=86961) do_commit /opt/stack/data/venv/lib/python3.12/site-packages/ovsdbapp/backend/ovs_idl/transaction.py:89}}
May 27 19:49:14.810097 np0000001544 devstack@neutron-api.service[86961]: DEBUG ovsdbapp.backend.ovs_idl.transaction [None req-115b3822-b12a-4599-82d0-d9c9c782df5e None None] Running txn n=1 command(idx=6): QoSDelCommand(_result=None, switch=neutron-324e5971-ff45-4312-a46b-d7892aacca37, conditions=[('direction', '=', 'from-lport'), ('priority', '=', 2002), ('match', '=', 'inport == "5be4a814-5212-4dc8-9fd8-c00f6d31478c"')], if_exists=True) {{(pid=86961) do_commit /opt/stack/data/venv/lib/python3.12/site-packages/ovsdbapp/backend/ovs_idl/transaction.py:89}}
May 27 19:49:14.811019 np0000001544 devstack@neutron-api.service[86961]: DEBUG ovsdbapp.backend.ovs_idl.transaction [None req-115b3822-b12a-4599-82d0-d9c9c782df5e None None] Running txn n=1 command(idx=7): QoSDelCommand(_result=None, switch=neutron-324e5971-ff45-4312-a46b-d7892aacca37, conditions=[('direction', '=', 'to-lport'), ('priority', '=', 2002), ('match', '=', 'outport == "5be4a814-5212-4dc8-9fd8-c00f6d31478c"')], if_exists=True) {{(pid=86961) do_commit /opt/stack/data/venv/lib/python3.12/site-packages/ovsdbapp/backend/ovs_idl/transaction.py:89}}
May 27 19:49:14.819076 np0000001544 devstack@neutron-api.service[86961]: DEBUG neutron.plugins.ml2.drivers.ovn.mech_driver.ovsdb.ovsdb_monitor [None req-115b3822-b12a-4599-82d0-d9c9c782df5e None None] Touching Hash Ring node "da39394b798e5be698080be27f6406aa" from IDL notify handler {{(pid=86961) notify /opt/stack/neutron/neutron/plugins/ml2/drivers/ovn/mech_driver/ovsdb/ovsdb_monitor.py:978}}
May 27 19:49:14.829021 np0000001544 devstack@neutron-api.service[86960]: DEBUG neutron.plugins.ml2.drivers.ovn.mech_driver.ovsdb.ovsdb_monitor [None req-ce8f6b87-2546-4c3c-9335-a08207eff235 None None] Hash Ring: Node c73d833e102c54b0a6735faa6b78d888 (host: np0000001544) handling event "create" for row 843c55a0-bc9a-41da-8983-659f91fb745c (table: HA_Chassis) {{(pid=86960) notify /opt/stack/neutron/neutron/plugins/ml2/drivers/ovn/mech_driver/ovsdb/ovsdb_monitor.py:986}}
May 27 19:49:14.829281 np0000001544 devstack@neutron-api.service[86961]: DEBUG neutron.plugins.ml2.drivers.ovn.mech_driver.ovsdb.ovsdb_monitor [None req-115b3822-b12a-4599-82d0-d9c9c782df5e None None] Hash Ring: Node da39394b798e5be698080be27f6406aa (host: np0000001544) handling event "create" for row 38d5ff93-023c-496a-a2fc-ca7afac6ef49 (table: ACL) {{(pid=86961) notify /opt/stack/neutron/neutron/plugins/ml2/drivers/ovn/mech_driver/ovsdb/ovsdb_monitor.py:986}}
May 27 19:49:14.830107 np0000001544 devstack@neutron-api.service[86961]: DEBUG neutron.plugins.ml2.drivers.ovn.mech_driver.ovsdb.ovsdb_monitor [None req-18e9a372-1815-4e65-89c6-8a2c43b3df69 None None] Touching Hash Ring node "da39394b798e5be698080be27f6406aa" from IDL notify handler {{(pid=86961) notify /opt/stack/neutron/neutron/plugins/ml2/drivers/ovn/mech_driver/ovsdb/ovsdb_monitor.py:978}}
May 27 19:49:14.830249 np0000001544 devstack@neutron-api.service[86960]: DEBUG neutron.plugins.ml2.drivers.ovn.mech_driver.ovsdb.ovsdb_monitor [None req-42146a4e-bd28-4ba9-a8ca-1330fabc6467 None None] Hash Ring: Node c73d833e102c54b0a6735faa6b78d888 (host: np0000001544) handling event "create" for row 6718c7f3-23b5-46d1-b0f2-39e435a3c64d (table: Port_Binding) {{(pid=86960) notify /opt/stack/neutron/neutron/plugins/ml2/drivers/ovn/mech_driver/ovsdb/ovsdb_monitor.py:986}}
May 27 19:49:14.830540 np0000001544 devstack@neutron-api.service[86960]: DEBUG neutron.plugins.ml2.drivers.ovn.mech_driver.ovsdb.ovsdb_monitor [None req-ce8f6b87-2546-4c3c-9335-a08207eff235 None None] Hash Ring: Node c73d833e102c54b0a6735faa6b78d888 (host: np0000001544) handling event "create" for row cf7cb749-cfcf-4bfd-bcb8-827ca7148ee7 (table: Logical_Router) {{(pid=86960) notify /opt/stack/neutron/neutron/plugins/ml2/drivers/ovn/mech_driver/ovsdb/ovsdb_monitor.py:986}}
May 27 19:49:14.830773 np0000001544 devstack@neutron-api.service[86960]: DEBUG neutron.plugins.ml2.drivers.ovn.mech_driver.ovsdb.ovsdb_monitor [None req-ce8f6b87-2546-4c3c-9335-a08207eff235 None None] Hash Ring: Node c73d833e102c54b0a6735faa6b78d888 (host: np0000001544) handling event "create" for row 24846a8b-0db0-4bef-a2f7-a01da9125b3f (table: Logical_Router_Port) {{(pid=86960) notify /opt/stack/neutron/neutron/plugins/ml2/drivers/ovn/mech_driver/ovsdb/ovsdb_monitor.py:986}}
May 27 19:49:14.831783 np0000001544 devstack@neutron-api.service[86960]: DEBUG ovsdbapp.backend.ovs_idl.event [None req-ce8f6b87-2546-4c3c-9335-a08207eff235 None None] Matched CREATE: LogicalRouterPortEvent(events=('create', 'delete'), table='Logical_Router_Port', conditions=None, old_conditions=None), priority=20 to row=Logical_Router_Port(uuid=24846a8b-0db0-4bef-a2f7-a01da9125b3f, enabled=[], external_ids={'neutron:is_ext_gw': 'True', 'neutron:network_name': 'neutron-324e5971-ff45-4312-a46b-d7892aacca37', 'neutron:revision_number': '1', 'neutron:router_name': 'neutron-08871664-241a-42bf-8260-61cb34dcef43', 'neutron:subnet_ids': '8d8e9689-af90-436e-8d22-740f427cb0a5 72e2533a-3b5e-4786-84cb-ea158fa3345d'}, gateway_chassis=[], ha_chassis_group=2c251c95-e98a-4f04-9bbf-a69d835ab6f6, ipv6_prefix=[], ipv6_ra_configs={}, mac='fa:16:3e:71:22:8b', name='lrp-5be4a814-5212-4dc8-9fd8-c00f6d31478c', networks=['172.24.5.252/24', '2001:db8::2d2/64'], options={'gateway_mtu': '1430', 'reside-on-redirect-chassis': 'true'}, peer=[], status={}) old= {{(pid=86960) matches /opt/stack/data/venv/lib/python3.12/site-packages/ovsdbapp/backend/ovs_idl/event.py:55}}
May 27 19:49:14.832568 np0000001544 devstack@neutron-api.service[86961]: DEBUG neutron.plugins.ml2.drivers.ovn.mech_driver.ovsdb.ovsdb_monitor [None req-115b3822-b12a-4599-82d0-d9c9c782df5e None None] Touching Hash Ring node "da39394b798e5be698080be27f6406aa" from IDL notify handler {{(pid=86961) notify /opt/stack/neutron/neutron/plugins/ml2/drivers/ovn/mech_driver/ovsdb/ovsdb_monitor.py:978}}
May 27 19:49:14.833806 np0000001544 devstack@neutron-api.service[86960]: INFO neutron.db.ovn_revision_numbers_db [None req-543f226c-6f86-4a4b-a4dd-2d62613a03b2 admin admin] Successfully bumped revision number for resource bc18b036-6773-4744-8079-253a47479f24 (type: security_groups) to 1
May 27 19:49:14.835383 np0000001544 devstack@neutron-api.service[86960]: DEBUG neutron.plugins.ml2.drivers.ovn.mech_driver.ovsdb.ovsdb_monitor [None req-ce8f6b87-2546-4c3c-9335-a08207eff235 None None] Hash Ring: Node c73d833e102c54b0a6735faa6b78d888 (host: np0000001544) handling event "update" for row 24846a8b-0db0-4bef-a2f7-a01da9125b3f (table: Logical_Router_Port) {{(pid=86960) notify /opt/stack/neutron/neutron/plugins/ml2/drivers/ovn/mech_driver/ovsdb/ovsdb_monitor.py:986}}
May 27 19:49:14.837802 np0000001544 devstack@neutron-api.service[86961]: DEBUG neutron.plugins.ml2.drivers.ovn.mech_driver.ovsdb.ovsdb_monitor [None req-18e9a372-1815-4e65-89c6-8a2c43b3df69 None None] Hash Ring: Node da39394b798e5be698080be27f6406aa (host: np0000001544) handling event "create" for row d73421b0-0c71-4353-b8a8-81a98b51e251 (table: Datapath_Binding) {{(pid=86961) notify /opt/stack/neutron/neutron/plugins/ml2/drivers/ovn/mech_driver/ovsdb/ovsdb_monitor.py:986}}
May 27 19:49:14.842645 np0000001544 devstack@neutron-api.service[86960]: INFO neutron.db.ovn_revision_numbers_db [None req-543f226c-6f86-4a4b-a4dd-2d62613a03b2 admin admin] Successfully bumped revision number for resource 20ec2805-346f-4181-93c6-9b91bb64e305 (type: security_group_rules) to 0
May 27 19:49:14.846565 np0000001544 devstack@neutron-api.service[86961]: DEBUG neutron.plugins.ml2.drivers.ovn.mech_driver.ovsdb.ovsdb_monitor [None req-18e9a372-1815-4e65-89c6-8a2c43b3df69 None None] Touching Hash Ring node "da39394b798e5be698080be27f6406aa" from IDL notify handler {{(pid=86961) notify /opt/stack/neutron/neutron/plugins/ml2/drivers/ovn/mech_driver/ovsdb/ovsdb_monitor.py:978}}
May 27 19:49:14.851635 np0000001544 devstack@neutron-api.service[86961]: DEBUG neutron.plugins.ml2.drivers.ovn.mech_driver.ovsdb.ovsdb_monitor [None req-115b3822-b12a-4599-82d0-d9c9c782df5e None None] Hash Ring: Node da39394b798e5be698080be27f6406aa (host: np0000001544) handling event "create" for row 3b41cc5e-3992-4a4c-aac3-c0b27c990f1a (table: ACL) {{(pid=86961) notify /opt/stack/neutron/neutron/plugins/ml2/drivers/ovn/mech_driver/ovsdb/ovsdb_monitor.py:986}}
May 27 19:49:14.854242 np0000001544 devstack@neutron-api.service[86960]: INFO neutron.db.ovn_revision_numbers_db [None req-543f226c-6f86-4a4b-a4dd-2d62613a03b2 admin admin] Successfully bumped revision number for resource 5f1c6fc9-8635-4fad-a85e-095857ca7820 (type: security_group_rules) to 0
May 27 19:49:14.856819 np0000001544 devstack@neutron-api.service[86961]: DEBUG neutron.plugins.ml2.drivers.ovn.mech_driver.ovsdb.ovsdb_monitor [None req-115b3822-b12a-4599-82d0-d9c9c782df5e None None] Touching Hash Ring node "da39394b798e5be698080be27f6406aa" from IDL notify handler {{(pid=86961) notify /opt/stack/neutron/neutron/plugins/ml2/drivers/ovn/mech_driver/ovsdb/ovsdb_monitor.py:978}}
May 27 19:49:14.860929 np0000001544 devstack@neutron-api.service[86961]: DEBUG neutron.plugins.ml2.drivers.ovn.mech_driver.ovsdb.ovsdb_monitor [None req-18e9a372-1815-4e65-89c6-8a2c43b3df69 None None] Hash Ring: Node da39394b798e5be698080be27f6406aa (host: np0000001544) handling event "create" for row 4ca99b50-b707-41e0-94f9-7e6226061dee (table: Port_Binding) {{(pid=86961) notify /opt/stack/neutron/neutron/plugins/ml2/drivers/ovn/mech_driver/ovsdb/ovsdb_monitor.py:986}}
May 27 19:49:14.862289 np0000001544 devstack@neutron-api.service[86961]: DEBUG neutron_lib.callbacks.manager [None req-07813f40-361d-4d6b-a5ec-eb25da2d24d5 None None] Publish callbacks ['neutron.plugins.ml2.plugin.SecurityGroupDbMixin._ensure_default_security_group_handler-222023', 'neutron.services.ovn_l3.plugin.OVNL3RouterPlugin._port_update-8356506168554', 'neutron.db.l3_db.L3_NAT_dbonly_mixin._prevent_internal_ip_change_for_fip-8356507680498'] for port (8741869a-2aaf-46ad-8a5d-8d79f0320fc4), before_update {{(pid=86961) _notify_loop /opt/stack/data/venv/lib/python3.12/site-packages/neutron_lib/callbacks/manager.py:184}}
May 27 19:49:14.862657 np0000001544 devstack@neutron-api.service[86960]: INFO neutron.db.ovn_revision_numbers_db [None req-543f226c-6f86-4a4b-a4dd-2d62613a03b2 admin admin] Successfully bumped revision number for resource 73de466e-b5b4-47fd-8eae-b0f577ee7483 (type: security_group_rules) to 0
May 27 19:49:14.863949 np0000001544 devstack@neutron-api.service[86961]: DEBUG neutron.plugins.ml2.drivers.ovn.mech_driver.ovsdb.ovsdb_monitor [None req-115b3822-b12a-4599-82d0-d9c9c782df5e None None] Hash Ring: Node da39394b798e5be698080be27f6406aa (host: np0000001544) handling event "create" for row a24bf0bd-eca3-4a37-be51-dfdb393b0520 (table: ACL) {{(pid=86961) notify /opt/stack/neutron/neutron/plugins/ml2/drivers/ovn/mech_driver/ovsdb/ovsdb_monitor.py:986}}
May 27 19:49:14.866735 np0000001544 devstack@neutron-api.service[86961]: DEBUG neutron.plugins.ml2.drivers.ovn.mech_driver.ovsdb.ovsdb_monitor [None req-18e9a372-1815-4e65-89c6-8a2c43b3df69 None None] Touching Hash Ring node "da39394b798e5be698080be27f6406aa" from IDL notify handler {{(pid=86961) notify /opt/stack/neutron/neutron/plugins/ml2/drivers/ovn/mech_driver/ovsdb/ovsdb_monitor.py:978}}
May 27 19:49:14.870254 np0000001544 devstack@neutron-api.service[86960]: INFO neutron.db.ovn_revision_numbers_db [None req-543f226c-6f86-4a4b-a4dd-2d62613a03b2 admin admin] Successfully bumped revision number for resource 9cfa0f4e-7ef3-431b-8490-6f77133a893f (type: security_group_rules) to 0
May 27 19:49:14.872106 np0000001544 devstack@neutron-api.service[86961]: DEBUG neutron.plugins.ml2.drivers.ovn.mech_driver.ovsdb.ovsdb_monitor [None req-115b3822-b12a-4599-82d0-d9c9c782df5e None None] Touching Hash Ring node "da39394b798e5be698080be27f6406aa" from IDL notify handler {{(pid=86961) notify /opt/stack/neutron/neutron/plugins/ml2/drivers/ovn/mech_driver/ovsdb/ovsdb_monitor.py:978}}
May 27 19:49:14.877977 np0000001544 devstack@neutron-api.service[86961]: DEBUG neutron.plugins.ml2.drivers.ovn.mech_driver.ovsdb.ovsdb_monitor [None req-18e9a372-1815-4e65-89c6-8a2c43b3df69 None None] Hash Ring: Node da39394b798e5be698080be27f6406aa (host: np0000001544) handling event "update" for row d40874bd-556a-49fa-aed9-bc50b399c655 (table: Port_Binding) {{(pid=86961) notify /opt/stack/neutron/neutron/plugins/ml2/drivers/ovn/mech_driver/ovsdb/ovsdb_monitor.py:986}}
May 27 19:49:14.880222 np0000001544 devstack@neutron-api.service[86961]: DEBUG neutron.plugins.ml2.drivers.ovn.mech_driver.ovsdb.ovsdb_monitor [None req-115b3822-b12a-4599-82d0-d9c9c782df5e None None] Hash Ring: Node da39394b798e5be698080be27f6406aa (host: np0000001544) handling event "create" for row b493f518-a097-42a1-9f8a-93b30986331b (table: ACL) {{(pid=86961) notify /opt/stack/neutron/neutron/plugins/ml2/drivers/ovn/mech_driver/ovsdb/ovsdb_monitor.py:986}}
May 27 19:49:14.883420 np0000001544 devstack@neutron-api.service[86961]: DEBUG neutron.plugins.ml2.drivers.ovn.mech_driver.ovsdb.ovsdb_monitor [None req-18e9a372-1815-4e65-89c6-8a2c43b3df69 None None] Touching Hash Ring node "da39394b798e5be698080be27f6406aa" from IDL notify handler {{(pid=86961) notify /opt/stack/neutron/neutron/plugins/ml2/drivers/ovn/mech_driver/ovsdb/ovsdb_monitor.py:978}}
May 27 19:49:14.885546 np0000001544 devstack@neutron-api.service[86961]: DEBUG neutron.plugins.ml2.drivers.ovn.mech_driver.ovsdb.ovsdb_monitor [None req-115b3822-b12a-4599-82d0-d9c9c782df5e None None] Touching Hash Ring node "da39394b798e5be698080be27f6406aa" from IDL notify handler {{(pid=86961) notify /opt/stack/neutron/neutron/plugins/ml2/drivers/ovn/mech_driver/ovsdb/ovsdb_monitor.py:978}}
May 27 19:49:14.886247 np0000001544 devstack@neutron-api.service[86960]: DEBUG neutron.api.rpc.handlers.resources_rpc [None req-543f226c-6f86-4a4b-a4dd-2d62613a03b2 admin admin] Pushing event updated for resources: {'SecurityGroup': ['ID=bc18b036-6773-4744-8079-253a47479f24,revision_number=1']} {{(pid=86960) push /opt/stack/neutron/neutron/api/rpc/handlers/resources_rpc.py:237}}
May 27 19:49:14.889673 np0000001544 devstack@neutron-api.service[86961]: DEBUG neutron.plugins.ml2.drivers.ovn.mech_driver.ovsdb.ovsdb_monitor [None req-18e9a372-1815-4e65-89c6-8a2c43b3df69 None None] Hash Ring: Node da39394b798e5be698080be27f6406aa (host: np0000001544) handling event "update" for row 4ca99b50-b707-41e0-94f9-7e6226061dee (table: Port_Binding) {{(pid=86961) notify /opt/stack/neutron/neutron/plugins/ml2/drivers/ovn/mech_driver/ovsdb/ovsdb_monitor.py:986}}
