Jun 26 22:54:51.522128 np0000003806 nova-scheduler[96306]: DEBUG cotyledon.oslo_config_glue [-] profiler.hmac_keys = **** {{(pid=96306) log_opt_values /opt/stack/data/venv/lib/python3.12/site-packages/oslo_config/cfg.py:3253}}
Jun 26 22:54:51.522128 np0000003806 nova-scheduler[96306]: DEBUG cotyledon.oslo_config_glue [-] profiler.sentinel_service_name = mymaster {{(pid=96306) log_opt_values /opt/stack/data/venv/lib/python3.12/site-packages/oslo_config/cfg.py:3253}}
Jun 26 22:54:51.522128 np0000003806 nova-scheduler[96306]: DEBUG cotyledon.oslo_config_glue [-] profiler.socket_timeout = 0.1 {{(pid=96306) log_opt_values /opt/stack/data/venv/lib/python3.12/site-packages/oslo_config/cfg.py:3253}}
Jun 26 22:54:51.522128 np0000003806 nova-scheduler[96306]: DEBUG cotyledon.oslo_config_glue [-] profiler.trace_requests = False {{(pid=96306) log_opt_values /opt/stack/data/venv/lib/python3.12/site-packages/oslo_config/cfg.py:3253}}
Jun 26 22:54:51.522128 np0000003806 nova-scheduler[96306]: DEBUG cotyledon.oslo_config_glue [-] profiler.trace_sqlalchemy = False {{(pid=96306) log_opt_values /opt/stack/data/venv/lib/python3.12/site-packages/oslo_config/cfg.py:3253}}
Jun 26 22:54:51.522128 np0000003806 nova-scheduler[96306]: DEBUG cotyledon.oslo_config_glue [-] profiler_jaeger.process_tags = {} {{(pid=96306) log_opt_values /opt/stack/data/venv/lib/python3.12/site-packages/oslo_config/cfg.py:3253}}
Jun 26 22:54:51.522128 np0000003806 nova-scheduler[96306]: DEBUG cotyledon.oslo_config_glue [-] profiler_jaeger.service_name_prefix = None {{(pid=96306) log_opt_values /opt/stack/data/venv/lib/python3.12/site-packages/oslo_config/cfg.py:3253}}
Jun 26 22:54:51.522128 np0000003806 nova-scheduler[96306]: DEBUG cotyledon.oslo_config_glue [-] profiler_otlp.service_name_prefix = None {{(pid=96306) log_opt_values /opt/stack/data/venv/lib/python3.12/site-packages/oslo_config/cfg.py:3253}}
Jun 26 22:54:51.522388 np0000003806 nova-scheduler[96306]: DEBUG cotyledon.oslo_config_glue [-] oslo_messaging_rabbit.amqp_auto_delete = False {{(pid=96306) log_opt_values /opt/stack/data/venv/lib/python3.12/site-packages/oslo_config/cfg.py:3253}}
Jun 26 22:54:51.522388 np0000003806 nova-scheduler[96306]: DEBUG cotyledon.oslo_config_glue [-] oslo_messaging_rabbit.amqp_durable_queues = False {{(pid=96306) log_opt_values /opt/stack/data/venv/lib/python3.12/site-packages/oslo_config/cfg.py:3253}}
Jun 26 22:54:51.522388 np0000003806 nova-scheduler[96306]: DEBUG cotyledon.oslo_config_glue [-] oslo_messaging_rabbit.conn_pool_min_size = 2 {{(pid=96306) log_opt_values /opt/stack/data/venv/lib/python3.12/site-packages/oslo_config/cfg.py:3253}}
Jun 26 22:54:51.522388 np0000003806 nova-scheduler[96306]: DEBUG cotyledon.oslo_config_glue [-] oslo_messaging_rabbit.conn_pool_ttl = 1200 {{(pid=96306) log_opt_values /opt/stack/data/venv/lib/python3.12/site-packages/oslo_config/cfg.py:3253}}
Jun 26 22:54:51.522388 np0000003806 nova-scheduler[96306]: DEBUG cotyledon.oslo_config_glue [-] oslo_messaging_rabbit.direct_mandatory_flag = True {{(pid=96306) log_opt_values /opt/stack/data/venv/lib/python3.12/site-packages/oslo_config/cfg.py:3253}}
Jun 26 22:54:51.522388 np0000003806 nova-scheduler[96306]: DEBUG cotyledon.oslo_config_glue [-] oslo_messaging_rabbit.enable_cancel_on_failover = False {{(pid=96306) log_opt_values /opt/stack/data/venv/lib/python3.12/site-packages/oslo_config/cfg.py:3253}}
Jun 26 22:54:51.522388 np0000003806 nova-scheduler[96306]: DEBUG cotyledon.oslo_config_glue [-] oslo_messaging_rabbit.heartbeat_rate = 3 {{(pid=96306) log_opt_values /opt/stack/data/venv/lib/python3.12/site-packages/oslo_config/cfg.py:3253}}
Jun 26 22:54:51.522388 np0000003806 nova-scheduler[96306]: DEBUG cotyledon.oslo_config_glue [-] oslo_messaging_rabbit.heartbeat_timeout_threshold = 60 {{(pid=96306) log_opt_values /opt/stack/data/venv/lib/python3.12/site-packages/oslo_config/cfg.py:3253}}
Jun 26 22:54:51.522388 np0000003806 nova-scheduler[96306]: DEBUG cotyledon.oslo_config_glue [-] oslo_messaging_rabbit.hostname = np0000003806 {{(pid=96306) log_opt_values /opt/stack/data/venv/lib/python3.12/site-packages/oslo_config/cfg.py:3253}}
Jun 26 22:54:51.523827 np0000003806 nova-scheduler[96306]: DEBUG cotyledon.oslo_config_glue [-] oslo_messaging_rabbit.kombu_compression = None {{(pid=96306) log_opt_values /opt/stack/data/venv/lib/python3.12/site-packages/oslo_config/cfg.py:3253}}
Jun 26 22:54:51.523827 np0000003806 nova-scheduler[96306]: DEBUG cotyledon.oslo_config_glue [-] oslo_messaging_rabbit.kombu_failover_strategy = round-robin {{(pid=96306) log_opt_values /opt/stack/data/venv/lib/python3.12/site-packages/oslo_config/cfg.py:3253}}
Jun 26 22:54:51.523827 np0000003806 nova-scheduler[96306]: DEBUG cotyledon.oslo_config_glue [-] oslo_messaging_rabbit.kombu_missing_consumer_retry_timeout = 60 {{(pid=96306) log_opt_values /opt/stack/data/venv/lib/python3.12/site-packages/oslo_config/cfg.py:3253}}
Jun 26 22:54:51.523827 np0000003806 nova-scheduler[96306]: DEBUG cotyledon.oslo_config_glue [-] oslo_messaging_rabbit.kombu_reconnect_delay = 1.0 {{(pid=96306) log_opt_values /opt/stack/data/venv/lib/python3.12/site-packages/oslo_config/cfg.py:3253}}
Jun 26 22:54:51.523827 np0000003806 nova-scheduler[96306]: DEBUG cotyledon.oslo_config_glue [-] oslo_messaging_rabbit.kombu_reconnect_splay = 0.0 {{(pid=96306) log_opt_values /opt/stack/data/venv/lib/python3.12/site-packages/oslo_config/cfg.py:3253}}
Jun 26 22:54:51.523827 np0000003806 nova-scheduler[96306]: DEBUG cotyledon.oslo_config_glue [-] oslo_messaging_rabbit.processname = nova-scheduler {{(pid=96306) log_opt_values /opt/stack/data/venv/lib/python3.12/site-packages/oslo_config/cfg.py:3253}}
Jun 26 22:54:51.523827 np0000003806 nova-scheduler[96306]: DEBUG cotyledon.oslo_config_glue [-] oslo_messaging_rabbit.rabbit_ha_queues = False {{(pid=96306) log_opt_values /opt/stack/data/venv/lib/python3.12/site-packages/oslo_config/cfg.py:3253}}
Jun 26 22:54:51.523827 np0000003806 nova-scheduler[96306]: DEBUG cotyledon.oslo_config_glue [-] oslo_messaging_rabbit.rabbit_interval_max = 30 {{(pid=96306) log_opt_values /opt/stack/data/venv/lib/python3.12/site-packages/oslo_config/cfg.py:3253}}
Jun 26 22:54:51.523827 np0000003806 nova-scheduler[96306]: DEBUG cotyledon.oslo_config_glue [-] oslo_messaging_rabbit.rabbit_login_method = AMQPLAIN {{(pid=96306) log_opt_values /opt/stack/data/venv/lib/python3.12/site-packages/oslo_config/cfg.py:3253}}
Jun 26 22:54:51.524141 np0000003806 nova-scheduler[96306]: DEBUG cotyledon.oslo_config_glue [-] oslo_messaging_rabbit.rabbit_qos_prefetch_count = 0 {{(pid=96306) log_opt_values /opt/stack/data/venv/lib/python3.12/site-packages/oslo_config/cfg.py:3253}}
Jun 26 22:54:51.524141 np0000003806 nova-scheduler[96306]: DEBUG cotyledon.oslo_config_glue [-] oslo_messaging_rabbit.rabbit_quorum_delivery_limit = 0 {{(pid=96306) log_opt_values /opt/stack/data/venv/lib/python3.12/site-packages/oslo_config/cfg.py:3253}}
Jun 26 22:54:51.524141 np0000003806 nova-scheduler[96306]: DEBUG cotyledon.oslo_config_glue [-] oslo_messaging_rabbit.rabbit_quorum_max_memory_bytes = 0 {{(pid=96306) log_opt_values /opt/stack/data/venv/lib/python3.12/site-packages/oslo_config/cfg.py:3253}}
Jun 26 22:54:51.524141 np0000003806 nova-scheduler[96306]: DEBUG cotyledon.oslo_config_glue [-] oslo_messaging_rabbit.rabbit_quorum_max_memory_length = 0 {{(pid=96306) log_opt_values /opt/stack/data/venv/lib/python3.12/site-packages/oslo_config/cfg.py:3253}}
Jun 26 22:54:51.524141 np0000003806 nova-scheduler[96306]: DEBUG cotyledon.oslo_config_glue [-] oslo_messaging_rabbit.rabbit_quorum_queue = False {{(pid=96306) log_opt_values /opt/stack/data/venv/lib/python3.12/site-packages/oslo_config/cfg.py:3253}}
Jun 26 22:54:51.524141 np0000003806 nova-scheduler[96306]: DEBUG cotyledon.oslo_config_glue [-] oslo_messaging_rabbit.rabbit_retry_backoff = 2 {{(pid=96306) log_opt_values /opt/stack/data/venv/lib/python3.12/site-packages/oslo_config/cfg.py:3253}}
Jun 26 22:54:51.524141 np0000003806 nova-scheduler[96306]: DEBUG cotyledon.oslo_config_glue [-] oslo_messaging_rabbit.rabbit_retry_interval = 1 {{(pid=96306) log_opt_values /opt/stack/data/venv/lib/python3.12/site-packages/oslo_config/cfg.py:3253}}
Jun 26 22:54:51.524141 np0000003806 nova-scheduler[96306]: DEBUG cotyledon.oslo_config_glue [-] oslo_messaging_rabbit.rabbit_stream_fanout = False {{(pid=96306) log_opt_values /opt/stack/data/venv/lib/python3.12/site-packages/oslo_config/cfg.py:3253}}
Jun 26 22:54:51.524774 np0000003806 nova-scheduler[96306]: DEBUG cotyledon.oslo_config_glue [-] oslo_messaging_rabbit.rabbit_transient_queues_ttl = 1800 {{(pid=96306) log_opt_values /opt/stack/data/venv/lib/python3.12/site-packages/oslo_config/cfg.py:3253}}
Jun 26 22:54:51.524774 np0000003806 nova-scheduler[96306]: DEBUG cotyledon.oslo_config_glue [-] oslo_messaging_rabbit.rabbit_transient_quorum_queue = False {{(pid=96306) log_opt_values /opt/stack/data/venv/lib/python3.12/site-packages/oslo_config/cfg.py:3253}}
Jun 26 22:54:51.524774 np0000003806 nova-scheduler[96306]: DEBUG cotyledon.oslo_config_glue [-] oslo_messaging_rabbit.rpc_conn_pool_size = 30 {{(pid=96306) log_opt_values /opt/stack/data/venv/lib/python3.12/site-packages/oslo_config/cfg.py:3253}}
Jun 26 22:54:51.524774 np0000003806 nova-scheduler[96306]: DEBUG cotyledon.oslo_config_glue [-] oslo_messaging_rabbit.ssl = False {{(pid=96306) log_opt_values /opt/stack/data/venv/lib/python3.12/site-packages/oslo_config/cfg.py:3253}}
Jun 26 22:54:51.524774 np0000003806 nova-scheduler[96306]: DEBUG cotyledon.oslo_config_glue [-] oslo_messaging_rabbit.ssl_ca_file = {{(pid=96306) log_opt_values /opt/stack/data/venv/lib/python3.12/site-packages/oslo_config/cfg.py:3253}}
Jun 26 22:54:51.524774 np0000003806 nova-scheduler[96306]: DEBUG cotyledon.oslo_config_glue [-] oslo_messaging_rabbit.ssl_cert_file = {{(pid=96306) log_opt_values /opt/stack/data/venv/lib/python3.12/site-packages/oslo_config/cfg.py:3253}}
Jun 26 22:54:51.524774 np0000003806 nova-scheduler[96306]: DEBUG cotyledon.oslo_config_glue [-] oslo_messaging_rabbit.ssl_enforce_fips_mode = False {{(pid=96306) log_opt_values /opt/stack/data/venv/lib/python3.12/site-packages/oslo_config/cfg.py:3253}}
Jun 26 22:54:51.524774 np0000003806 nova-scheduler[96306]: DEBUG cotyledon.oslo_config_glue [-] oslo_messaging_rabbit.ssl_enforce_hostname_verification = True {{(pid=96306) log_opt_values /opt/stack/data/venv/lib/python3.12/site-packages/oslo_config/cfg.py:3253}}
Jun 26 22:54:51.524774 np0000003806 nova-scheduler[96306]: DEBUG cotyledon.oslo_config_glue [-] oslo_messaging_rabbit.ssl_key_file = {{(pid=96306) log_opt_values /opt/stack/data/venv/lib/python3.12/site-packages/oslo_config/cfg.py:3253}}
Jun 26 22:54:51.525028 np0000003806 nova-scheduler[96306]: DEBUG cotyledon.oslo_config_glue [-] oslo_messaging_rabbit.ssl_version = {{(pid=96306) log_opt_values /opt/stack/data/venv/lib/python3.12/site-packages/oslo_config/cfg.py:3253}}
Jun 26 22:54:51.525028 np0000003806 nova-scheduler[96306]: DEBUG cotyledon.oslo_config_glue [-] oslo_messaging_rabbit.use_queue_manager = False {{(pid=96306) log_opt_values /opt/stack/data/venv/lib/python3.12/site-packages/oslo_config/cfg.py:3253}}
Jun 26 22:54:51.525028 np0000003806 nova-scheduler[96306]: DEBUG cotyledon.oslo_config_glue [-] oslo_messaging_notifications.driver = ['messagingv2'] {{(pid=96306) log_opt_values /opt/stack/data/venv/lib/python3.12/site-packages/oslo_config/cfg.py:3253}}
Jun 26 22:54:51.525028 np0000003806 nova-scheduler[96306]: DEBUG cotyledon.oslo_config_glue [-] oslo_messaging_notifications.retry = -1 {{(pid=96306) log_opt_values /opt/stack/data/venv/lib/python3.12/site-packages/oslo_config/cfg.py:3253}}
Jun 26 22:54:51.525028 np0000003806 nova-scheduler[96306]: DEBUG cotyledon.oslo_config_glue [-] oslo_messaging_notifications.topics = ['notifications'] {{(pid=96306) log_opt_values /opt/stack/data/venv/lib/python3.12/site-packages/oslo_config/cfg.py:3253}}
Jun 26 22:54:51.525028 np0000003806 nova-scheduler[96306]: DEBUG cotyledon.oslo_config_glue [-] oslo_messaging_notifications.transport_url = **** {{(pid=96306) log_opt_values /opt/stack/data/venv/lib/python3.12/site-packages/oslo_config/cfg.py:3253}}
Jun 26 22:54:51.525028 np0000003806 nova-scheduler[96306]: DEBUG cotyledon.oslo_config_glue [-] oslo_limit.auth_section = None {{(pid=96306) log_opt_values /opt/stack/data/venv/lib/python3.12/site-packages/oslo_config/cfg.py:3253}}
Jun 26 22:54:51.525028 np0000003806 nova-scheduler[96306]: DEBUG cotyledon.oslo_config_glue [-] oslo_limit.auth_type = None {{(pid=96306) log_opt_values /opt/stack/data/venv/lib/python3.12/site-packages/oslo_config/cfg.py:3253}}
Jun 26 22:54:51.525028 np0000003806 nova-scheduler[96306]: DEBUG cotyledon.oslo_config_glue [-] oslo_limit.cafile = None {{(pid=96306) log_opt_values /opt/stack/data/venv/lib/python3.12/site-packages/oslo_config/cfg.py:3253}}
Jun 26 22:54:51.525259 np0000003806 nova-scheduler[96306]: DEBUG cotyledon.oslo_config_glue [-] oslo_limit.certfile = None {{(pid=96306) log_opt_values /opt/stack/data/venv/lib/python3.12/site-packages/oslo_config/cfg.py:3253}}
Jun 26 22:54:51.525259 np0000003806 nova-scheduler[96306]: DEBUG cotyledon.oslo_config_glue [-] oslo_limit.collect_timing = False {{(pid=96306) log_opt_values /opt/stack/data/venv/lib/python3.12/site-packages/oslo_config/cfg.py:3253}}
Jun 26 22:54:51.525259 np0000003806 nova-scheduler[96306]: DEBUG cotyledon.oslo_config_glue [-] oslo_limit.connect_retries = None {{(pid=96306) log_opt_values /opt/stack/data/venv/lib/python3.12/site-packages/oslo_config/cfg.py:3253}}
Jun 26 22:54:51.525259 np0000003806 nova-scheduler[96306]: DEBUG cotyledon.oslo_config_glue [-] oslo_limit.connect_retry_delay = None {{(pid=96306) log_opt_values /opt/stack/data/venv/lib/python3.12/site-packages/oslo_config/cfg.py:3253}}
Jun 26 22:54:51.525259 np0000003806 nova-scheduler[96306]: DEBUG cotyledon.oslo_config_glue [-] oslo_limit.endpoint_id = None {{(pid=96306) log_opt_values /opt/stack/data/venv/lib/python3.12/site-packages/oslo_config/cfg.py:3253}}
Jun 26 22:54:51.525259 np0000003806 nova-scheduler[96306]: DEBUG cotyledon.oslo_config_glue [-] oslo_limit.endpoint_interface = public {{(pid=96306) log_opt_values /opt/stack/data/venv/lib/python3.12/site-packages/oslo_config/cfg.py:3253}}
Jun 26 22:54:51.525259 np0000003806 nova-scheduler[96306]: DEBUG cotyledon.oslo_config_glue [-] oslo_limit.endpoint_override = None {{(pid=96306) log_opt_values /opt/stack/data/venv/lib/python3.12/site-packages/oslo_config/cfg.py:3253}}
Jun 26 22:54:51.525259 np0000003806 nova-scheduler[96306]: DEBUG cotyledon.oslo_config_glue [-] oslo_limit.endpoint_region_name = None {{(pid=96306) log_opt_values /opt/stack/data/venv/lib/python3.12/site-packages/oslo_config/cfg.py:3253}}
Jun 26 22:54:51.525259 np0000003806 nova-scheduler[96306]: DEBUG cotyledon.oslo_config_glue [-] oslo_limit.endpoint_service_name = None {{(pid=96306) log_opt_values /opt/stack/data/venv/lib/python3.12/site-packages/oslo_config/cfg.py:3253}}
Jun 26 22:54:51.525430 np0000003806 nova-scheduler[96306]: DEBUG cotyledon.oslo_config_glue [-] oslo_limit.endpoint_service_type = None {{(pid=96306) log_opt_values /opt/stack/data/venv/lib/python3.12/site-packages/oslo_config/cfg.py:3253}}
Jun 26 22:54:51.525430 np0000003806 nova-scheduler[96306]: DEBUG cotyledon.oslo_config_glue [-] oslo_limit.insecure = False {{(pid=96306) log_opt_values /opt/stack/data/venv/lib/python3.12/site-packages/oslo_config/cfg.py:3253}}
Jun 26 22:54:51.525430 np0000003806 nova-scheduler[96306]: DEBUG cotyledon.oslo_config_glue [-] oslo_limit.keyfile = None {{(pid=96306) log_opt_values /opt/stack/data/venv/lib/python3.12/site-packages/oslo_config/cfg.py:3253}}
Jun 26 22:54:51.525430 np0000003806 nova-scheduler[96306]: DEBUG cotyledon.oslo_config_glue [-] oslo_limit.max_version = None {{(pid=96306) log_opt_values /opt/stack/data/venv/lib/python3.12/site-packages/oslo_config/cfg.py:3253}}
Jun 26 22:54:51.525430 np0000003806 nova-scheduler[96306]: DEBUG cotyledon.oslo_config_glue [-] oslo_limit.min_version = None {{(pid=96306) log_opt_values /opt/stack/data/venv/lib/python3.12/site-packages/oslo_config/cfg.py:3253}}
Jun 26 22:54:51.525430 np0000003806 nova-scheduler[96306]: DEBUG cotyledon.oslo_config_glue [-] oslo_limit.region_name = None {{(pid=96306) log_opt_values /opt/stack/data/venv/lib/python3.12/site-packages/oslo_config/cfg.py:3253}}
Jun 26 22:54:51.525430 np0000003806 nova-scheduler[96306]: DEBUG cotyledon.oslo_config_glue [-] oslo_limit.retriable_status_codes = None {{(pid=96306) log_opt_values /opt/stack/data/venv/lib/python3.12/site-packages/oslo_config/cfg.py:3253}}
Jun 26 22:54:51.525430 np0000003806 nova-scheduler[96306]: DEBUG cotyledon.oslo_config_glue [-] oslo_limit.service_name = None {{(pid=96306) log_opt_values /opt/stack/data/venv/lib/python3.12/site-packages/oslo_config/cfg.py:3253}}
Jun 26 22:54:51.525430 np0000003806 nova-scheduler[96306]: DEBUG cotyledon.oslo_config_glue [-] oslo_limit.service_type = None {{(pid=96306) log_opt_values /opt/stack/data/venv/lib/python3.12/site-packages/oslo_config/cfg.py:3253}}
Jun 26 22:54:51.525654 np0000003806 nova-scheduler[96306]: DEBUG cotyledon.oslo_config_glue [-] oslo_limit.split_loggers = False {{(pid=96306) log_opt_values /opt/stack/data/venv/lib/python3.12/site-packages/oslo_config/cfg.py:3253}}
Jun 26 22:54:51.525654 np0000003806 nova-scheduler[96306]: DEBUG cotyledon.oslo_config_glue [-] oslo_limit.status_code_retries = None {{(pid=96306) log_opt_values /opt/stack/data/venv/lib/python3.12/site-packages/oslo_config/cfg.py:3253}}
Jun 26 22:54:51.525654 np0000003806 nova-scheduler[96306]: DEBUG cotyledon.oslo_config_glue [-] oslo_limit.status_code_retry_delay = None {{(pid=96306) log_opt_values /opt/stack/data/venv/lib/python3.12/site-packages/oslo_config/cfg.py:3253}}
Jun 26 22:54:51.525654 np0000003806 nova-scheduler[96306]: DEBUG cotyledon.oslo_config_glue [-] oslo_limit.timeout = None {{(pid=96306) log_opt_values /opt/stack/data/venv/lib/python3.12/site-packages/oslo_config/cfg.py:3253}}
Jun 26 22:54:51.525654 np0000003806 nova-scheduler[96306]: DEBUG cotyledon.oslo_config_glue [-] oslo_limit.valid_interfaces = None {{(pid=96306) log_opt_values /opt/stack/data/venv/lib/python3.12/site-packages/oslo_config/cfg.py:3253}}
Jun 26 22:54:51.525654 np0000003806 nova-scheduler[96306]: DEBUG cotyledon.oslo_config_glue [-] oslo_limit.version = None {{(pid=96306) log_opt_values /opt/stack/data/venv/lib/python3.12/site-packages/oslo_config/cfg.py:3253}}
Jun 26 22:54:51.525654 np0000003806 nova-scheduler[96306]: DEBUG cotyledon.oslo_config_glue [-] oslo_reports.file_event_handler = None {{(pid=96306) log_opt_values /opt/stack/data/venv/lib/python3.12/site-packages/oslo_config/cfg.py:3253}}
Jun 26 22:54:51.525654 np0000003806 nova-scheduler[96306]: DEBUG cotyledon.oslo_config_glue [-] oslo_reports.file_event_handler_interval = 1 {{(pid=96306) log_opt_values /opt/stack/data/venv/lib/python3.12/site-packages/oslo_config/cfg.py:3253}}
Jun 26 22:54:51.525654 np0000003806 nova-scheduler[96306]: DEBUG cotyledon.oslo_config_glue [-] oslo_reports.log_dir = None {{(pid=96306) log_opt_values /opt/stack/data/venv/lib/python3.12/site-packages/oslo_config/cfg.py:3253}}
Jun 26 22:54:51.525826 np0000003806 nova-scheduler[96306]: DEBUG cotyledon.oslo_config_glue [-] ******************************************************************************** {{(pid=96306) log_opt_values /opt/stack/data/venv/lib/python3.12/site-packages/oslo_config/cfg.py:3260}}
Jun 26 22:54:51.525826 np0000003806 nova-scheduler[96306]: DEBUG cotyledon._service_worker [-] Run service ServiceWrapper(3) [96306] {{(pid=96306) wait_forever /opt/stack/data/venv/lib/python3.12/site-packages/cotyledon/_service_worker.py:218}}
Jun 26 22:54:51.525826 np0000003806 nova-scheduler[96306]: INFO nova.service [-] Starting scheduler node (version 33.1.0)
Jun 26 22:54:51.525895 np0000003806 nova-scheduler[96295]: DEBUG oslo_db.sqlalchemy.engines [None req-bf5e18f6-279c-4cb0-93e0-674ba9f2613b None None] MySQL server mode set to STRICT_TRANS_TABLES,STRICT_ALL_TABLES,NO_ZERO_IN_DATE,NO_ZERO_DATE,ERROR_FOR_DIVISION_BY_ZERO,TRADITIONAL,NO_ENGINE_SUBSTITUTION {{(pid=96295) _check_effective_sql_mode /opt/stack/data/venv/lib/python3.12/site-packages/oslo_db/sqlalchemy/engines.py:325}}
Jun 26 22:54:51.525932 np0000003806 nova-scheduler[96306]: INFO dbcounter [None req-94d018df-f26a-4e06-b159-88583a1fec2a None None] Registered counter for database nova_cell0
Jun 26 22:54:51.525958 np0000003806 nova-scheduler[96301]: DEBUG oslo_db.sqlalchemy.engines [None req-eda518aa-364d-407d-8af1-2577213901aa None None] MySQL server mode set to STRICT_TRANS_TABLES,STRICT_ALL_TABLES,NO_ZERO_IN_DATE,NO_ZERO_DATE,ERROR_FOR_DIVISION_BY_ZERO,TRADITIONAL,NO_ENGINE_SUBSTITUTION {{(pid=96301) _check_effective_sql_mode /opt/stack/data/venv/lib/python3.12/site-packages/oslo_db/sqlalchemy/engines.py:325}}
Jun 26 22:54:51.525983 np0000003806 nova-scheduler[96295]: DEBUG dbcounter [-] [96295] Writer thread running {{(pid=96295) stat_writer /opt/stack/data/venv/lib/python3.12/site-packages/dbcounter.py:102}}
Jun 26 22:54:51.526009 np0000003806 nova-scheduler[96304]: DEBUG oslo_db.sqlalchemy.engines [None req-4e1484a5-aef1-4c40-8fbd-da0c8d4eee26 None None] MySQL server mode set to STRICT_TRANS_TABLES,STRICT_ALL_TABLES,NO_ZERO_IN_DATE,NO_ZERO_DATE,ERROR_FOR_DIVISION_BY_ZERO,TRADITIONAL,NO_ENGINE_SUBSTITUTION {{(pid=96304) _check_effective_sql_mode /opt/stack/data/venv/lib/python3.12/site-packages/oslo_db/sqlalchemy/engines.py:325}}
Jun 26 22:54:51.526043 np0000003806 nova-scheduler[96301]: DEBUG dbcounter [-] [96301] Writer thread running {{(pid=96301) stat_writer /opt/stack/data/venv/lib/python3.12/site-packages/dbcounter.py:102}}
Jun 26 22:54:51.526075 np0000003806 nova-scheduler[96304]: DEBUG dbcounter [-] [96304] Writer thread running {{(pid=96304) stat_writer /opt/stack/data/venv/lib/python3.12/site-packages/dbcounter.py:102}}
Jun 26 22:54:51.526098 np0000003806 nova-scheduler[96295]: DEBUG nova.service [None req-bf5e18f6-279c-4cb0-93e0-674ba9f2613b None None] Creating RPC server for service: nova-scheduler on topic: scheduler {{(pid=96295) start /opt/stack/nova/nova/service.py:196}}
Jun 26 22:54:51.526147 np0000003806 nova-scheduler[96301]: DEBUG nova.service [None req-eda518aa-364d-407d-8af1-2577213901aa None None] Creating RPC server for service: nova-scheduler on topic: scheduler {{(pid=96301) start /opt/stack/nova/nova/service.py:196}}
Jun 26 22:54:51.526175 np0000003806 nova-scheduler[96306]: DEBUG oslo_db.sqlalchemy.engines [None req-94d018df-f26a-4e06-b159-88583a1fec2a None None] MySQL server mode set to STRICT_TRANS_TABLES,STRICT_ALL_TABLES,NO_ZERO_IN_DATE,NO_ZERO_DATE,ERROR_FOR_DIVISION_BY_ZERO,TRADITIONAL,NO_ENGINE_SUBSTITUTION {{(pid=96306) _check_effective_sql_mode /opt/stack/data/venv/lib/python3.12/site-packages/oslo_db/sqlalchemy/engines.py:325}}
Jun 26 22:54:51.526202 np0000003806 nova-scheduler[96304]: DEBUG nova.service [None req-4e1484a5-aef1-4c40-8fbd-da0c8d4eee26 None None] Creating RPC server for service: nova-scheduler on topic: scheduler {{(pid=96304) start /opt/stack/nova/nova/service.py:196}}
Jun 26 22:54:51.535092 np0000003806 nova-scheduler[96306]: DEBUG dbcounter [-] [96306] Writer thread running {{(pid=96306) stat_writer /opt/stack/data/venv/lib/python3.12/site-packages/dbcounter.py:102}}
Jun 26 22:54:51.537927 np0000003806 nova-scheduler[96301]: DEBUG nova.service [None req-eda518aa-364d-407d-8af1-2577213901aa None None] Join ServiceGroup membership for this service scheduler {{(pid=96301) start /opt/stack/nova/nova/service.py:222}}
Jun 26 22:54:51.538160 np0000003806 nova-scheduler[96301]: DEBUG nova.servicegroup.drivers.db [None req-eda518aa-364d-407d-8af1-2577213901aa None None] DB_Driver: join new ServiceGroup member np0000003806 to the scheduler group, service = {{(pid=96301) join /opt/stack/nova/nova/servicegroup/drivers/db.py:44}}
Jun 26 22:54:51.539766 np0000003806 nova-scheduler[96304]: DEBUG nova.service [None req-4e1484a5-aef1-4c40-8fbd-da0c8d4eee26 None None] Join ServiceGroup membership for this service scheduler {{(pid=96304) start /opt/stack/nova/nova/service.py:222}}
Jun 26 22:54:51.540008 np0000003806 nova-scheduler[96304]: DEBUG nova.servicegroup.drivers.db [None req-4e1484a5-aef1-4c40-8fbd-da0c8d4eee26 None None] DB_Driver: join new ServiceGroup member np0000003806 to the scheduler group, service = {{(pid=96304) join /opt/stack/nova/nova/servicegroup/drivers/db.py:44}}
Jun 26 22:54:51.540446 np0000003806 nova-scheduler[96306]: DEBUG nova.service [None req-94d018df-f26a-4e06-b159-88583a1fec2a None None] Creating RPC server for service: nova-scheduler on topic: scheduler {{(pid=96306) start /opt/stack/nova/nova/service.py:196}}
Jun 26 22:54:51.542952 np0000003806 nova-scheduler[96295]: DEBUG nova.service [None req-bf5e18f6-279c-4cb0-93e0-674ba9f2613b None None] Join ServiceGroup membership for this service scheduler {{(pid=96295) start /opt/stack/nova/nova/service.py:222}}
Jun 26 22:54:51.543243 np0000003806 nova-scheduler[96295]: DEBUG nova.servicegroup.drivers.db [None req-bf5e18f6-279c-4cb0-93e0-674ba9f2613b None None] DB_Driver: join new ServiceGroup member np0000003806 to the scheduler group, service = {{(pid=96295) join /opt/stack/nova/nova/servicegroup/drivers/db.py:44}}
Jun 26 22:54:51.559041 np0000003806 nova-scheduler[96306]: DEBUG nova.service [None req-94d018df-f26a-4e06-b159-88583a1fec2a None None] Join ServiceGroup membership for this service scheduler {{(pid=96306) start /opt/stack/nova/nova/service.py:222}}
Jun 26 22:54:51.559230 np0000003806 nova-scheduler[96306]: DEBUG nova.servicegroup.drivers.db [None req-94d018df-f26a-4e06-b159-88583a1fec2a None None] DB_Driver: join new ServiceGroup member np0000003806 to the scheduler group, service = {{(pid=96306) join /opt/stack/nova/nova/servicegroup/drivers/db.py:44}}
Jun 26 22:54:56.555046 np0000003806 nova-scheduler[96301]: DEBUG oslo.service.backend._threading.loopingcall [-] Fixed interval looping call 'nova.servicegroup.drivers.db.DbDriver._report_state' sleeping for 119.98 seconds {{(pid=96301) _run_loop /opt/stack/data/venv/lib/python3.12/site-packages/oslo_service/backend/_threading/loopingcall.py:125}}
Jun 26 22:54:56.556339 np0000003806 nova-scheduler[96304]: DEBUG oslo.service.backend._threading.loopingcall [-] Fixed interval looping call 'nova.servicegroup.drivers.db.DbDriver._report_state' sleeping for 119.99 seconds {{(pid=96304) _run_loop /opt/stack/data/venv/lib/python3.12/site-packages/oslo_service/backend/_threading/loopingcall.py:125}}
Jun 26 22:54:56.556826 np0000003806 nova-scheduler[96295]: DEBUG oslo.service.backend._threading.loopingcall [-] Fixed interval looping call 'nova.servicegroup.drivers.db.DbDriver._report_state' sleeping for 119.99 seconds {{(pid=96295) _run_loop /opt/stack/data/venv/lib/python3.12/site-packages/oslo_service/backend/_threading/loopingcall.py:125}}
Jun 26 22:54:56.572175 np0000003806 nova-scheduler[96306]: DEBUG oslo.service.backend._threading.loopingcall [-] Fixed interval looping call 'nova.servicegroup.drivers.db.DbDriver._report_state' sleeping for 119.99 seconds {{(pid=96306) _run_loop /opt/stack/data/venv/lib/python3.12/site-packages/oslo_service/backend/_threading/loopingcall.py:125}}
Jun 26 22:55:00.072139 np0000003806 nova-scheduler[95103]: DEBUG dbcounter [-] [95103] Writing DB stats nova_api:SELECT=3 {{(pid=95103) stat_writer /opt/stack/data/venv/lib/python3.12/site-packages/dbcounter.py:115}}
Jun 26 22:55:00.212340 np0000003806 nova-scheduler[95103]: DEBUG dbcounter [-] [95103] Writing DB stats nova_cell1:SELECT=1 {{(pid=95103) stat_writer /opt/stack/data/venv/lib/python3.12/site-packages/dbcounter.py:115}}
Jun 26 22:55:00.221600 np0000003806 nova-scheduler[95103]: DEBUG dbcounter [-] [95103] Writing DB stats nova_cell0:SELECT=1 {{(pid=95103) stat_writer /opt/stack/data/venv/lib/python3.12/site-packages/dbcounter.py:115}}
Jun 26 22:55:06.549226 np0000003806 nova-scheduler[96301]: DEBUG dbcounter [-] [96301] Writing DB stats nova_cell0:SELECT=5,nova_cell0:INSERT=1,nova_cell0:UPDATE=1 {{(pid=96301) stat_writer /opt/stack/data/venv/lib/python3.12/site-packages/dbcounter.py:115}}
Jun 26 22:55:06.550492 np0000003806 nova-scheduler[96304]: DEBUG dbcounter [-] [96304] Writing DB stats nova_cell0:SELECT=5,nova_cell0:INSERT=1,nova_cell0:UPDATE=1 {{(pid=96304) stat_writer /opt/stack/data/venv/lib/python3.12/site-packages/dbcounter.py:115}}
Jun 26 22:55:06.553819 np0000003806 nova-scheduler[96295]: DEBUG dbcounter [-] [96295] Writing DB stats nova_cell0:SELECT=4,nova_cell0:INSERT=1,nova_cell0:UPDATE=1 {{(pid=96295) stat_writer /opt/stack/data/venv/lib/python3.12/site-packages/dbcounter.py:115}}
Jun 26 22:55:06.569095 np0000003806 nova-scheduler[96306]: DEBUG dbcounter [-] [96306] Writing DB stats nova_cell0:SELECT=3 {{(pid=96306) stat_writer /opt/stack/data/venv/lib/python3.12/site-packages/dbcounter.py:115}}
Jun 26 22:55:08.541301 np0000003806 nova-scheduler[96301]: DEBUG oslo.service.backend._threading.loopingcall [None req-2e3a8d85-1c8e-4153-a4f8-d6ffc3df6542 None None] Dynamic interval looping call 'nova.service.Service.periodic_tasks' sleeping for 60.00 seconds {{(pid=96301) _run_loop /opt/stack/data/venv/lib/python3.12/site-packages/oslo_service/backend/_threading/loopingcall.py:125}}
Jun 26 22:55:14.545499 np0000003806 nova-scheduler[96295]: DEBUG oslo.service.backend._threading.loopingcall [None req-ac7de60a-a1db-4718-ac9c-c505e5b88bcf None None] Dynamic interval looping call 'nova.service.Service.periodic_tasks' sleeping for 60.00 seconds {{(pid=96295) _run_loop /opt/stack/data/venv/lib/python3.12/site-packages/oslo_service/backend/_threading/loopingcall.py:125}}
Jun 26 22:55:19.561518 np0000003806 nova-scheduler[96306]: DEBUG oslo.service.backend._threading.loopingcall [None req-7b803e10-5cfe-4f3f-a59c-2b2a1169b3d8 None None] Dynamic interval looping call 'nova.service.Service.periodic_tasks' sleeping for 60.00 seconds {{(pid=96306) _run_loop /opt/stack/data/venv/lib/python3.12/site-packages/oslo_service/backend/_threading/loopingcall.py:125}}
Jun 26 22:55:48.542554 np0000003806 nova-scheduler[96304]: DEBUG oslo.service.backend._threading.loopingcall [None req-7a5f8093-ba1a-4086-b635-835398fec1dd None None] Dynamic interval looping call 'nova.service.Service.periodic_tasks' sleeping for 60.00 seconds {{(pid=96304) _run_loop /opt/stack/data/venv/lib/python3.12/site-packages/oslo_service/backend/_threading/loopingcall.py:125}}
Jun 26 22:56:08.541821 np0000003806 nova-scheduler[96301]: DEBUG oslo.service.backend._threading.loopingcall [None req-2e3a8d85-1c8e-4153-a4f8-d6ffc3df6542 None None] Dynamic interval looping call 'nova.service.Service.periodic_tasks' sleeping for 60.00 seconds {{(pid=96301) _run_loop /opt/stack/data/venv/lib/python3.12/site-packages/oslo_service/backend/_threading/loopingcall.py:125}}
Jun 26 22:56:14.546043 np0000003806 nova-scheduler[96295]: DEBUG oslo.service.backend._threading.loopingcall [None req-ac7de60a-a1db-4718-ac9c-c505e5b88bcf None None] Dynamic interval looping call 'nova.service.Service.periodic_tasks' sleeping for 60.00 seconds {{(pid=96295) _run_loop /opt/stack/data/venv/lib/python3.12/site-packages/oslo_service/backend/_threading/loopingcall.py:125}}
Jun 26 22:56:19.562072 np0000003806 nova-scheduler[96306]: DEBUG oslo.service.backend._threading.loopingcall [None req-7b803e10-5cfe-4f3f-a59c-2b2a1169b3d8 None None] Dynamic interval looping call 'nova.service.Service.periodic_tasks' sleeping for 60.00 seconds {{(pid=96306) _run_loop /opt/stack/data/venv/lib/python3.12/site-packages/oslo_service/backend/_threading/loopingcall.py:125}}
Jun 26 22:56:48.543042 np0000003806 nova-scheduler[96304]: DEBUG oslo.service.backend._threading.loopingcall [None req-7a5f8093-ba1a-4086-b635-835398fec1dd None None] Dynamic interval looping call 'nova.service.Service.periodic_tasks' sleeping for 60.00 seconds {{(pid=96304) _run_loop /opt/stack/data/venv/lib/python3.12/site-packages/oslo_service/backend/_threading/loopingcall.py:125}}
Jun 26 22:56:56.542688 np0000003806 nova-scheduler[96301]: DEBUG oslo.service.backend._threading.loopingcall [-] Fixed interval looping call 'nova.servicegroup.drivers.db.DbDriver._report_state' sleeping for 119.99 seconds {{(pid=96301) _run_loop /opt/stack/data/venv/lib/python3.12/site-packages/oslo_service/backend/_threading/loopingcall.py:125}}
Jun 26 22:56:56.550034 np0000003806 nova-scheduler[96295]: DEBUG oslo.service.backend._threading.loopingcall [-] Fixed interval looping call 'nova.servicegroup.drivers.db.DbDriver._report_state' sleeping for 120.00 seconds {{(pid=96295) _run_loop /opt/stack/data/venv/lib/python3.12/site-packages/oslo_service/backend/_threading/loopingcall.py:125}}
Jun 26 22:56:56.550444 np0000003806 nova-scheduler[96304]: DEBUG oslo.service.backend._threading.loopingcall [-] Fixed interval looping call 'nova.servicegroup.drivers.db.DbDriver._report_state' sleeping for 120.00 seconds {{(pid=96304) _run_loop /opt/stack/data/venv/lib/python3.12/site-packages/oslo_service/backend/_threading/loopingcall.py:125}}
Jun 26 22:56:56.565833 np0000003806 nova-scheduler[96306]: DEBUG oslo.service.backend._threading.loopingcall [-] Fixed interval looping call 'nova.servicegroup.drivers.db.DbDriver._report_state' sleeping for 120.00 seconds {{(pid=96306) _run_loop /opt/stack/data/venv/lib/python3.12/site-packages/oslo_service/backend/_threading/loopingcall.py:125}}
Jun 26 22:57:06.538559 np0000003806 nova-scheduler[96301]: DEBUG dbcounter [-] [96301] Writing DB stats nova_cell0:SELECT=1,nova_cell0:UPDATE=1 {{(pid=96301) stat_writer /opt/stack/data/venv/lib/python3.12/site-packages/dbcounter.py:115}}
Jun 26 22:57:06.548326 np0000003806 nova-scheduler[96304]: DEBUG dbcounter [-] [96304] Writing DB stats nova_cell0:SELECT=1 {{(pid=96304) stat_writer /opt/stack/data/venv/lib/python3.12/site-packages/dbcounter.py:115}}
Jun 26 22:57:06.548738 np0000003806 nova-scheduler[96295]: DEBUG dbcounter [-] [96295] Writing DB stats nova_cell0:SELECT=1 {{(pid=96295) stat_writer /opt/stack/data/venv/lib/python3.12/site-packages/dbcounter.py:115}}
Jun 26 22:57:06.564061 np0000003806 nova-scheduler[96306]: DEBUG dbcounter [-] [96306] Writing DB stats nova_cell0:SELECT=1 {{(pid=96306) stat_writer /opt/stack/data/venv/lib/python3.12/site-packages/dbcounter.py:115}}
Jun 26 22:57:08.542301 np0000003806 nova-scheduler[96301]: DEBUG oslo.service.backend._threading.loopingcall [None req-2e3a8d85-1c8e-4153-a4f8-d6ffc3df6542 None None] Dynamic interval looping call 'nova.service.Service.periodic_tasks' sleeping for 60.00 seconds {{(pid=96301) _run_loop /opt/stack/data/venv/lib/python3.12/site-packages/oslo_service/backend/_threading/loopingcall.py:125}}
Jun 26 22:57:14.546995 np0000003806 nova-scheduler[96295]: DEBUG oslo.service.backend._threading.loopingcall [None req-ac7de60a-a1db-4718-ac9c-c505e5b88bcf None None] Dynamic interval looping call 'nova.service.Service.periodic_tasks' sleeping for 60.00 seconds {{(pid=96295) _run_loop /opt/stack/data/venv/lib/python3.12/site-packages/oslo_service/backend/_threading/loopingcall.py:125}}
Jun 26 22:57:19.562571 np0000003806 nova-scheduler[96306]: DEBUG oslo.service.backend._threading.loopingcall [None req-7b803e10-5cfe-4f3f-a59c-2b2a1169b3d8 None None] Dynamic interval looping call 'nova.service.Service.periodic_tasks' sleeping for 60.00 seconds {{(pid=96306) _run_loop /opt/stack/data/venv/lib/python3.12/site-packages/oslo_service/backend/_threading/loopingcall.py:125}}
Jun 26 22:57:25.938845 np0000003806 nova-scheduler[96301]: DEBUG nova.scheduler.manager [None req-b9833327-4bc2-4753-adc2-c9910c1d51da tempest-DeleteServersTestJSON-1536667585 tempest-DeleteServersTestJSON-1536667585-project-member] Starting to schedule for instances: ['e9e4f6ac-d4f7-4e77-90f9-2ae4bd3e8d3a'] {{(pid=96301) select_destinations /opt/stack/nova/nova/scheduler/manager.py:210}}
Jun 26 22:57:25.939810 np0000003806 nova-scheduler[96301]: DEBUG nova.scheduler.request_filter [None req-b9833327-4bc2-4753-adc2-c9910c1d51da tempest-DeleteServersTestJSON-1536667585 tempest-DeleteServersTestJSON-1536667585-project-member] compute_status_filter request filter added forbidden trait COMPUTE_STATUS_DISABLED {{(pid=96301) compute_status_filter /opt/stack/nova/nova/scheduler/request_filter.py:253}}
Jun 26 22:57:25.939810 np0000003806 nova-scheduler[96301]: DEBUG nova.scheduler.request_filter [None req-b9833327-4bc2-4753-adc2-c9910c1d51da tempest-DeleteServersTestJSON-1536667585 tempest-DeleteServersTestJSON-1536667585-project-member] Request filter 'compute_status_filter' took 0.0 seconds {{(pid=96301) wrapper /opt/stack/nova/nova/scheduler/request_filter.py:46}}
Jun 26 22:57:25.940113 np0000003806 nova-scheduler[96301]: DEBUG nova.scheduler.request_filter [None req-b9833327-4bc2-4753-adc2-c9910c1d51da tempest-DeleteServersTestJSON-1536667585 tempest-DeleteServersTestJSON-1536667585-project-member] Request filter 'accelerators_filter' took 0.0 seconds {{(pid=96301) wrapper /opt/stack/nova/nova/scheduler/request_filter.py:46}}
Jun 26 22:57:25.940113 np0000003806 nova-scheduler[96301]: DEBUG nova.scheduler.request_filter [None req-b9833327-4bc2-4753-adc2-c9910c1d51da tempest-DeleteServersTestJSON-1536667585 tempest-DeleteServersTestJSON-1536667585-project-member] Request filter 'packed_virtqueue_filter' took 0.0 seconds {{(pid=96301) wrapper /opt/stack/nova/nova/scheduler/request_filter.py:46}}
Jun 26 22:57:25.940503 np0000003806 nova-scheduler[96301]: DEBUG nova.scheduler.request_filter [None req-b9833327-4bc2-4753-adc2-c9910c1d51da tempest-DeleteServersTestJSON-1536667585 tempest-DeleteServersTestJSON-1536667585-project-member] Request filter 'remote_managed_ports_filter' took 0.0 seconds {{(pid=96301) wrapper /opt/stack/nova/nova/scheduler/request_filter.py:46}}
Jun 26 22:57:25.940735 np0000003806 nova-scheduler[96301]: DEBUG nova.scheduler.request_filter [None req-b9833327-4bc2-4753-adc2-c9910c1d51da tempest-DeleteServersTestJSON-1536667585 tempest-DeleteServersTestJSON-1536667585-project-member] ephemeral_encryption_filter skipped {{(pid=96301) ephemeral_encryption_filter /opt/stack/nova/nova/scheduler/request_filter.py:426}}
Jun 26 22:57:25.940919 np0000003806 nova-scheduler[96301]: DEBUG nova.scheduler.request_filter [None req-b9833327-4bc2-4753-adc2-c9910c1d51da tempest-DeleteServersTestJSON-1536667585 tempest-DeleteServersTestJSON-1536667585-project-member] virtio_sound_filter skipped {{(pid=96301) virtio_sound_filter /opt/stack/nova/nova/scheduler/request_filter.py:460}}
Jun 26 22:57:25.941430 np0000003806 nova-scheduler[96301]: DEBUG nova.scheduler.request_filter [None req-b9833327-4bc2-4753-adc2-c9910c1d51da tempest-DeleteServersTestJSON-1536667585 tempest-DeleteServersTestJSON-1536667585-project-member] tpm_secret_security_filter skipped {{(pid=96301) tpm_secret_security_filter /opt/stack/nova/nova/scheduler/request_filter.py:477}}
Jun 26 22:57:26.493566 np0000003806 nova-scheduler[96301]: INFO nova.utils [None req-b9833327-4bc2-4753-adc2-c9910c1d51da tempest-DeleteServersTestJSON-1536667585 tempest-DeleteServersTestJSON-1536667585-project-member] The cell worker thread pool ForkProcess-2.cell_worker is initialized
Jun 26 22:57:26.493966 np0000003806 nova-scheduler[96301]: DEBUG oslo_concurrency.lockutils [None req-b9833327-4bc2-4753-adc2-c9910c1d51da tempest-DeleteServersTestJSON-1536667585 tempest-DeleteServersTestJSON-1536667585-project-member] Acquiring lock "79ccaa51-d547-46ec-be66-3297809492d5" by "nova.context.set_target_cell..get_or_set_cached_cell_and_set_connections" {{(pid=96301) inner /opt/stack/data/venv/lib/python3.12/site-packages/oslo_concurrency/lockutils.py:511}}
Jun 26 22:57:26.493966 np0000003806 nova-scheduler[96301]: DEBUG oslo_concurrency.lockutils [None req-b9833327-4bc2-4753-adc2-c9910c1d51da tempest-DeleteServersTestJSON-1536667585 tempest-DeleteServersTestJSON-1536667585-project-member] Lock "79ccaa51-d547-46ec-be66-3297809492d5" acquired by "nova.context.set_target_cell..get_or_set_cached_cell_and_set_connections" :: waited 0.000s {{(pid=96301) inner /opt/stack/data/venv/lib/python3.12/site-packages/oslo_concurrency/lockutils.py:524}}
Jun 26 22:57:26.495257 np0000003806 nova-scheduler[96301]: DEBUG oslo_concurrency.lockutils [None req-b9833327-4bc2-4753-adc2-c9910c1d51da tempest-DeleteServersTestJSON-1536667585 tempest-DeleteServersTestJSON-1536667585-project-member] Lock "79ccaa51-d547-46ec-be66-3297809492d5" "released" by "nova.context.set_target_cell..get_or_set_cached_cell_and_set_connections" :: held 0.001s {{(pid=96301) inner /opt/stack/data/venv/lib/python3.12/site-packages/oslo_concurrency/lockutils.py:543}}
Jun 26 22:57:26.497735 np0000003806 nova-scheduler[96301]: INFO dbcounter [None req-b9833327-4bc2-4753-adc2-c9910c1d51da tempest-DeleteServersTestJSON-1536667585 tempest-DeleteServersTestJSON-1536667585-project-member] Registered counter for database nova_cell1
Jun 26 22:57:26.556434 np0000003806 nova-scheduler[96301]: DEBUG oslo_db.sqlalchemy.engines [None req-b9833327-4bc2-4753-adc2-c9910c1d51da tempest-DeleteServersTestJSON-1536667585 tempest-DeleteServersTestJSON-1536667585-project-member] MySQL server mode set to STRICT_TRANS_TABLES,STRICT_ALL_TABLES,NO_ZERO_IN_DATE,NO_ZERO_DATE,ERROR_FOR_DIVISION_BY_ZERO,TRADITIONAL,NO_ENGINE_SUBSTITUTION {{(pid=96301) _check_effective_sql_mode /opt/stack/data/venv/lib/python3.12/site-packages/oslo_db/sqlalchemy/engines.py:325}}
Jun 26 22:57:26.562042 np0000003806 nova-scheduler[96301]: DEBUG dbcounter [-] [96301] Writer thread running {{(pid=96301) stat_writer /opt/stack/data/venv/lib/python3.12/site-packages/dbcounter.py:102}}
Jun 26 22:57:26.580542 np0000003806 nova-scheduler[96301]: DEBUG oslo_db.sqlalchemy.engines [None req-b9833327-4bc2-4753-adc2-c9910c1d51da tempest-DeleteServersTestJSON-1536667585 tempest-DeleteServersTestJSON-1536667585-project-member] Parent process 95103 forked (96301) with an open database connection, which is being discarded and recreated. {{(pid=96301) checkout /opt/stack/data/venv/lib/python3.12/site-packages/oslo_db/sqlalchemy/engines.py:402}}
Jun 26 22:57:26.634934 np0000003806 nova-scheduler[96301]: DEBUG dbcounter [-] [96301] Writer thread running {{(pid=96301) stat_writer /opt/stack/data/venv/lib/python3.12/site-packages/dbcounter.py:102}}
Jun 26 22:57:26.641926 np0000003806 nova-scheduler[96301]: DEBUG oslo_concurrency.lockutils [None req-b9833327-4bc2-4753-adc2-c9910c1d51da tempest-DeleteServersTestJSON-1536667585 tempest-DeleteServersTestJSON-1536667585-project-member] Acquiring lock "79ccaa51-d547-46ec-be66-3297809492d5" by "nova.context.set_target_cell..get_or_set_cached_cell_and_set_connections" {{(pid=96301) inner /opt/stack/data/venv/lib/python3.12/site-packages/oslo_concurrency/lockutils.py:511}}
Jun 26 22:57:26.641926 np0000003806 nova-scheduler[96301]: DEBUG oslo_concurrency.lockutils [None req-b9833327-4bc2-4753-adc2-c9910c1d51da tempest-DeleteServersTestJSON-1536667585 tempest-DeleteServersTestJSON-1536667585-project-member] Lock "79ccaa51-d547-46ec-be66-3297809492d5" acquired by "nova.context.set_target_cell..get_or_set_cached_cell_and_set_connections" :: waited 0.000s {{(pid=96301) inner /opt/stack/data/venv/lib/python3.12/site-packages/oslo_concurrency/lockutils.py:524}}
Jun 26 22:57:26.642108 np0000003806 nova-scheduler[96301]: DEBUG oslo_concurrency.lockutils [None req-b9833327-4bc2-4753-adc2-c9910c1d51da tempest-DeleteServersTestJSON-1536667585 tempest-DeleteServersTestJSON-1536667585-project-member] Lock "79ccaa51-d547-46ec-be66-3297809492d5" "released" by "nova.context.set_target_cell..get_or_set_cached_cell_and_set_connections" :: held 0.000s {{(pid=96301) inner /opt/stack/data/venv/lib/python3.12/site-packages/oslo_concurrency/lockutils.py:543}}
Jun 26 22:57:26.647453 np0000003806 nova-scheduler[96301]: DEBUG oslo_concurrency.lockutils [None req-b9833327-4bc2-4753-adc2-c9910c1d51da tempest-DeleteServersTestJSON-1536667585 tempest-DeleteServersTestJSON-1536667585-project-member] Acquiring lock "('np0000003806', 'np0000003806')" by "nova.scheduler.host_manager.HostState.update.._locked_update" {{(pid=96301) inner /opt/stack/data/venv/lib/python3.12/site-packages/oslo_concurrency/lockutils.py:511}}
Jun 26 22:57:26.647671 np0000003806 nova-scheduler[96301]: DEBUG oslo_concurrency.lockutils [None req-b9833327-4bc2-4753-adc2-c9910c1d51da tempest-DeleteServersTestJSON-1536667585 tempest-DeleteServersTestJSON-1536667585-project-member] Lock "('np0000003806', 'np0000003806')" acquired by "nova.scheduler.host_manager.HostState.update.._locked_update" :: waited 0.000s {{(pid=96301) inner /opt/stack/data/venv/lib/python3.12/site-packages/oslo_concurrency/lockutils.py:524}}
Jun 26 22:57:26.648957 np0000003806 nova-scheduler[96301]: DEBUG nova.scheduler.host_manager [None req-b9833327-4bc2-4753-adc2-c9910c1d51da tempest-DeleteServersTestJSON-1536667585 tempest-DeleteServersTestJSON-1536667585-project-member] Update host state from compute node: ComputeNode(cpu_allocation_ratio=4.0,cpu_info='{"arch": "x86_64", "model": "EPYC-Milan", "vendor": "AMD", "topology": {"cells": 1, "sockets": 16, "cores": 1, "threads": 1}, "maxphysaddr": {"mode": "emulate", "bits": 40}, "features": ["vgif", "ssse3", "ibrs", "clflushopt", "vmcb-clean", "de", "clzero", "tsc-scale", "pku", "tsc_adjust", "bmi1", "lfence-always-serializing", "stibp", "vme", "popcnt", "sse4a", "x2apic", "apic", "nx", "xsaveopt", "skip-l1dfl-vmentry", "fxsr", "pat", "lahf_lm", "xsaveerptr", "topoext", "mds-no", "svme-addr-chk", "mmx", "mce", "cmov", "pse36", "sha-ni", "f16c", "cx16", "adx", "msr", "npt", "v-vmsave-vmload", "smap", "lbrv", "cmp_legacy", "pcid", "pclmuldq", "lm", "smep", "fpu", "virt-ssbd", "mca", "bmi2", "spec-ctrl", "pfthreshold", "umip", "arch-capabilities", "fsrm", "nrip-save", "tsc", "avx", "ssbd", "clwb", "amd-stibp", "xsaves", "invpcid", "vaes", "mmxext", "vpclmulqdq", "cr8legacy", "tsc-deadline", "erms", "mtrr", "avx2", "syscall", "pschange-mc-no", "fma", "flushbyasid", "gds-no", "aes", "clflush", "null-sel-clr-base", "pse", "xsavec", "wbnoinvd", "amd-ssbd", "movbe", "pni", "sep", "xsave", "pause-filter", "rdrand", "amd-psfd", "no-nested-data-bp", "cx8", "sse4.2", "xgetbv1", "abm", "rdctl-no", "fsgsbase", "ibpb", "svm", "perfctr_core", "sse", "rdseed", "sse4.1", "rdtscp", "fxsr_opt", "arat", "pge", "sse2", "pae", "hypervisor", "stibp-always-on", "pdpe1gb", "misalignsse", "osvw", "3dnowprefetch", "rdpid"]}',created_at=2026-06-26T22:55:16Z,current_workload=0,deleted=False,deleted_at=None,disk_allocation_ratio=1.0,disk_available_least=74,free_disk_gb=95,free_ram_mb=63789,host='np0000003806',host_ip=10.4.3.221,hypervisor_hostname='np0000003806',hypervisor_type='QEMU',hypervisor_version=8002002,id=1,local_gb=95,local_gb_used=0,mapped=1,memory_mb=64301,memory_mb_used=512,metrics='[]',numa_topology='{"nova_object.name": "NUMATopology", "nova_object.namespace": "nova", "nova_object.version": "1.2", "nova_object.data": {"cells": [{"nova_object.name": "NUMACell", "nova_object.namespace": "nova", "nova_object.version": "1.5", "nova_object.data": {"id": 0, "cpuset": [0, 1, 2, 3, 4, 5, 6, 7, 8, 9, 10, 11, 12, 13, 14, 15], "pcpuset": [0, 1, 2, 3, 4, 5, 6, 7, 8, 9, 10, 11, 12, 13, 14, 15], "memory": 64301, "cpu_usage": 0, "memory_usage": 0, "pinned_cpus": [], "siblings": [[6], [12], [2], [15], [5], [11], [8], [14], [4], [1], [7], [10], [0], [13], [3], [9]], "mempages": [{"nova_object.name": "NUMAPagesTopology", "nova_object.namespace": "nova", "nova_object.version": "1.1", "nova_object.data": {"size_kb": 4, "total": 16461069, "used": 0, "reserved": 0}, "nova_object.changes": ["reserved", "total", "size_kb", "used"]}, {"nova_object.name": "NUMAPagesTopology", "nova_object.namespace": "nova", "nova_object.version": "1.1", "nova_object.data": {"size_kb": 2048, "total": 0, "used": 0, "reserved": 0}, "nova_object.changes": ["reserved", "total", "size_kb", "used"]}, {"nova_object.name": "NUMAPagesTopology", "nova_object.namespace": "nova", "nova_object.version": "1.1", "nova_object.data": {"size_kb": 1048576, "total": 0, "used": 0, "reserved": 0}, "nova_object.changes": ["reserved", "total", "size_kb", "used"]}], "network_metadata": {"nova_object.name": "NetworkMetadata", "nova_object.namespace": "nova", "nova_object.version": "1.0", "nova_object.data": {"physnets": [], "tunneled": false}, "nova_object.changes": ["physnets", "tunneled"]}, "socket": null}, "nova_object.changes": ["network_metadata", "cpu_usage", "id", "pinned_cpus", "socket", "siblings", "memory_usage", "mempages", "pcpuset", "memory", "cpuset"]}]}, "nova_object.changes": ["cells"]}',pci_device_pools=PciDevicePoolList,ram_allocation_ratio=1.0,running_vms=0,service_id=2,stats={failed_builds='0',uptime=' 22:57:02 up 26 min, 2 users, load average: 1.48, 1.65, 1.00
Jun 26 22:57:26.648957 np0000003806 nova-scheduler[96301]: '},supported_hv_specs=[HVSpec,HVSpec,HVSpec,HVSpec,HVSpec,HVSpec,HVSpec,HVSpec,HVSpec,HVSpec,HVSpec,HVSpec,HVSpec,HVSpec,HVSpec,HVSpec,HVSpec,HVSpec,HVSpec,HVSpec,HVSpec,HVSpec,HVSpec,HVSpec,HVSpec],updated_at=2026-06-26T22:57:04Z,uuid=f27520c0-33a4-4239-b826-4264a3b77367,vcpus=16,vcpus_used=0) {{(pid=96301) _locked_update /opt/stack/nova/nova/scheduler/host_manager.py:168}}
Jun 26 22:57:26.649694 np0000003806 nova-scheduler[96301]: DEBUG nova.scheduler.host_manager [None req-b9833327-4bc2-4753-adc2-c9910c1d51da tempest-DeleteServersTestJSON-1536667585 tempest-DeleteServersTestJSON-1536667585-project-member] Update host state with aggregates: [] {{(pid=96301) _locked_update /opt/stack/nova/nova/scheduler/host_manager.py:171}}
