Aug 15 14:05:31.032629 np0000007352 devstack@g-api.service[99862]: DEBUG glance.api.middleware.version_negotiation [None req-2ecfaf7a-084e-4fbd-9874-daa68b02a607 tempest-AttachSCSIVolumeTestJSON-1043327917 tempest-AttachSCSIVolumeTestJSON-1043327917-project-admin] Matched version: v2 {{(pid=99862) process_request /opt/stack/glance/glance/api/middleware/version_negotiation.py:69}}
Aug 15 14:05:31.032717 np0000007352 devstack@g-api.service[99862]: DEBUG glance.api.middleware.version_negotiation [None req-2ecfaf7a-084e-4fbd-9874-daa68b02a607 tempest-AttachSCSIVolumeTestJSON-1043327917 tempest-AttachSCSIVolumeTestJSON-1043327917-project-admin] new path /v2/images/1f643371-9e80-44a9-95ff-c5bd8d039f0e {{(pid=99862) process_request /opt/stack/glance/glance/api/middleware/version_negotiation.py:70}}
Aug 15 14:05:31.119992 np0000007352 devstack@g-api.service[99864]: DEBUG glance.api.middleware.version_negotiation [None req-a7dbeb0c-79a0-4774-9f26-6f041c7d0e4b tempest-AttachSCSIVolumeTestJSON-1043327917 tempest-AttachSCSIVolumeTestJSON-1043327917-project-admin] Determining version of request: GET /v2/images/1f643371-9e80-44a9-95ff-c5bd8d039f0e Accept: */* {{(pid=99864) process_request /opt/stack/glance/glance/api/middleware/version_negotiation.py:44}}
Aug 15 14:05:31.120163 np0000007352 devstack@g-api.service[99864]: DEBUG glance.api.middleware.version_negotiation [None req-a7dbeb0c-79a0-4774-9f26-6f041c7d0e4b tempest-AttachSCSIVolumeTestJSON-1043327917 tempest-AttachSCSIVolumeTestJSON-1043327917-project-admin] Using url versioning {{(pid=99864) process_request /opt/stack/glance/glance/api/middleware/version_negotiation.py:57}}
Aug 15 14:05:31.120362 np0000007352 devstack@g-api.service[99864]: DEBUG glance.api.middleware.version_negotiation [None req-a7dbeb0c-79a0-4774-9f26-6f041c7d0e4b tempest-AttachSCSIVolumeTestJSON-1043327917 tempest-AttachSCSIVolumeTestJSON-1043327917-project-admin] Matched version: v2 {{(pid=99864) process_request /opt/stack/glance/glance/api/middleware/version_negotiation.py:69}}
Aug 15 14:05:31.120412 np0000007352 devstack@g-api.service[99864]: DEBUG glance.api.middleware.version_negotiation [None req-a7dbeb0c-79a0-4774-9f26-6f041c7d0e4b tempest-AttachSCSIVolumeTestJSON-1043327917 tempest-AttachSCSIVolumeTestJSON-1043327917-project-admin] new path /v2/images/1f643371-9e80-44a9-95ff-c5bd8d039f0e {{(pid=99864) process_request /opt/stack/glance/glance/api/middleware/version_negotiation.py:70}}
Aug 15 14:05:31.414872 np0000007352 devstack@g-api.service[99862]: [pid: 99862|app: 0|req: 9/26] 127.0.0.1 () {44 vars in 1111 bytes} [Sat Aug 15 14:05:31 2026] GET /v2/images/1f643371-9e80-44a9-95ff-c5bd8d039f0e => generated 1044 bytes in 381 msecs (HTTP/1.1 200) 4 headers in 158 bytes (1 switches on core 0)
Aug 15 14:05:31.444544 np0000007352 devstack@g-api.service[99864]: [pid: 99864|app: 0|req: 10/27] 127.0.0.1 () {44 vars in 1111 bytes} [Sat Aug 15 14:05:31 2026] GET /v2/images/1f643371-9e80-44a9-95ff-c5bd8d039f0e => generated 1044 bytes in 325 msecs (HTTP/1.1 200) 4 headers in 158 bytes (1 switches on core 0)
Aug 15 14:05:31.453998 np0000007352 devstack@g-api.service[99862]: DEBUG glance.api.middleware.version_negotiation [None req-563ef4e6-129a-4b38-b2ee-4d58f2799887 tempest-ServerStableDeviceRescueTest-784208672 tempest-ServerStableDeviceRescueTest-784208672-project-member] Determining version of request: GET /v2/schemas/image Accept: */* {{(pid=99862) process_request /opt/stack/glance/glance/api/middleware/version_negotiation.py:44}}
Aug 15 14:05:31.453998 np0000007352 devstack@g-api.service[99862]: DEBUG glance.api.middleware.version_negotiation [None req-563ef4e6-129a-4b38-b2ee-4d58f2799887 tempest-ServerStableDeviceRescueTest-784208672 tempest-ServerStableDeviceRescueTest-784208672-project-member] Using url versioning {{(pid=99862) process_request /opt/stack/glance/glance/api/middleware/version_negotiation.py:57}}
Aug 15 14:05:31.453998 np0000007352 devstack@g-api.service[99862]: DEBUG glance.api.middleware.version_negotiation [None req-563ef4e6-129a-4b38-b2ee-4d58f2799887 tempest-ServerStableDeviceRescueTest-784208672 tempest-ServerStableDeviceRescueTest-784208672-project-member] Matched version: v2 {{(pid=99862) process_request /opt/stack/glance/glance/api/middleware/version_negotiation.py:69}}
Aug 15 14:05:31.453998 np0000007352 devstack@g-api.service[99862]: DEBUG glance.api.middleware.version_negotiation [None req-563ef4e6-129a-4b38-b2ee-4d58f2799887 tempest-ServerStableDeviceRescueTest-784208672 tempest-ServerStableDeviceRescueTest-784208672-project-member] new path /v2/schemas/image {{(pid=99862) process_request /opt/stack/glance/glance/api/middleware/version_negotiation.py:70}}
Aug 15 14:05:31.454301 np0000007352 devstack@g-api.service[99864]: DEBUG glance.api.middleware.version_negotiation [None req-08006cc9-053f-47c7-94e0-bf59064bc438 tempest-TaggedBootDevicesTest_v242-1738449413 tempest-TaggedBootDevicesTest_v242-1738449413-project-member] Determining version of request: GET /v2/schemas/image Accept: */* {{(pid=99864) process_request /opt/stack/glance/glance/api/middleware/version_negotiation.py:44}}
Aug 15 14:05:31.454301 np0000007352 devstack@g-api.service[99864]: DEBUG glance.api.middleware.version_negotiation [None req-08006cc9-053f-47c7-94e0-bf59064bc438 tempest-TaggedBootDevicesTest_v242-1738449413 tempest-TaggedBootDevicesTest_v242-1738449413-project-member] Using url versioning {{(pid=99864) process_request /opt/stack/glance/glance/api/middleware/version_negotiation.py:57}}
Aug 15 14:05:31.454437 np0000007352 devstack@g-api.service[99864]: DEBUG glance.api.middleware.version_negotiation [None req-08006cc9-053f-47c7-94e0-bf59064bc438 tempest-TaggedBootDevicesTest_v242-1738449413 tempest-TaggedBootDevicesTest_v242-1738449413-project-member] Matched version: v2 {{(pid=99864) process_request /opt/stack/glance/glance/api/middleware/version_negotiation.py:69}}
Aug 15 14:05:31.454547 np0000007352 devstack@g-api.service[99864]: DEBUG glance.api.middleware.version_negotiation [None req-08006cc9-053f-47c7-94e0-bf59064bc438 tempest-TaggedBootDevicesTest_v242-1738449413 tempest-TaggedBootDevicesTest_v242-1738449413-project-member] new path /v2/schemas/image {{(pid=99864) process_request /opt/stack/glance/glance/api/middleware/version_negotiation.py:70}}
Aug 15 14:05:31.456570 np0000007352 devstack@g-api.service[99862]: [pid: 99862|app: 0|req: 10/28] 127.0.0.1 () {44 vars in 1051 bytes} [Sat Aug 15 14:05:31 2026] GET /v2/schemas/image => generated 6083 bytes in 3 msecs (HTTP/1.1 200) 4 headers in 158 bytes (1 switches on core 0)
Aug 15 14:05:31.457249 np0000007352 devstack@g-api.service[99864]: [pid: 99864|app: 0|req: 11/29] 127.0.0.1 () {44 vars in 1051 bytes} [Sat Aug 15 14:05:31 2026] GET /v2/schemas/image => generated 6083 bytes in 3 msecs (HTTP/1.1 200) 4 headers in 158 bytes (1 switches on core 0)
Aug 15 14:05:31.467064 np0000007352 devstack@g-api.service[99862]: DEBUG glance.api.middleware.version_negotiation [None req-08006cc9-053f-47c7-94e0-bf59064bc438 tempest-TaggedBootDevicesTest_v242-1738449413 tempest-TaggedBootDevicesTest_v242-1738449413-project-member] Determining version of request: GET /v2/schemas/image Accept: */* {{(pid=99862) process_request /opt/stack/glance/glance/api/middleware/version_negotiation.py:44}}
Aug 15 14:05:31.467314 np0000007352 devstack@g-api.service[99862]: DEBUG glance.api.middleware.version_negotiation [None req-08006cc9-053f-47c7-94e0-bf59064bc438 tempest-TaggedBootDevicesTest_v242-1738449413 tempest-TaggedBootDevicesTest_v242-1738449413-project-member] Using url versioning {{(pid=99862) process_request /opt/stack/glance/glance/api/middleware/version_negotiation.py:57}}
Aug 15 14:05:31.467453 np0000007352 devstack@g-api.service[99862]: DEBUG glance.api.middleware.version_negotiation [None req-08006cc9-053f-47c7-94e0-bf59064bc438 tempest-TaggedBootDevicesTest_v242-1738449413 tempest-TaggedBootDevicesTest_v242-1738449413-project-member] Matched version: v2 {{(pid=99862) process_request /opt/stack/glance/glance/api/middleware/version_negotiation.py:69}}
Aug 15 14:05:31.467584 np0000007352 devstack@g-api.service[99862]: DEBUG glance.api.middleware.version_negotiation [None req-08006cc9-053f-47c7-94e0-bf59064bc438 tempest-TaggedBootDevicesTest_v242-1738449413 tempest-TaggedBootDevicesTest_v242-1738449413-project-member] new path /v2/schemas/image {{(pid=99862) process_request /opt/stack/glance/glance/api/middleware/version_negotiation.py:70}}
Aug 15 14:05:31.469876 np0000007352 devstack@g-api.service[99862]: [pid: 99862|app: 0|req: 11/30] 127.0.0.1 () {44 vars in 1051 bytes} [Sat Aug 15 14:05:31 2026] GET /v2/schemas/image => generated 6083 bytes in 3 msecs (HTTP/1.1 200) 4 headers in 158 bytes (1 switches on core 0)
Aug 15 14:05:31.483656 np0000007352 devstack@g-api.service[99864]: DEBUG glance.api.middleware.version_negotiation [None req-563ef4e6-129a-4b38-b2ee-4d58f2799887 tempest-ServerStableDeviceRescueTest-784208672 tempest-ServerStableDeviceRescueTest-784208672-project-member] Determining version of request: GET /v2/images/1f643371-9e80-44a9-95ff-c5bd8d039f0e Accept: */* {{(pid=99864) process_request /opt/stack/glance/glance/api/middleware/version_negotiation.py:44}}
Aug 15 14:05:31.483868 np0000007352 devstack@g-api.service[99864]: DEBUG glance.api.middleware.version_negotiation [None req-563ef4e6-129a-4b38-b2ee-4d58f2799887 tempest-ServerStableDeviceRescueTest-784208672 tempest-ServerStableDeviceRescueTest-784208672-project-member] Using url versioning {{(pid=99864) process_request /opt/stack/glance/glance/api/middleware/version_negotiation.py:57}}
Aug 15 14:05:31.484063 np0000007352 devstack@g-api.service[99864]: DEBUG glance.api.middleware.version_negotiation [None req-563ef4e6-129a-4b38-b2ee-4d58f2799887 tempest-ServerStableDeviceRescueTest-784208672 tempest-ServerStableDeviceRescueTest-784208672-project-member] Matched version: v2 {{(pid=99864) process_request /opt/stack/glance/glance/api/middleware/version_negotiation.py:69}}
Aug 15 14:05:31.484230 np0000007352 devstack@g-api.service[99864]: DEBUG glance.api.middleware.version_negotiation [None req-563ef4e6-129a-4b38-b2ee-4d58f2799887 tempest-ServerStableDeviceRescueTest-784208672 tempest-ServerStableDeviceRescueTest-784208672-project-member] new path /v2/images/1f643371-9e80-44a9-95ff-c5bd8d039f0e {{(pid=99864) process_request /opt/stack/glance/glance/api/middleware/version_negotiation.py:70}}
Aug 15 14:05:31.495547 np0000007352 devstack@g-api.service[99864]: [pid: 99864|app: 0|req: 12/31] 127.0.0.1 () {44 vars in 1111 bytes} [Sat Aug 15 14:05:31 2026] GET /v2/images/1f643371-9e80-44a9-95ff-c5bd8d039f0e => generated 1044 bytes in 11 msecs (HTTP/1.1 200) 4 headers in 158 bytes (1 switches on core 0)
Aug 15 14:05:31.503593 np0000007352 devstack@g-api.service[99862]: DEBUG glance.api.middleware.version_negotiation [None req-08006cc9-053f-47c7-94e0-bf59064bc438 tempest-TaggedBootDevicesTest_v242-1738449413 tempest-TaggedBootDevicesTest_v242-1738449413-project-member] Determining version of request: GET /v2/schemas/image Accept: */* {{(pid=99862) process_request /opt/stack/glance/glance/api/middleware/version_negotiation.py:44}}
Aug 15 14:05:31.504250 np0000007352 devstack@g-api.service[99862]: DEBUG glance.api.middleware.version_negotiation [None req-08006cc9-053f-47c7-94e0-bf59064bc438 tempest-TaggedBootDevicesTest_v242-1738449413 tempest-TaggedBootDevicesTest_v242-1738449413-project-member] Using url versioning {{(pid=99862) process_request /opt/stack/glance/glance/api/middleware/version_negotiation.py:57}}
Aug 15 14:05:31.504434 np0000007352 devstack@g-api.service[99862]: DEBUG glance.api.middleware.version_negotiation [None req-08006cc9-053f-47c7-94e0-bf59064bc438 tempest-TaggedBootDevicesTest_v242-1738449413 tempest-TaggedBootDevicesTest_v242-1738449413-project-member] Matched version: v2 {{(pid=99862) process_request /opt/stack/glance/glance/api/middleware/version_negotiation.py:69}}
Aug 15 14:05:31.504584 np0000007352 devstack@g-api.service[99862]: DEBUG glance.api.middleware.version_negotiation [None req-08006cc9-053f-47c7-94e0-bf59064bc438 tempest-TaggedBootDevicesTest_v242-1738449413 tempest-TaggedBootDevicesTest_v242-1738449413-project-member] new path /v2/schemas/image {{(pid=99862) process_request /opt/stack/glance/glance/api/middleware/version_negotiation.py:70}}
Aug 15 14:05:31.507762 np0000007352 devstack@g-api.service[99862]: [pid: 99862|app: 0|req: 12/32] 127.0.0.1 () {44 vars in 1051 bytes} [Sat Aug 15 14:05:31 2026] GET /v2/schemas/image => generated 6083 bytes in 4 msecs (HTTP/1.1 200) 4 headers in 158 bytes (1 switches on core 0)
Aug 15 14:05:31.518866 np0000007352 devstack@g-api.service[99864]: DEBUG glance.api.middleware.version_negotiation [None req-08006cc9-053f-47c7-94e0-bf59064bc438 tempest-TaggedBootDevicesTest_v242-1738449413 tempest-TaggedBootDevicesTest_v242-1738449413-project-member] Determining version of request: GET /v2/schemas/image Accept: */* {{(pid=99864) process_request /opt/stack/glance/glance/api/middleware/version_negotiation.py:44}}
Aug 15 14:05:31.519099 np0000007352 devstack@g-api.service[99864]: DEBUG glance.api.middleware.version_negotiation [None req-08006cc9-053f-47c7-94e0-bf59064bc438 tempest-TaggedBootDevicesTest_v242-1738449413 tempest-TaggedBootDevicesTest_v242-1738449413-project-member] Using url versioning {{(pid=99864) process_request /opt/stack/glance/glance/api/middleware/version_negotiation.py:57}}
Aug 15 14:05:31.519280 np0000007352 devstack@g-api.service[99864]: DEBUG glance.api.middleware.version_negotiation [None req-08006cc9-053f-47c7-94e0-bf59064bc438 tempest-TaggedBootDevicesTest_v242-1738449413 tempest-TaggedBootDevicesTest_v242-1738449413-project-member] Matched version: v2 {{(pid=99864) process_request /opt/stack/glance/glance/api/middleware/version_negotiation.py:69}}
Aug 15 14:05:31.521040 np0000007352 devstack@g-api.service[99864]: DEBUG glance.api.middleware.version_negotiation [None req-08006cc9-053f-47c7-94e0-bf59064bc438 tempest-TaggedBootDevicesTest_v242-1738449413 tempest-TaggedBootDevicesTest_v242-1738449413-project-member] new path /v2/schemas/image {{(pid=99864) process_request /opt/stack/glance/glance/api/middleware/version_negotiation.py:70}}
Aug 15 14:05:31.522193 np0000007352 devstack@g-api.service[99864]: [pid: 99864|app: 0|req: 13/33] 127.0.0.1 () {44 vars in 1051 bytes} [Sat Aug 15 14:05:31 2026] GET /v2/schemas/image => generated 6083 bytes in 3 msecs (HTTP/1.1 200) 4 headers in 158 bytes (1 switches on core 0)
Aug 15 14:05:31.570159 np0000007352 devstack@g-api.service[99862]: DEBUG glance.api.middleware.version_negotiation [None req-08006cc9-053f-47c7-94e0-bf59064bc438 tempest-TaggedBootDevicesTest_v242-1738449413 tempest-TaggedBootDevicesTest_v242-1738449413-project-member] Determining version of request: GET /v2/images/1f643371-9e80-44a9-95ff-c5bd8d039f0e Accept: */* {{(pid=99862) process_request /opt/stack/glance/glance/api/middleware/version_negotiation.py:44}}
Aug 15 14:05:31.570355 np0000007352 devstack@g-api.service[99862]: DEBUG glance.api.middleware.version_negotiation [None req-08006cc9-053f-47c7-94e0-bf59064bc438 tempest-TaggedBootDevicesTest_v242-1738449413 tempest-TaggedBootDevicesTest_v242-1738449413-project-member] Using url versioning {{(pid=99862) process_request /opt/stack/glance/glance/api/middleware/version_negotiation.py:57}}
Aug 15 14:05:31.570550 np0000007352 devstack@g-api.service[99862]: DEBUG glance.api.middleware.version_negotiation [None req-08006cc9-053f-47c7-94e0-bf59064bc438 tempest-TaggedBootDevicesTest_v242-1738449413 tempest-TaggedBootDevicesTest_v242-1738449413-project-member] Matched version: v2 {{(pid=99862) process_request /opt/stack/glance/glance/api/middleware/version_negotiation.py:69}}
Aug 15 14:05:31.570872 np0000007352 devstack@g-api.service[99862]: DEBUG glance.api.middleware.version_negotiation [None req-08006cc9-053f-47c7-94e0-bf59064bc438 tempest-TaggedBootDevicesTest_v242-1738449413 tempest-TaggedBootDevicesTest_v242-1738449413-project-member] new path /v2/images/1f643371-9e80-44a9-95ff-c5bd8d039f0e {{(pid=99862) process_request /opt/stack/glance/glance/api/middleware/version_negotiation.py:70}}
Aug 15 14:05:31.581689 np0000007352 devstack@g-api.service[99862]: [pid: 99862|app: 0|req: 13/34] 127.0.0.1 () {44 vars in 1111 bytes} [Sat Aug 15 14:05:31 2026] GET /v2/images/1f643371-9e80-44a9-95ff-c5bd8d039f0e => generated 1044 bytes in 12 msecs (HTTP/1.1 200) 4 headers in 158 bytes (1 switches on core 0)
Aug 15 14:05:31.591005 np0000007352 devstack@g-api.service[99864]: DEBUG glance.api.middleware.version_negotiation [None req-08006cc9-053f-47c7-94e0-bf59064bc438 tempest-TaggedBootDevicesTest_v242-1738449413 tempest-TaggedBootDevicesTest_v242-1738449413-project-member] Determining version of request: GET /v2/schemas/image Accept: */* {{(pid=99864) process_request /opt/stack/glance/glance/api/middleware/version_negotiation.py:44}}
Aug 15 14:05:31.591255 np0000007352 devstack@g-api.service[99864]: DEBUG glance.api.middleware.version_negotiation [None req-08006cc9-053f-47c7-94e0-bf59064bc438 tempest-TaggedBootDevicesTest_v242-1738449413 tempest-TaggedBootDevicesTest_v242-1738449413-project-member] Using url versioning {{(pid=99864) process_request /opt/stack/glance/glance/api/middleware/version_negotiation.py:57}}
Aug 15 14:05:31.591429 np0000007352 devstack@g-api.service[99864]: DEBUG glance.api.middleware.version_negotiation [None req-08006cc9-053f-47c7-94e0-bf59064bc438 tempest-TaggedBootDevicesTest_v242-1738449413 tempest-TaggedBootDevicesTest_v242-1738449413-project-member] Matched version: v2 {{(pid=99864) process_request /opt/stack/glance/glance/api/middleware/version_negotiation.py:69}}
Aug 15 14:05:31.591530 np0000007352 devstack@g-api.service[99864]: DEBUG glance.api.middleware.version_negotiation [None req-08006cc9-053f-47c7-94e0-bf59064bc438 tempest-TaggedBootDevicesTest_v242-1738449413 tempest-TaggedBootDevicesTest_v242-1738449413-project-member] new path /v2/schemas/image {{(pid=99864) process_request /opt/stack/glance/glance/api/middleware/version_negotiation.py:70}}
Aug 15 14:05:31.594915 np0000007352 devstack@g-api.service[99864]: [pid: 99864|app: 0|req: 14/35] 127.0.0.1 () {44 vars in 1051 bytes} [Sat Aug 15 14:05:31 2026] GET /v2/schemas/image => generated 6083 bytes in 3 msecs (HTTP/1.1 200) 4 headers in 158 bytes (1 switches on core 0)
Aug 15 14:05:31.603943 np0000007352 devstack@g-api.service[99862]: DEBUG glance.api.middleware.version_negotiation [None req-08006cc9-053f-47c7-94e0-bf59064bc438 tempest-TaggedBootDevicesTest_v242-1738449413 tempest-TaggedBootDevicesTest_v242-1738449413-project-member] Determining version of request: GET /v2/schemas/image Accept: */* {{(pid=99862) process_request /opt/stack/glance/glance/api/middleware/version_negotiation.py:44}}
Aug 15 14:05:31.604121 np0000007352 devstack@g-api.service[99862]: DEBUG glance.api.middleware.version_negotiation [None req-08006cc9-053f-47c7-94e0-bf59064bc438 tempest-TaggedBootDevicesTest_v242-1738449413 tempest-TaggedBootDevicesTest_v242-1738449413-project-member] Using url versioning {{(pid=99862) process_request /opt/stack/glance/glance/api/middleware/version_negotiation.py:57}}
Aug 15 14:05:31.604289 np0000007352 devstack@g-api.service[99862]: DEBUG glance.api.middleware.version_negotiation [None req-08006cc9-053f-47c7-94e0-bf59064bc438 tempest-TaggedBootDevicesTest_v242-1738449413 tempest-TaggedBootDevicesTest_v242-1738449413-project-member] Matched version: v2 {{(pid=99862) process_request /opt/stack/glance/glance/api/middleware/version_negotiation.py:69}}
Aug 15 14:05:31.604382 np0000007352 devstack@g-api.service[99862]: DEBUG glance.api.middleware.version_negotiation [None req-08006cc9-053f-47c7-94e0-bf59064bc438 tempest-TaggedBootDevicesTest_v242-1738449413 tempest-TaggedBootDevicesTest_v242-1738449413-project-member] new path /v2/schemas/image {{(pid=99862) process_request /opt/stack/glance/glance/api/middleware/version_negotiation.py:70}}
Aug 15 14:05:31.607162 np0000007352 devstack@g-api.service[99862]: [pid: 99862|app: 0|req: 14/36] 127.0.0.1 () {44 vars in 1051 bytes} [Sat Aug 15 14:05:31 2026] GET /v2/schemas/image => generated 6083 bytes in 3 msecs (HTTP/1.1 200) 4 headers in 158 bytes (1 switches on core 0)
Aug 15 14:05:31.635474 np0000007352 devstack@g-api.service[99863]: INFO glance.api.v2.image_data [None req-a2fc2f4e-d168-464b-a8e7-83e35e4d2dfa tempest-AttachSCSIVolumeTestJSON-1043327917 tempest-AttachSCSIVolumeTestJSON-1043327917-project-admin] Unable to create trust: no such option collect_timing in group [keystone_authtoken] Use the existing user token.
Aug 15 14:05:32.371321 np0000007352 devstack@g-api.service[99863]: DEBUG glance.location [None req-a2fc2f4e-d168-464b-a8e7-83e35e4d2dfa tempest-AttachSCSIVolumeTestJSON-1043327917 tempest-AttachSCSIVolumeTestJSON-1043327917-project-admin] Enabling in-flight format inspection for qcow2 {{(pid=99863) set_data /opt/stack/glance/glance/location.py:596}}
Aug 15 14:05:32.371880 np0000007352 devstack@g-api.service[99863]: DEBUG glance_store.backend [None req-a2fc2f4e-d168-464b-a8e7-83e35e4d2dfa tempest-AttachSCSIVolumeTestJSON-1043327917 tempest-AttachSCSIVolumeTestJSON-1043327917-project-admin] Attempting to import store swift {{(pid=99863) _load_store /opt/stack/data/venv/lib/python3.12/site-packages/glance_store/backend.py:215}}
Aug 15 14:05:32.374264 np0000007352 devstack@g-api.service[99863]: DEBUG glance_store.capabilities [None req-a2fc2f4e-d168-464b-a8e7-83e35e4d2dfa tempest-AttachSCSIVolumeTestJSON-1043327917 tempest-AttachSCSIVolumeTestJSON-1043327917-project-admin] Store glance_store._drivers.swift.store.SingleTenantStore doesn't support updating dynamic storage capabilities. Please overwrite 'update_capabilities' method of the store to implement updating logics if needed. {{(pid=99863) update_capabilities /opt/stack/data/venv/lib/python3.12/site-packages/glance_store/capabilities.py:91}}
Aug 15 14:05:32.374439 np0000007352 devstack@g-api.service[99863]: DEBUG glance_store.driver [None req-a2fc2f4e-d168-464b-a8e7-83e35e4d2dfa tempest-AttachSCSIVolumeTestJSON-1043327917 tempest-AttachSCSIVolumeTestJSON-1043327917-project-admin] Late loading location class glance_store._drivers.swift.store.StoreLocation {{(pid=99863) get_store_location_class /opt/stack/data/venv/lib/python3.12/site-packages/glance_store/driver.py:134}}
Aug 15 14:05:32.374581 np0000007352 devstack@g-api.service[99863]: DEBUG glance_store.location [None req-a2fc2f4e-d168-464b-a8e7-83e35e4d2dfa tempest-AttachSCSIVolumeTestJSON-1043327917 tempest-AttachSCSIVolumeTestJSON-1043327917-project-admin] Registering scheme swift+https with {'store': , 'location_class': , 'store_entry': 'swift'} {{(pid=99863) register_scheme_map /opt/stack/data/venv/lib/python3.12/site-packages/glance_store/location.py:146}}
Aug 15 14:05:32.374770 np0000007352 devstack@g-api.service[99863]: DEBUG glance_store.location [None req-a2fc2f4e-d168-464b-a8e7-83e35e4d2dfa tempest-AttachSCSIVolumeTestJSON-1043327917 tempest-AttachSCSIVolumeTestJSON-1043327917-project-admin] Registering scheme swift+https with {'store': , 'location_class': , 'store_entry': 'swift'} {{(pid=99863) register_scheme_map /opt/stack/data/venv/lib/python3.12/site-packages/glance_store/location.py:146}}
Aug 15 14:05:32.374869 np0000007352 devstack@g-api.service[99863]: DEBUG glance_store.location [None req-a2fc2f4e-d168-464b-a8e7-83e35e4d2dfa tempest-AttachSCSIVolumeTestJSON-1043327917 tempest-AttachSCSIVolumeTestJSON-1043327917-project-admin] Registering scheme swift with {'store': , 'location_class': , 'store_entry': 'swift'} {{(pid=99863) register_scheme_map /opt/stack/data/venv/lib/python3.12/site-packages/glance_store/location.py:146}}
Aug 15 14:05:32.375070 np0000007352 devstack@g-api.service[99863]: DEBUG glance_store.location [None req-a2fc2f4e-d168-464b-a8e7-83e35e4d2dfa tempest-AttachSCSIVolumeTestJSON-1043327917 tempest-AttachSCSIVolumeTestJSON-1043327917-project-admin] Registering scheme swift+https with {'store': , 'location_class': , 'store_entry': 'swift'} {{(pid=99863) register_scheme_map /opt/stack/data/venv/lib/python3.12/site-packages/glance_store/location.py:146}}
Aug 15 14:05:32.375130 np0000007352 devstack@g-api.service[99863]: DEBUG glance_store.location [None req-a2fc2f4e-d168-464b-a8e7-83e35e4d2dfa tempest-AttachSCSIVolumeTestJSON-1043327917 tempest-AttachSCSIVolumeTestJSON-1043327917-project-admin] Registering scheme swift with {'store': , 'location_class': , 'store_entry': 'swift'} {{(pid=99863) register_scheme_map /opt/stack/data/venv/lib/python3.12/site-packages/glance_store/location.py:146}}
Aug 15 14:05:32.375212 np0000007352 devstack@g-api.service[99863]: DEBUG glance_store.location [None req-a2fc2f4e-d168-464b-a8e7-83e35e4d2dfa tempest-AttachSCSIVolumeTestJSON-1043327917 tempest-AttachSCSIVolumeTestJSON-1043327917-project-admin] Registering scheme swift+http with {'store': , 'location_class': , 'store_entry': 'swift'} {{(pid=99863) register_scheme_map /opt/stack/data/venv/lib/python3.12/site-packages/glance_store/location.py:146}}
Aug 15 14:05:32.375327 np0000007352 devstack@g-api.service[99863]: DEBUG glance_store.location [None req-a2fc2f4e-d168-464b-a8e7-83e35e4d2dfa tempest-AttachSCSIVolumeTestJSON-1043327917 tempest-AttachSCSIVolumeTestJSON-1043327917-project-admin] Registering scheme swift+https with {'store': , 'location_class': , 'store_entry': 'swift'} {{(pid=99863) register_scheme_map /opt/stack/data/venv/lib/python3.12/site-packages/glance_store/location.py:146}}
Aug 15 14:05:32.375455 np0000007352 devstack@g-api.service[99863]: DEBUG glance_store.location [None req-a2fc2f4e-d168-464b-a8e7-83e35e4d2dfa tempest-AttachSCSIVolumeTestJSON-1043327917 tempest-AttachSCSIVolumeTestJSON-1043327917-project-admin] Registering scheme swift with {'store': , 'location_class': , 'store_entry': 'swift'} {{(pid=99863) register_scheme_map /opt/stack/data/venv/lib/python3.12/site-packages/glance_store/location.py:146}}
Aug 15 14:05:32.375747 np0000007352 devstack@g-api.service[99863]: DEBUG glance_store.location [None req-a2fc2f4e-d168-464b-a8e7-83e35e4d2dfa tempest-AttachSCSIVolumeTestJSON-1043327917 tempest-AttachSCSIVolumeTestJSON-1043327917-project-admin] Registering scheme swift+http with {'store': , 'location_class': , 'store_entry': 'swift'} {{(pid=99863) register_scheme_map /opt/stack/data/venv/lib/python3.12/site-packages/glance_store/location.py:146}}
Aug 15 14:05:32.375973 np0000007352 devstack@g-api.service[99863]: DEBUG glance_store.location [None req-a2fc2f4e-d168-464b-a8e7-83e35e4d2dfa tempest-AttachSCSIVolumeTestJSON-1043327917 tempest-AttachSCSIVolumeTestJSON-1043327917-project-admin] Registering scheme swift+config with {'store': , 'location_class': , 'store_entry': 'swift'} {{(pid=99863) register_scheme_map /opt/stack/data/venv/lib/python3.12/site-packages/glance_store/location.py:146}}
Aug 15 14:05:32.399543 np0000007352 devstack@g-api.service[99864]: DEBUG glance.api.middleware.version_negotiation [None req-08006cc9-053f-47c7-94e0-bf59064bc438 tempest-TaggedBootDevicesTest_v242-1738449413 tempest-TaggedBootDevicesTest_v242-1738449413-project-member] Determining version of request: GET /versions Accept: */* {{(pid=99864) process_request /opt/stack/glance/glance/api/middleware/version_negotiation.py:44}}
Aug 15 14:05:32.400384 np0000007352 devstack@g-api.service[99864]: [pid: 99864|app: 0|req: 15/37] 127.0.0.1 () {44 vars in 1035 bytes} [Sat Aug 15 14:05:32 2026] GET /versions => generated 1501 bytes in 1 msecs (HTTP/1.1 200) 3 headers in 92 bytes (1 switches on core 0)
Aug 15 14:05:32.407809 np0000007352 devstack@g-api.service[99862]: DEBUG glance.api.middleware.version_negotiation [None req-08006cc9-053f-47c7-94e0-bf59064bc438 tempest-TaggedBootDevicesTest_v242-1738449413 tempest-TaggedBootDevicesTest_v242-1738449413-project-member] Determining version of request: GET /v2/images/1f643371-9e80-44a9-95ff-c5bd8d039f0e/locations Accept: */* {{(pid=99862) process_request /opt/stack/glance/glance/api/middleware/version_negotiation.py:44}}
Aug 15 14:05:32.408050 np0000007352 devstack@g-api.service[99862]: DEBUG glance.api.middleware.version_negotiation [None req-08006cc9-053f-47c7-94e0-bf59064bc438 tempest-TaggedBootDevicesTest_v242-1738449413 tempest-TaggedBootDevicesTest_v242-1738449413-project-member] Using url versioning {{(pid=99862) process_request /opt/stack/glance/glance/api/middleware/version_negotiation.py:57}}
Aug 15 14:05:32.408212 np0000007352 devstack@g-api.service[99862]: DEBUG glance.api.middleware.version_negotiation [None req-08006cc9-053f-47c7-94e0-bf59064bc438 tempest-TaggedBootDevicesTest_v242-1738449413 tempest-TaggedBootDevicesTest_v242-1738449413-project-member] Matched version: v2 {{(pid=99862) process_request /opt/stack/glance/glance/api/middleware/version_negotiation.py:69}}
Aug 15 14:05:32.408328 np0000007352 devstack@g-api.service[99862]: DEBUG glance.api.middleware.version_negotiation [None req-08006cc9-053f-47c7-94e0-bf59064bc438 tempest-TaggedBootDevicesTest_v242-1738449413 tempest-TaggedBootDevicesTest_v242-1738449413-project-member] new path /v2/images/1f643371-9e80-44a9-95ff-c5bd8d039f0e/locations {{(pid=99862) process_request /opt/stack/glance/glance/api/middleware/version_negotiation.py:70}}
Aug 15 14:05:32.790443 np0000007352 devstack@g-api.service[99863]: DEBUG swiftclient [None req-a2fc2f4e-d168-464b-a8e7-83e35e4d2dfa tempest-AttachSCSIVolumeTestJSON-1043327917 tempest-AttachSCSIVolumeTestJSON-1043327917-project-admin] REQ: curl -i https://10.4.3.11:8080/v1/AUTH_c8e8e302857e461ba4e527c099fd81d0/glance -I -H "X-Auth-Token: gAAAAABqgHIs943r..." {{(pid=99863) http_log /opt/stack/data/venv/lib/python3.12/site-packages/swiftclient/client.py:160}}
Aug 15 14:05:32.790443 np0000007352 devstack@g-api.service[99863]: DEBUG swiftclient [None req-a2fc2f4e-d168-464b-a8e7-83e35e4d2dfa tempest-AttachSCSIVolumeTestJSON-1043327917 tempest-AttachSCSIVolumeTestJSON-1043327917-project-admin] RESP STATUS: 204 No Content {{(pid=99863) http_log /opt/stack/data/venv/lib/python3.12/site-packages/swiftclient/client.py:161}}
Aug 15 14:05:32.790443 np0000007352 devstack@g-api.service[99863]: DEBUG swiftclient [None req-a2fc2f4e-d168-464b-a8e7-83e35e4d2dfa tempest-AttachSCSIVolumeTestJSON-1043327917 tempest-AttachSCSIVolumeTestJSON-1043327917-project-admin] RESP HEADERS: {'Date': 'Sat, 15 Aug 2026 14:05:32 GMT', 'Server': 'Apache/2.4.58 (Ubuntu)', 'Content-Type': 'text/plain; charset=utf-8', 'X-Container-Object-Count': '3', 'X-Container-Bytes-Used': '64356352', 'X-Timestamp': '1786802607.54440', 'Last-Modified': 'Sat, 15 Aug 2026 14:03:28 GMT', 'Accept-Ranges': 'bytes', 'X-Storage-Policy': 'Policy-0', 'X-Container-Sharding': 'False', 'Vary': 'Accept', 'X-Trans-Id': 'tx9c9aa426f6ef4e4b86183-006a80722c', 'X-Openstack-Request-Id': 'tx9c9aa426f6ef4e4b86183-006a80722c', 'Connection': 'close'} {{(pid=99863) http_log /opt/stack/data/venv/lib/python3.12/site-packages/swiftclient/client.py:162}}
Aug 15 14:05:32.790443 np0000007352 devstack@g-api.service[99863]: DEBUG glance_store._drivers.swift.store [None req-a2fc2f4e-d168-464b-a8e7-83e35e4d2dfa tempest-AttachSCSIVolumeTestJSON-1043327917 tempest-AttachSCSIVolumeTestJSON-1043327917-project-admin] Adding image object '6a98ce17-7184-47e2-b056-833a99aae4fa' to Swift {{(pid=99863) add /opt/stack/data/venv/lib/python3.12/site-packages/glance_store/_drivers/swift/store.py:970}}
Aug 15 14:05:32.790781 np0000007352 devstack@g-api.service[99863]: DEBUG glance_store._drivers.swift.store [None req-a2fc2f4e-d168-464b-a8e7-83e35e4d2dfa tempest-AttachSCSIVolumeTestJSON-1043327917 tempest-AttachSCSIVolumeTestJSON-1043327917-project-admin] Cannot determine image size because it is either not provided in the request or chunked-transfer encoding is used. Adding image as a segmented object to Swift. {{(pid=99863) add /opt/stack/data/venv/lib/python3.12/site-packages/glance_store/_drivers/swift/store.py:994}}
Aug 15 14:05:32.798687 np0000007352 devstack@g-api.service[99863]: DEBUG oslo_utils.imageutils.format_inspector [None req-a2fc2f4e-d168-464b-a8e7-83e35e4d2dfa tempest-AttachSCSIVolumeTestJSON-1043327917 tempest-AttachSCSIVolumeTestJSON-1043327917-project-admin] Format inspector for vmdk does not match, excluding from consideration (Signature KDMV not found: b'QFI\xfb') {{(pid=99863) _process_chunk /opt/stack/data/venv/lib/python3.12/site-packages/oslo_utils/imageutils/format_inspector.py:1758}}
Aug 15 14:05:32.803952 np0000007352 devstack@g-api.service[99863]: DEBUG oslo_utils.imageutils.format_inspector [None req-a2fc2f4e-d168-464b-a8e7-83e35e4d2dfa tempest-AttachSCSIVolumeTestJSON-1043327917 tempest-AttachSCSIVolumeTestJSON-1043327917-project-admin] Format inspector for vhdx does not match, excluding from consideration (Region signature not found at 30000) {{(pid=99863) _process_chunk /opt/stack/data/venv/lib/python3.12/site-packages/oslo_utils/imageutils/format_inspector.py:1758}}
Aug 15 14:05:32.944135 np0000007352 devstack@g-api.service[99862]: [pid: 99862|app: 0|req: 15/38] 127.0.0.1 () {44 vars in 1131 bytes} [Sat Aug 15 14:05:32 2026] GET /v2/images/1f643371-9e80-44a9-95ff-c5bd8d039f0e/locations => generated 92 bytes in 536 msecs (HTTP/1.1 200) 4 headers in 156 bytes (1 switches on core 0)
Aug 15 14:05:32.953386 np0000007352 devstack@g-api.service[99864]: DEBUG glance.api.middleware.version_negotiation [None req-08006cc9-053f-47c7-94e0-bf59064bc438 tempest-TaggedBootDevicesTest_v242-1738449413 tempest-TaggedBootDevicesTest_v242-1738449413-project-member] Determining version of request: GET /v2/images/1f643371-9e80-44a9-95ff-c5bd8d039f0e Accept: */* {{(pid=99864) process_request /opt/stack/glance/glance/api/middleware/version_negotiation.py:44}}
Aug 15 14:05:32.953529 np0000007352 devstack@g-api.service[99864]: DEBUG glance.api.middleware.version_negotiation [None req-08006cc9-053f-47c7-94e0-bf59064bc438 tempest-TaggedBootDevicesTest_v242-1738449413 tempest-TaggedBootDevicesTest_v242-1738449413-project-member] Using url versioning {{(pid=99864) process_request /opt/stack/glance/glance/api/middleware/version_negotiation.py:57}}
Aug 15 14:05:32.953632 np0000007352 devstack@g-api.service[99864]: DEBUG glance.api.middleware.version_negotiation [None req-08006cc9-053f-47c7-94e0-bf59064bc438 tempest-TaggedBootDevicesTest_v242-1738449413 tempest-TaggedBootDevicesTest_v242-1738449413-project-member] Matched version: v2 {{(pid=99864) process_request /opt/stack/glance/glance/api/middleware/version_negotiation.py:69}}
Aug 15 14:05:32.953780 np0000007352 devstack@g-api.service[99864]: DEBUG glance.api.middleware.version_negotiation [None req-08006cc9-053f-47c7-94e0-bf59064bc438 tempest-TaggedBootDevicesTest_v242-1738449413 tempest-TaggedBootDevicesTest_v242-1738449413-project-member] new path /v2/images/1f643371-9e80-44a9-95ff-c5bd8d039f0e {{(pid=99864) process_request /opt/stack/glance/glance/api/middleware/version_negotiation.py:70}}
Aug 15 14:05:32.970268 np0000007352 devstack@g-api.service[99864]: [pid: 99864|app: 0|req: 16/39] 127.0.0.1 () {44 vars in 1111 bytes} [Sat Aug 15 14:05:32 2026] GET /v2/images/1f643371-9e80-44a9-95ff-c5bd8d039f0e => generated 1044 bytes in 17 msecs (HTTP/1.1 200) 4 headers in 158 bytes (1 switches on core 0)
Aug 15 14:05:32.978327 np0000007352 devstack@g-api.service[99862]: DEBUG glance.api.middleware.version_negotiation [None req-08006cc9-053f-47c7-94e0-bf59064bc438 service glance] Determining version of request: GET /v2/schemas/image Accept: */* {{(pid=99862) process_request /opt/stack/glance/glance/api/middleware/version_negotiation.py:44}}
Aug 15 14:05:32.979038 np0000007352 devstack@g-api.service[99862]: DEBUG glance.api.middleware.version_negotiation [None req-08006cc9-053f-47c7-94e0-bf59064bc438 service glance] Using url versioning {{(pid=99862) process_request /opt/stack/glance/glance/api/middleware/version_negotiation.py:57}}
Aug 15 14:05:32.979293 np0000007352 devstack@g-api.service[99862]: DEBUG glance.api.middleware.version_negotiation [None req-08006cc9-053f-47c7-94e0-bf59064bc438 service glance] Matched version: v2 {{(pid=99862) process_request /opt/stack/glance/glance/api/middleware/version_negotiation.py:69}}
Aug 15 14:05:32.979506 np0000007352 devstack@g-api.service[99862]: DEBUG glance.api.middleware.version_negotiation [None req-08006cc9-053f-47c7-94e0-bf59064bc438 service glance] new path /v2/schemas/image {{(pid=99862) process_request /opt/stack/glance/glance/api/middleware/version_negotiation.py:70}}
Aug 15 14:05:32.983183 np0000007352 devstack@g-api.service[99862]: [pid: 99862|app: 0|req: 16/40] 127.0.0.1 () {44 vars in 1051 bytes} [Sat Aug 15 14:05:32 2026] GET /v2/schemas/image => generated 6083 bytes in 5 msecs (HTTP/1.1 200) 4 headers in 158 bytes (1 switches on core 0)
Aug 15 14:05:32.992875 np0000007352 devstack@g-api.service[99864]: DEBUG glance.api.middleware.version_negotiation [None req-08006cc9-053f-47c7-94e0-bf59064bc438 tempest-TaggedBootDevicesTest_v242-1738449413 tempest-TaggedBootDevicesTest_v242-1738449413-project-member] Determining version of request: GET /v2/schemas/image Accept: */* {{(pid=99864) process_request /opt/stack/glance/glance/api/middleware/version_negotiation.py:44}}
Aug 15 14:05:32.993119 np0000007352 devstack@g-api.service[99864]: DEBUG glance.api.middleware.version_negotiation [None req-08006cc9-053f-47c7-94e0-bf59064bc438 tempest-TaggedBootDevicesTest_v242-1738449413 tempest-TaggedBootDevicesTest_v242-1738449413-project-member] Using url versioning {{(pid=99864) process_request /opt/stack/glance/glance/api/middleware/version_negotiation.py:57}}
Aug 15 14:05:32.993320 np0000007352 devstack@g-api.service[99864]: DEBUG glance.api.middleware.version_negotiation [None req-08006cc9-053f-47c7-94e0-bf59064bc438 tempest-TaggedBootDevicesTest_v242-1738449413 tempest-TaggedBootDevicesTest_v242-1738449413-project-member] Matched version: v2 {{(pid=99864) process_request /opt/stack/glance/glance/api/middleware/version_negotiation.py:69}}
Aug 15 14:05:32.994205 np0000007352 devstack@g-api.service[99864]: DEBUG glance.api.middleware.version_negotiation [None req-08006cc9-053f-47c7-94e0-bf59064bc438 tempest-TaggedBootDevicesTest_v242-1738449413 tempest-TaggedBootDevicesTest_v242-1738449413-project-member] new path /v2/schemas/image {{(pid=99864) process_request /opt/stack/glance/glance/api/middleware/version_negotiation.py:70}}
Aug 15 14:05:32.996841 np0000007352 devstack@g-api.service[99864]: [pid: 99864|app: 0|req: 17/41] 127.0.0.1 () {44 vars in 1051 bytes} [Sat Aug 15 14:05:32 2026] GET /v2/schemas/image => generated 6083 bytes in 4 msecs (HTTP/1.1 200) 4 headers in 158 bytes (1 switches on core 0)
Aug 15 14:05:33.035967 np0000007352 devstack@g-api.service[99862]: DEBUG glance.api.middleware.version_negotiation [None req-08006cc9-053f-47c7-94e0-bf59064bc438 tempest-TaggedBootDevicesTest_v242-1738449413 tempest-TaggedBootDevicesTest_v242-1738449413-project-member] Determining version of request: GET /v2/images/1f643371-9e80-44a9-95ff-c5bd8d039f0e Accept: */* {{(pid=99862) process_request /opt/stack/glance/glance/api/middleware/version_negotiation.py:44}}
Aug 15 14:05:33.035967 np0000007352 devstack@g-api.service[99862]: DEBUG glance.api.middleware.version_negotiation [None req-08006cc9-053f-47c7-94e0-bf59064bc438 tempest-TaggedBootDevicesTest_v242-1738449413 tempest-TaggedBootDevicesTest_v242-1738449413-project-member] Using url versioning {{(pid=99862) process_request /opt/stack/glance/glance/api/middleware/version_negotiation.py:57}}
Aug 15 14:05:33.035967 np0000007352 devstack@g-api.service[99862]: DEBUG glance.api.middleware.version_negotiation [None req-08006cc9-053f-47c7-94e0-bf59064bc438 tempest-TaggedBootDevicesTest_v242-1738449413 tempest-TaggedBootDevicesTest_v242-1738449413-project-member] Matched version: v2 {{(pid=99862) process_request /opt/stack/glance/glance/api/middleware/version_negotiation.py:69}}
Aug 15 14:05:33.036248 np0000007352 devstack@g-api.service[99862]: DEBUG glance.api.middleware.version_negotiation [None req-08006cc9-053f-47c7-94e0-bf59064bc438 tempest-TaggedBootDevicesTest_v242-1738449413 tempest-TaggedBootDevicesTest_v242-1738449413-project-member] new path /v2/images/1f643371-9e80-44a9-95ff-c5bd8d039f0e {{(pid=99862) process_request /opt/stack/glance/glance/api/middleware/version_negotiation.py:70}}
Aug 15 14:05:33.046297 np0000007352 devstack@g-api.service[99862]: [pid: 99862|app: 0|req: 17/42] 127.0.0.1 () {44 vars in 1111 bytes} [Sat Aug 15 14:05:33 2026] GET /v2/images/1f643371-9e80-44a9-95ff-c5bd8d039f0e => generated 1044 bytes in 10 msecs (HTTP/1.1 200) 4 headers in 158 bytes (1 switches on core 0)
Aug 15 14:05:33.056293 np0000007352 devstack@g-api.service[99864]: DEBUG glance.api.middleware.version_negotiation [None req-08006cc9-053f-47c7-94e0-bf59064bc438 tempest-TaggedBootDevicesTest_v242-1738449413 tempest-TaggedBootDevicesTest_v242-1738449413-project-member] Determining version of request: GET /v2/images/1f643371-9e80-44a9-95ff-c5bd8d039f0e/file Accept: */* {{(pid=99864) process_request /opt/stack/glance/glance/api/middleware/version_negotiation.py:44}}
Aug 15 14:05:33.056436 np0000007352 devstack@g-api.service[99864]: DEBUG glance.api.middleware.version_negotiation [None req-08006cc9-053f-47c7-94e0-bf59064bc438 tempest-TaggedBootDevicesTest_v242-1738449413 tempest-TaggedBootDevicesTest_v242-1738449413-project-member] Using url versioning {{(pid=99864) process_request /opt/stack/glance/glance/api/middleware/version_negotiation.py:57}}
Aug 15 14:05:33.056540 np0000007352 devstack@g-api.service[99864]: DEBUG glance.api.middleware.version_negotiation [None req-08006cc9-053f-47c7-94e0-bf59064bc438 tempest-TaggedBootDevicesTest_v242-1738449413 tempest-TaggedBootDevicesTest_v242-1738449413-project-member] Matched version: v2 {{(pid=99864) process_request /opt/stack/glance/glance/api/middleware/version_negotiation.py:69}}
Aug 15 14:05:33.056641 np0000007352 devstack@g-api.service[99864]: DEBUG glance.api.middleware.version_negotiation [None req-08006cc9-053f-47c7-94e0-bf59064bc438 tempest-TaggedBootDevicesTest_v242-1738449413 tempest-TaggedBootDevicesTest_v242-1738449413-project-member] new path /v2/images/1f643371-9e80-44a9-95ff-c5bd8d039f0e/file {{(pid=99864) process_request /opt/stack/glance/glance/api/middleware/version_negotiation.py:70}}
Aug 15 14:05:33.066183 np0000007352 devstack@g-api.service[99864]: DEBUG glance.api.middleware.cache [None req-08006cc9-053f-47c7-94e0-bf59064bc438 tempest-TaggedBootDevicesTest_v242-1738449413 tempest-TaggedBootDevicesTest_v242-1738449413-project-member] Cache hit for image '1f643371-9e80-44a9-95ff-c5bd8d039f0e' {{(pid=99864) process_request /opt/stack/glance/glance/api/middleware/cache.py:160}}
Aug 15 14:05:33.076979 np0000007352 devstack@g-api.service[99863]: DEBUG swiftclient [None req-a2fc2f4e-d168-464b-a8e7-83e35e4d2dfa tempest-AttachSCSIVolumeTestJSON-1043327917 tempest-AttachSCSIVolumeTestJSON-1043327917-project-admin] REQ: curl -i https://10.4.3.11:8080/v1/AUTH_c8e8e302857e461ba4e527c099fd81d0/glance/6a98ce17-7184-47e2-b056-833a99aae4fa-00001 -X PUT -H "X-Auth-Token: gAAAAABqgHIs943r..." {{(pid=99863) http_log /opt/stack/data/venv/lib/python3.12/site-packages/swiftclient/client.py:160}}
Aug 15 14:05:33.077127 np0000007352 devstack@g-api.service[99863]: DEBUG swiftclient [None req-a2fc2f4e-d168-464b-a8e7-83e35e4d2dfa tempest-AttachSCSIVolumeTestJSON-1043327917 tempest-AttachSCSIVolumeTestJSON-1043327917-project-admin] RESP STATUS: 201 Created {{(pid=99863) http_log /opt/stack/data/venv/lib/python3.12/site-packages/swiftclient/client.py:161}}
Aug 15 14:05:33.077343 np0000007352 devstack@g-api.service[99863]: DEBUG swiftclient [None req-a2fc2f4e-d168-464b-a8e7-83e35e4d2dfa tempest-AttachSCSIVolumeTestJSON-1043327917 tempest-AttachSCSIVolumeTestJSON-1043327917-project-admin] RESP HEADERS: {'Date': 'Sat, 15 Aug 2026 14:05:33 GMT', 'Server': 'Apache/2.4.58 (Ubuntu)', 'Content-Type': 'text/html; charset=UTF-8', 'Content-Length': '0', 'Etag': '87617e24a5e30cb3b87fda8c0764838f', 'Last-Modified': 'Sat, 15 Aug 2026 14:05:33 GMT', 'X-Trans-Id': 'txad9ea50a4d204f9f9ced9-006a80722c', 'X-Openstack-Request-Id': 'txad9ea50a4d204f9f9ced9-006a80722c', 'Connection': 'close'} {{(pid=99863) http_log /opt/stack/data/venv/lib/python3.12/site-packages/swiftclient/client.py:162}}
Aug 15 14:05:33.077499 np0000007352 devstack@g-api.service[99863]: DEBUG glance_store._drivers.swift.store [None req-a2fc2f4e-d168-464b-a8e7-83e35e4d2dfa tempest-AttachSCSIVolumeTestJSON-1043327917 tempest-AttachSCSIVolumeTestJSON-1043327917-project-admin] Wrote chunk 6a98ce17-7184-47e2-b056-833a99aae4fa-00001 (1/?) of length 21692416 to Swift returning MD5 of content: 87617e24a5e30cb3b87fda8c0764838f {{(pid=99863) add /opt/stack/data/venv/lib/python3.12/site-packages/glance_store/_drivers/swift/store.py:1059}}
Aug 15 14:05:33.077877 np0000007352 devstack@g-api.service[99863]: DEBUG glance_store._drivers.swift.store [None req-a2fc2f4e-d168-464b-a8e7-83e35e4d2dfa tempest-AttachSCSIVolumeTestJSON-1043327917 tempest-AttachSCSIVolumeTestJSON-1043327917-project-admin] Not writing zero-length chunk. {{(pid=99863) add /opt/stack/data/venv/lib/python3.12/site-packages/glance_store/_drivers/swift/store.py:1028}}
Aug 15 14:05:33.112478 np0000007352 devstack@g-api.service[99863]: DEBUG swiftclient [None req-a2fc2f4e-d168-464b-a8e7-83e35e4d2dfa tempest-AttachSCSIVolumeTestJSON-1043327917 tempest-AttachSCSIVolumeTestJSON-1043327917-project-admin] REQ: curl -i https://10.4.3.11:8080/v1/AUTH_c8e8e302857e461ba4e527c099fd81d0/glance/6a98ce17-7184-47e2-b056-833a99aae4fa -X PUT -H "X-Object-Manifest: glance/6a98ce17-7184-47e2-b056-833a99aae4fa-" -H "X-Auth-Token: gAAAAABqgHIs943r..." -H "Content-Length: 0" {{(pid=99863) http_log /opt/stack/data/venv/lib/python3.12/site-packages/swiftclient/client.py:160}}
Aug 15 14:05:33.112478 np0000007352 devstack@g-api.service[99863]: DEBUG swiftclient [None req-a2fc2f4e-d168-464b-a8e7-83e35e4d2dfa tempest-AttachSCSIVolumeTestJSON-1043327917 tempest-AttachSCSIVolumeTestJSON-1043327917-project-admin] RESP STATUS: 201 Created {{(pid=99863) http_log /opt/stack/data/venv/lib/python3.12/site-packages/swiftclient/client.py:161}}
Aug 15 14:05:33.112478 np0000007352 devstack@g-api.service[99863]: DEBUG swiftclient [None req-a2fc2f4e-d168-464b-a8e7-83e35e4d2dfa tempest-AttachSCSIVolumeTestJSON-1043327917 tempest-AttachSCSIVolumeTestJSON-1043327917-project-admin] RESP HEADERS: {'Date': 'Sat, 15 Aug 2026 14:05:33 GMT', 'Server': 'Apache/2.4.58 (Ubuntu)', 'Content-Type': 'text/html; charset=UTF-8', 'Content-Length': '0', 'Etag': 'd41d8cd98f00b204e9800998ecf8427e', 'Last-Modified': 'Sat, 15 Aug 2026 14:05:34 GMT', 'X-Trans-Id': 'tx7c7e412730e64fff9de27-006a80722d', 'X-Openstack-Request-Id': 'tx7c7e412730e64fff9de27-006a80722d', 'Connection': 'close'} {{(pid=99863) http_log /opt/stack/data/venv/lib/python3.12/site-packages/swiftclient/client.py:162}}
Aug 15 14:05:33.112478 np0000007352 devstack@g-api.service[99863]: INFO glance.location [None req-a2fc2f4e-d168-464b-a8e7-83e35e4d2dfa tempest-AttachSCSIVolumeTestJSON-1043327917 tempest-AttachSCSIVolumeTestJSON-1043327917-project-admin] Image format matched and virtual size computed: 117440512
Aug 15 14:05:33.123680 np0000007352 devstack@g-api.service[99864]: [pid: 99864|app: 0|req: 18/43] 127.0.0.1 () {44 vars in 1121 bytes} [Sat Aug 15 14:05:33 2026] GET /v2/images/1f643371-9e80-44a9-95ff-c5bd8d039f0e/file => generated 21692416 bytes in 67 msecs (HTTP/1.1 200) 5 headers in 217 bytes (338 switches on core 0)
Aug 15 14:05:33.149497 np0000007352 devstack@g-api.service[99863]: DEBUG glance_store.backend [None req-a2fc2f4e-d168-464b-a8e7-83e35e4d2dfa tempest-AttachSCSIVolumeTestJSON-1043327917 tempest-AttachSCSIVolumeTestJSON-1043327917-project-admin] Attempting to import store swift {{(pid=99863) _load_store /opt/stack/data/venv/lib/python3.12/site-packages/glance_store/backend.py:215}}
Aug 15 14:05:33.151834 np0000007352 devstack@g-api.service[99863]: DEBUG glance_store.capabilities [None req-a2fc2f4e-d168-464b-a8e7-83e35e4d2dfa tempest-AttachSCSIVolumeTestJSON-1043327917 tempest-AttachSCSIVolumeTestJSON-1043327917-project-admin] Store glance_store._drivers.swift.store.SingleTenantStore doesn't support updating dynamic storage capabilities. Please overwrite 'update_capabilities' method of the store to implement updating logics if needed. {{(pid=99863) update_capabilities /opt/stack/data/venv/lib/python3.12/site-packages/glance_store/capabilities.py:91}}
Aug 15 14:05:33.151834 np0000007352 devstack@g-api.service[99863]: DEBUG glance_store.driver [None req-a2fc2f4e-d168-464b-a8e7-83e35e4d2dfa tempest-AttachSCSIVolumeTestJSON-1043327917 tempest-AttachSCSIVolumeTestJSON-1043327917-project-admin] Late loading location class glance_store._drivers.swift.store.StoreLocation {{(pid=99863) get_store_location_class /opt/stack/data/venv/lib/python3.12/site-packages/glance_store/driver.py:134}}
Aug 15 14:05:33.151834 np0000007352 devstack@g-api.service[99863]: DEBUG glance_store.location [None req-a2fc2f4e-d168-464b-a8e7-83e35e4d2dfa tempest-AttachSCSIVolumeTestJSON-1043327917 tempest-AttachSCSIVolumeTestJSON-1043327917-project-admin] Registering scheme swift+https with {'store': , 'location_class': , 'store_entry': 'swift'} {{(pid=99863) register_scheme_map /opt/stack/data/venv/lib/python3.12/site-packages/glance_store/location.py:146}}
Aug 15 14:05:33.152045 np0000007352 devstack@g-api.service[99863]: DEBUG glance_store.location [None req-a2fc2f4e-d168-464b-a8e7-83e35e4d2dfa tempest-AttachSCSIVolumeTestJSON-1043327917 tempest-AttachSCSIVolumeTestJSON-1043327917-project-admin] Registering scheme swift+https with {'store': , 'location_class': , 'store_entry': 'swift'} {{(pid=99863) register_scheme_map /opt/stack/data/venv/lib/python3.12/site-packages/glance_store/location.py:146}}
