Aug 15 14:02:59.110254 np0000007352 nova-scheduler[93549]: DEBUG cotyledon.oslo_config_glue [-] oslo_messaging_rabbit.rabbit_quorum_max_memory_length = 0 {{(pid=93549) log_opt_values /opt/stack/data/venv/lib/python3.12/site-packages/oslo_config/cfg.py:3560}}
Aug 15 14:02:59.110254 np0000007352 nova-scheduler[93549]: DEBUG cotyledon.oslo_config_glue [-] oslo_messaging_rabbit.rabbit_quorum_queue = False {{(pid=93549) log_opt_values /opt/stack/data/venv/lib/python3.12/site-packages/oslo_config/cfg.py:3560}}
Aug 15 14:02:59.110254 np0000007352 nova-scheduler[93549]: DEBUG cotyledon.oslo_config_glue [-] oslo_messaging_rabbit.rabbit_retry_backoff = 2 {{(pid=93549) log_opt_values /opt/stack/data/venv/lib/python3.12/site-packages/oslo_config/cfg.py:3560}}
Aug 15 14:02:59.110254 np0000007352 nova-scheduler[93549]: DEBUG cotyledon.oslo_config_glue [-] oslo_messaging_rabbit.rabbit_retry_interval = 1 {{(pid=93549) log_opt_values /opt/stack/data/venv/lib/python3.12/site-packages/oslo_config/cfg.py:3560}}
Aug 15 14:02:59.110254 np0000007352 nova-scheduler[93549]: DEBUG cotyledon.oslo_config_glue [-] oslo_messaging_rabbit.rabbit_stream_fanout = False {{(pid=93549) log_opt_values /opt/stack/data/venv/lib/python3.12/site-packages/oslo_config/cfg.py:3560}}
Aug 15 14:02:59.110498 np0000007352 nova-scheduler[93549]: DEBUG cotyledon.oslo_config_glue [-] oslo_messaging_rabbit.rabbit_transient_queues_ttl = 1800 {{(pid=93549) log_opt_values /opt/stack/data/venv/lib/python3.12/site-packages/oslo_config/cfg.py:3560}}
Aug 15 14:02:59.110498 np0000007352 nova-scheduler[93549]: DEBUG cotyledon.oslo_config_glue [-] oslo_messaging_rabbit.rabbit_transient_quorum_queue = False {{(pid=93549) log_opt_values /opt/stack/data/venv/lib/python3.12/site-packages/oslo_config/cfg.py:3560}}
Aug 15 14:02:59.110498 np0000007352 nova-scheduler[93549]: DEBUG cotyledon.oslo_config_glue [-] oslo_messaging_rabbit.rpc_conn_pool_size = 30 {{(pid=93549) log_opt_values /opt/stack/data/venv/lib/python3.12/site-packages/oslo_config/cfg.py:3560}}
Aug 15 14:02:59.110498 np0000007352 nova-scheduler[93549]: DEBUG cotyledon.oslo_config_glue [-] oslo_messaging_rabbit.ssl = False {{(pid=93549) log_opt_values /opt/stack/data/venv/lib/python3.12/site-packages/oslo_config/cfg.py:3560}}
Aug 15 14:02:59.110498 np0000007352 nova-scheduler[93549]: DEBUG cotyledon.oslo_config_glue [-] oslo_messaging_rabbit.ssl_ca_file = {{(pid=93549) log_opt_values /opt/stack/data/venv/lib/python3.12/site-packages/oslo_config/cfg.py:3560}}
Aug 15 14:02:59.110498 np0000007352 nova-scheduler[93549]: DEBUG cotyledon.oslo_config_glue [-] oslo_messaging_rabbit.ssl_cert_file = {{(pid=93549) log_opt_values /opt/stack/data/venv/lib/python3.12/site-packages/oslo_config/cfg.py:3560}}
Aug 15 14:02:59.110498 np0000007352 nova-scheduler[93549]: DEBUG cotyledon.oslo_config_glue [-] oslo_messaging_rabbit.ssl_enforce_fips_mode = False {{(pid=93549) log_opt_values /opt/stack/data/venv/lib/python3.12/site-packages/oslo_config/cfg.py:3560}}
Aug 15 14:02:59.110498 np0000007352 nova-scheduler[93549]: DEBUG cotyledon.oslo_config_glue [-] oslo_messaging_rabbit.ssl_enforce_hostname_verification = True {{(pid=93549) log_opt_values /opt/stack/data/venv/lib/python3.12/site-packages/oslo_config/cfg.py:3560}}
Aug 15 14:02:59.110498 np0000007352 nova-scheduler[93549]: DEBUG cotyledon.oslo_config_glue [-] oslo_messaging_rabbit.ssl_key_file = {{(pid=93549) log_opt_values /opt/stack/data/venv/lib/python3.12/site-packages/oslo_config/cfg.py:3560}}
Aug 15 14:02:59.110772 np0000007352 nova-scheduler[93549]: DEBUG cotyledon.oslo_config_glue [-] oslo_messaging_rabbit.ssl_version = {{(pid=93549) log_opt_values /opt/stack/data/venv/lib/python3.12/site-packages/oslo_config/cfg.py:3560}}
Aug 15 14:02:59.110772 np0000007352 nova-scheduler[93549]: DEBUG cotyledon.oslo_config_glue [-] oslo_messaging_rabbit.use_queue_manager = False {{(pid=93549) log_opt_values /opt/stack/data/venv/lib/python3.12/site-packages/oslo_config/cfg.py:3560}}
Aug 15 14:02:59.110772 np0000007352 nova-scheduler[93549]: DEBUG cotyledon.oslo_config_glue [-] oslo_messaging_notifications.driver = ['messagingv2'] {{(pid=93549) log_opt_values /opt/stack/data/venv/lib/python3.12/site-packages/oslo_config/cfg.py:3560}}
Aug 15 14:02:59.110772 np0000007352 nova-scheduler[93549]: DEBUG cotyledon.oslo_config_glue [-] oslo_messaging_notifications.retry = -1 {{(pid=93549) log_opt_values /opt/stack/data/venv/lib/python3.12/site-packages/oslo_config/cfg.py:3560}}
Aug 15 14:02:59.110772 np0000007352 nova-scheduler[93549]: DEBUG cotyledon.oslo_config_glue [-] oslo_messaging_notifications.topics = ['notifications'] {{(pid=93549) log_opt_values /opt/stack/data/venv/lib/python3.12/site-packages/oslo_config/cfg.py:3560}}
Aug 15 14:02:59.110772 np0000007352 nova-scheduler[93549]: DEBUG cotyledon.oslo_config_glue [-] oslo_messaging_notifications.transport_url = **** {{(pid=93549) log_opt_values /opt/stack/data/venv/lib/python3.12/site-packages/oslo_config/cfg.py:3560}}
Aug 15 14:02:59.110772 np0000007352 nova-scheduler[93549]: DEBUG cotyledon.oslo_config_glue [-] oslo_limit.auth_section = None {{(pid=93549) log_opt_values /opt/stack/data/venv/lib/python3.12/site-packages/oslo_config/cfg.py:3560}}
Aug 15 14:02:59.110772 np0000007352 nova-scheduler[93549]: DEBUG cotyledon.oslo_config_glue [-] oslo_limit.auth_type = None {{(pid=93549) log_opt_values /opt/stack/data/venv/lib/python3.12/site-packages/oslo_config/cfg.py:3560}}
Aug 15 14:02:59.110772 np0000007352 nova-scheduler[93549]: DEBUG cotyledon.oslo_config_glue [-] oslo_limit.cafile = None {{(pid=93549) log_opt_values /opt/stack/data/venv/lib/python3.12/site-packages/oslo_config/cfg.py:3560}}
Aug 15 14:02:59.111068 np0000007352 nova-scheduler[93549]: DEBUG cotyledon.oslo_config_glue [-] oslo_limit.certfile = None {{(pid=93549) log_opt_values /opt/stack/data/venv/lib/python3.12/site-packages/oslo_config/cfg.py:3560}}
Aug 15 14:02:59.111068 np0000007352 nova-scheduler[93549]: DEBUG cotyledon.oslo_config_glue [-] oslo_limit.collect_timing = False {{(pid=93549) log_opt_values /opt/stack/data/venv/lib/python3.12/site-packages/oslo_config/cfg.py:3560}}
Aug 15 14:02:59.111068 np0000007352 nova-scheduler[93549]: DEBUG cotyledon.oslo_config_glue [-] oslo_limit.connect_retries = None {{(pid=93549) log_opt_values /opt/stack/data/venv/lib/python3.12/site-packages/oslo_config/cfg.py:3560}}
Aug 15 14:02:59.111068 np0000007352 nova-scheduler[93549]: DEBUG cotyledon.oslo_config_glue [-] oslo_limit.connect_retry_delay = None {{(pid=93549) log_opt_values /opt/stack/data/venv/lib/python3.12/site-packages/oslo_config/cfg.py:3560}}
Aug 15 14:02:59.111068 np0000007352 nova-scheduler[93549]: DEBUG cotyledon.oslo_config_glue [-] oslo_limit.endpoint_id = None {{(pid=93549) log_opt_values /opt/stack/data/venv/lib/python3.12/site-packages/oslo_config/cfg.py:3560}}
Aug 15 14:02:59.111068 np0000007352 nova-scheduler[93549]: DEBUG cotyledon.oslo_config_glue [-] oslo_limit.endpoint_interface = public {{(pid=93549) log_opt_values /opt/stack/data/venv/lib/python3.12/site-packages/oslo_config/cfg.py:3560}}
Aug 15 14:02:59.111068 np0000007352 nova-scheduler[93549]: DEBUG cotyledon.oslo_config_glue [-] oslo_limit.endpoint_override = None {{(pid=93549) log_opt_values /opt/stack/data/venv/lib/python3.12/site-packages/oslo_config/cfg.py:3560}}
Aug 15 14:02:59.111068 np0000007352 nova-scheduler[93549]: DEBUG cotyledon.oslo_config_glue [-] oslo_limit.endpoint_region_name = None {{(pid=93549) log_opt_values /opt/stack/data/venv/lib/python3.12/site-packages/oslo_config/cfg.py:3560}}
Aug 15 14:02:59.111068 np0000007352 nova-scheduler[93549]: DEBUG cotyledon.oslo_config_glue [-] oslo_limit.endpoint_service_name = None {{(pid=93549) log_opt_values /opt/stack/data/venv/lib/python3.12/site-packages/oslo_config/cfg.py:3560}}
Aug 15 14:02:59.111353 np0000007352 nova-scheduler[93549]: DEBUG cotyledon.oslo_config_glue [-] oslo_limit.endpoint_service_type = None {{(pid=93549) log_opt_values /opt/stack/data/venv/lib/python3.12/site-packages/oslo_config/cfg.py:3560}}
Aug 15 14:02:59.111353 np0000007352 nova-scheduler[93549]: DEBUG cotyledon.oslo_config_glue [-] oslo_limit.insecure = False {{(pid=93549) log_opt_values /opt/stack/data/venv/lib/python3.12/site-packages/oslo_config/cfg.py:3560}}
Aug 15 14:02:59.111353 np0000007352 nova-scheduler[93549]: DEBUG cotyledon.oslo_config_glue [-] oslo_limit.keyfile = None {{(pid=93549) log_opt_values /opt/stack/data/venv/lib/python3.12/site-packages/oslo_config/cfg.py:3560}}
Aug 15 14:02:59.111353 np0000007352 nova-scheduler[93549]: DEBUG cotyledon.oslo_config_glue [-] oslo_limit.max_version = None {{(pid=93549) log_opt_values /opt/stack/data/venv/lib/python3.12/site-packages/oslo_config/cfg.py:3560}}
Aug 15 14:02:59.111353 np0000007352 nova-scheduler[93549]: DEBUG cotyledon.oslo_config_glue [-] oslo_limit.min_version = None {{(pid=93549) log_opt_values /opt/stack/data/venv/lib/python3.12/site-packages/oslo_config/cfg.py:3560}}
Aug 15 14:02:59.111353 np0000007352 nova-scheduler[93549]: DEBUG cotyledon.oslo_config_glue [-] oslo_limit.region_name = None {{(pid=93549) log_opt_values /opt/stack/data/venv/lib/python3.12/site-packages/oslo_config/cfg.py:3560}}
Aug 15 14:02:59.111353 np0000007352 nova-scheduler[93549]: DEBUG cotyledon.oslo_config_glue [-] oslo_limit.retriable_status_codes = None {{(pid=93549) log_opt_values /opt/stack/data/venv/lib/python3.12/site-packages/oslo_config/cfg.py:3560}}
Aug 15 14:02:59.111353 np0000007352 nova-scheduler[93549]: DEBUG cotyledon.oslo_config_glue [-] oslo_limit.service_name = None {{(pid=93549) log_opt_values /opt/stack/data/venv/lib/python3.12/site-packages/oslo_config/cfg.py:3560}}
Aug 15 14:02:59.111353 np0000007352 nova-scheduler[93549]: DEBUG cotyledon.oslo_config_glue [-] oslo_limit.service_type = None {{(pid=93549) log_opt_values /opt/stack/data/venv/lib/python3.12/site-packages/oslo_config/cfg.py:3560}}
Aug 15 14:02:59.111642 np0000007352 nova-scheduler[93549]: DEBUG cotyledon.oslo_config_glue [-] oslo_limit.split_loggers = False {{(pid=93549) log_opt_values /opt/stack/data/venv/lib/python3.12/site-packages/oslo_config/cfg.py:3560}}
Aug 15 14:02:59.111642 np0000007352 nova-scheduler[93549]: DEBUG cotyledon.oslo_config_glue [-] oslo_limit.status_code_retries = None {{(pid=93549) log_opt_values /opt/stack/data/venv/lib/python3.12/site-packages/oslo_config/cfg.py:3560}}
Aug 15 14:02:59.111642 np0000007352 nova-scheduler[93549]: DEBUG cotyledon.oslo_config_glue [-] oslo_limit.status_code_retry_delay = None {{(pid=93549) log_opt_values /opt/stack/data/venv/lib/python3.12/site-packages/oslo_config/cfg.py:3560}}
Aug 15 14:02:59.111642 np0000007352 nova-scheduler[93549]: DEBUG cotyledon.oslo_config_glue [-] oslo_limit.timeout = None {{(pid=93549) log_opt_values /opt/stack/data/venv/lib/python3.12/site-packages/oslo_config/cfg.py:3560}}
Aug 15 14:02:59.111642 np0000007352 nova-scheduler[93549]: DEBUG cotyledon.oslo_config_glue [-] oslo_limit.valid_interfaces = None {{(pid=93549) log_opt_values /opt/stack/data/venv/lib/python3.12/site-packages/oslo_config/cfg.py:3560}}
Aug 15 14:02:59.111642 np0000007352 nova-scheduler[93549]: DEBUG cotyledon.oslo_config_glue [-] oslo_limit.version = None {{(pid=93549) log_opt_values /opt/stack/data/venv/lib/python3.12/site-packages/oslo_config/cfg.py:3560}}
Aug 15 14:02:59.111642 np0000007352 nova-scheduler[93549]: DEBUG cotyledon.oslo_config_glue [-] oslo_reports.file_event_handler = None {{(pid=93549) log_opt_values /opt/stack/data/venv/lib/python3.12/site-packages/oslo_config/cfg.py:3560}}
Aug 15 14:02:59.111642 np0000007352 nova-scheduler[93549]: DEBUG cotyledon.oslo_config_glue [-] oslo_reports.file_event_handler_interval = 1 {{(pid=93549) log_opt_values /opt/stack/data/venv/lib/python3.12/site-packages/oslo_config/cfg.py:3560}}
Aug 15 14:02:59.111642 np0000007352 nova-scheduler[93549]: DEBUG cotyledon.oslo_config_glue [-] oslo_reports.log_dir = None {{(pid=93549) log_opt_values /opt/stack/data/venv/lib/python3.12/site-packages/oslo_config/cfg.py:3560}}
Aug 15 14:02:59.111958 np0000007352 nova-scheduler[93549]: DEBUG cotyledon.oslo_config_glue [-] ******************************************************************************** {{(pid=93549) log_opt_values /opt/stack/data/venv/lib/python3.12/site-packages/oslo_config/cfg.py:3567}}
Aug 15 14:02:59.111958 np0000007352 nova-scheduler[93549]: DEBUG cotyledon._service_worker [-] Run service ServiceWrapper(2) [93549] {{(pid=93549) wait_forever /opt/stack/data/venv/lib/python3.12/site-packages/cotyledon/_service_worker.py:218}}
Aug 15 14:02:59.111958 np0000007352 nova-scheduler[93549]: INFO nova.service [-] Starting scheduler node (version 33.1.0)
Aug 15 14:02:59.111958 np0000007352 nova-scheduler[93549]: INFO dbcounter [None req-4d12e45a-782c-47fc-91ff-b44e299eebe9 None None] Registered counter for database nova_cell0
Aug 15 14:02:59.112080 np0000007352 nova-scheduler[93545]: DEBUG oslo_db.sqlalchemy.engines [None req-dc7fbf5a-fdf9-4b4e-bbaf-e26273fda825 None None] MySQL server mode set to STRICT_TRANS_TABLES,STRICT_ALL_TABLES,NO_ZERO_IN_DATE,NO_ZERO_DATE,ERROR_FOR_DIVISION_BY_ZERO,TRADITIONAL,NO_ENGINE_SUBSTITUTION {{(pid=93545) _check_effective_sql_mode /opt/stack/data/venv/lib/python3.12/site-packages/oslo_db/sqlalchemy/engines.py:325}}
Aug 15 14:02:59.112080 np0000007352 nova-scheduler[93545]: DEBUG dbcounter [-] [93545] Writer thread running {{(pid=93545) stat_writer /opt/stack/data/venv/lib/python3.12/site-packages/dbcounter.py:102}}
Aug 15 14:02:59.112547 np0000007352 nova-scheduler[93547]: DEBUG oslo_db.sqlalchemy.engines [None req-821c191a-e218-4f1f-9033-40143f306d07 None None] MySQL server mode set to STRICT_TRANS_TABLES,STRICT_ALL_TABLES,NO_ZERO_IN_DATE,NO_ZERO_DATE,ERROR_FOR_DIVISION_BY_ZERO,TRADITIONAL,NO_ENGINE_SUBSTITUTION {{(pid=93547) _check_effective_sql_mode /opt/stack/data/venv/lib/python3.12/site-packages/oslo_db/sqlalchemy/engines.py:325}}
Aug 15 14:02:59.120693 np0000007352 nova-scheduler[93549]: DEBUG oslo_db.sqlalchemy.engines [None req-4d12e45a-782c-47fc-91ff-b44e299eebe9 None None] MySQL server mode set to STRICT_TRANS_TABLES,STRICT_ALL_TABLES,NO_ZERO_IN_DATE,NO_ZERO_DATE,ERROR_FOR_DIVISION_BY_ZERO,TRADITIONAL,NO_ENGINE_SUBSTITUTION {{(pid=93549) _check_effective_sql_mode /opt/stack/data/venv/lib/python3.12/site-packages/oslo_db/sqlalchemy/engines.py:325}}
Aug 15 14:02:59.122321 np0000007352 nova-scheduler[93547]: DEBUG dbcounter [-] [93547] Writer thread running {{(pid=93547) stat_writer /opt/stack/data/venv/lib/python3.12/site-packages/dbcounter.py:102}}
Aug 15 14:02:59.132113 np0000007352 nova-scheduler[93545]: DEBUG nova.service [None req-dc7fbf5a-fdf9-4b4e-bbaf-e26273fda825 None None] Creating RPC server for service: nova-scheduler on topic: scheduler {{(pid=93545) start /opt/stack/nova/nova/service.py:262}}
Aug 15 14:02:59.132355 np0000007352 nova-scheduler[93549]: DEBUG dbcounter [-] [93549] Writer thread running {{(pid=93549) stat_writer /opt/stack/data/venv/lib/python3.12/site-packages/dbcounter.py:102}}
Aug 15 14:02:59.135011 np0000007352 nova-scheduler[93549]: DEBUG nova.service [None req-4d12e45a-782c-47fc-91ff-b44e299eebe9 None None] Creating RPC server for service: nova-scheduler on topic: scheduler {{(pid=93549) start /opt/stack/nova/nova/service.py:262}}
Aug 15 14:02:59.138325 np0000007352 nova-scheduler[93547]: DEBUG nova.service [None req-821c191a-e218-4f1f-9033-40143f306d07 None None] Creating RPC server for service: nova-scheduler on topic: scheduler {{(pid=93547) start /opt/stack/nova/nova/service.py:262}}
Aug 15 14:02:59.158090 np0000007352 nova-scheduler[93549]: DEBUG nova.service [None req-4d12e45a-782c-47fc-91ff-b44e299eebe9 None None] Join ServiceGroup membership for this service scheduler {{(pid=93549) start /opt/stack/nova/nova/service.py:288}}
Aug 15 14:02:59.158453 np0000007352 nova-scheduler[93549]: DEBUG nova.servicegroup.drivers.db [None req-4d12e45a-782c-47fc-91ff-b44e299eebe9 None None] DB_Driver: join new ServiceGroup member np0000007352 to the scheduler group, service = {{(pid=93549) join /opt/stack/nova/nova/servicegroup/drivers/db.py:44}}
Aug 15 14:02:59.163600 np0000007352 nova-scheduler[93545]: DEBUG nova.service [None req-dc7fbf5a-fdf9-4b4e-bbaf-e26273fda825 None None] Join ServiceGroup membership for this service scheduler {{(pid=93545) start /opt/stack/nova/nova/service.py:288}}
Aug 15 14:02:59.163888 np0000007352 nova-scheduler[93545]: DEBUG nova.servicegroup.drivers.db [None req-dc7fbf5a-fdf9-4b4e-bbaf-e26273fda825 None None] DB_Driver: join new ServiceGroup member np0000007352 to the scheduler group, service = {{(pid=93545) join /opt/stack/nova/nova/servicegroup/drivers/db.py:44}}
Aug 15 14:02:59.166250 np0000007352 nova-scheduler[93547]: DEBUG nova.service [None req-821c191a-e218-4f1f-9033-40143f306d07 None None] Join ServiceGroup membership for this service scheduler {{(pid=93547) start /opt/stack/nova/nova/service.py:288}}
Aug 15 14:02:59.166368 np0000007352 nova-scheduler[93547]: DEBUG nova.servicegroup.drivers.db [None req-821c191a-e218-4f1f-9033-40143f306d07 None None] DB_Driver: join new ServiceGroup member np0000007352 to the scheduler group, service = {{(pid=93547) join /opt/stack/nova/nova/servicegroup/drivers/db.py:44}}
Aug 15 14:03:03.165982 np0000007352 nova-scheduler[93545]: DEBUG oslo.service.backend._threading.loopingcall [None req-c117d098-a1ed-495c-abd8-a0564a6ec4d2 None None] Dynamic interval looping call 'nova.service.Service.periodic_tasks' sleeping for 60.00 seconds {{(pid=93545) _run_loop /opt/stack/data/venv/lib/python3.12/site-packages/oslo_service/backend/_threading/loopingcall.py:125}}
Aug 15 14:03:04.183613 np0000007352 nova-scheduler[93547]: DEBUG oslo.service.backend._threading.loopingcall [-] Fixed interval looping call 'nova.servicegroup.drivers.db.DbDriver._report_state' sleeping for 119.98 seconds {{(pid=93547) _run_loop /opt/stack/data/venv/lib/python3.12/site-packages/oslo_service/backend/_threading/loopingcall.py:125}}
Aug 15 14:03:04.185026 np0000007352 nova-scheduler[93549]: DEBUG oslo.service.backend._threading.loopingcall [-] Fixed interval looping call 'nova.servicegroup.drivers.db.DbDriver._report_state' sleeping for 119.98 seconds {{(pid=93549) _run_loop /opt/stack/data/venv/lib/python3.12/site-packages/oslo_service/backend/_threading/loopingcall.py:125}}
Aug 15 14:03:04.186085 np0000007352 nova-scheduler[93545]: DEBUG oslo.service.backend._threading.loopingcall [-] Fixed interval looping call 'nova.servicegroup.drivers.db.DbDriver._report_state' sleeping for 119.98 seconds {{(pid=93545) _run_loop /opt/stack/data/venv/lib/python3.12/site-packages/oslo_service/backend/_threading/loopingcall.py:125}}
Aug 15 14:03:07.740881 np0000007352 nova-scheduler[92337]: DEBUG dbcounter [-] [92337] Writing DB stats nova_api:SELECT=3 {{(pid=92337) stat_writer /opt/stack/data/venv/lib/python3.12/site-packages/dbcounter.py:115}}
Aug 15 14:03:07.862294 np0000007352 nova-scheduler[92337]: DEBUG dbcounter [-] [92337] Writing DB stats nova_cell0:SELECT=1 {{(pid=92337) stat_writer /opt/stack/data/venv/lib/python3.12/site-packages/dbcounter.py:115}}
Aug 15 14:03:07.870501 np0000007352 nova-scheduler[92337]: DEBUG dbcounter [-] [92337] Writing DB stats nova_cell1:SELECT=1 {{(pid=92337) stat_writer /opt/stack/data/venv/lib/python3.12/site-packages/dbcounter.py:115}}
Aug 15 14:03:14.179124 np0000007352 nova-scheduler[93547]: DEBUG dbcounter [-] [93547] Writing DB stats nova_cell0:SELECT=5,nova_cell0:INSERT=1,nova_cell0:UPDATE=1 {{(pid=93547) stat_writer /opt/stack/data/venv/lib/python3.12/site-packages/dbcounter.py:115}}
Aug 15 14:03:14.179534 np0000007352 nova-scheduler[93549]: DEBUG dbcounter [-] [93549] Writing DB stats nova_cell0:SELECT=3,nova_cell0:UPDATE=1 {{(pid=93549) stat_writer /opt/stack/data/venv/lib/python3.12/site-packages/dbcounter.py:115}}
Aug 15 14:03:14.183966 np0000007352 nova-scheduler[93545]: DEBUG dbcounter [-] [93545] Writing DB stats nova_cell0:SELECT=4,nova_cell0:INSERT=1,nova_cell0:UPDATE=1 {{(pid=93545) stat_writer /opt/stack/data/venv/lib/python3.12/site-packages/dbcounter.py:115}}
Aug 15 14:03:20.161407 np0000007352 nova-scheduler[93549]: DEBUG oslo.service.backend._threading.loopingcall [None req-678cd0cf-3213-470f-adde-0a401af36271 None None] Dynamic interval looping call 'nova.service.Service.periodic_tasks' sleeping for 60.00 seconds {{(pid=93549) _run_loop /opt/stack/data/venv/lib/python3.12/site-packages/oslo_service/backend/_threading/loopingcall.py:125}}
Aug 15 14:03:21.168366 np0000007352 nova-scheduler[93547]: DEBUG oslo.service.backend._threading.loopingcall [None req-4dab57a4-0014-4186-aac2-5120ba69c002 None None] Dynamic interval looping call 'nova.service.Service.periodic_tasks' sleeping for 60.00 seconds {{(pid=93547) _run_loop /opt/stack/data/venv/lib/python3.12/site-packages/oslo_service/backend/_threading/loopingcall.py:125}}
Aug 15 14:04:03.166492 np0000007352 nova-scheduler[93545]: DEBUG oslo.service.backend._threading.loopingcall [None req-c117d098-a1ed-495c-abd8-a0564a6ec4d2 None None] Dynamic interval looping call 'nova.service.Service.periodic_tasks' sleeping for 60.00 seconds {{(pid=93545) _run_loop /opt/stack/data/venv/lib/python3.12/site-packages/oslo_service/backend/_threading/loopingcall.py:125}}
Aug 15 14:04:20.161902 np0000007352 nova-scheduler[93549]: DEBUG oslo.service.backend._threading.loopingcall [None req-678cd0cf-3213-470f-adde-0a401af36271 None None] Dynamic interval looping call 'nova.service.Service.periodic_tasks' sleeping for 60.00 seconds {{(pid=93549) _run_loop /opt/stack/data/venv/lib/python3.12/site-packages/oslo_service/backend/_threading/loopingcall.py:125}}
Aug 15 14:04:21.168908 np0000007352 nova-scheduler[93547]: DEBUG oslo.service.backend._threading.loopingcall [None req-4dab57a4-0014-4186-aac2-5120ba69c002 None None] Dynamic interval looping call 'nova.service.Service.periodic_tasks' sleeping for 60.00 seconds {{(pid=93547) _run_loop /opt/stack/data/venv/lib/python3.12/site-packages/oslo_service/backend/_threading/loopingcall.py:125}}
Aug 15 14:05:03.166916 np0000007352 nova-scheduler[93545]: DEBUG oslo.service.backend._threading.loopingcall [None req-c117d098-a1ed-495c-abd8-a0564a6ec4d2 None None] Dynamic interval looping call 'nova.service.Service.periodic_tasks' sleeping for 60.00 seconds {{(pid=93545) _run_loop /opt/stack/data/venv/lib/python3.12/site-packages/oslo_service/backend/_threading/loopingcall.py:125}}
Aug 15 14:05:04.171876 np0000007352 nova-scheduler[93547]: DEBUG oslo.service.backend._threading.loopingcall [-] Fixed interval looping call 'nova.servicegroup.drivers.db.DbDriver._report_state' sleeping for 119.99 seconds {{(pid=93547) _run_loop /opt/stack/data/venv/lib/python3.12/site-packages/oslo_service/backend/_threading/loopingcall.py:125}}
Aug 15 14:05:04.172493 np0000007352 nova-scheduler[93545]: DEBUG oslo.service.backend._threading.loopingcall [-] Fixed interval looping call 'nova.servicegroup.drivers.db.DbDriver._report_state' sleeping for 119.99 seconds {{(pid=93545) _run_loop /opt/stack/data/venv/lib/python3.12/site-packages/oslo_service/backend/_threading/loopingcall.py:125}}
Aug 15 14:05:04.174126 np0000007352 nova-scheduler[93549]: DEBUG oslo.service.backend._threading.loopingcall [-] Fixed interval looping call 'nova.servicegroup.drivers.db.DbDriver._report_state' sleeping for 119.99 seconds {{(pid=93549) _run_loop /opt/stack/data/venv/lib/python3.12/site-packages/oslo_service/backend/_threading/loopingcall.py:125}}
Aug 15 14:05:14.168064 np0000007352 nova-scheduler[93547]: DEBUG dbcounter [-] [93547] Writing DB stats nova_cell0:SELECT=1,nova_cell0:UPDATE=1 {{(pid=93547) stat_writer /opt/stack/data/venv/lib/python3.12/site-packages/dbcounter.py:115}}
Aug 15 14:05:14.169460 np0000007352 nova-scheduler[93545]: DEBUG dbcounter [-] [93545] Writing DB stats nova_cell0:SELECT=1,nova_cell0:UPDATE=1 {{(pid=93545) stat_writer /opt/stack/data/venv/lib/python3.12/site-packages/dbcounter.py:115}}
Aug 15 14:05:14.171822 np0000007352 nova-scheduler[93549]: DEBUG dbcounter [-] [93549] Writing DB stats nova_cell0:SELECT=1,nova_cell0:UPDATE=1 {{(pid=93549) stat_writer /opt/stack/data/venv/lib/python3.12/site-packages/dbcounter.py:115}}
Aug 15 14:05:20.162469 np0000007352 nova-scheduler[93549]: DEBUG oslo.service.backend._threading.loopingcall [None req-678cd0cf-3213-470f-adde-0a401af36271 None None] Dynamic interval looping call 'nova.service.Service.periodic_tasks' sleeping for 60.00 seconds {{(pid=93549) _run_loop /opt/stack/data/venv/lib/python3.12/site-packages/oslo_service/backend/_threading/loopingcall.py:125}}
Aug 15 14:05:21.169432 np0000007352 nova-scheduler[93547]: DEBUG oslo.service.backend._threading.loopingcall [None req-4dab57a4-0014-4186-aac2-5120ba69c002 None None] Dynamic interval looping call 'nova.service.Service.periodic_tasks' sleeping for 60.00 seconds {{(pid=93547) _run_loop /opt/stack/data/venv/lib/python3.12/site-packages/oslo_service/backend/_threading/loopingcall.py:125}}
Aug 15 14:05:36.121856 np0000007352 nova-scheduler[93549]: DEBUG nova.scheduler.manager [None req-f5473b5b-9df6-4d77-b924-a0a6328bf522 tempest-ServerActionsTestOtherB-625886558 tempest-ServerActionsTestOtherB-625886558-project-member] Starting to schedule for instances: ['dea0bf1a-5ad3-48b6-9f17-544c305b4504'] {{(pid=93549) select_destinations /opt/stack/nova/nova/scheduler/manager.py:197}}
Aug 15 14:05:36.122381 np0000007352 nova-scheduler[93549]: DEBUG nova.scheduler.request_filter [None req-f5473b5b-9df6-4d77-b924-a0a6328bf522 tempest-ServerActionsTestOtherB-625886558 tempest-ServerActionsTestOtherB-625886558-project-member] compute_status_filter request filter added forbidden trait COMPUTE_STATUS_DISABLED {{(pid=93549) compute_status_filter /opt/stack/nova/nova/scheduler/request_filter.py:253}}
Aug 15 14:05:36.122381 np0000007352 nova-scheduler[93549]: DEBUG nova.scheduler.request_filter [None req-f5473b5b-9df6-4d77-b924-a0a6328bf522 tempest-ServerActionsTestOtherB-625886558 tempest-ServerActionsTestOtherB-625886558-project-member] Request filter 'compute_status_filter' took 0.0 seconds {{(pid=93549) wrapper /opt/stack/nova/nova/scheduler/request_filter.py:46}}
Aug 15 14:05:36.124039 np0000007352 nova-scheduler[93549]: DEBUG nova.scheduler.request_filter [None req-f5473b5b-9df6-4d77-b924-a0a6328bf522 tempest-ServerActionsTestOtherB-625886558 tempest-ServerActionsTestOtherB-625886558-project-member] Request filter 'accelerators_filter' took 0.0 seconds {{(pid=93549) wrapper /opt/stack/nova/nova/scheduler/request_filter.py:46}}
Aug 15 14:05:36.124039 np0000007352 nova-scheduler[93549]: DEBUG nova.scheduler.request_filter [None req-f5473b5b-9df6-4d77-b924-a0a6328bf522 tempest-ServerActionsTestOtherB-625886558 tempest-ServerActionsTestOtherB-625886558-project-member] Request filter 'packed_virtqueue_filter' took 0.0 seconds {{(pid=93549) wrapper /opt/stack/nova/nova/scheduler/request_filter.py:46}}
Aug 15 14:05:36.124039 np0000007352 nova-scheduler[93549]: DEBUG nova.scheduler.request_filter [None req-f5473b5b-9df6-4d77-b924-a0a6328bf522 tempest-ServerActionsTestOtherB-625886558 tempest-ServerActionsTestOtherB-625886558-project-member] Request filter 'remote_managed_ports_filter' took 0.0 seconds {{(pid=93549) wrapper /opt/stack/nova/nova/scheduler/request_filter.py:46}}
Aug 15 14:05:36.124039 np0000007352 nova-scheduler[93549]: DEBUG nova.scheduler.request_filter [None req-f5473b5b-9df6-4d77-b924-a0a6328bf522 tempest-ServerActionsTestOtherB-625886558 tempest-ServerActionsTestOtherB-625886558-project-member] ephemeral_encryption_filter skipped {{(pid=93549) ephemeral_encryption_filter /opt/stack/nova/nova/scheduler/request_filter.py:426}}
Aug 15 14:05:36.124039 np0000007352 nova-scheduler[93549]: DEBUG nova.scheduler.request_filter [None req-f5473b5b-9df6-4d77-b924-a0a6328bf522 tempest-ServerActionsTestOtherB-625886558 tempest-ServerActionsTestOtherB-625886558-project-member] virtio_sound_filter skipped {{(pid=93549) virtio_sound_filter /opt/stack/nova/nova/scheduler/request_filter.py:460}}
Aug 15 14:05:36.124297 np0000007352 nova-scheduler[93549]: DEBUG nova.scheduler.request_filter [None req-f5473b5b-9df6-4d77-b924-a0a6328bf522 tempest-ServerActionsTestOtherB-625886558 tempest-ServerActionsTestOtherB-625886558-project-member] tpm_secret_security_filter skipped {{(pid=93549) tpm_secret_security_filter /opt/stack/nova/nova/scheduler/request_filter.py:477}}
Aug 15 14:05:36.236320 np0000007352 nova-scheduler[93545]: DEBUG nova.scheduler.manager [None req-563ef4e6-129a-4b38-b2ee-4d58f2799887 tempest-ServerStableDeviceRescueTest-784208672 tempest-ServerStableDeviceRescueTest-784208672-project-member] Starting to schedule for instances: ['4d57ce9d-cd1d-4b83-a376-72f0afa13f8c'] {{(pid=93545) select_destinations /opt/stack/nova/nova/scheduler/manager.py:197}}
Aug 15 14:05:36.236911 np0000007352 nova-scheduler[93545]: DEBUG nova.scheduler.request_filter [None req-563ef4e6-129a-4b38-b2ee-4d58f2799887 tempest-ServerStableDeviceRescueTest-784208672 tempest-ServerStableDeviceRescueTest-784208672-project-member] compute_status_filter request filter added forbidden trait COMPUTE_STATUS_DISABLED {{(pid=93545) compute_status_filter /opt/stack/nova/nova/scheduler/request_filter.py:253}}
Aug 15 14:05:36.237546 np0000007352 nova-scheduler[93545]: DEBUG nova.scheduler.request_filter [None req-563ef4e6-129a-4b38-b2ee-4d58f2799887 tempest-ServerStableDeviceRescueTest-784208672 tempest-ServerStableDeviceRescueTest-784208672-project-member] Request filter 'compute_status_filter' took 0.0 seconds {{(pid=93545) wrapper /opt/stack/nova/nova/scheduler/request_filter.py:46}}
Aug 15 14:05:36.237546 np0000007352 nova-scheduler[93545]: DEBUG nova.scheduler.request_filter [None req-563ef4e6-129a-4b38-b2ee-4d58f2799887 tempest-ServerStableDeviceRescueTest-784208672 tempest-ServerStableDeviceRescueTest-784208672-project-member] Request filter 'accelerators_filter' took 0.0 seconds {{(pid=93545) wrapper /opt/stack/nova/nova/scheduler/request_filter.py:46}}
Aug 15 14:05:36.241127 np0000007352 nova-scheduler[93545]: DEBUG nova.scheduler.request_filter [None req-563ef4e6-129a-4b38-b2ee-4d58f2799887 tempest-ServerStableDeviceRescueTest-784208672 tempest-ServerStableDeviceRescueTest-784208672-project-member] Request filter 'packed_virtqueue_filter' took 0.0 seconds {{(pid=93545) wrapper /opt/stack/nova/nova/scheduler/request_filter.py:46}}
Aug 15 14:05:36.241632 np0000007352 nova-scheduler[93545]: DEBUG nova.scheduler.request_filter [None req-563ef4e6-129a-4b38-b2ee-4d58f2799887 tempest-ServerStableDeviceRescueTest-784208672 tempest-ServerStableDeviceRescueTest-784208672-project-member] Request filter 'remote_managed_ports_filter' took 0.0 seconds {{(pid=93545) wrapper /opt/stack/nova/nova/scheduler/request_filter.py:46}}
Aug 15 14:05:36.241887 np0000007352 nova-scheduler[93545]: DEBUG nova.scheduler.request_filter [None req-563ef4e6-129a-4b38-b2ee-4d58f2799887 tempest-ServerStableDeviceRescueTest-784208672 tempest-ServerStableDeviceRescueTest-784208672-project-member] ephemeral_encryption_filter skipped {{(pid=93545) ephemeral_encryption_filter /opt/stack/nova/nova/scheduler/request_filter.py:426}}
Aug 15 14:05:36.242261 np0000007352 nova-scheduler[93545]: DEBUG nova.scheduler.request_filter [None req-563ef4e6-129a-4b38-b2ee-4d58f2799887 tempest-ServerStableDeviceRescueTest-784208672 tempest-ServerStableDeviceRescueTest-784208672-project-member] virtio_sound_filter skipped {{(pid=93545) virtio_sound_filter /opt/stack/nova/nova/scheduler/request_filter.py:460}}
Aug 15 14:05:36.242261 np0000007352 nova-scheduler[93545]: DEBUG nova.scheduler.request_filter [None req-563ef4e6-129a-4b38-b2ee-4d58f2799887 tempest-ServerStableDeviceRescueTest-784208672 tempest-ServerStableDeviceRescueTest-784208672-project-member] tpm_secret_security_filter skipped {{(pid=93545) tpm_secret_security_filter /opt/stack/nova/nova/scheduler/request_filter.py:477}}
Aug 15 14:05:36.699241 np0000007352 nova-scheduler[93545]: INFO nova.utils [None req-563ef4e6-129a-4b38-b2ee-4d58f2799887 tempest-ServerStableDeviceRescueTest-784208672 tempest-ServerStableDeviceRescueTest-784208672-project-member] The cell worker thread pool ForkProcess-1.cell_worker is initialized
Aug 15 14:05:36.699700 np0000007352 nova-scheduler[93545]: DEBUG oslo_concurrency.lockutils [None req-563ef4e6-129a-4b38-b2ee-4d58f2799887 tempest-ServerStableDeviceRescueTest-784208672 tempest-ServerStableDeviceRescueTest-784208672-project-member] Acquiring lock "92baeacc-9b17-4bce-8a32-c98861fea51f" by "nova.context.set_target_cell..get_or_set_cached_cell_and_set_connections" {{(pid=93545) inner /opt/stack/data/venv/lib/python3.12/site-packages/oslo_concurrency/lockutils.py:512}}
Aug 15 14:05:36.699997 np0000007352 nova-scheduler[93545]: DEBUG oslo_concurrency.lockutils [None req-563ef4e6-129a-4b38-b2ee-4d58f2799887 tempest-ServerStableDeviceRescueTest-784208672 tempest-ServerStableDeviceRescueTest-784208672-project-member] Lock "92baeacc-9b17-4bce-8a32-c98861fea51f" acquired by "nova.context.set_target_cell..get_or_set_cached_cell_and_set_connections" :: waited 0.000s {{(pid=93545) inner /opt/stack/data/venv/lib/python3.12/site-packages/oslo_concurrency/lockutils.py:525}}
Aug 15 14:05:36.701683 np0000007352 nova-scheduler[93545]: DEBUG oslo_concurrency.lockutils [None req-563ef4e6-129a-4b38-b2ee-4d58f2799887 tempest-ServerStableDeviceRescueTest-784208672 tempest-ServerStableDeviceRescueTest-784208672-project-member] Lock "92baeacc-9b17-4bce-8a32-c98861fea51f" "released" by "nova.context.set_target_cell..get_or_set_cached_cell_and_set_connections" :: held 0.001s {{(pid=93545) inner /opt/stack/data/venv/lib/python3.12/site-packages/oslo_concurrency/lockutils.py:544}}
Aug 15 14:05:36.703445 np0000007352 nova-scheduler[93545]: INFO dbcounter [None req-563ef4e6-129a-4b38-b2ee-4d58f2799887 tempest-ServerStableDeviceRescueTest-784208672 tempest-ServerStableDeviceRescueTest-784208672-project-member] Registered counter for database nova_cell1
Aug 15 14:05:36.739481 np0000007352 nova-scheduler[93545]: DEBUG oslo_db.sqlalchemy.engines [None req-563ef4e6-129a-4b38-b2ee-4d58f2799887 tempest-ServerStableDeviceRescueTest-784208672 tempest-ServerStableDeviceRescueTest-784208672-project-member] MySQL server mode set to STRICT_TRANS_TABLES,STRICT_ALL_TABLES,NO_ZERO_IN_DATE,NO_ZERO_DATE,ERROR_FOR_DIVISION_BY_ZERO,TRADITIONAL,NO_ENGINE_SUBSTITUTION {{(pid=93545) _check_effective_sql_mode /opt/stack/data/venv/lib/python3.12/site-packages/oslo_db/sqlalchemy/engines.py:325}}
Aug 15 14:05:36.747516 np0000007352 nova-scheduler[93545]: DEBUG dbcounter [-] [93545] Writer thread running {{(pid=93545) stat_writer /opt/stack/data/venv/lib/python3.12/site-packages/dbcounter.py:102}}
Aug 15 14:05:36.758019 np0000007352 nova-scheduler[93545]: DEBUG oslo_db.sqlalchemy.engines [None req-563ef4e6-129a-4b38-b2ee-4d58f2799887 tempest-ServerStableDeviceRescueTest-784208672 tempest-ServerStableDeviceRescueTest-784208672-project-member] Parent process 92337 forked (93545) with an open database connection, which is being discarded and recreated. {{(pid=93545) checkout /opt/stack/data/venv/lib/python3.12/site-packages/oslo_db/sqlalchemy/engines.py:402}}
Aug 15 14:05:36.799469 np0000007352 nova-scheduler[93545]: DEBUG dbcounter [-] [93545] Writer thread running {{(pid=93545) stat_writer /opt/stack/data/venv/lib/python3.12/site-packages/dbcounter.py:102}}
Aug 15 14:05:36.809621 np0000007352 nova-scheduler[93545]: DEBUG oslo_concurrency.lockutils [None req-563ef4e6-129a-4b38-b2ee-4d58f2799887 tempest-ServerStableDeviceRescueTest-784208672 tempest-ServerStableDeviceRescueTest-784208672-project-member] Acquiring lock "92baeacc-9b17-4bce-8a32-c98861fea51f" by "nova.context.set_target_cell..get_or_set_cached_cell_and_set_connections" {{(pid=93545) inner /opt/stack/data/venv/lib/python3.12/site-packages/oslo_concurrency/lockutils.py:512}}
Aug 15 14:05:36.809890 np0000007352 nova-scheduler[93545]: DEBUG oslo_concurrency.lockutils [None req-563ef4e6-129a-4b38-b2ee-4d58f2799887 tempest-ServerStableDeviceRescueTest-784208672 tempest-ServerStableDeviceRescueTest-784208672-project-member] Lock "92baeacc-9b17-4bce-8a32-c98861fea51f" acquired by "nova.context.set_target_cell..get_or_set_cached_cell_and_set_connections" :: waited 0.000s {{(pid=93545) inner /opt/stack/data/venv/lib/python3.12/site-packages/oslo_concurrency/lockutils.py:525}}
Aug 15 14:05:36.810032 np0000007352 nova-scheduler[93545]: DEBUG oslo_concurrency.lockutils [None req-563ef4e6-129a-4b38-b2ee-4d58f2799887 tempest-ServerStableDeviceRescueTest-784208672 tempest-ServerStableDeviceRescueTest-784208672-project-member] Lock "92baeacc-9b17-4bce-8a32-c98861fea51f" "released" by "nova.context.set_target_cell..get_or_set_cached_cell_and_set_connections" :: held 0.000s {{(pid=93545) inner /opt/stack/data/venv/lib/python3.12/site-packages/oslo_concurrency/lockutils.py:544}}
Aug 15 14:05:36.820357 np0000007352 nova-scheduler[93545]: DEBUG oslo_concurrency.lockutils [None req-563ef4e6-129a-4b38-b2ee-4d58f2799887 tempest-ServerStableDeviceRescueTest-784208672 tempest-ServerStableDeviceRescueTest-784208672-project-member] Acquiring lock "np0000007352-np0000007352" by "nova.scheduler.host_manager.HostState.update.._locked_update" {{(pid=93545) inner /opt/stack/data/venv/lib/python3.12/site-packages/oslo_concurrency/lockutils.py:512}}
Aug 15 14:05:36.820515 np0000007352 nova-scheduler[93545]: DEBUG oslo_concurrency.lockutils [None req-563ef4e6-129a-4b38-b2ee-4d58f2799887 tempest-ServerStableDeviceRescueTest-784208672 tempest-ServerStableDeviceRescueTest-784208672-project-member] Lock "np0000007352-np0000007352" acquired by "nova.scheduler.host_manager.HostState.update.._locked_update" :: waited 0.000s {{(pid=93545) inner /opt/stack/data/venv/lib/python3.12/site-packages/oslo_concurrency/lockutils.py:525}}
Aug 15 14:05:36.821519 np0000007352 nova-scheduler[93545]: DEBUG nova.scheduler.host_manager [None req-563ef4e6-129a-4b38-b2ee-4d58f2799887 tempest-ServerStableDeviceRescueTest-784208672 tempest-ServerStableDeviceRescueTest-784208672-project-member] Update host state from compute node: ComputeNode(cpu_allocation_ratio=4.0,cpu_info='{"arch": "x86_64", "model": "EPYC-Milan", "vendor": "AMD", "topology": {"cells": 1, "sockets": 16, "cores": 1, "threads": 1}, "maxphysaddr": {"mode": "emulate", "bits": 40}, "features": ["pclmuldq", "x2apic", "sse4.1", "f16c", "de", "pcid", "fpu", "svm", "osvw", "wbnoinvd", "flushbyasid", "vaes", "rdctl-no", "sha-ni", "adx", "smap", "tsc_adjust", "xsaveopt", "skip-l1dfl-vmentry", "fxsr", "mmxext", "fxsr_opt", "vgif", "pat", "umip", "clflushopt", "bmi1", "hypervisor", "stibp-always-on", "rdtscp", "fsrm", "fsgsbase", "avx", "pku", "invpcid", "clzero", "rdpid", "sep", "mca", "apic", "pge", "syscall", "xgetbv1", "sse4a", "lbrv", "mmx", "no-nested-data-bp", "clwb", "tsc-deadline", "amd-psfd", "xsave", "erms", "topoext", "pdpe1gb", "lahf_lm", "sse4.2", "spec-ctrl", "perfctr_core", "vpclmulqdq", "rdrand", "rdseed", "null-sel-clr-base", "pause-filter", "amd-stibp", "svme-addr-chk", "cmov", "clflush", "mce", "pse", "amd-ssbd", "misalignsse", "lfence-always-serializing", "pae", "pfthreshold", "pschange-mc-no", "cx8", "xsaveerptr", "smep", "abm", "mds-no", "nrip-save", "lm", "mtrr", "arch-capabilities", "pni", "vmcb-clean", "avx2", "3dnowprefetch", "aes", "cmp_legacy", "npt", "movbe", "xsaves", "sse2", "ibrs", "ssse3", "ssbd", "sse", "fma", "bmi2", "pse36", "tsc-scale", "tsc", "arat", "gds-no", "nx", "cr8legacy", "cx16", "popcnt", "ibpb", "v-vmsave-vmload", "xsavec", "msr", "stibp", "virt-ssbd", "vme"]}',created_at=2026-08-15T14:03:21Z,current_workload=0,deleted=False,deleted_at=None,disk_allocation_ratio=1.0,disk_available_least=73,free_disk_gb=95,free_ram_mb=62765,host='np0000007352',host_ip=10.4.3.11,hypervisor_hostname='np0000007352',hypervisor_type='QEMU',hypervisor_version=8002002,id=1,local_gb=95,local_gb_used=0,mapped=1,memory_mb=63277,memory_mb_used=512,metrics='[]',numa_topology='{"nova_object.name": "NUMATopology", "nova_object.namespace": "nova", "nova_object.version": "1.2", "nova_object.data": {"cells": [{"nova_object.name": "NUMACell", "nova_object.namespace": "nova", "nova_object.version": "1.5", "nova_object.data": {"id": 0, "cpuset": [0, 1, 2, 3, 4, 5, 6, 7, 8, 9, 10, 11, 12, 13, 14, 15], "pcpuset": [0, 1, 2, 3, 4, 5, 6, 7, 8, 9, 10, 11, 12, 13, 14, 15], "memory": 63277, "cpu_usage": 0, "memory_usage": 0, "pinned_cpus": [], "siblings": [[6], [12], [2], [15], [5], [11], [8], [14], [4], [1], [7], [10], [0], [13], [3], [9]], "mempages": [{"nova_object.name": "NUMAPagesTopology", "nova_object.namespace": "nova", "nova_object.version": "1.1", "nova_object.data": {"size_kb": 4, "total": 16177929, "used": 0, "reserved": 0}, "nova_object.changes": ["total", "used", "reserved", "size_kb"]}, {"nova_object.name": "NUMAPagesTopology", "nova_object.namespace": "nova", "nova_object.version": "1.1", "nova_object.data": {"size_kb": 2048, "total": 41, "used": 0, "reserved": 0}, "nova_object.changes": ["total", "used", "reserved", "size_kb"]}, {"nova_object.name": "NUMAPagesTopology", "nova_object.namespace": "nova", "nova_object.version": "1.1", "nova_object.data": {"size_kb": 1048576, "total": 0, "used": 0, "reserved": 0}, "nova_object.changes": ["total", "used", "reserved", "size_kb"]}], "network_metadata": {"nova_object.name": "NetworkMetadata", "nova_object.namespace": "nova", "nova_object.version": "1.0", "nova_object.data": {"physnets": [], "tunneled": false}, "nova_object.changes": ["physnets", "tunneled"]}, "socket": null}, "nova_object.changes": ["mempages", "network_metadata", "id", "pcpuset", "memory", "pinned_cpus", "cpu_usage", "siblings", "socket", "cpuset", "memory_usage"]}]}, "nova_object.changes": ["cells"]}',pci_device_pools=PciDevicePoolList,ram_allocation_ratio=1.0,running_vms=0,service_id=3,stats={failed_builds='0',uptime=' 14:05:08 up 14 min, 2 users, load average: 1.22, 1.32, 0.78
Aug 15 14:05:36.821519 np0000007352 nova-scheduler[93545]: '},supported_hv_specs=[HVSpec,HVSpec,HVSpec,HVSpec,HVSpec,HVSpec,HVSpec,HVSpec,HVSpec,HVSpec,HVSpec,HVSpec,HVSpec,HVSpec,HVSpec,HVSpec,HVSpec,HVSpec,HVSpec,HVSpec,HVSpec,HVSpec,HVSpec,HVSpec,HVSpec],updated_at=2026-08-15T14:05:08Z,uuid=a5c15ba7-31b1-477a-b3b5-b0287469c6b8,vcpus=16,vcpus_used=0) {{(pid=93545) _locked_update /opt/stack/nova/nova/scheduler/host_manager.py:168}}
Aug 15 14:05:36.822840 np0000007352 nova-scheduler[93545]: DEBUG nova.scheduler.host_manager [None req-563ef4e6-129a-4b38-b2ee-4d58f2799887 tempest-ServerStableDeviceRescueTest-784208672 tempest-ServerStableDeviceRescueTest-784208672-project-member] Update host state with aggregates: [] {{(pid=93545) _locked_update /opt/stack/nova/nova/scheduler/host_manager.py:171}}
Aug 15 14:05:36.822840 np0000007352 nova-scheduler[93545]: DEBUG nova.scheduler.host_manager [None req-563ef4e6-129a-4b38-b2ee-4d58f2799887 tempest-ServerStableDeviceRescueTest-784208672 tempest-ServerStableDeviceRescueTest-784208672-project-member] Update host state with service dict: {'id': 3, 'uuid': '06fd5a51-c7c0-4c52-ac22-0f712eedc0a7', 'host': 'np0000007352', 'binary': 'nova-compute', 'topic': 'compute', 'report_count': 2, 'disabled': False, 'disabled_reason': None, 'last_seen_up': datetime.datetime(2026, 8, 15, 14, 5, 27, tzinfo=datetime.timezone.utc), 'forced_down': False, 'version': 72, 'created_at': datetime.datetime(2026, 8, 15, 14, 3, 20, tzinfo=datetime.timezone.utc), 'updated_at': datetime.datetime(2026, 8, 15, 14, 5, 27, tzinfo=datetime.timezone.utc), 'deleted_at': None, 'deleted': False} {{(pid=93545) _locked_update /opt/stack/nova/nova/scheduler/host_manager.py:174}}
Aug 15 14:05:36.822840 np0000007352 nova-scheduler[93545]: DEBUG nova.scheduler.host_manager [None req-563ef4e6-129a-4b38-b2ee-4d58f2799887 tempest-ServerStableDeviceRescueTest-784208672 tempest-ServerStableDeviceRescueTest-784208672-project-member] Update host state with instances: [] {{(pid=93545) _locked_update /opt/stack/nova/nova/scheduler/host_manager.py:177}}
Aug 15 14:05:36.822840 np0000007352 nova-scheduler[93545]: DEBUG oslo_concurrency.lockutils [None req-563ef4e6-129a-4b38-b2ee-4d58f2799887 tempest-ServerStableDeviceRescueTest-784208672 tempest-ServerStableDeviceRescueTest-784208672-project-member] Lock "np0000007352-np0000007352" "released" by "nova.scheduler.host_manager.HostState.update.._locked_update" :: held 0.002s {{(pid=93545) inner /opt/stack/data/venv/lib/python3.12/site-packages/oslo_concurrency/lockutils.py:544}}
Aug 15 14:05:36.823377 np0000007352 nova-scheduler[93545]: DEBUG nova.filters [None req-563ef4e6-129a-4b38-b2ee-4d58f2799887 tempest-ServerStableDeviceRescueTest-784208672 tempest-ServerStableDeviceRescueTest-784208672-project-member] Starting with 1 host(s) {{(pid=93545) get_filtered_objects /opt/stack/nova/nova/filters.py:70}}
Aug 15 14:05:36.823533 np0000007352 nova-scheduler[93545]: DEBUG nova.filters [None req-563ef4e6-129a-4b38-b2ee-4d58f2799887 tempest-ServerStableDeviceRescueTest-784208672 tempest-ServerStableDeviceRescueTest-784208672-project-member] Filter ComputeFilter returned 1 host(s) {{(pid=93545) get_filtered_objects /opt/stack/nova/nova/filters.py:102}}
Aug 15 14:05:36.823710 np0000007352 nova-scheduler[93545]: DEBUG nova.filters [None req-563ef4e6-129a-4b38-b2ee-4d58f2799887 tempest-ServerStableDeviceRescueTest-784208672 tempest-ServerStableDeviceRescueTest-784208672-project-member] Filter ComputeCapabilitiesFilter returned 1 host(s) {{(pid=93545) get_filtered_objects /opt/stack/nova/nova/filters.py:102}}
Aug 15 14:05:36.823946 np0000007352 nova-scheduler[93545]: DEBUG nova.filters [None req-563ef4e6-129a-4b38-b2ee-4d58f2799887 tempest-ServerStableDeviceRescueTest-784208672 tempest-ServerStableDeviceRescueTest-784208672-project-member] Filter ImagePropertiesFilter returned 1 host(s) {{(pid=93545) get_filtered_objects /opt/stack/nova/nova/filters.py:102}}
Aug 15 14:05:36.824112 np0000007352 nova-scheduler[93545]: DEBUG nova.filters [None req-563ef4e6-129a-4b38-b2ee-4d58f2799887 tempest-ServerStableDeviceRescueTest-784208672 tempest-ServerStableDeviceRescueTest-784208672-project-member] Filter ServerGroupAntiAffinityFilter returned 1 host(s) {{(pid=93545) get_filtered_objects /opt/stack/nova/nova/filters.py:102}}
Aug 15 14:05:36.824166 np0000007352 nova-scheduler[93545]: DEBUG nova.filters [None req-563ef4e6-129a-4b38-b2ee-4d58f2799887 tempest-ServerStableDeviceRescueTest-784208672 tempest-ServerStableDeviceRescueTest-784208672-project-member] Filter ServerGroupAffinityFilter returned 1 host(s) {{(pid=93545) get_filtered_objects /opt/stack/nova/nova/filters.py:102}}
Aug 15 14:05:36.824242 np0000007352 nova-scheduler[93545]: DEBUG nova.filters [None req-563ef4e6-129a-4b38-b2ee-4d58f2799887 tempest-ServerStableDeviceRescueTest-784208672 tempest-ServerStableDeviceRescueTest-784208672-project-member] Filter SameHostFilter returned 1 host(s) {{(pid=93545) get_filtered_objects /opt/stack/nova/nova/filters.py:102}}
Aug 15 14:05:36.824749 np0000007352 nova-scheduler[93545]: DEBUG nova.filters [None req-563ef4e6-129a-4b38-b2ee-4d58f2799887 tempest-ServerStableDeviceRescueTest-784208672 tempest-ServerStableDeviceRescueTest-784208672-project-member] Filter DifferentHostFilter returned 1 host(s) {{(pid=93545) get_filtered_objects /opt/stack/nova/nova/filters.py:102}}
Aug 15 14:05:36.824749 np0000007352 nova-scheduler[93545]: DEBUG nova.scheduler.manager [None req-563ef4e6-129a-4b38-b2ee-4d58f2799887 tempest-ServerStableDeviceRescueTest-784208672 tempest-ServerStableDeviceRescueTest-784208672-project-member] Filtered [(np0000007352, np0000007352) ram: 62765MB disk: 74752MB io_ops: 0 instances: 0, allocation_candidates: 1] {{(pid=93545) _get_sorted_hosts /opt/stack/nova/nova/scheduler/manager.py:730}}
Aug 15 14:05:36.824749 np0000007352 nova-scheduler[93545]: DEBUG nova.scheduler.manager [None req-563ef4e6-129a-4b38-b2ee-4d58f2799887 tempest-ServerStableDeviceRescueTest-784208672 tempest-ServerStableDeviceRescueTest-784208672-project-member] Weighed [WeighedHost [host: (np0000007352, np0000007352) ram: 62765MB disk: 74752MB io_ops: 0 instances: 0, allocation_candidates: 1, weight: 0.0]] {{(pid=93545) _get_sorted_hosts /opt/stack/nova/nova/scheduler/manager.py:752}}
Aug 15 14:05:36.825037 np0000007352 nova-scheduler[93545]: DEBUG nova.scheduler.utils [None req-563ef4e6-129a-4b38-b2ee-4d58f2799887 tempest-ServerStableDeviceRescueTest-784208672 tempest-ServerStableDeviceRescueTest-784208672-project-member] Attempting to claim resources in the placement API for instance 4d57ce9d-cd1d-4b83-a376-72f0afa13f8c {{(pid=93545) claim_resources /opt/stack/nova/nova/scheduler/utils.py:1345}}
Aug 15 14:05:37.018885 np0000007352 nova-scheduler[93545]: DEBUG nova.scheduler.manager [None req-563ef4e6-129a-4b38-b2ee-4d58f2799887 tempest-ServerStableDeviceRescueTest-784208672 tempest-ServerStableDeviceRescueTest-784208672-project-member] [instance: 4d57ce9d-cd1d-4b83-a376-72f0afa13f8c] Selected host: (np0000007352, np0000007352) ram: 62765MB disk: 74752MB io_ops: 0 instances: 0, allocation_candidates: 1 {{(pid=93545) _consume_selected_host /opt/stack/nova/nova/scheduler/manager.py:612}}
Aug 15 14:05:37.019251 np0000007352 nova-scheduler[93545]: DEBUG oslo_concurrency.lockutils [None req-563ef4e6-129a-4b38-b2ee-4d58f2799887 tempest-ServerStableDeviceRescueTest-784208672 tempest-ServerStableDeviceRescueTest-784208672-project-member] Acquiring lock "np0000007352-np0000007352" by "nova.scheduler.host_manager.HostState.consume_from_request.._locked" {{(pid=93545) inner /opt/stack/data/venv/lib/python3.12/site-packages/oslo_concurrency/lockutils.py:512}}
