Aug 15 14:02:43.891966 np0000007352 devstack@neutron-api.service[87687]: DEBUG neutron_lib.callbacks.manager [None req-0b0caf1a-8362-472b-8ce8-d8061b8d174d admin admin] Publish callbacks ['neutron.services.ovn_l3.service_providers.driver_controller.DriverController._check_router_request-622627'] for router (ac00e202-3dc8-4d28-a54f-e8100aadeb0f), before_create {{(pid=87687) _notify_loop /opt/stack/data/venv/lib/python3.12/site-packages/neutron_lib/callbacks/manager.py:184}}
Aug 15 14:02:43.893083 np0000007352 devstack@neutron-api.service[87687]: DEBUG neutron_lib.callbacks.manager [None req-0b0caf1a-8362-472b-8ce8-d8061b8d174d admin admin] Publish callbacks ['neutron.services.ovn_l3.service_providers.ovn.OVN_L3_HA_db_mixin._precommit_router_create-633869', 'neutron.services.ovn_l3.plugin.RouterAvailabilityZoneMixin._process_az_request-3100838', 'neutron.services.ovn_l3.plugin.ExtraGatewaysDbOnlyMixin._process_bfd_ecmp_create-23218', 'neutron.services.ovn_l3.service_providers.ovn.OvnDriver._process_router_create_precommit-634057', 'neutron.services.ovn_l3.service_providers.driver_controller.DriverController._set_router_provider-622681'] for router (ac00e202-3dc8-4d28-a54f-e8100aadeb0f), precommit_create {{(pid=87687) _notify_loop /opt/stack/data/venv/lib/python3.12/site-packages/neutron_lib/callbacks/manager.py:184}}
Aug 15 14:02:43.908572 np0000007352 devstack@neutron-api.service[87687]: DEBUG neutron.db.ovn_revision_numbers_db [None req-0b0caf1a-8362-472b-8ce8-d8061b8d174d admin admin] create_initial_revision uuid=ac00e202-3dc8-4d28-a54f-e8100aadeb0f, type=routers, rev=-1 {{(pid=87687) create_initial_revision /opt/stack/neutron/neutron/db/ovn_revision_numbers_db.py:98}}
Aug 15 14:02:43.981739 np0000007352 devstack@neutron-api.service[87687]: DEBUG neutron_lib.callbacks.manager [None req-0b0caf1a-8362-472b-8ce8-d8061b8d174d admin admin] Publish callbacks [] for router_controller (ac00e202-3dc8-4d28-a54f-e8100aadeb0f), precommit_add_association {{(pid=87687) _notify_loop /opt/stack/data/venv/lib/python3.12/site-packages/neutron_lib/callbacks/manager.py:184}}
Aug 15 14:02:43.986881 np0000007352 devstack@neutron-api.service[87687]: DEBUG neutron_lib.callbacks.manager [None req-0b0caf1a-8362-472b-8ce8-d8061b8d174d admin admin] Publish callbacks ['neutron.services.ovn_l3.service_providers.ovn.OvnDriver._process_router_create-633977'] for router (ac00e202-3dc8-4d28-a54f-e8100aadeb0f), after_create {{(pid=87687) _notify_loop /opt/stack/data/venv/lib/python3.12/site-packages/neutron_lib/callbacks/manager.py:184}}
Aug 15 14:02:43.987049 np0000007352 devstack@neutron-api.service[87687]: INFO neutron.plugins.ml2.drivers.ovn.mech_driver.ovsdb.extensions.qos [None req-0b0caf1a-8362-472b-8ce8-d8061b8d174d admin admin] Starting OVNClientQosExtension
Aug 15 14:02:43.987437 np0000007352 devstack@neutron-api.service[87687]: DEBUG neutron.plugins.ml2.drivers.ovn.mech_driver.ovsdb.extensions.qos [None req-0b0caf1a-8362-472b-8ce8-d8061b8d174d admin admin] Router ac00e202-3dc8-4d28-a54f-e8100aadeb0f does not have ID or gateway assigned {{(pid=87687) update_router /opt/stack/neutron/neutron/plugins/ml2/drivers/ovn/mech_driver/ovsdb/extensions/qos.py:527}}
Aug 15 14:02:43.988125 np0000007352 devstack@neutron-api.service[87687]: DEBUG ovsdbapp.backend.ovs_idl.transaction [-] Running txn n=1 command(idx=0): LrAddCommand(_result=None, router=neutron-ac00e202-3dc8-4d28-a54f-e8100aadeb0f, may_exist=True, columns={'external_ids': {'neutron:router_name': 'router1', 'neutron:revision_number': '1', 'neutron:availability_zone_hints': ''}, 'enabled': True, 'options': {'always_learn_from_arp_request': 'false', 'dynamic_neigh_routers': 'true', 'mac_binding_age_threshold': '300'}}) {{(pid=87687) do_commit /opt/stack/data/venv/lib/python3.12/site-packages/ovsdbapp/backend/ovs_idl/transaction.py:89}}
Aug 15 14:02:43.991436 np0000007352 devstack@neutron-api.service[87687]: DEBUG neutron.plugins.ml2.drivers.ovn.mech_driver.ovsdb.ovsdb_monitor [-] Hash Ring: Node 004f506552db5987b7d7cd87e4e53214 (host: np0000007352) handling event "create" for row b76c411b-ecc1-4f7d-bb81-fec10bebb965 (table: Logical_Router) {{(pid=87687) notify /opt/stack/neutron/neutron/plugins/ml2/drivers/ovn/mech_driver/ovsdb/ovsdb_monitor.py:1099}}
Aug 15 14:02:43.992725 np0000007352 devstack@neutron-api.service[87689]: DEBUG neutron.plugins.ml2.drivers.ovn.mech_driver.ovsdb.ovsdb_monitor [-] Hash Ring: Node 2ff9087cdb7c5848809f2745b93c94dc (host: np0000007352) handling event "create" for row b76c411b-ecc1-4f7d-bb81-fec10bebb965 (table: Logical_Router) {{(pid=87689) notify /opt/stack/neutron/neutron/plugins/ml2/drivers/ovn/mech_driver/ovsdb/ovsdb_monitor.py:1099}}
Aug 15 14:02:43.996502 np0000007352 devstack@neutron-api.service[87688]: DEBUG neutron.plugins.ml2.drivers.ovn.mech_driver.ovsdb.ovsdb_monitor [-] Hash Ring: Node e63c03e145f55513807f87e0ead287e9 (host: np0000007352) handling event "create" for row 2b9c10ee-aea5-48fe-95b2-854f49a6d80d (table: Datapath_Binding) {{(pid=87688) notify /opt/stack/neutron/neutron/plugins/ml2/drivers/ovn/mech_driver/ovsdb/ovsdb_monitor.py:1099}}
Aug 15 14:02:44.012083 np0000007352 devstack@neutron-api.service[87687]: DEBUG neutron.plugins.ml2.drivers.ovn.mech_driver.ovsdb.ovsdb_monitor [-] Hash Ring: Node 004f506552db5987b7d7cd87e4e53214 (host: np0000007352) handling event "create" for row 2b9c10ee-aea5-48fe-95b2-854f49a6d80d (table: Datapath_Binding) {{(pid=87687) notify /opt/stack/neutron/neutron/plugins/ml2/drivers/ovn/mech_driver/ovsdb/ovsdb_monitor.py:1099}}
Aug 15 14:02:44.091601 np0000007352 devstack@neutron-api.service[87687]: INFO neutron.db.ovn_revision_numbers_db [None req-0b0caf1a-8362-472b-8ce8-d8061b8d174d admin admin] Successfully bumped revision number for resource ac00e202-3dc8-4d28-a54f-e8100aadeb0f (type: routers) to 1
Aug 15 14:02:44.104505 np0000007352 devstack@neutron-api.service[87687]: DEBUG neutron_lib.callbacks.manager [None req-0b0caf1a-8362-472b-8ce8-d8061b8d174d admin admin] Publish callbacks [] for router (None), before_response {{(pid=87687) _notify_loop /opt/stack/data/venv/lib/python3.12/site-packages/neutron_lib/callbacks/manager.py:184}}
Aug 15 14:02:44.105025 np0000007352 devstack@neutron-api.service[87687]: [pid: 87687|app: 0|req: 6/14] 10.4.3.11 () {68 vars in 1316 bytes} [Sat Aug 15 14:02:43 2026] POST /networking/v2.0/routers => generated 599 bytes in 230 msecs (HTTP/1.1 201) 4 headers in 162 bytes (1 switches on core 0)
Aug 15 14:02:44.343711 np0000007352 devstack@neutron-api.service[87688]: DEBUG neutron.api.wsgi [None req-1701c13d-cac0-42a8-8412-b1b529553907 admin admin] Missing Content-Type {{(pid=87688) get_content_type /opt/stack/neutron/neutron/api/wsgi.py:80}}
Aug 15 14:02:44.344134 np0000007352 devstack@neutron-api.service[87688]: DEBUG neutron.api.wsgi [None req-1701c13d-cac0-42a8-8412-b1b529553907 admin admin] https://10.4.3.11/networking/v2.0/extensions returned with HTTP 200 {{(pid=87688) __call__ /opt/stack/neutron/neutron/api/wsgi.py:540}}
Aug 15 14:02:44.344467 np0000007352 devstack@neutron-api.service[87688]: [pid: 87688|app: 0|req: 5/15] 10.4.3.11 () {64 vars in 1285 bytes} [Sat Aug 15 14:02:44 2026] GET /networking/v2.0/extensions => generated 16171 bytes in 3 msecs (HTTP/1.1 200) 4 headers in 159 bytes (1 switches on core 0)
Aug 15 14:02:44.608295 np0000007352 devstack@neutron-api.service[87689]: DEBUG neutron.api.v2.base [None req-39d6e8a5-ec9e-4c36-813f-b0ce7cad1a35 admin admin] Request body: {'network': {'name': 'public', 'router:external': True, 'admin_state_up': True, 'provider:physical_network': 'public', 'provider:network_type': 'flat', 'is_default': True}} {{(pid=87689) prepare_request_body /opt/stack/neutron/neutron/api/v2/base.py:727}}
Aug 15 14:02:44.624759 np0000007352 devstack@neutron-api.service[87689]: DEBUG neutron.pecan_wsgi.hooks.quota_enforcement [None req-39d6e8a5-ec9e-4c36-813f-b0ce7cad1a35 admin admin] Made reservation on behalf of 5e1992c2bf2048d5ae9eb67de1c28341 for: {'network': 1} {{(pid=87689) before /opt/stack/neutron/neutron/pecan_wsgi/hooks/quota_enforcement.py:66}}
Aug 15 14:02:44.628226 np0000007352 devstack@neutron-api.service[87689]: DEBUG neutron_lib.callbacks.manager [None req-39d6e8a5-ec9e-4c36-813f-b0ce7cad1a35 admin admin] Publish callbacks ['neutron.plugins.ml2.plugin.SecurityGroupDbMixin._ensure_default_security_group_handler-99363'] for network (None), before_create {{(pid=87689) _notify_loop /opt/stack/data/venv/lib/python3.12/site-packages/neutron_lib/callbacks/manager.py:184}}
Aug 15 14:02:44.662551 np0000007352 devstack@neutron-api.service[87689]: DEBUG neutron.plugins.ml2.drivers.type_flat [None req-39d6e8a5-ec9e-4c36-813f-b0ce7cad1a35 admin admin] Reserving flat network on physical network public {{(pid=87689) reserve_provider_segment /opt/stack/neutron/neutron/plugins/ml2/drivers/type_flat.py:100}}
Aug 15 14:02:44.672763 np0000007352 devstack@neutron-api.service[87689]: DEBUG neutron_lib.callbacks.manager [None req-39d6e8a5-ec9e-4c36-813f-b0ce7cad1a35 admin admin] Publish callbacks ['neutron.services.segments.db._add_segment_host_mapping_for_segment-8409175812240', 'neutron.plugins.ml2.plugin.Ml2Plugin._handle_segment_change-1860399'] for segment (9fbbd2f4-99f1-42d3-b9ab-61f2296d5d8a), precommit_create {{(pid=87689) _notify_loop /opt/stack/data/venv/lib/python3.12/site-packages/neutron_lib/callbacks/manager.py:184}}
Aug 15 14:02:44.673042 np0000007352 devstack@neutron-api.service[87689]: DEBUG neutron_lib.callbacks.manager [None req-39d6e8a5-ec9e-4c36-813f-b0ce7cad1a35 admin admin] Unsubscribe: segment precommit_create {{(pid=87689) unsubscribe /opt/stack/data/venv/lib/python3.12/site-packages/neutron_lib/callbacks/manager.py:90}}
Aug 15 14:02:44.673251 np0000007352 devstack@neutron-api.service[87689]: INFO neutron.db.segments_db [None req-39d6e8a5-ec9e-4c36-813f-b0ce7cad1a35 admin admin] Added segment 9fbbd2f4-99f1-42d3-b9ab-61f2296d5d8a of type flat for network 215da05d-9809-4f5b-a168-50f887fa9a5f
Aug 15 14:02:44.707634 np0000007352 devstack@neutron-api.service[87689]: DEBUG neutron_lib.callbacks.manager [None req-39d6e8a5-ec9e-4c36-813f-b0ce7cad1a35 admin admin] Publish callbacks ['neutron.services.auto_allocate.db._ensure_external_network_default_value_callback-8409173851170'] for network (215da05d-9809-4f5b-a168-50f887fa9a5f), precommit_create {{(pid=87689) _notify_loop /opt/stack/data/venv/lib/python3.12/site-packages/neutron_lib/callbacks/manager.py:184}}
Aug 15 14:02:44.726984 np0000007352 devstack@neutron-api.service[87689]: DEBUG neutron.plugins.ml2.drivers.ovn.mech_driver.mech_driver [None req-39d6e8a5-ec9e-4c36-813f-b0ce7cad1a35 admin admin] Validating network segment with type flat, segmentation ID None, physical network public {{(pid=87689) _validate_network_segments /opt/stack/neutron/neutron/plugins/ml2/drivers/ovn/mech_driver/mech_driver.py:624}}
Aug 15 14:02:44.727123 np0000007352 devstack@neutron-api.service[87689]: DEBUG neutron.db.ovn_revision_numbers_db [None req-39d6e8a5-ec9e-4c36-813f-b0ce7cad1a35 admin admin] create_initial_revision uuid=215da05d-9809-4f5b-a168-50f887fa9a5f, type=networks, rev=-1 {{(pid=87689) create_initial_revision /opt/stack/neutron/neutron/db/ovn_revision_numbers_db.py:98}}
Aug 15 14:02:44.744352 np0000007352 devstack@neutron-api.service[87689]: DEBUG neutron_lib.callbacks.manager [None req-39d6e8a5-ec9e-4c36-813f-b0ce7cad1a35 admin admin] Publish callbacks ['neutron.plugins.ml2.ovo_rpc._ObjectChangeHandler.handle_event-4037336'] for network (215da05d-9809-4f5b-a168-50f887fa9a5f), after_create {{(pid=87689) _notify_loop /opt/stack/data/venv/lib/python3.12/site-packages/neutron_lib/callbacks/manager.py:184}}
Aug 15 14:02:44.790158 np0000007352 devstack@neutron-api.service[87689]: DEBUG neutron.api.rpc.handlers.resources_rpc [None req-39d6e8a5-ec9e-4c36-813f-b0ce7cad1a35 admin admin] Pushing event updated for resources: {'Network': ['ID=215da05d-9809-4f5b-a168-50f887fa9a5f,revision_number=1']} {{(pid=87689) push /opt/stack/neutron/neutron/api/rpc/handlers/resources_rpc.py:237}}
Aug 15 14:02:44.795488 np0000007352 devstack@neutron-api.service[87689]: DEBUG neutron.api.rpc.callbacks.version_manager [None req-39d6e8a5-ec9e-4c36-813f-b0ce7cad1a35 admin admin] Tracked resource versions report:
Aug 15 14:02:44.795488 np0000007352 devstack@neutron-api.service[87689]: pushed versions:
Aug 15 14:02:44.795488 np0000007352 devstack@neutron-api.service[87689]: { 'AddressGroup': {'1.2'},
Aug 15 14:02:44.795488 np0000007352 devstack@neutron-api.service[87689]: 'Agent': {'1.1'},
Aug 15 14:02:44.795488 np0000007352 devstack@neutron-api.service[87689]: 'ConntrackHelper': {'1.0'},
Aug 15 14:02:44.795488 np0000007352 devstack@neutron-api.service[87689]: 'LocalIPAssociation': {'1.0'},
Aug 15 14:02:44.795488 np0000007352 devstack@neutron-api.service[87689]: 'Log': {'1.0'},
Aug 15 14:02:44.795488 np0000007352 devstack@neutron-api.service[87689]: 'NDPProxy': {'1.0'},
Aug 15 14:02:44.795488 np0000007352 devstack@neutron-api.service[87689]: 'Network': {'1.3'},
Aug 15 14:02:44.795488 np0000007352 devstack@neutron-api.service[87689]: 'Port': {'1.11'},
Aug 15 14:02:44.795488 np0000007352 devstack@neutron-api.service[87689]: 'PortForwarding': {'1.3'},
Aug 15 14:02:44.795488 np0000007352 devstack@neutron-api.service[87689]: 'QosPolicy': {'1.10'},
Aug 15 14:02:44.795488 np0000007352 devstack@neutron-api.service[87689]: 'SecurityGroup': {'1.6'},
Aug 15 14:02:44.795488 np0000007352 devstack@neutron-api.service[87689]: 'SecurityGroupRule': {'1.3'},
Aug 15 14:02:44.795488 np0000007352 devstack@neutron-api.service[87689]: 'SubPort': {'1.0'},
Aug 15 14:02:44.795488 np0000007352 devstack@neutron-api.service[87689]: 'Subnet': {'1.2'},
Aug 15 14:02:44.795488 np0000007352 devstack@neutron-api.service[87689]: 'Trunk': {'1.1'}}
Aug 15 14:02:44.795488 np0000007352 devstack@neutron-api.service[87689]: consumer versions:
Aug 15 14:02:44.795488 np0000007352 devstack@neutron-api.service[87689]: { OVN Neutron agent@np0000007352: {},
Aug 15 14:02:44.795488 np0000007352 devstack@neutron-api.service[87689]: OVN Controller Gateway agent@np0000007352: {}}
Aug 15 14:02:44.795488 np0000007352 devstack@neutron-api.service[87689]: {{(pid=87689) report /opt/stack/neutron/neutron/api/rpc/callbacks/version_manager.py:183}}
Aug 15 14:02:44.806558 np0000007352 devstack@neutron-api.service[87689]: INFO neutron.plugins.ml2.drivers.ovn.mech_driver.ovsdb.extensions.qos [None req-39d6e8a5-ec9e-4c36-813f-b0ce7cad1a35 admin admin] Starting OVNClientQosExtension
Aug 15 14:02:44.806703 np0000007352 devstack@neutron-api.service[87689]: INFO neutron.plugins.ml2.drivers.ovn.mech_driver.ovsdb.extensions.placement [None req-39d6e8a5-ec9e-4c36-813f-b0ce7cad1a35 admin admin] Starting OVNClientPlacementExtension
Aug 15 14:02:44.817172 np0000007352 devstack@neutron-api.service[87689]: DEBUG ovsdbapp.backend.ovs_idl.transaction [-] Running txn n=1 command(idx=0): AddNetworkCommand(_result=None, network_uuid=215da05d-9809-4f5b-a168-50f887fa9a5f, may_exist=True, columns={'external_ids': {'neutron:network_name': 'public', 'neutron:mtu': '1430', 'neutron:revision_number': '1', 'neutron:availability_zone_hints': '', 'neutron:provnet-network-type': 'flat', 'neutron:provnet-physical-network': 'public'}, 'other_config': {'mcast_snoop': 'false', 'mcast_flood_unregistered': 'false', 'vlan-passthru': 'false', 'fdb_age_threshold': '300', 'broadcast-arps-to-all-routers': 'true'}}) {{(pid=87689) do_commit /opt/stack/data/venv/lib/python3.12/site-packages/ovsdbapp/backend/ovs_idl/transaction.py:89}}
Aug 15 14:02:44.817490 np0000007352 devstack@neutron-api.service[87689]: DEBUG neutron.common.ovn.utils [-] OVS persist_uuid supported=True {{(pid=87689) ovs_persist_uuid_supported /opt/stack/neutron/neutron/common/ovn/utils.py:1565}}
Aug 15 14:02:44.817813 np0000007352 devstack@neutron-api.service[87689]: DEBUG ovsdbapp.backend.ovs_idl.transaction [-] Running txn n=1 command(idx=1): AddLSwitchPortCommand(_result=None, lport=provnet-9fbbd2f4-99f1-42d3-b9ab-61f2296d5d8a, lswitch=neutron-215da05d-9809-4f5b-a168-50f887fa9a5f, may_exist=True, network_uuid=215da05d-9809-4f5b-a168-50f887fa9a5f, columns={'addresses': ['unknown'], 'external_ids': {'neutron:provnet-physical-network': 'public'}, 'type': 'localnet', 'tag_request': [], 'options': {'network_name': 'public', 'mcast_flood_reports': 'true', 'mcast_flood': 'false', 'localnet_learn_fdb': 'false'}}) {{(pid=87689) do_commit /opt/stack/data/venv/lib/python3.12/site-packages/ovsdbapp/backend/ovs_idl/transaction.py:89}}
Aug 15 14:02:44.820990 np0000007352 devstack@neutron-api.service[87687]: DEBUG neutron.plugins.ml2.drivers.ovn.mech_driver.ovsdb.ovsdb_monitor [-] Hash Ring: Node 004f506552db5987b7d7cd87e4e53214 (host: np0000007352) handling event "create" for row 215da05d-9809-4f5b-a168-50f887fa9a5f (table: Logical_Switch) {{(pid=87687) notify /opt/stack/neutron/neutron/plugins/ml2/drivers/ovn/mech_driver/ovsdb/ovsdb_monitor.py:1099}}
Aug 15 14:02:44.821145 np0000007352 devstack@neutron-api.service[87687]: DEBUG neutron.plugins.ml2.drivers.ovn.mech_driver.ovsdb.ovsdb_monitor [-] Hash Ring: Node 004f506552db5987b7d7cd87e4e53214 (host: np0000007352) handling event "create" for row d7be732c-de57-46ed-904f-250e696eac9d (table: Logical_Switch_Port) {{(pid=87687) notify /opt/stack/neutron/neutron/plugins/ml2/drivers/ovn/mech_driver/ovsdb/ovsdb_monitor.py:1099}}
Aug 15 14:02:44.821744 np0000007352 devstack@neutron-api.service[87687]: DEBUG neutron.plugins.ml2.drivers.ovn.mech_driver.ovsdb.ovsdb_monitor [-] Hash Ring: Node 004f506552db5987b7d7cd87e4e53214 (host: np0000007352) handling event "update" for row d7be732c-de57-46ed-904f-250e696eac9d (table: Logical_Switch_Port) {{(pid=87687) notify /opt/stack/neutron/neutron/plugins/ml2/drivers/ovn/mech_driver/ovsdb/ovsdb_monitor.py:1099}}
Aug 15 14:02:44.824498 np0000007352 devstack@neutron-api.service[87688]: DEBUG neutron.plugins.ml2.drivers.ovn.mech_driver.ovsdb.ovsdb_monitor [-] Hash Ring: Node e63c03e145f55513807f87e0ead287e9 (host: np0000007352) handling event "create" for row 215da05d-9809-4f5b-a168-50f887fa9a5f (table: Logical_Switch) {{(pid=87688) notify /opt/stack/neutron/neutron/plugins/ml2/drivers/ovn/mech_driver/ovsdb/ovsdb_monitor.py:1099}}
Aug 15 14:02:44.824672 np0000007352 devstack@neutron-api.service[87688]: DEBUG neutron.plugins.ml2.drivers.ovn.mech_driver.ovsdb.ovsdb_monitor [-] Hash Ring: Node e63c03e145f55513807f87e0ead287e9 (host: np0000007352) handling event "create" for row d7be732c-de57-46ed-904f-250e696eac9d (table: Logical_Switch_Port) {{(pid=87688) notify /opt/stack/neutron/neutron/plugins/ml2/drivers/ovn/mech_driver/ovsdb/ovsdb_monitor.py:1099}}
Aug 15 14:02:44.825419 np0000007352 devstack@neutron-api.service[87688]: DEBUG neutron.plugins.ml2.drivers.ovn.mech_driver.ovsdb.ovsdb_monitor [-] Hash Ring: Node e63c03e145f55513807f87e0ead287e9 (host: np0000007352) handling event "update" for row d7be732c-de57-46ed-904f-250e696eac9d (table: Logical_Switch_Port) {{(pid=87688) notify /opt/stack/neutron/neutron/plugins/ml2/drivers/ovn/mech_driver/ovsdb/ovsdb_monitor.py:1099}}
Aug 15 14:02:44.828078 np0000007352 devstack@neutron-api.service[87687]: DEBUG neutron.plugins.ml2.drivers.ovn.mech_driver.ovsdb.ovsdb_monitor [-] Hash Ring: Node 004f506552db5987b7d7cd87e4e53214 (host: np0000007352) handling event "create" for row 9407b72a-8a13-4c38-9fe2-9adc1fb2e860 (table: Datapath_Binding) {{(pid=87687) notify /opt/stack/neutron/neutron/plugins/ml2/drivers/ovn/mech_driver/ovsdb/ovsdb_monitor.py:1099}}
Aug 15 14:02:44.828218 np0000007352 devstack@neutron-api.service[87687]: DEBUG neutron.plugins.ml2.drivers.ovn.mech_driver.ovsdb.ovsdb_monitor [-] Hash Ring: Node 004f506552db5987b7d7cd87e4e53214 (host: np0000007352) handling event "create" for row 552fe665-bec6-4fc5-b2b5-019264e255da (table: Port_Binding) {{(pid=87687) notify /opt/stack/neutron/neutron/plugins/ml2/drivers/ovn/mech_driver/ovsdb/ovsdb_monitor.py:1099}}
Aug 15 14:02:44.828271 np0000007352 devstack@neutron-api.service[87688]: DEBUG neutron.plugins.ml2.drivers.ovn.mech_driver.ovsdb.ovsdb_monitor [-] Hash Ring: Node e63c03e145f55513807f87e0ead287e9 (host: np0000007352) handling event "create" for row 552fe665-bec6-4fc5-b2b5-019264e255da (table: Port_Binding) {{(pid=87688) notify /opt/stack/neutron/neutron/plugins/ml2/drivers/ovn/mech_driver/ovsdb/ovsdb_monitor.py:1099}}
Aug 15 14:02:44.856048 np0000007352 devstack@neutron-api.service[87689]: INFO neutron.db.ovn_revision_numbers_db [None req-39d6e8a5-ec9e-4c36-813f-b0ce7cad1a35 admin admin] Successfully bumped revision number for resource 215da05d-9809-4f5b-a168-50f887fa9a5f (type: networks) to 1
Aug 15 14:02:44.906469 np0000007352 devstack@neutron-api.service[87689]: DEBUG neutron_lib.callbacks.manager [None req-39d6e8a5-ec9e-4c36-813f-b0ce7cad1a35 admin admin] Publish callbacks ['neutron.plugins.ml2.plugin.SecurityGroupDbMixin._ensure_default_security_group_handler-99363'] for port (None), before_create {{(pid=87689) _notify_loop /opt/stack/data/venv/lib/python3.12/site-packages/neutron_lib/callbacks/manager.py:184}}
Aug 15 14:02:45.178987 np0000007352 devstack@neutron-api.service[87689]: DEBUG neutron_lib.callbacks.manager [None req-39d6e8a5-ec9e-4c36-813f-b0ce7cad1a35 admin admin] Publish callbacks ['neutron.plugins.ml2.drivers.ovn.mech_driver.mech_driver.OVNMechanismDriver._validate_allowed_address_pairs-342688'] for allowed_address_pair (2baf06f2-b116-4fdf-8cf3-b7b6f670b58f), before_create {{(pid=87689) _notify_loop /opt/stack/data/venv/lib/python3.12/site-packages/neutron_lib/callbacks/manager.py:184}}
Aug 15 14:02:45.179413 np0000007352 devstack@neutron-api.service[87689]: DEBUG neutron_lib.callbacks.manager [None req-39d6e8a5-ec9e-4c36-813f-b0ce7cad1a35 admin admin] Publish callbacks [] for port (2baf06f2-b116-4fdf-8cf3-b7b6f670b58f), precommit_create {{(pid=87689) _notify_loop /opt/stack/data/venv/lib/python3.12/site-packages/neutron_lib/callbacks/manager.py:184}}
Aug 15 14:02:45.179601 np0000007352 devstack@neutron-api.service[87689]: DEBUG neutron.plugins.ml2.drivers.ovn.mech_driver.mech_driver [None req-39d6e8a5-ec9e-4c36-813f-b0ce7cad1a35 admin admin] No provisioning block for port 2baf06f2-b116-4fdf-8cf3-b7b6f670b58f since it does not have a host {{(pid=87689) _is_port_provisioning_required /opt/stack/neutron/neutron/plugins/ml2/drivers/ovn/mech_driver/mech_driver.py:877}}
Aug 15 14:02:45.179762 np0000007352 devstack@neutron-api.service[87689]: DEBUG neutron.db.ovn_revision_numbers_db [None req-39d6e8a5-ec9e-4c36-813f-b0ce7cad1a35 admin admin] create_initial_revision uuid=2baf06f2-b116-4fdf-8cf3-b7b6f670b58f, type=ports, rev=-1 {{(pid=87689) create_initial_revision /opt/stack/neutron/neutron/db/ovn_revision_numbers_db.py:98}}
Aug 15 14:02:45.227085 np0000007352 devstack@neutron-api.service[87689]: DEBUG neutron_lib.callbacks.manager [None req-39d6e8a5-ec9e-4c36-813f-b0ce7cad1a35 admin admin] Publish callbacks ['neutron.plugins.ml2.ovo_rpc._ObjectChangeHandler.handle_event-4037415'] for port (2baf06f2-b116-4fdf-8cf3-b7b6f670b58f), after_create {{(pid=87689) _notify_loop /opt/stack/data/venv/lib/python3.12/site-packages/neutron_lib/callbacks/manager.py:184}}
Aug 15 14:02:45.279447 np0000007352 devstack@neutron-api.service[87689]: DEBUG neutron.api.rpc.handlers.resources_rpc [None req-39d6e8a5-ec9e-4c36-813f-b0ce7cad1a35 admin admin] Pushing event updated for resources: {'Port': ['ID=2baf06f2-b116-4fdf-8cf3-b7b6f670b58f,revision_number=1']} {{(pid=87689) push /opt/stack/neutron/neutron/api/rpc/handlers/resources_rpc.py:237}}
Aug 15 14:02:45.307200 np0000007352 devstack@neutron-api.service[87689]: DEBUG neutron.plugins.ml2.drivers.ovn.mech_driver.ovsdb.commands [None req-39d6e8a5-ec9e-4c36-813f-b0ce7cad1a35 admin admin] Converting tag [] to a tag_request {{(pid=87689) _tag_column_to_tag_request /opt/stack/neutron/neutron/plugins/ml2/drivers/ovn/mech_driver/ovsdb/commands.py:227}}
Aug 15 14:02:45.307712 np0000007352 devstack@neutron-api.service[87689]: DEBUG ovsdbapp.backend.ovs_idl.transaction [-] Running txn n=1 command(idx=0): AddLSwitchPortCommand(_result=None, lport=2baf06f2-b116-4fdf-8cf3-b7b6f670b58f, lswitch=neutron-215da05d-9809-4f5b-a168-50f887fa9a5f, may_exist=True, network_uuid=215da05d-9809-4f5b-a168-50f887fa9a5f, columns={'addresses': ['fa:16:3e:bf:84:68'], 'external_ids': {'neutron:port_name': '', 'neutron:device_id': 'ovnmeta-215da05d-9809-4f5b-a168-50f887fa9a5f', 'neutron:project_id': '5e1992c2bf2048d5ae9eb67de1c28341', 'neutron:cidrs': '', 'neutron:device_owner': 'network:distributed', 'neutron:subnet_pool_addr_scope4': '', 'neutron:subnet_pool_addr_scope6': '', 'neutron:network_name': 'neutron-215da05d-9809-4f5b-a168-50f887fa9a5f', 'neutron:security_group_ids': '', 'neutron:revision_number': '1', 'neutron:vnic_type': 'normal', 'neutron:port_capabilities': '', 'neutron:mtu': '1430'}, 'parent_name': [], 'enabled': True, 'options': {}, 'type': 'localport', 'port_security': [], 'dhcpv4_options': [], 'dhcpv6_options': [], 'tag_request': []}) {{(pid=87689) do_commit /opt/stack/data/venv/lib/python3.12/site-packages/ovsdbapp/backend/ovs_idl/transaction.py:89}}
Aug 15 14:02:45.308099 np0000007352 devstack@neutron-api.service[87689]: DEBUG ovsdbapp.backend.ovs_idl.transaction [-] Running txn n=1 command(idx=1): QoSDelCommand(_result=None, switch=neutron-215da05d-9809-4f5b-a168-50f887fa9a5f, conditions=[('direction', '=', 'to-lport'), ('priority', '=', 2002), ('match', '=', 'outport == "2baf06f2-b116-4fdf-8cf3-b7b6f670b58f"')], if_exists=True) {{(pid=87689) do_commit /opt/stack/data/venv/lib/python3.12/site-packages/ovsdbapp/backend/ovs_idl/transaction.py:89}}
Aug 15 14:02:45.308231 np0000007352 devstack@neutron-api.service[87689]: DEBUG ovsdbapp.backend.ovs_idl.transaction [-] Running txn n=1 command(idx=2): QoSDelCommand(_result=None, switch=neutron-215da05d-9809-4f5b-a168-50f887fa9a5f, conditions=[('direction', '=', 'from-lport'), ('priority', '=', 2002), ('match', '=', 'inport == "2baf06f2-b116-4fdf-8cf3-b7b6f670b58f"')], if_exists=True) {{(pid=87689) do_commit /opt/stack/data/venv/lib/python3.12/site-packages/ovsdbapp/backend/ovs_idl/transaction.py:89}}
Aug 15 14:02:45.308368 np0000007352 devstack@neutron-api.service[87689]: DEBUG ovsdbapp.backend.ovs_idl.transaction [-] Running txn n=1 command(idx=3): UpdateLSwitchPortQosOptionsCommand(_result=None, lport=AddLSwitchPortCommand(_result=75ae3590-9163-43ac-a278-ca64c54bfedf, lport=2baf06f2-b116-4fdf-8cf3-b7b6f670b58f, lswitch=neutron-215da05d-9809-4f5b-a168-50f887fa9a5f, may_exist=True, network_uuid=215da05d-9809-4f5b-a168-50f887fa9a5f, columns={'addresses': ['fa:16:3e:bf:84:68'], 'external_ids': {'neutron:port_name': '', 'neutron:device_id': 'ovnmeta-215da05d-9809-4f5b-a168-50f887fa9a5f', 'neutron:project_id': '5e1992c2bf2048d5ae9eb67de1c28341', 'neutron:cidrs': '', 'neutron:device_owner': 'network:distributed', 'neutron:subnet_pool_addr_scope4': '', 'neutron:subnet_pool_addr_scope6': '', 'neutron:network_name': 'neutron-215da05d-9809-4f5b-a168-50f887fa9a5f', 'neutron:security_group_ids': '', 'neutron:revision_number': '1', 'neutron:vnic_type': 'normal', 'neutron:port_capabilities': '', 'neutron:mtu': '1430'}, 'parent_name': [], 'enabled': True, 'options': {}, 'type': 'localport', 'port_security': [], 'tag_request': []}), if_exists=True, qos={'qos_max_rate': None, 'qos_burst': None, 'qos_min_rate': None}) {{(pid=87689) do_commit /opt/stack/data/venv/lib/python3.12/site-packages/ovsdbapp/backend/ovs_idl/transaction.py:89}}
Aug 15 14:02:45.311380 np0000007352 devstack@neutron-api.service[87687]: DEBUG neutron.plugins.ml2.drivers.ovn.mech_driver.ovsdb.ovsdb_monitor [-] Hash Ring: Node 004f506552db5987b7d7cd87e4e53214 (host: np0000007352) handling event "update" for row 215da05d-9809-4f5b-a168-50f887fa9a5f (table: Logical_Switch) {{(pid=87687) notify /opt/stack/neutron/neutron/plugins/ml2/drivers/ovn/mech_driver/ovsdb/ovsdb_monitor.py:1099}}
Aug 15 14:02:45.311761 np0000007352 devstack@neutron-api.service[87687]: DEBUG neutron.plugins.ml2.drivers.ovn.mech_driver.ovsdb.ovsdb_monitor [-] Hash Ring: Node 004f506552db5987b7d7cd87e4e53214 (host: np0000007352) handling event "create" for row 22b234fe-192c-43a3-bf5b-f87cc371cc31 (table: Logical_Switch_Port) {{(pid=87687) notify /opt/stack/neutron/neutron/plugins/ml2/drivers/ovn/mech_driver/ovsdb/ovsdb_monitor.py:1099}}
Aug 15 14:02:45.312405 np0000007352 devstack@neutron-api.service[87687]: DEBUG ovsdbapp.backend.ovs_idl.event [-] Matched CREATE: LogicalSwitchPortCreateEvent(events=('create',), table='Logical_Switch_Port', conditions=[], old_conditions=None), priority=20 to row=Logical_Switch_Port(uuid=22b234fe-192c-43a3-bf5b-f87cc371cc31, addresses=['fa:16:3e:bf:84:68'], dhcpv4_options=[], dhcpv6_options=[], dynamic_addresses=[], enabled=True, external_ids={'neutron:cidrs': '', 'neutron:device_id': 'ovnmeta-215da05d-9809-4f5b-a168-50f887fa9a5f', 'neutron:device_owner': 'network:distributed', 'neutron:mtu': '1430', 'neutron:network_name': 'neutron-215da05d-9809-4f5b-a168-50f887fa9a5f', 'neutron:port_capabilities': '', 'neutron:port_name': '', 'neutron:project_id': '5e1992c2bf2048d5ae9eb67de1c28341', 'neutron:revision_number': '1', 'neutron:security_group_ids': '', 'neutron:subnet_pool_addr_scope4': '', 'neutron:subnet_pool_addr_scope6': '', 'neutron:vnic_type': 'normal'}, ha_chassis_group=[], mirror_rules=[], name='2baf06f2-b116-4fdf-8cf3-b7b6f670b58f', options={}, parent_name=[], port_security=[], tag=[], tag_request=[], type='localport', up=[]) old= {{(pid=87687) matches /opt/stack/data/venv/lib/python3.12/site-packages/ovsdbapp/backend/ovs_idl/event.py:55}}
Aug 15 14:02:45.313397 np0000007352 devstack@neutron-api.service[87688]: DEBUG neutron.plugins.ml2.drivers.ovn.mech_driver.ovsdb.ovsdb_monitor [-] Hash Ring: Node e63c03e145f55513807f87e0ead287e9 (host: np0000007352) handling event "update" for row 215da05d-9809-4f5b-a168-50f887fa9a5f (table: Logical_Switch) {{(pid=87688) notify /opt/stack/neutron/neutron/plugins/ml2/drivers/ovn/mech_driver/ovsdb/ovsdb_monitor.py:1099}}
Aug 15 14:02:45.315138 np0000007352 devstack@neutron-api.service[87687]: DEBUG neutron.plugins.ml2.drivers.ovn.mech_driver.ovsdb.ovsdb_monitor [-] Hash Ring: Node 004f506552db5987b7d7cd87e4e53214 (host: np0000007352) handling event "create" for row 65b59964-6c3b-47ac-9b6e-740a3163550a (table: Port_Binding) {{(pid=87687) notify /opt/stack/neutron/neutron/plugins/ml2/drivers/ovn/mech_driver/ovsdb/ovsdb_monitor.py:1099}}
Aug 15 14:02:45.315529 np0000007352 devstack@neutron-api.service[87687]: INFO neutron.plugins.ml2.drivers.ovn.mech_driver.mech_driver [None req-01470ed1-f3fd-4f2a-8273-065874bad7b6 None None] OVN reports status down for port: 2baf06f2-b116-4fdf-8cf3-b7b6f670b58f
Aug 15 14:02:45.316286 np0000007352 devstack@neutron-api.service[87687]: DEBUG neutron.plugins.ml2.drivers.ovn.mech_driver.ovsdb.ovsdb_monitor [-] Hash Ring: Node 004f506552db5987b7d7cd87e4e53214 (host: np0000007352) handling event "update" for row 22b234fe-192c-43a3-bf5b-f87cc371cc31 (table: Logical_Switch_Port) {{(pid=87687) notify /opt/stack/neutron/neutron/plugins/ml2/drivers/ovn/mech_driver/ovsdb/ovsdb_monitor.py:1099}}
Aug 15 14:02:45.316464 np0000007352 devstack@neutron-api.service[87688]: DEBUG neutron.plugins.ml2.drivers.ovn.mech_driver.ovsdb.ovsdb_monitor [-] Hash Ring: Node e63c03e145f55513807f87e0ead287e9 (host: np0000007352) handling event "create" for row 65b59964-6c3b-47ac-9b6e-740a3163550a (table: Port_Binding) {{(pid=87688) notify /opt/stack/neutron/neutron/plugins/ml2/drivers/ovn/mech_driver/ovsdb/ovsdb_monitor.py:1099}}
Aug 15 14:02:45.336995 np0000007352 devstack@neutron-api.service[87687]: DEBUG neutron.db.provisioning_blocks [None req-01470ed1-f3fd-4f2a-8273-065874bad7b6 None None] Transition to ACTIVE for port object 2baf06f2-b116-4fdf-8cf3-b7b6f670b58f will not be triggered until provisioned by entity L2. {{(pid=87687) add_provisioning_component /opt/stack/neutron/neutron/db/provisioning_blocks.py:74}}
Aug 15 14:02:45.353830 np0000007352 devstack@neutron-api.service[87689]: INFO neutron.db.ovn_revision_numbers_db [None req-39d6e8a5-ec9e-4c36-813f-b0ce7cad1a35 admin admin] Successfully bumped revision number for resource 2baf06f2-b116-4fdf-8cf3-b7b6f670b58f (type: ports) to 1
Aug 15 14:02:45.357518 np0000007352 devstack@neutron-api.service[87687]: DEBUG neutron.plugins.ml2.plugin [None req-01470ed1-f3fd-4f2a-8273-065874bad7b6 None None] Current status of the port 2baf06f2-b116-4fdf-8cf3-b7b6f670b58f is: DOWN; New status is: DOWN {{(pid=87687) _update_individual_port_db_status /opt/stack/neutron/neutron/plugins/ml2/plugin.py:2473}}
Aug 15 14:02:45.358627 np0000007352 devstack@neutron-api.service[87687]: DEBUG ovsdbapp.backend.ovs_idl.transaction [-] Running txn n=1 command(idx=0): DbRemoveCommand(_result=None, table=Logical_Switch_Port, record=2baf06f2-b116-4fdf-8cf3-b7b6f670b58f, column=external_ids, values=('neutron:host_id',), keyvalues={}, if_exists=True) {{(pid=87687) do_commit /opt/stack/data/venv/lib/python3.12/site-packages/ovsdbapp/backend/ovs_idl/transaction.py:89}}
Aug 15 14:02:45.365528 np0000007352 devstack@neutron-api.service[87689]: DEBUG neutron.pecan_wsgi.hooks.policy_enforcement [None req-39d6e8a5-ec9e-4c36-813f-b0ce7cad1a35 admin admin] Attributes excluded by policy engine: ['standard_attr_id'] {{(pid=87689) _exclude_attributes_by_policy /opt/stack/neutron/neutron/pecan_wsgi/hooks/policy_enforcement.py:259}}
Aug 15 14:02:45.365975 np0000007352 devstack@neutron-api.service[87689]: DEBUG neutron_lib.callbacks.manager [None req-39d6e8a5-ec9e-4c36-813f-b0ce7cad1a35 admin admin] Publish callbacks [] for network (None), before_response {{(pid=87689) _notify_loop /opt/stack/data/venv/lib/python3.12/site-packages/neutron_lib/callbacks/manager.py:184}}
Aug 15 14:02:45.375143 np0000007352 devstack@neutron-api.service[87689]: [pid: 87689|app: 0|req: 5/16] 10.4.3.11 () {68 vars in 1320 bytes} [Sat Aug 15 14:02:44 2026] POST /networking/v2.0/networks => generated 679 bytes in 769 msecs (HTTP/1.1 201) 4 headers in 162 bytes (1 switches on core 0)
Aug 15 14:02:45.618757 np0000007352 devstack@neutron-api.service[87687]: DEBUG neutron.pecan_wsgi.hooks.policy_enforcement [None req-3c93463e-3513-4144-bafa-acd08ab2bec4 admin admin] Attributes excluded by policy engine: ['standard_attr_id', 'shared'] {{(pid=87687) _exclude_attributes_by_policy /opt/stack/neutron/neutron/pecan_wsgi/hooks/policy_enforcement.py:259}}
Aug 15 14:02:45.619888 np0000007352 devstack@neutron-api.service[87687]: [pid: 87687|app: 0|req: 7/17] 10.4.3.11 () {64 vars in 1374 bytes} [Sat Aug 15 14:02:45 2026] GET /networking/v2.0/subnets/77523dce-cf8c-45ac-8ecd-edeafb58bd42 => generated 666 bytes in 23 msecs (HTTP/1.1 200) 4 headers in 157 bytes (1 switches on core 0)
Aug 15 14:02:45.629379 np0000007352 devstack@neutron-api.service[87688]: DEBUG neutron.api.wsgi [None req-a8d1f99f-12fe-40ce-ad35-4276d630b247 admin admin] Missing Content-Type {{(pid=87688) get_content_type /opt/stack/neutron/neutron/api/wsgi.py:80}}
Aug 15 14:02:45.916374 np0000007352 devstack@neutron-api.service[87688]: [pid: 87688|app: 0|req: 6/18] 10.4.3.11 () {64 vars in 1374 bytes} [Sat Aug 15 14:02:45 2026] GET /networking/v2.0/routers/ac00e202-3dc8-4d28-a54f-e8100aadeb0f => generated 599 bytes in 289 msecs (HTTP/1.1 200) 4 headers in 157 bytes (1 switches on core 0)
Aug 15 14:02:46.071186 np0000007352 devstack@neutron-api.service[87689]: DEBUG neutron_lib.callbacks.manager [None req-83d8ef59-e8b0-44dc-832c-6574bd71192e admin admin] Publish callbacks ['neutron.plugins.ml2.plugin.SecurityGroupDbMixin._ensure_default_security_group_handler-99363'] for port (None), before_create {{(pid=87689) _notify_loop /opt/stack/data/venv/lib/python3.12/site-packages/neutron_lib/callbacks/manager.py:184}}
Aug 15 14:02:46.178067 np0000007352 devstack@neutron-api.service[87689]: DEBUG neutron.db.db_base_plugin_common [None req-83d8ef59-e8b0-44dc-832c-6574bd71192e admin admin] Allocated IP 10.1.0.1 (e118ae19-5128-49c7-b577-68e4269aa5f0/77523dce-cf8c-45ac-8ecd-edeafb58bd42/6e66e695-8338-4c5a-bcd5-abfbf99b073e) {{(pid=87689) _store_ip_allocation /opt/stack/neutron/neutron/db/db_base_plugin_common.py:131}}
Aug 15 14:02:46.239196 np0000007352 devstack@neutron-api.service[87689]: DEBUG neutron_lib.callbacks.manager [None req-83d8ef59-e8b0-44dc-832c-6574bd71192e admin admin] Publish callbacks ['neutron.plugins.ml2.drivers.ovn.mech_driver.mech_driver.OVNMechanismDriver._validate_allowed_address_pairs-342688'] for allowed_address_pair (6e66e695-8338-4c5a-bcd5-abfbf99b073e), before_create {{(pid=87689) _notify_loop /opt/stack/data/venv/lib/python3.12/site-packages/neutron_lib/callbacks/manager.py:184}}
Aug 15 14:02:46.239835 np0000007352 devstack@neutron-api.service[87689]: DEBUG neutron_lib.callbacks.manager [None req-83d8ef59-e8b0-44dc-832c-6574bd71192e admin admin] Publish callbacks [] for port (6e66e695-8338-4c5a-bcd5-abfbf99b073e), precommit_create {{(pid=87689) _notify_loop /opt/stack/data/venv/lib/python3.12/site-packages/neutron_lib/callbacks/manager.py:184}}
Aug 15 14:02:46.240006 np0000007352 devstack@neutron-api.service[87689]: DEBUG neutron.plugins.ml2.drivers.ovn.mech_driver.mech_driver [None req-83d8ef59-e8b0-44dc-832c-6574bd71192e admin admin] No provisioning block for port 6e66e695-8338-4c5a-bcd5-abfbf99b073e since it does not have a host {{(pid=87689) _is_port_provisioning_required /opt/stack/neutron/neutron/plugins/ml2/drivers/ovn/mech_driver/mech_driver.py:877}}
Aug 15 14:02:46.240163 np0000007352 devstack@neutron-api.service[87689]: DEBUG neutron.db.ovn_revision_numbers_db [None req-83d8ef59-e8b0-44dc-832c-6574bd71192e admin admin] create_initial_revision uuid=6e66e695-8338-4c5a-bcd5-abfbf99b073e, type=ports, rev=-1 {{(pid=87689) create_initial_revision /opt/stack/neutron/neutron/db/ovn_revision_numbers_db.py:98}}
Aug 15 14:02:46.306411 np0000007352 devstack@neutron-api.service[87689]: DEBUG neutron.db.ovn_revision_numbers_db [None req-83d8ef59-e8b0-44dc-832c-6574bd71192e admin admin] create_initial_revision uuid=6e66e695-8338-4c5a-bcd5-abfbf99b073e, type=router_ports, rev=-1 {{(pid=87689) create_initial_revision /opt/stack/neutron/neutron/db/ovn_revision_numbers_db.py:98}}
Aug 15 14:02:46.331175 np0000007352 devstack@neutron-api.service[87689]: DEBUG neutron_lib.callbacks.manager [None req-83d8ef59-e8b0-44dc-832c-6574bd71192e admin admin] Publish callbacks ['neutron.plugins.ml2.ovo_rpc._ObjectChangeHandler.handle_event-4037415'] for port (6e66e695-8338-4c5a-bcd5-abfbf99b073e), after_create {{(pid=87689) _notify_loop /opt/stack/data/venv/lib/python3.12/site-packages/neutron_lib/callbacks/manager.py:184}}
Aug 15 14:02:46.354050 np0000007352 devstack@neutron-api.service[87689]: DEBUG neutron.api.rpc.handlers.resources_rpc [None req-83d8ef59-e8b0-44dc-832c-6574bd71192e admin admin] Pushing event updated for resources: {'Port': ['ID=6e66e695-8338-4c5a-bcd5-abfbf99b073e,revision_number=1']} {{(pid=87689) push /opt/stack/neutron/neutron/api/rpc/handlers/resources_rpc.py:237}}
Aug 15 14:02:46.417356 np0000007352 devstack@neutron-api.service[87689]: DEBUG neutron.plugins.ml2.drivers.ovn.mech_driver.ovsdb.commands [None req-83d8ef59-e8b0-44dc-832c-6574bd71192e admin admin] Converting tag [] to a tag_request {{(pid=87689) _tag_column_to_tag_request /opt/stack/neutron/neutron/plugins/ml2/drivers/ovn/mech_driver/ovsdb/commands.py:227}}
Aug 15 14:02:46.418311 np0000007352 devstack@neutron-api.service[87689]: DEBUG ovsdbapp.backend.ovs_idl.transaction [-] Running txn n=1 command(idx=0): AddLSwitchPortCommand(_result=None, lport=6e66e695-8338-4c5a-bcd5-abfbf99b073e, lswitch=neutron-e118ae19-5128-49c7-b577-68e4269aa5f0, may_exist=True, network_uuid=e118ae19-5128-49c7-b577-68e4269aa5f0, columns={'addresses': ['unknown'], 'external_ids': {'neutron:port_name': '', 'neutron:device_id': 'ac00e202-3dc8-4d28-a54f-e8100aadeb0f', 'neutron:project_id': '5e1992c2bf2048d5ae9eb67de1c28341', 'neutron:cidrs': '10.1.0.1/26', 'neutron:device_owner': 'network:router_interface', 'neutron:subnet_pool_addr_scope4': '', 'neutron:subnet_pool_addr_scope6': '', 'neutron:network_name': 'neutron-e118ae19-5128-49c7-b577-68e4269aa5f0', 'neutron:security_group_ids': '', 'neutron:revision_number': '1', 'neutron:vnic_type': 'normal', 'neutron:port_capabilities': '', 'neutron:mtu': ''}, 'parent_name': [], 'enabled': True, 'options': {}, 'type': '', 'port_security': [], 'dhcpv4_options': [], 'dhcpv6_options': [], 'tag_request': []}) {{(pid=87689) do_commit /opt/stack/data/venv/lib/python3.12/site-packages/ovsdbapp/backend/ovs_idl/transaction.py:89}}
Aug 15 14:02:46.419056 np0000007352 devstack@neutron-api.service[87689]: DEBUG ovsdbapp.backend.ovs_idl.transaction [-] Running txn n=1 command(idx=1): QoSDelCommand(_result=None, switch=neutron-e118ae19-5128-49c7-b577-68e4269aa5f0, conditions=[('direction', '=', 'to-lport'), ('priority', '=', 2002), ('match', '=', 'outport == "6e66e695-8338-4c5a-bcd5-abfbf99b073e"')], if_exists=True) {{(pid=87689) do_commit /opt/stack/data/venv/lib/python3.12/site-packages/ovsdbapp/backend/ovs_idl/transaction.py:89}}
Aug 15 14:02:46.419251 np0000007352 devstack@neutron-api.service[87689]: DEBUG ovsdbapp.backend.ovs_idl.transaction [-] Running txn n=1 command(idx=2): QoSDelCommand(_result=None, switch=neutron-e118ae19-5128-49c7-b577-68e4269aa5f0, conditions=[('direction', '=', 'from-lport'), ('priority', '=', 2002), ('match', '=', 'inport == "6e66e695-8338-4c5a-bcd5-abfbf99b073e"')], if_exists=True) {{(pid=87689) do_commit /opt/stack/data/venv/lib/python3.12/site-packages/ovsdbapp/backend/ovs_idl/transaction.py:89}}
Aug 15 14:02:46.422707 np0000007352 devstack@neutron-api.service[87689]: DEBUG neutron.plugins.ml2.drivers.ovn.mech_driver.ovsdb.ovsdb_monitor [-] Hash Ring: Node 2ff9087cdb7c5848809f2745b93c94dc (host: np0000007352) handling event "update" for row e118ae19-5128-49c7-b577-68e4269aa5f0 (table: Logical_Switch) {{(pid=87689) notify /opt/stack/neutron/neutron/plugins/ml2/drivers/ovn/mech_driver/ovsdb/ovsdb_monitor.py:1099}}
Aug 15 14:02:46.423750 np0000007352 devstack@neutron-api.service[87687]: DEBUG neutron.plugins.ml2.drivers.ovn.mech_driver.ovsdb.ovsdb_monitor [-] Hash Ring: Node 004f506552db5987b7d7cd87e4e53214 (host: np0000007352) handling event "update" for row e118ae19-5128-49c7-b577-68e4269aa5f0 (table: Logical_Switch) {{(pid=87687) notify /opt/stack/neutron/neutron/plugins/ml2/drivers/ovn/mech_driver/ovsdb/ovsdb_monitor.py:1099}}
Aug 15 14:02:46.423750 np0000007352 devstack@neutron-api.service[87687]: DEBUG neutron.plugins.ml2.drivers.ovn.mech_driver.ovsdb.ovsdb_monitor [-] Hash Ring: Node 004f506552db5987b7d7cd87e4e53214 (host: np0000007352) handling event "create" for row 976fa577-c7ab-465b-a58e-16fd301aa666 (table: Logical_Switch_Port) {{(pid=87687) notify /opt/stack/neutron/neutron/plugins/ml2/drivers/ovn/mech_driver/ovsdb/ovsdb_monitor.py:1099}}
Aug 15 14:02:46.425155 np0000007352 devstack@neutron-api.service[87687]: DEBUG ovsdbapp.backend.ovs_idl.event [-] Matched CREATE: LogicalSwitchPortCreateEvent(events=('create',), table='Logical_Switch_Port', conditions=[], old_conditions=None), priority=20 to row=Logical_Switch_Port(uuid=976fa577-c7ab-465b-a58e-16fd301aa666, addresses=['unknown'], dhcpv4_options=[], dhcpv6_options=[], dynamic_addresses=[], enabled=True, external_ids={'neutron:cidrs': '10.1.0.1/26', 'neutron:device_id': 'ac00e202-3dc8-4d28-a54f-e8100aadeb0f', 'neutron:device_owner': 'network:router_interface', 'neutron:mtu': '', 'neutron:network_name': 'neutron-e118ae19-5128-49c7-b577-68e4269aa5f0', 'neutron:port_capabilities': '', 'neutron:port_name': '', 'neutron:project_id': '5e1992c2bf2048d5ae9eb67de1c28341', 'neutron:revision_number': '1', 'neutron:security_group_ids': '', 'neutron:subnet_pool_addr_scope4': '', 'neutron:subnet_pool_addr_scope6': '', 'neutron:vnic_type': 'normal'}, ha_chassis_group=[], mirror_rules=[], name='6e66e695-8338-4c5a-bcd5-abfbf99b073e', options={}, parent_name=[], port_security=[], tag=[], tag_request=[], type='', up=[]) old= {{(pid=87687) matches /opt/stack/data/venv/lib/python3.12/site-packages/ovsdbapp/backend/ovs_idl/event.py:55}}
Aug 15 14:02:46.426977 np0000007352 devstack@neutron-api.service[87688]: DEBUG neutron.plugins.ml2.drivers.ovn.mech_driver.ovsdb.ovsdb_monitor [-] Hash Ring: Node e63c03e145f55513807f87e0ead287e9 (host: np0000007352) handling event "create" for row 976fa577-c7ab-465b-a58e-16fd301aa666 (table: Logical_Switch_Port) {{(pid=87688) notify /opt/stack/neutron/neutron/plugins/ml2/drivers/ovn/mech_driver/ovsdb/ovsdb_monitor.py:1099}}
Aug 15 14:02:46.430054 np0000007352 devstack@neutron-api.service[87688]: DEBUG ovsdbapp.backend.ovs_idl.event [-] Matched CREATE: LogicalSwitchPortCreateEvent(events=('create',), table='Logical_Switch_Port', conditions=[], old_conditions=None), priority=20 to row=Logical_Switch_Port(uuid=976fa577-c7ab-465b-a58e-16fd301aa666, addresses=['unknown'], dhcpv4_options=[], dhcpv6_options=[], dynamic_addresses=[], enabled=True, external_ids={'neutron:cidrs': '10.1.0.1/26', 'neutron:device_id': 'ac00e202-3dc8-4d28-a54f-e8100aadeb0f', 'neutron:device_owner': 'network:router_interface', 'neutron:mtu': '', 'neutron:network_name': 'neutron-e118ae19-5128-49c7-b577-68e4269aa5f0', 'neutron:port_capabilities': '', 'neutron:port_name': '', 'neutron:project_id': '5e1992c2bf2048d5ae9eb67de1c28341', 'neutron:revision_number': '1', 'neutron:security_group_ids': '', 'neutron:subnet_pool_addr_scope4': '', 'neutron:subnet_pool_addr_scope6': '', 'neutron:vnic_type': 'normal'}, ha_chassis_group=[], mirror_rules=[], name='6e66e695-8338-4c5a-bcd5-abfbf99b073e', options={}, parent_name=[], port_security=[], tag=[], tag_request=[], type='', up=[]) old= {{(pid=87688) matches /opt/stack/data/venv/lib/python3.12/site-packages/ovsdbapp/backend/ovs_idl/event.py:55}}
Aug 15 14:02:46.431117 np0000007352 devstack@neutron-api.service[87688]: DEBUG neutron.plugins.ml2.drivers.ovn.mech_driver.ovsdb.ovsdb_monitor [-] Hash Ring: Node e63c03e145f55513807f87e0ead287e9 (host: np0000007352) handling event "create" for row 7f6aad97-aa9e-48bf-bd2c-710d1c9bcac9 (table: Port_Binding) {{(pid=87688) notify /opt/stack/neutron/neutron/plugins/ml2/drivers/ovn/mech_driver/ovsdb/ovsdb_monitor.py:1099}}
Aug 15 14:02:46.431242 np0000007352 devstack@neutron-api.service[87687]: INFO neutron.plugins.ml2.drivers.ovn.mech_driver.mech_driver [None req-01470ed1-f3fd-4f2a-8273-065874bad7b6 None None] OVN reports status down for port: 6e66e695-8338-4c5a-bcd5-abfbf99b073e
Aug 15 14:02:46.432196 np0000007352 devstack@neutron-api.service[87688]: DEBUG neutron.plugins.ml2.drivers.ovn.mech_driver.ovsdb.ovsdb_monitor [-] Hash Ring: Node e63c03e145f55513807f87e0ead287e9 (host: np0000007352) handling event "update" for row 976fa577-c7ab-465b-a58e-16fd301aa666 (table: Logical_Switch_Port) {{(pid=87688) notify /opt/stack/neutron/neutron/plugins/ml2/drivers/ovn/mech_driver/ovsdb/ovsdb_monitor.py:1099}}
Aug 15 14:02:46.433023 np0000007352 devstack@neutron-api.service[87688]: INFO neutron.plugins.ml2.drivers.ovn.mech_driver.mech_driver [None req-90b7bf7c-fb21-4821-b186-7f93c159103c None None] OVN reports status down for port: 6e66e695-8338-4c5a-bcd5-abfbf99b073e
Aug 15 14:02:46.433914 np0000007352 devstack@neutron-api.service[87687]: DEBUG neutron.plugins.ml2.drivers.ovn.mech_driver.ovsdb.ovsdb_monitor [-] Hash Ring: Node 004f506552db5987b7d7cd87e4e53214 (host: np0000007352) handling event "update" for row 976fa577-c7ab-465b-a58e-16fd301aa666 (table: Logical_Switch_Port) {{(pid=87687) notify /opt/stack/neutron/neutron/plugins/ml2/drivers/ovn/mech_driver/ovsdb/ovsdb_monitor.py:1099}}
Aug 15 14:02:46.434771 np0000007352 devstack@neutron-api.service[87687]: DEBUG neutron.plugins.ml2.drivers.ovn.mech_driver.ovsdb.ovsdb_monitor [-] Hash Ring: Node 004f506552db5987b7d7cd87e4e53214 (host: np0000007352) handling event "create" for row 7f6aad97-aa9e-48bf-bd2c-710d1c9bcac9 (table: Port_Binding) {{(pid=87687) notify /opt/stack/neutron/neutron/plugins/ml2/drivers/ovn/mech_driver/ovsdb/ovsdb_monitor.py:1099}}
Aug 15 14:02:46.456321 np0000007352 devstack@neutron-api.service[87687]: DEBUG neutron.db.provisioning_blocks [None req-01470ed1-f3fd-4f2a-8273-065874bad7b6 None None] Transition to ACTIVE for port object 6e66e695-8338-4c5a-bcd5-abfbf99b073e will not be triggered until provisioned by entity L2. {{(pid=87687) add_provisioning_component /opt/stack/neutron/neutron/db/provisioning_blocks.py:74}}
Aug 15 14:02:46.458921 np0000007352 devstack@neutron-api.service[87689]: INFO neutron.db.ovn_revision_numbers_db [None req-83d8ef59-e8b0-44dc-832c-6574bd71192e admin admin] Successfully bumped revision number for resource 6e66e695-8338-4c5a-bcd5-abfbf99b073e (type: ports) to 1
Aug 15 14:02:46.462355 np0000007352 devstack@neutron-api.service[87688]: DEBUG neutron_lib.db.api [None req-90b7bf7c-fb21-4821-b186-7f93c159103c None None] Retry wrapper got retriable exception: Failed to create a duplicate ProvisioningBlock: for attribute(s) ['provisioningblocks.PRIMARY'] with value(s) 21-L2 {{(pid=87688) wrapped /opt/stack/data/venv/lib/python3.12/site-packages/neutron_lib/db/api.py:185}}
Aug 15 14:02:46.462629 np0000007352 devstack@neutron-api.service[87688]: DEBUG oslo_db.api [None req-90b7bf7c-fb21-4821-b186-7f93c159103c None None] Performing DB retry for function neutron.db.provisioning_blocks.add_provisioning_component {{(pid=87688) wrapper /opt/stack/data/venv/lib/python3.12/site-packages/oslo_db/api.py:155}}
Aug 15 14:02:46.462831 np0000007352 devstack@neutron-api.service[87689]: DEBUG neutron_lib.callbacks.manager [None req-83d8ef59-e8b0-44dc-832c-6574bd71192e admin admin] Publish callbacks [] for router_interface (ac00e202-3dc8-4d28-a54f-e8100aadeb0f), before_create {{(pid=87689) _notify_loop /opt/stack/data/venv/lib/python3.12/site-packages/neutron_lib/callbacks/manager.py:184}}
