May 14 04:29:26.262835 np0000000744 devstack@g-api.service[98588]: DEBUG glance.api.middleware.version_negotiation [None req-29bdf1e4-f215-49ba-ac34-022d551cf7df tempest-ServerActionsTestOtherA-1156072224 tempest-ServerActionsTestOtherA-1156072224-project-member] new path /v2/images/a3192915-1b3a-47c7-9381-aeae83db7441 {{(pid=98588) process_request /opt/stack/glance/glance/api/middleware/version_negotiation.py:70}}
May 14 04:29:26.274386 np0000000744 devstack@g-api.service[98588]: [pid: 98588|app: 0|req: 154/310] 127.0.0.1 () {44 vars in 1111 bytes} [Thu May 14 04:29:26 2026] GET /v2/images/a3192915-1b3a-47c7-9381-aeae83db7441 => generated 1044 bytes in 17 msecs (HTTP/1.1 200) 4 headers in 158 bytes (1 switches on core 0)
May 14 04:29:26.338309 np0000000744 devstack@g-api.service[98589]: DEBUG glance.api.middleware.version_negotiation [None req-29bdf1e4-f215-49ba-ac34-022d551cf7df tempest-ServerActionsTestOtherA-1156072224 tempest-ServerActionsTestOtherA-1156072224-project-member] Determining version of request: GET /v2/schemas/image Accept: */* {{(pid=98589) process_request /opt/stack/glance/glance/api/middleware/version_negotiation.py:44}}
May 14 04:29:26.338309 np0000000744 devstack@g-api.service[98589]: DEBUG glance.api.middleware.version_negotiation [None req-29bdf1e4-f215-49ba-ac34-022d551cf7df tempest-ServerActionsTestOtherA-1156072224 tempest-ServerActionsTestOtherA-1156072224-project-member] Using url versioning {{(pid=98589) process_request /opt/stack/glance/glance/api/middleware/version_negotiation.py:57}}
May 14 04:29:26.338309 np0000000744 devstack@g-api.service[98589]: DEBUG glance.api.middleware.version_negotiation [None req-29bdf1e4-f215-49ba-ac34-022d551cf7df tempest-ServerActionsTestOtherA-1156072224 tempest-ServerActionsTestOtherA-1156072224-project-member] Matched version: v2 {{(pid=98589) process_request /opt/stack/glance/glance/api/middleware/version_negotiation.py:69}}
May 14 04:29:26.338605 np0000000744 devstack@g-api.service[98589]: DEBUG glance.api.middleware.version_negotiation [None req-29bdf1e4-f215-49ba-ac34-022d551cf7df tempest-ServerActionsTestOtherA-1156072224 tempest-ServerActionsTestOtherA-1156072224-project-member] new path /v2/schemas/image {{(pid=98589) process_request /opt/stack/glance/glance/api/middleware/version_negotiation.py:70}}
May 14 04:29:26.343529 np0000000744 devstack@g-api.service[98589]: [pid: 98589|app: 0|req: 157/311] 127.0.0.1 () {44 vars in 1051 bytes} [Thu May 14 04:29:26 2026] GET /v2/schemas/image => generated 6083 bytes in 5 msecs (HTTP/1.1 200) 4 headers in 158 bytes (1 switches on core 0)
May 14 04:29:27.471148 np0000000744 devstack@g-api.service[98588]: DEBUG glance.api.middleware.version_negotiation [None req-29bdf1e4-f215-49ba-ac34-022d551cf7df tempest-ServerActionsTestOtherA-1156072224 tempest-ServerActionsTestOtherA-1156072224-project-member] Determining version of request: GET /v2/images/a3192915-1b3a-47c7-9381-aeae83db7441 Accept: */* {{(pid=98588) process_request /opt/stack/glance/glance/api/middleware/version_negotiation.py:44}}
May 14 04:29:27.471662 np0000000744 devstack@g-api.service[98588]: DEBUG glance.api.middleware.version_negotiation [None req-29bdf1e4-f215-49ba-ac34-022d551cf7df tempest-ServerActionsTestOtherA-1156072224 tempest-ServerActionsTestOtherA-1156072224-project-member] Using url versioning {{(pid=98588) process_request /opt/stack/glance/glance/api/middleware/version_negotiation.py:57}}
May 14 04:29:27.471662 np0000000744 devstack@g-api.service[98588]: DEBUG glance.api.middleware.version_negotiation [None req-29bdf1e4-f215-49ba-ac34-022d551cf7df tempest-ServerActionsTestOtherA-1156072224 tempest-ServerActionsTestOtherA-1156072224-project-member] Matched version: v2 {{(pid=98588) process_request /opt/stack/glance/glance/api/middleware/version_negotiation.py:69}}
May 14 04:29:27.471662 np0000000744 devstack@g-api.service[98588]: DEBUG glance.api.middleware.version_negotiation [None req-29bdf1e4-f215-49ba-ac34-022d551cf7df tempest-ServerActionsTestOtherA-1156072224 tempest-ServerActionsTestOtherA-1156072224-project-member] new path /v2/images/a3192915-1b3a-47c7-9381-aeae83db7441 {{(pid=98588) process_request /opt/stack/glance/glance/api/middleware/version_negotiation.py:70}}
May 14 04:29:27.500148 np0000000744 devstack@g-api.service[98588]: [pid: 98588|app: 0|req: 155/312] 127.0.0.1 () {44 vars in 1111 bytes} [Thu May 14 04:29:27 2026] GET /v2/images/a3192915-1b3a-47c7-9381-aeae83db7441 => generated 1044 bytes in 29 msecs (HTTP/1.1 200) 4 headers in 158 bytes (1 switches on core 0)
May 14 04:29:27.582336 np0000000744 devstack@g-api.service[98589]: DEBUG glance.api.middleware.version_negotiation [None req-29bdf1e4-f215-49ba-ac34-022d551cf7df tempest-ServerActionsTestOtherA-1156072224 tempest-ServerActionsTestOtherA-1156072224-project-member] Determining version of request: GET /v2/schemas/image Accept: */* {{(pid=98589) process_request /opt/stack/glance/glance/api/middleware/version_negotiation.py:44}}
May 14 04:29:27.582744 np0000000744 devstack@g-api.service[98589]: DEBUG glance.api.middleware.version_negotiation [None req-29bdf1e4-f215-49ba-ac34-022d551cf7df tempest-ServerActionsTestOtherA-1156072224 tempest-ServerActionsTestOtherA-1156072224-project-member] Using url versioning {{(pid=98589) process_request /opt/stack/glance/glance/api/middleware/version_negotiation.py:57}}
May 14 04:29:27.582744 np0000000744 devstack@g-api.service[98589]: DEBUG glance.api.middleware.version_negotiation [None req-29bdf1e4-f215-49ba-ac34-022d551cf7df tempest-ServerActionsTestOtherA-1156072224 tempest-ServerActionsTestOtherA-1156072224-project-member] Matched version: v2 {{(pid=98589) process_request /opt/stack/glance/glance/api/middleware/version_negotiation.py:69}}
May 14 04:29:27.582835 np0000000744 devstack@g-api.service[98589]: DEBUG glance.api.middleware.version_negotiation [None req-29bdf1e4-f215-49ba-ac34-022d551cf7df tempest-ServerActionsTestOtherA-1156072224 tempest-ServerActionsTestOtherA-1156072224-project-member] new path /v2/schemas/image {{(pid=98589) process_request /opt/stack/glance/glance/api/middleware/version_negotiation.py:70}}
May 14 04:29:27.586784 np0000000744 devstack@g-api.service[98589]: [pid: 98589|app: 0|req: 158/313] 127.0.0.1 () {44 vars in 1051 bytes} [Thu May 14 04:29:27 2026] GET /v2/schemas/image => generated 6083 bytes in 4 msecs (HTTP/1.1 200) 4 headers in 158 bytes (1 switches on core 0)
May 14 04:29:33.692544 np0000000744 devstack@g-api.service[98588]: DEBUG glance.api.middleware.version_negotiation [None req-29bdf1e4-f215-49ba-ac34-022d551cf7df tempest-ServerActionsTestOtherA-1156072224 tempest-ServerActionsTestOtherA-1156072224-project-member] Determining version of request: DELETE /v2/images/74a61d4b-fbe5-423f-9376-db9440982696 Accept: application/json {{(pid=98588) process_request /opt/stack/glance/glance/api/middleware/version_negotiation.py:44}}
May 14 04:29:33.692949 np0000000744 devstack@g-api.service[98588]: DEBUG glance.api.middleware.version_negotiation [None req-29bdf1e4-f215-49ba-ac34-022d551cf7df tempest-ServerActionsTestOtherA-1156072224 tempest-ServerActionsTestOtherA-1156072224-project-member] Using url versioning {{(pid=98588) process_request /opt/stack/glance/glance/api/middleware/version_negotiation.py:57}}
May 14 04:29:33.692949 np0000000744 devstack@g-api.service[98588]: DEBUG glance.api.middleware.version_negotiation [None req-29bdf1e4-f215-49ba-ac34-022d551cf7df tempest-ServerActionsTestOtherA-1156072224 tempest-ServerActionsTestOtherA-1156072224-project-member] Matched version: v2 {{(pid=98588) process_request /opt/stack/glance/glance/api/middleware/version_negotiation.py:69}}
May 14 04:29:33.692949 np0000000744 devstack@g-api.service[98588]: DEBUG glance.api.middleware.version_negotiation [None req-29bdf1e4-f215-49ba-ac34-022d551cf7df tempest-ServerActionsTestOtherA-1156072224 tempest-ServerActionsTestOtherA-1156072224-project-member] new path /v2/images/74a61d4b-fbe5-423f-9376-db9440982696 {{(pid=98588) process_request /opt/stack/glance/glance/api/middleware/version_negotiation.py:70}}
May 14 04:29:33.703634 np0000000744 devstack@g-api.service[98588]: WARNING glance.api.v2.images [None req-578f931c-60bb-431d-b627-4829060cf0fc tempest-ServerBootFromVolumeStableRescueTest-865530594 tempest-ServerBootFromVolumeStableRescueTest-865530594-project-member] After upload to backend, deletion of staged image data has failed because it cannot be found at /tmp/staging//74a61d4b-fbe5-423f-9376-db9440982696
May 14 04:29:33.704346 np0000000744 devstack@g-api.service[98588]: DEBUG glance_store.backend [None req-578f931c-60bb-431d-b627-4829060cf0fc tempest-ServerBootFromVolumeStableRescueTest-865530594 tempest-ServerBootFromVolumeStableRescueTest-865530594-project-member] Attempting to import store swift {{(pid=98588) _load_store /opt/stack/data/venv/lib/python3.12/site-packages/glance_store/backend.py:215}}
May 14 04:29:33.706802 np0000000744 devstack@g-api.service[98588]: DEBUG glance_store.capabilities [None req-578f931c-60bb-431d-b627-4829060cf0fc tempest-ServerBootFromVolumeStableRescueTest-865530594 tempest-ServerBootFromVolumeStableRescueTest-865530594-project-member] Store glance_store._drivers.swift.store.SingleTenantStore doesn't support updating dynamic storage capabilities. Please overwrite 'update_capabilities' method of the store to implement updating logics if needed. {{(pid=98588) update_capabilities /opt/stack/data/venv/lib/python3.12/site-packages/glance_store/capabilities.py:91}}
May 14 04:29:33.706802 np0000000744 devstack@g-api.service[98588]: DEBUG glance_store.driver [None req-578f931c-60bb-431d-b627-4829060cf0fc tempest-ServerBootFromVolumeStableRescueTest-865530594 tempest-ServerBootFromVolumeStableRescueTest-865530594-project-member] Late loading location class glance_store._drivers.swift.store.StoreLocation {{(pid=98588) get_store_location_class /opt/stack/data/venv/lib/python3.12/site-packages/glance_store/driver.py:134}}
May 14 04:29:33.706802 np0000000744 devstack@g-api.service[98588]: DEBUG glance_store.location [None req-578f931c-60bb-431d-b627-4829060cf0fc tempest-ServerBootFromVolumeStableRescueTest-865530594 tempest-ServerBootFromVolumeStableRescueTest-865530594-project-member] Registering scheme swift+https with {'store': , 'location_class': , 'store_entry': 'swift'} {{(pid=98588) register_scheme_map /opt/stack/data/venv/lib/python3.12/site-packages/glance_store/location.py:146}}
May 14 04:29:33.706802 np0000000744 devstack@g-api.service[98588]: DEBUG glance_store.location [None req-578f931c-60bb-431d-b627-4829060cf0fc tempest-ServerBootFromVolumeStableRescueTest-865530594 tempest-ServerBootFromVolumeStableRescueTest-865530594-project-member] Registering scheme swift+https with {'store': , 'location_class': , 'store_entry': 'swift'} {{(pid=98588) register_scheme_map /opt/stack/data/venv/lib/python3.12/site-packages/glance_store/location.py:146}}
May 14 04:29:33.706802 np0000000744 devstack@g-api.service[98588]: DEBUG glance_store.location [None req-578f931c-60bb-431d-b627-4829060cf0fc tempest-ServerBootFromVolumeStableRescueTest-865530594 tempest-ServerBootFromVolumeStableRescueTest-865530594-project-member] Registering scheme swift with {'store': , 'location_class': , 'store_entry': 'swift'} {{(pid=98588) register_scheme_map /opt/stack/data/venv/lib/python3.12/site-packages/glance_store/location.py:146}}
May 14 04:29:33.706802 np0000000744 devstack@g-api.service[98588]: DEBUG glance_store.location [None req-578f931c-60bb-431d-b627-4829060cf0fc tempest-ServerBootFromVolumeStableRescueTest-865530594 tempest-ServerBootFromVolumeStableRescueTest-865530594-project-member] Registering scheme swift+https with {'store': , 'location_class': , 'store_entry': 'swift'} {{(pid=98588) register_scheme_map /opt/stack/data/venv/lib/python3.12/site-packages/glance_store/location.py:146}}
May 14 04:29:33.706802 np0000000744 devstack@g-api.service[98588]: DEBUG glance_store.location [None req-578f931c-60bb-431d-b627-4829060cf0fc tempest-ServerBootFromVolumeStableRescueTest-865530594 tempest-ServerBootFromVolumeStableRescueTest-865530594-project-member] Registering scheme swift with {'store': , 'location_class': , 'store_entry': 'swift'} {{(pid=98588) register_scheme_map /opt/stack/data/venv/lib/python3.12/site-packages/glance_store/location.py:146}}
May 14 04:29:33.706802 np0000000744 devstack@g-api.service[98588]: DEBUG glance_store.location [None req-578f931c-60bb-431d-b627-4829060cf0fc tempest-ServerBootFromVolumeStableRescueTest-865530594 tempest-ServerBootFromVolumeStableRescueTest-865530594-project-member] Registering scheme swift+http with {'store': , 'location_class': , 'store_entry': 'swift'} {{(pid=98588) register_scheme_map /opt/stack/data/venv/lib/python3.12/site-packages/glance_store/location.py:146}}
May 14 04:29:33.706802 np0000000744 devstack@g-api.service[98588]: DEBUG glance_store.location [None req-578f931c-60bb-431d-b627-4829060cf0fc tempest-ServerBootFromVolumeStableRescueTest-865530594 tempest-ServerBootFromVolumeStableRescueTest-865530594-project-member] Registering scheme swift+https with {'store': , 'location_class': , 'store_entry': 'swift'} {{(pid=98588) register_scheme_map /opt/stack/data/venv/lib/python3.12/site-packages/glance_store/location.py:146}}
May 14 04:29:33.706802 np0000000744 devstack@g-api.service[98588]: DEBUG glance_store.location [None req-578f931c-60bb-431d-b627-4829060cf0fc tempest-ServerBootFromVolumeStableRescueTest-865530594 tempest-ServerBootFromVolumeStableRescueTest-865530594-project-member] Registering scheme swift with {'store': , 'location_class': , 'store_entry': 'swift'} {{(pid=98588) register_scheme_map /opt/stack/data/venv/lib/python3.12/site-packages/glance_store/location.py:146}}
May 14 04:29:33.707354 np0000000744 devstack@g-api.service[98588]: DEBUG glance_store.location [None req-578f931c-60bb-431d-b627-4829060cf0fc tempest-ServerBootFromVolumeStableRescueTest-865530594 tempest-ServerBootFromVolumeStableRescueTest-865530594-project-member] Registering scheme swift+http with {'store': , 'location_class': , 'store_entry': 'swift'} {{(pid=98588) register_scheme_map /opt/stack/data/venv/lib/python3.12/site-packages/glance_store/location.py:146}}
May 14 04:29:33.707354 np0000000744 devstack@g-api.service[98588]: DEBUG glance_store.location [None req-578f931c-60bb-431d-b627-4829060cf0fc tempest-ServerBootFromVolumeStableRescueTest-865530594 tempest-ServerBootFromVolumeStableRescueTest-865530594-project-member] Registering scheme swift+config with {'store': , 'location_class': , 'store_entry': 'swift'} {{(pid=98588) register_scheme_map /opt/stack/data/venv/lib/python3.12/site-packages/glance_store/location.py:146}}
May 14 04:29:33.707354 np0000000744 devstack@g-api.service[98588]: DEBUG keystoneclient.auth.identity.v3.base [None req-578f931c-60bb-431d-b627-4829060cf0fc tempest-ServerBootFromVolumeStableRescueTest-865530594 tempest-ServerBootFromVolumeStableRescueTest-865530594-project-member] Making authentication request to https://10.4.3.61/identity/v3/auth/tokens {{(pid=98588) get_auth_ref /opt/stack/data/venv/lib/python3.12/site-packages/keystoneclient/auth/identity/v3/base.py:185}}
May 14 04:29:33.763483 np0000000744 devstack@g-api.service[98589]: DEBUG glance.api.middleware.version_negotiation [None req-29bdf1e4-f215-49ba-ac34-022d551cf7df tempest-ServerActionsTestOtherA-1156072224 tempest-ServerActionsTestOtherA-1156072224-project-member] Determining version of request: GET /v2/images/a3192915-1b3a-47c7-9381-aeae83db7441 Accept: */* {{(pid=98589) process_request /opt/stack/glance/glance/api/middleware/version_negotiation.py:44}}
May 14 04:29:33.764163 np0000000744 devstack@g-api.service[98589]: DEBUG glance.api.middleware.version_negotiation [None req-29bdf1e4-f215-49ba-ac34-022d551cf7df tempest-ServerActionsTestOtherA-1156072224 tempest-ServerActionsTestOtherA-1156072224-project-member] Using url versioning {{(pid=98589) process_request /opt/stack/glance/glance/api/middleware/version_negotiation.py:57}}
May 14 04:29:33.764507 np0000000744 devstack@g-api.service[98589]: DEBUG glance.api.middleware.version_negotiation [None req-29bdf1e4-f215-49ba-ac34-022d551cf7df tempest-ServerActionsTestOtherA-1156072224 tempest-ServerActionsTestOtherA-1156072224-project-member] Matched version: v2 {{(pid=98589) process_request /opt/stack/glance/glance/api/middleware/version_negotiation.py:69}}
May 14 04:29:33.764708 np0000000744 devstack@g-api.service[98589]: DEBUG glance.api.middleware.version_negotiation [None req-29bdf1e4-f215-49ba-ac34-022d551cf7df tempest-ServerActionsTestOtherA-1156072224 tempest-ServerActionsTestOtherA-1156072224-project-member] new path /v2/images/a3192915-1b3a-47c7-9381-aeae83db7441 {{(pid=98589) process_request /opt/stack/glance/glance/api/middleware/version_negotiation.py:70}}
May 14 04:29:33.779660 np0000000744 devstack@g-api.service[98589]: [pid: 98589|app: 0|req: 159/314] 127.0.0.1 () {44 vars in 1111 bytes} [Thu May 14 04:29:33 2026] GET /v2/images/a3192915-1b3a-47c7-9381-aeae83db7441 => generated 1044 bytes in 16 msecs (HTTP/1.1 200) 4 headers in 158 bytes (1 switches on core 0)
May 14 04:29:33.792996 np0000000744 devstack@g-api.service[98588]: DEBUG keystoneclient.auth.identity.v3.base [None req-578f931c-60bb-431d-b627-4829060cf0fc tempest-ServerBootFromVolumeStableRescueTest-865530594 tempest-ServerBootFromVolumeStableRescueTest-865530594-project-member] {"token": {"methods": ["password"], "user": {"domain": {"id": "default", "name": "Default"}, "id": "e282c210ecad44388693a9276fa948c1", "name": "glance-swift", "password_expires_at": null}, "audit_ids": ["0VD7xjs8Rm25EbUoJXoZ1w"], "expires_at": "2026-05-14T05:29:33.000000Z", "issued_at": "2026-05-14T04:29:33.000000Z", "project": {"domain": {"id": "default", "name": "Default"}, "id": "ca28131c8ae34ff2aa454da459c50a2b", "name": "service"}, "is_domain": false, "roles": [{"id": "6b0286bd09fc49968bbcbde7779d8e3d", "name": "service"}, {"id": "70443ed493d64341887500c5261c7d6d", "name": "ResellerAdmin"}], "catalog": [{"endpoints": [{"id": "0a13db1b9e55439cb44786b1a3abb3b8", "interface": "public", "region_id": "RegionOne", "url": "https://10.4.3.61/networking", "region": "RegionOne"}], "id": "02e290598c034c4380a2e8ca148f0681", "type": "network", "name": "neutron"}, {"endpoints": [{"id": "20aea23bdb5645aaa4102618c4f3896f", "interface": "public", "region_id": "RegionOne", "url": "https://10.4.3.61/placement", "region": "RegionOne"}], "id": "3df2fbdcf3294271be10c26ebf3b7ba5", "type": "placement", "name": "placement"}, {"endpoints": [{"id": "474082ada88d4fcf8907a99deb7d6c69", "interface": "public", "region_id": "RegionOne", "url": "https://10.4.3.61/volume/v3", "region": "RegionOne"}], "id": "5b4690ede831469893fce8873c0f8c21", "type": "block-storage", "name": "cinder"}, {"endpoints": [{"id": "bb11ccbeaddd4609bbc0ca209e63bac0", "interface": "public", "region_id": "RegionOne", "url": "https://10.4.3.61/compute/v2/ca28131c8ae34ff2aa454da459c50a2b", "region": "RegionOne"}], "id": "6b74eaec312644adb742425e20bbfe6e", "type": "compute_legacy", "name": "nova_legacy"}, {"endpoints": [{"id": "33e1c10f4bc147e6bdaa6e1385507a64", "interface": "public", "region_id": "RegionOne", "url": "https://10.4.3.61/image", "region": "RegionOne"}], "id": "83cfe196e8c4488eb5cb0410d7689a92", "type": "image", "name": "glance"}, {"endpoints": [{"id": "9048b7f20ddd47938c62d471730d1f08", "interface": "public", "region_id": "RegionOne", "url": "https://10.4.3.61/compute/v2.1", "region": "RegionOne"}], "id": "8eb0b6f5ad324461a2ad47e497a0e9fd", "type": "compute", "name": "nova"}, {"endpoints": [{"id": "2fc8ca0e930042a1bc47bacbf4bfaf48", "interface": "admin", "region_id": "RegionOne", "url": "https://10.4.3.61:8080", "region": "RegionOne"}, {"id": "a0e38afa666546c5a87763da07467f9d", "interface": "public", "region_id": "RegionOne", "url": "https://10.4.3.61:8080/v1/AUTH_ca28131c8ae34ff2aa454da459c50a2b", "region": "RegionOne"}], "id": "95c6bde012864184bf8e699581d37956", "type": "object-store", "name": "swift"}, {"endpoints": [{"id": "c520fed96e364c67aa971a3d9b0b2856", "interface": "public", "region_id": "RegionOne", "url": "https://10.4.3.61/identity", "region": "RegionOne"}], "id": "f22178b5931b45d2a61c5e6d36e3aa51", "type": "identity", "name": "keystone"}]}} {{(pid=98588) get_auth_ref /opt/stack/data/venv/lib/python3.12/site-packages/keystoneclient/auth/identity/v3/base.py:190}}
May 14 04:29:33.793465 np0000000744 devstack@g-api.service[98588]: DEBUG keystoneclient.httpclient [None req-578f931c-60bb-431d-b627-4829060cf0fc tempest-ServerBootFromVolumeStableRescueTest-865530594 tempest-ServerBootFromVolumeStableRescueTest-865530594-project-member] Failed to find endpoint for management url admin endpoint for identity service not found {{(pid=98588) _process_management_url /opt/stack/data/venv/lib/python3.12/site-packages/keystoneclient/httpclient.py:670}}
May 14 04:29:33.834026 np0000000744 devstack@g-api.service[98589]: DEBUG glance.api.middleware.version_negotiation [None req-29bdf1e4-f215-49ba-ac34-022d551cf7df tempest-ServerActionsTestOtherA-1156072224 tempest-ServerActionsTestOtherA-1156072224-project-member] Determining version of request: GET /v2/images/a3192915-1b3a-47c7-9381-aeae83db7441/file Accept: */* {{(pid=98589) process_request /opt/stack/glance/glance/api/middleware/version_negotiation.py:44}}
May 14 04:29:33.834026 np0000000744 devstack@g-api.service[98589]: DEBUG glance.api.middleware.version_negotiation [None req-29bdf1e4-f215-49ba-ac34-022d551cf7df tempest-ServerActionsTestOtherA-1156072224 tempest-ServerActionsTestOtherA-1156072224-project-member] Using url versioning {{(pid=98589) process_request /opt/stack/glance/glance/api/middleware/version_negotiation.py:57}}
May 14 04:29:33.834026 np0000000744 devstack@g-api.service[98589]: DEBUG glance.api.middleware.version_negotiation [None req-29bdf1e4-f215-49ba-ac34-022d551cf7df tempest-ServerActionsTestOtherA-1156072224 tempest-ServerActionsTestOtherA-1156072224-project-member] Matched version: v2 {{(pid=98589) process_request /opt/stack/glance/glance/api/middleware/version_negotiation.py:69}}
May 14 04:29:33.834026 np0000000744 devstack@g-api.service[98589]: DEBUG glance.api.middleware.version_negotiation [None req-29bdf1e4-f215-49ba-ac34-022d551cf7df tempest-ServerActionsTestOtherA-1156072224 tempest-ServerActionsTestOtherA-1156072224-project-member] new path /v2/images/a3192915-1b3a-47c7-9381-aeae83db7441/file {{(pid=98589) process_request /opt/stack/glance/glance/api/middleware/version_negotiation.py:70}}
May 14 04:29:33.844178 np0000000744 devstack@g-api.service[98589]: DEBUG glance.api.middleware.cache [None req-29bdf1e4-f215-49ba-ac34-022d551cf7df tempest-ServerActionsTestOtherA-1156072224 tempest-ServerActionsTestOtherA-1156072224-project-member] Cache hit for image 'a3192915-1b3a-47c7-9381-aeae83db7441' {{(pid=98589) process_request /opt/stack/glance/glance/api/middleware/cache.py:160}}
May 14 04:29:33.858124 np0000000744 devstack@g-api.service[98588]: DEBUG swiftclient [None req-578f931c-60bb-431d-b627-4829060cf0fc tempest-ServerBootFromVolumeStableRescueTest-865530594 tempest-ServerBootFromVolumeStableRescueTest-865530594-project-member] REQ: curl -i https://10.4.3.61:8080/v1/AUTH_ca28131c8ae34ff2aa454da459c50a2b/glance/74a61d4b-fbe5-423f-9376-db9440982696 -I -H "X-Auth-Token: gAAAAABqBU-tLU8f..." {{(pid=98588) http_log /opt/stack/data/venv/lib/python3.12/site-packages/swiftclient/client.py:160}}
May 14 04:29:33.858232 np0000000744 devstack@g-api.service[98588]: DEBUG swiftclient [None req-578f931c-60bb-431d-b627-4829060cf0fc tempest-ServerBootFromVolumeStableRescueTest-865530594 tempest-ServerBootFromVolumeStableRescueTest-865530594-project-member] RESP STATUS: 200 OK {{(pid=98588) http_log /opt/stack/data/venv/lib/python3.12/site-packages/swiftclient/client.py:161}}
May 14 04:29:33.858382 np0000000744 devstack@g-api.service[98588]: DEBUG swiftclient [None req-578f931c-60bb-431d-b627-4829060cf0fc tempest-ServerBootFromVolumeStableRescueTest-865530594 tempest-ServerBootFromVolumeStableRescueTest-865530594-project-member] RESP HEADERS: {'Date': 'Thu, 14 May 2026 04:29:33 GMT', 'Server': 'Apache/2.4.58 (Ubuntu)', 'Content-Type': 'application/octet-stream', 'Content-Length': '23527424', 'X-Object-Manifest': 'glance/74a61d4b-fbe5-423f-9376-db9440982696-', 'Last-Modified': 'Thu, 14 May 2026 04:28:42 GMT', 'X-Timestamp': '1778732921.92079', 'Accept-Ranges': 'bytes', 'Etag': '"9c424351ecc3b84373f916fa8ecd34a2"', 'X-Trans-Id': 'tx29075dfaf3074459a14a8-006a054fad', 'X-Openstack-Request-Id': 'tx29075dfaf3074459a14a8-006a054fad', 'Connection': 'close'} {{(pid=98588) http_log /opt/stack/data/venv/lib/python3.12/site-packages/swiftclient/client.py:162}}
May 14 04:29:33.878668 np0000000744 devstack@g-api.service[98588]: DEBUG swiftclient [None req-578f931c-60bb-431d-b627-4829060cf0fc tempest-ServerBootFromVolumeStableRescueTest-865530594 tempest-ServerBootFromVolumeStableRescueTest-865530594-project-member] REQ: curl -i https://10.4.3.61:8080/v1/AUTH_ca28131c8ae34ff2aa454da459c50a2b/glance?format=json&prefix=74a61d4b-fbe5-423f-9376-db9440982696- -X GET -H "X-Auth-Token: gAAAAABqBU-tLU8f..." -H "Accept-Encoding: gzip" {{(pid=98588) http_log /opt/stack/data/venv/lib/python3.12/site-packages/swiftclient/client.py:160}}
May 14 04:29:33.878793 np0000000744 devstack@g-api.service[98588]: DEBUG swiftclient [None req-578f931c-60bb-431d-b627-4829060cf0fc tempest-ServerBootFromVolumeStableRescueTest-865530594 tempest-ServerBootFromVolumeStableRescueTest-865530594-project-member] RESP STATUS: 200 OK {{(pid=98588) http_log /opt/stack/data/venv/lib/python3.12/site-packages/swiftclient/client.py:161}}
May 14 04:29:33.879027 np0000000744 devstack@g-api.service[98588]: DEBUG swiftclient [None req-578f931c-60bb-431d-b627-4829060cf0fc tempest-ServerBootFromVolumeStableRescueTest-865530594 tempest-ServerBootFromVolumeStableRescueTest-865530594-project-member] RESP HEADERS: {'Date': 'Thu, 14 May 2026 04:29:33 GMT', 'Server': 'Apache/2.4.58 (Ubuntu)', 'Content-Type': 'application/json; charset=utf-8', 'Content-Length': '210', 'X-Container-Object-Count': '9', 'X-Container-Bytes-Used': '165019648', 'X-Timestamp': '1778732542.69263', 'Last-Modified': 'Thu, 14 May 2026 04:22:23 GMT', 'Accept-Ranges': 'bytes', 'X-Storage-Policy': 'Policy-0', 'X-Container-Sharding': 'False', 'X-Trans-Id': 'tx751db94456d54b1e86270-006a054fad', 'X-Openstack-Request-Id': 'tx751db94456d54b1e86270-006a054fad', 'Connection': 'close'} {{(pid=98588) http_log /opt/stack/data/venv/lib/python3.12/site-packages/swiftclient/client.py:162}}
May 14 04:29:33.879644 np0000000744 devstack@g-api.service[98588]: DEBUG swiftclient [None req-578f931c-60bb-431d-b627-4829060cf0fc tempest-ServerBootFromVolumeStableRescueTest-865530594 tempest-ServerBootFromVolumeStableRescueTest-865530594-project-member] RESP BODY: b'[{"bytes": 23527424, "hash": "4fa343ee581d8d2e78533191fd1ac3e1", "name": "74a61d4b-fbe5-423f-9376-db9440982696-00001", "content_type": "application/octet-stream", "last_modified": "2026-05-14T04:28:41.624740"}]' {{(pid=98588) http_log /opt/stack/data/venv/lib/python3.12/site-packages/swiftclient/client.py:166}}
May 14 04:29:33.909396 np0000000744 devstack@g-api.service[98588]: DEBUG swiftclient [None req-578f931c-60bb-431d-b627-4829060cf0fc tempest-ServerBootFromVolumeStableRescueTest-865530594 tempest-ServerBootFromVolumeStableRescueTest-865530594-project-member] REQ: curl -i https://10.4.3.61:8080/v1/AUTH_ca28131c8ae34ff2aa454da459c50a2b/glance/74a61d4b-fbe5-423f-9376-db9440982696-00001 DELETE -H "X-Auth-Token: gAAAAABqBU-tLU8f..." {{(pid=98588) http_log /opt/stack/data/venv/lib/python3.12/site-packages/swiftclient/client.py:160}}
May 14 04:29:33.909504 np0000000744 devstack@g-api.service[98588]: DEBUG swiftclient [None req-578f931c-60bb-431d-b627-4829060cf0fc tempest-ServerBootFromVolumeStableRescueTest-865530594 tempest-ServerBootFromVolumeStableRescueTest-865530594-project-member] RESP STATUS: 204 No Content {{(pid=98588) http_log /opt/stack/data/venv/lib/python3.12/site-packages/swiftclient/client.py:161}}
May 14 04:29:33.909612 np0000000744 devstack@g-api.service[98588]: DEBUG swiftclient [None req-578f931c-60bb-431d-b627-4829060cf0fc tempest-ServerBootFromVolumeStableRescueTest-865530594 tempest-ServerBootFromVolumeStableRescueTest-865530594-project-member] RESP HEADERS: {'Date': 'Thu, 14 May 2026 04:29:33 GMT', 'Server': 'Apache/2.4.58 (Ubuntu)', 'Content-Type': 'text/html; charset=UTF-8', 'X-Trans-Id': 'txbc9196ec121f427192f6f-006a054fad', 'X-Openstack-Request-Id': 'txbc9196ec121f427192f6f-006a054fad', 'Connection': 'close'} {{(pid=98588) http_log /opt/stack/data/venv/lib/python3.12/site-packages/swiftclient/client.py:162}}
May 14 04:29:33.916810 np0000000744 devstack@g-api.service[98589]: [pid: 98589|app: 0|req: 160/315] 127.0.0.1 () {44 vars in 1121 bytes} [Thu May 14 04:29:33 2026] GET /v2/images/a3192915-1b3a-47c7-9381-aeae83db7441/file => generated 21233664 bytes in 83 msecs (HTTP/1.1 200) 5 headers in 217 bytes (324 switches on core 0)
May 14 04:29:33.931547 np0000000744 devstack@g-api.service[98588]: DEBUG swiftclient [None req-578f931c-60bb-431d-b627-4829060cf0fc tempest-ServerBootFromVolumeStableRescueTest-865530594 tempest-ServerBootFromVolumeStableRescueTest-865530594-project-member] REQ: curl -i https://10.4.3.61:8080/v1/AUTH_ca28131c8ae34ff2aa454da459c50a2b/glance/74a61d4b-fbe5-423f-9376-db9440982696 DELETE -H "X-Auth-Token: gAAAAABqBU-tLU8f..." {{(pid=98588) http_log /opt/stack/data/venv/lib/python3.12/site-packages/swiftclient/client.py:160}}
May 14 04:29:33.931653 np0000000744 devstack@g-api.service[98588]: DEBUG swiftclient [None req-578f931c-60bb-431d-b627-4829060cf0fc tempest-ServerBootFromVolumeStableRescueTest-865530594 tempest-ServerBootFromVolumeStableRescueTest-865530594-project-member] RESP STATUS: 204 No Content {{(pid=98588) http_log /opt/stack/data/venv/lib/python3.12/site-packages/swiftclient/client.py:161}}
May 14 04:29:33.931741 np0000000744 devstack@g-api.service[98588]: DEBUG swiftclient [None req-578f931c-60bb-431d-b627-4829060cf0fc tempest-ServerBootFromVolumeStableRescueTest-865530594 tempest-ServerBootFromVolumeStableRescueTest-865530594-project-member] RESP HEADERS: {'Date': 'Thu, 14 May 2026 04:29:33 GMT', 'Server': 'Apache/2.4.58 (Ubuntu)', 'Content-Type': 'text/html; charset=UTF-8', 'X-Trans-Id': 'txe94118091ba74b0a913ed-006a054fad', 'X-Openstack-Request-Id': 'txe94118091ba74b0a913ed-006a054fad', 'Connection': 'close'} {{(pid=98588) http_log /opt/stack/data/venv/lib/python3.12/site-packages/swiftclient/client.py:162}}
May 14 04:29:34.010717 np0000000744 devstack@g-api.service[98589]: DEBUG glance.api.middleware.version_negotiation [None req-29bdf1e4-f215-49ba-ac34-022d551cf7df tempest-ServerActionsTestOtherA-1156072224 tempest-ServerActionsTestOtherA-1156072224-project-member] Determining version of request: GET /v2/images/a3192915-1b3a-47c7-9381-aeae83db7441 Accept: */* {{(pid=98589) process_request /opt/stack/glance/glance/api/middleware/version_negotiation.py:44}}
May 14 04:29:34.010990 np0000000744 devstack@g-api.service[98589]: DEBUG glance.api.middleware.version_negotiation [None req-29bdf1e4-f215-49ba-ac34-022d551cf7df tempest-ServerActionsTestOtherA-1156072224 tempest-ServerActionsTestOtherA-1156072224-project-member] Using url versioning {{(pid=98589) process_request /opt/stack/glance/glance/api/middleware/version_negotiation.py:57}}
May 14 04:29:34.011207 np0000000744 devstack@g-api.service[98589]: DEBUG glance.api.middleware.version_negotiation [None req-29bdf1e4-f215-49ba-ac34-022d551cf7df tempest-ServerActionsTestOtherA-1156072224 tempest-ServerActionsTestOtherA-1156072224-project-member] Matched version: v2 {{(pid=98589) process_request /opt/stack/glance/glance/api/middleware/version_negotiation.py:69}}
May 14 04:29:34.011380 np0000000744 devstack@g-api.service[98589]: DEBUG glance.api.middleware.version_negotiation [None req-29bdf1e4-f215-49ba-ac34-022d551cf7df tempest-ServerActionsTestOtherA-1156072224 tempest-ServerActionsTestOtherA-1156072224-project-member] new path /v2/images/a3192915-1b3a-47c7-9381-aeae83db7441 {{(pid=98589) process_request /opt/stack/glance/glance/api/middleware/version_negotiation.py:70}}
May 14 04:29:34.029038 np0000000744 devstack@g-api.service[98589]: [pid: 98589|app: 0|req: 161/316] 127.0.0.1 () {44 vars in 1111 bytes} [Thu May 14 04:29:34 2026] GET /v2/images/a3192915-1b3a-47c7-9381-aeae83db7441 => generated 1044 bytes in 19 msecs (HTTP/1.1 200) 4 headers in 158 bytes (1 switches on core 0)
May 14 04:29:34.031876 np0000000744 devstack@g-api.service[98588]: DEBUG glance.api.middleware.cache [None req-578f931c-60bb-431d-b627-4829060cf0fc tempest-ServerBootFromVolumeStableRescueTest-865530594 tempest-ServerBootFromVolumeStableRescueTest-865530594-project-member] Removing image 74a61d4b-fbe5-423f-9376-db9440982696 from cache {{(pid=98588) _process_DELETE_response /opt/stack/glance/glance/api/middleware/cache.py:264}}
May 14 04:29:34.032298 np0000000744 devstack@g-api.service[98588]: DEBUG glance.image_cache.drivers.centralized_db [None req-578f931c-60bb-431d-b627-4829060cf0fc tempest-ServerBootFromVolumeStableRescueTest-865530594 tempest-ServerBootFromVolumeStableRescueTest-865530594-project-member] Deleting image cache file '/opt/stack/data/glance/cache/74a61d4b-fbe5-423f-9376-db9440982696' {{(pid=98588) delete_cached_file /opt/stack/glance/glance/image_cache/drivers/centralized_db.py:395}}
May 14 04:29:34.053564 np0000000744 devstack@g-api.service[98588]: [pid: 98588|app: 0|req: 156/317] 127.0.0.1 () {40 vars in 837 bytes} [Thu May 14 04:29:33 2026] DELETE /v2/images/74a61d4b-fbe5-423f-9376-db9440982696 => generated 0 bytes in 361 msecs (HTTP/1.1 204) 4 headers in 171 bytes (1 switches on core 0)
May 14 04:29:34.066129 np0000000744 devstack@g-api.service[98589]: DEBUG glance.api.middleware.version_negotiation [None req-29bdf1e4-f215-49ba-ac34-022d551cf7df tempest-ServerActionsTestOtherA-1156072224 tempest-ServerActionsTestOtherA-1156072224-project-member] Determining version of request: GET /v2/schemas/image Accept: */* {{(pid=98589) process_request /opt/stack/glance/glance/api/middleware/version_negotiation.py:44}}
May 14 04:29:34.066371 np0000000744 devstack@g-api.service[98589]: DEBUG glance.api.middleware.version_negotiation [None req-29bdf1e4-f215-49ba-ac34-022d551cf7df tempest-ServerActionsTestOtherA-1156072224 tempest-ServerActionsTestOtherA-1156072224-project-member] Using url versioning {{(pid=98589) process_request /opt/stack/glance/glance/api/middleware/version_negotiation.py:57}}
May 14 04:29:34.066579 np0000000744 devstack@g-api.service[98589]: DEBUG glance.api.middleware.version_negotiation [None req-29bdf1e4-f215-49ba-ac34-022d551cf7df tempest-ServerActionsTestOtherA-1156072224 tempest-ServerActionsTestOtherA-1156072224-project-member] Matched version: v2 {{(pid=98589) process_request /opt/stack/glance/glance/api/middleware/version_negotiation.py:69}}
May 14 04:29:34.066733 np0000000744 devstack@g-api.service[98589]: DEBUG glance.api.middleware.version_negotiation [None req-29bdf1e4-f215-49ba-ac34-022d551cf7df tempest-ServerActionsTestOtherA-1156072224 tempest-ServerActionsTestOtherA-1156072224-project-member] new path /v2/schemas/image {{(pid=98589) process_request /opt/stack/glance/glance/api/middleware/version_negotiation.py:70}}
May 14 04:29:34.073770 np0000000744 devstack@g-api.service[98589]: [pid: 98589|app: 0|req: 162/318] 127.0.0.1 () {44 vars in 1051 bytes} [Thu May 14 04:29:34 2026] GET /v2/schemas/image => generated 6083 bytes in 5 msecs (HTTP/1.1 200) 4 headers in 158 bytes (1 switches on core 0)
May 14 04:29:34.254959 np0000000744 devstack@g-api.service[98588]: DEBUG glance.api.middleware.version_negotiation [None req-578f931c-60bb-431d-b627-4829060cf0fc tempest-ServerBootFromVolumeStableRescueTest-865530594 tempest-ServerBootFromVolumeStableRescueTest-865530594-project-member] Determining version of request: GET /v2/images/92248eb5-1126-40dc-9f1e-64fef9c97fde Accept: */* {{(pid=98588) process_request /opt/stack/glance/glance/api/middleware/version_negotiation.py:44}}
May 14 04:29:34.255160 np0000000744 devstack@g-api.service[98588]: DEBUG glance.api.middleware.version_negotiation [None req-578f931c-60bb-431d-b627-4829060cf0fc tempest-ServerBootFromVolumeStableRescueTest-865530594 tempest-ServerBootFromVolumeStableRescueTest-865530594-project-member] Using url versioning {{(pid=98588) process_request /opt/stack/glance/glance/api/middleware/version_negotiation.py:57}}
May 14 04:29:34.255596 np0000000744 devstack@g-api.service[98588]: DEBUG glance.api.middleware.version_negotiation [None req-578f931c-60bb-431d-b627-4829060cf0fc tempest-ServerBootFromVolumeStableRescueTest-865530594 tempest-ServerBootFromVolumeStableRescueTest-865530594-project-member] Matched version: v2 {{(pid=98588) process_request /opt/stack/glance/glance/api/middleware/version_negotiation.py:69}}
May 14 04:29:34.255596 np0000000744 devstack@g-api.service[98588]: DEBUG glance.api.middleware.version_negotiation [None req-578f931c-60bb-431d-b627-4829060cf0fc tempest-ServerBootFromVolumeStableRescueTest-865530594 tempest-ServerBootFromVolumeStableRescueTest-865530594-project-member] new path /v2/images/92248eb5-1126-40dc-9f1e-64fef9c97fde {{(pid=98588) process_request /opt/stack/glance/glance/api/middleware/version_negotiation.py:70}}
May 14 04:29:34.267241 np0000000744 devstack@g-api.service[98588]: [pid: 98588|app: 0|req: 157/319] 127.0.0.1 () {44 vars in 1111 bytes} [Thu May 14 04:29:34 2026] GET /v2/images/92248eb5-1126-40dc-9f1e-64fef9c97fde => generated 1044 bytes in 12 msecs (HTTP/1.1 200) 4 headers in 158 bytes (1 switches on core 0)
May 14 04:29:34.301301 np0000000744 devstack@g-api.service[98589]: DEBUG glance.api.middleware.version_negotiation [None req-29bdf1e4-f215-49ba-ac34-022d551cf7df tempest-ServerActionsTestOtherA-1156072224 tempest-ServerActionsTestOtherA-1156072224-project-member] Determining version of request: GET /v2/schemas/image Accept: */* {{(pid=98589) process_request /opt/stack/glance/glance/api/middleware/version_negotiation.py:44}}
May 14 04:29:34.301457 np0000000744 devstack@g-api.service[98589]: DEBUG glance.api.middleware.version_negotiation [None req-29bdf1e4-f215-49ba-ac34-022d551cf7df tempest-ServerActionsTestOtherA-1156072224 tempest-ServerActionsTestOtherA-1156072224-project-member] Using url versioning {{(pid=98589) process_request /opt/stack/glance/glance/api/middleware/version_negotiation.py:57}}
May 14 04:29:34.301608 np0000000744 devstack@g-api.service[98589]: DEBUG glance.api.middleware.version_negotiation [None req-29bdf1e4-f215-49ba-ac34-022d551cf7df tempest-ServerActionsTestOtherA-1156072224 tempest-ServerActionsTestOtherA-1156072224-project-member] Matched version: v2 {{(pid=98589) process_request /opt/stack/glance/glance/api/middleware/version_negotiation.py:69}}
May 14 04:29:34.301697 np0000000744 devstack@g-api.service[98589]: DEBUG glance.api.middleware.version_negotiation [None req-29bdf1e4-f215-49ba-ac34-022d551cf7df tempest-ServerActionsTestOtherA-1156072224 tempest-ServerActionsTestOtherA-1156072224-project-member] new path /v2/schemas/image {{(pid=98589) process_request /opt/stack/glance/glance/api/middleware/version_negotiation.py:70}}
May 14 04:29:34.304012 np0000000744 devstack@g-api.service[98589]: [pid: 98589|app: 0|req: 163/320] 127.0.0.1 () {44 vars in 1051 bytes} [Thu May 14 04:29:34 2026] GET /v2/schemas/image => generated 6083 bytes in 3 msecs (HTTP/1.1 200) 4 headers in 158 bytes (1 switches on core 0)
May 14 04:29:39.335471 np0000000744 devstack@g-api.service[98588]: DEBUG glance.api.middleware.version_negotiation [None req-8362e3e0-c04d-44a5-8f72-9d1849c069ab tempest-AttachVolumeNegativeTest-144982375 tempest-AttachVolumeNegativeTest-144982375-project-member] Determining version of request: GET /v2/images/92248eb5-1126-40dc-9f1e-64fef9c97fde Accept: */* {{(pid=98588) process_request /opt/stack/glance/glance/api/middleware/version_negotiation.py:44}}
May 14 04:29:39.336236 np0000000744 devstack@g-api.service[98588]: DEBUG glance.api.middleware.version_negotiation [None req-8362e3e0-c04d-44a5-8f72-9d1849c069ab tempest-AttachVolumeNegativeTest-144982375 tempest-AttachVolumeNegativeTest-144982375-project-member] Using url versioning {{(pid=98588) process_request /opt/stack/glance/glance/api/middleware/version_negotiation.py:57}}
May 14 04:29:39.336236 np0000000744 devstack@g-api.service[98588]: DEBUG glance.api.middleware.version_negotiation [None req-8362e3e0-c04d-44a5-8f72-9d1849c069ab tempest-AttachVolumeNegativeTest-144982375 tempest-AttachVolumeNegativeTest-144982375-project-member] Matched version: v2 {{(pid=98588) process_request /opt/stack/glance/glance/api/middleware/version_negotiation.py:69}}
May 14 04:29:39.336236 np0000000744 devstack@g-api.service[98588]: DEBUG glance.api.middleware.version_negotiation [None req-8362e3e0-c04d-44a5-8f72-9d1849c069ab tempest-AttachVolumeNegativeTest-144982375 tempest-AttachVolumeNegativeTest-144982375-project-member] new path /v2/images/92248eb5-1126-40dc-9f1e-64fef9c97fde {{(pid=98588) process_request /opt/stack/glance/glance/api/middleware/version_negotiation.py:70}}
May 14 04:29:39.349526 np0000000744 devstack@g-api.service[98588]: [pid: 98588|app: 0|req: 158/321] 127.0.0.1 () {44 vars in 1111 bytes} [Thu May 14 04:29:39 2026] GET /v2/images/92248eb5-1126-40dc-9f1e-64fef9c97fde => generated 1044 bytes in 14 msecs (HTTP/1.1 200) 4 headers in 158 bytes (1 switches on core 0)
May 14 04:29:39.414168 np0000000744 devstack@g-api.service[98589]: DEBUG glance.api.middleware.version_negotiation [None req-8362e3e0-c04d-44a5-8f72-9d1849c069ab tempest-AttachVolumeNegativeTest-144982375 tempest-AttachVolumeNegativeTest-144982375-project-member] Determining version of request: GET /v2/schemas/image Accept: */* {{(pid=98589) process_request /opt/stack/glance/glance/api/middleware/version_negotiation.py:44}}
May 14 04:29:39.414643 np0000000744 devstack@g-api.service[98589]: DEBUG glance.api.middleware.version_negotiation [None req-8362e3e0-c04d-44a5-8f72-9d1849c069ab tempest-AttachVolumeNegativeTest-144982375 tempest-AttachVolumeNegativeTest-144982375-project-member] Using url versioning {{(pid=98589) process_request /opt/stack/glance/glance/api/middleware/version_negotiation.py:57}}
May 14 04:29:39.414643 np0000000744 devstack@g-api.service[98589]: DEBUG glance.api.middleware.version_negotiation [None req-8362e3e0-c04d-44a5-8f72-9d1849c069ab tempest-AttachVolumeNegativeTest-144982375 tempest-AttachVolumeNegativeTest-144982375-project-member] Matched version: v2 {{(pid=98589) process_request /opt/stack/glance/glance/api/middleware/version_negotiation.py:69}}
May 14 04:29:39.414762 np0000000744 devstack@g-api.service[98589]: DEBUG glance.api.middleware.version_negotiation [None req-8362e3e0-c04d-44a5-8f72-9d1849c069ab tempest-AttachVolumeNegativeTest-144982375 tempest-AttachVolumeNegativeTest-144982375-project-member] new path /v2/schemas/image {{(pid=98589) process_request /opt/stack/glance/glance/api/middleware/version_negotiation.py:70}}
May 14 04:29:39.423187 np0000000744 devstack@g-api.service[98589]: [pid: 98589|app: 0|req: 164/322] 127.0.0.1 () {44 vars in 1051 bytes} [Thu May 14 04:29:39 2026] GET /v2/schemas/image => generated 6083 bytes in 9 msecs (HTTP/1.1 200) 4 headers in 158 bytes (1 switches on core 0)
May 14 04:29:44.026123 np0000000744 devstack@g-api.service[98589]: DEBUG dbcounter [-] [98589] Writing DB stats glance:SELECT=7,glance:UPDATE=1 {{(pid=98589) stat_writer /opt/stack/data/venv/lib/python3.12/site-packages/dbcounter.py:115}}
May 14 04:29:49.347214 np0000000744 devstack@g-api.service[98588]: DEBUG dbcounter [-] [98588] Writing DB stats glance:SELECT=40,glance:UPDATE=27,glance:DELETE=1 {{(pid=98588) stat_writer /opt/stack/data/venv/lib/python3.12/site-packages/dbcounter.py:115}}
May 14 04:29:52.089384 np0000000744 devstack@g-api.service[98588]: DEBUG glance.api.middleware.version_negotiation [None req-4b331b1c-943d-403c-a809-30ff9fb5c436 tempest-VolumesNegativeTest-816188033 tempest-VolumesNegativeTest-816188033-project-member] Determining version of request: DELETE /v2/images/28281c71-9586-4568-aa60-10ab1077ba9f Accept: application/json {{(pid=98588) process_request /opt/stack/glance/glance/api/middleware/version_negotiation.py:44}}
May 14 04:29:52.089384 np0000000744 devstack@g-api.service[98588]: DEBUG glance.api.middleware.version_negotiation [None req-4b331b1c-943d-403c-a809-30ff9fb5c436 tempest-VolumesNegativeTest-816188033 tempest-VolumesNegativeTest-816188033-project-member] Using url versioning {{(pid=98588) process_request /opt/stack/glance/glance/api/middleware/version_negotiation.py:57}}
May 14 04:29:52.089384 np0000000744 devstack@g-api.service[98588]: DEBUG glance.api.middleware.version_negotiation [None req-4b331b1c-943d-403c-a809-30ff9fb5c436 tempest-VolumesNegativeTest-816188033 tempest-VolumesNegativeTest-816188033-project-member] Matched version: v2 {{(pid=98588) process_request /opt/stack/glance/glance/api/middleware/version_negotiation.py:69}}
May 14 04:29:52.089384 np0000000744 devstack@g-api.service[98588]: DEBUG glance.api.middleware.version_negotiation [None req-4b331b1c-943d-403c-a809-30ff9fb5c436 tempest-VolumesNegativeTest-816188033 tempest-VolumesNegativeTest-816188033-project-member] new path /v2/images/28281c71-9586-4568-aa60-10ab1077ba9f {{(pid=98588) process_request /opt/stack/glance/glance/api/middleware/version_negotiation.py:70}}
May 14 04:29:52.104301 np0000000744 devstack@g-api.service[98588]: WARNING glance.api.v2.images [None req-7f98bbe8-9a7b-4499-aec3-176151db6b23 tempest-ServerBootFromVolumeStableRescueTest-865530594 tempest-ServerBootFromVolumeStableRescueTest-865530594-project-member] After upload to backend, deletion of staged image data has failed because it cannot be found at /tmp/staging//28281c71-9586-4568-aa60-10ab1077ba9f
May 14 04:29:52.105861 np0000000744 devstack@g-api.service[98588]: DEBUG glance_store.backend [None req-7f98bbe8-9a7b-4499-aec3-176151db6b23 tempest-ServerBootFromVolumeStableRescueTest-865530594 tempest-ServerBootFromVolumeStableRescueTest-865530594-project-member] Attempting to import store swift {{(pid=98588) _load_store /opt/stack/data/venv/lib/python3.12/site-packages/glance_store/backend.py:215}}
May 14 04:29:52.107433 np0000000744 devstack@g-api.service[98588]: DEBUG glance_store.capabilities [None req-7f98bbe8-9a7b-4499-aec3-176151db6b23 tempest-ServerBootFromVolumeStableRescueTest-865530594 tempest-ServerBootFromVolumeStableRescueTest-865530594-project-member] Store glance_store._drivers.swift.store.SingleTenantStore doesn't support updating dynamic storage capabilities. Please overwrite 'update_capabilities' method of the store to implement updating logics if needed. {{(pid=98588) update_capabilities /opt/stack/data/venv/lib/python3.12/site-packages/glance_store/capabilities.py:91}}
May 14 04:29:52.107433 np0000000744 devstack@g-api.service[98588]: DEBUG glance_store.driver [None req-7f98bbe8-9a7b-4499-aec3-176151db6b23 tempest-ServerBootFromVolumeStableRescueTest-865530594 tempest-ServerBootFromVolumeStableRescueTest-865530594-project-member] Late loading location class glance_store._drivers.swift.store.StoreLocation {{(pid=98588) get_store_location_class /opt/stack/data/venv/lib/python3.12/site-packages/glance_store/driver.py:134}}
May 14 04:29:52.107433 np0000000744 devstack@g-api.service[98588]: DEBUG glance_store.location [None req-7f98bbe8-9a7b-4499-aec3-176151db6b23 tempest-ServerBootFromVolumeStableRescueTest-865530594 tempest-ServerBootFromVolumeStableRescueTest-865530594-project-member] Registering scheme swift+https with {'store': , 'location_class': , 'store_entry': 'swift'} {{(pid=98588) register_scheme_map /opt/stack/data/venv/lib/python3.12/site-packages/glance_store/location.py:146}}
May 14 04:29:52.109186 np0000000744 devstack@g-api.service[98588]: DEBUG glance_store.location [None req-7f98bbe8-9a7b-4499-aec3-176151db6b23 tempest-ServerBootFromVolumeStableRescueTest-865530594 tempest-ServerBootFromVolumeStableRescueTest-865530594-project-member] Registering scheme swift+https with {'store': , 'location_class': , 'store_entry': 'swift'} {{(pid=98588) register_scheme_map /opt/stack/data/venv/lib/python3.12/site-packages/glance_store/location.py:146}}
May 14 04:29:52.109186 np0000000744 devstack@g-api.service[98588]: DEBUG glance_store.location [None req-7f98bbe8-9a7b-4499-aec3-176151db6b23 tempest-ServerBootFromVolumeStableRescueTest-865530594 tempest-ServerBootFromVolumeStableRescueTest-865530594-project-member] Registering scheme swift with {'store': , 'location_class': , 'store_entry': 'swift'} {{(pid=98588) register_scheme_map /opt/stack/data/venv/lib/python3.12/site-packages/glance_store/location.py:146}}
May 14 04:29:52.109186 np0000000744 devstack@g-api.service[98588]: DEBUG glance_store.location [None req-7f98bbe8-9a7b-4499-aec3-176151db6b23 tempest-ServerBootFromVolumeStableRescueTest-865530594 tempest-ServerBootFromVolumeStableRescueTest-865530594-project-member] Registering scheme swift+https with {'store': , 'location_class': , 'store_entry': 'swift'} {{(pid=98588) register_scheme_map /opt/stack/data/venv/lib/python3.12/site-packages/glance_store/location.py:146}}
May 14 04:29:52.109186 np0000000744 devstack@g-api.service[98588]: DEBUG glance_store.location [None req-7f98bbe8-9a7b-4499-aec3-176151db6b23 tempest-ServerBootFromVolumeStableRescueTest-865530594 tempest-ServerBootFromVolumeStableRescueTest-865530594-project-member] Registering scheme swift with {'store': , 'location_class': , 'store_entry': 'swift'} {{(pid=98588) register_scheme_map /opt/stack/data/venv/lib/python3.12/site-packages/glance_store/location.py:146}}
