May 14 04:21:31.511263 np0000000744 neutron-periodic-workers[88562]: DEBUG cotyledon.oslo_config_glue [-] ovn.bfd_mult = 3 {{(pid=88562) log_opt_values /opt/stack/data/venv/lib/python3.12/site-packages/oslo_config/cfg.py:3006}}
May 14 04:21:31.511263 np0000000744 neutron-periodic-workers[88562]: DEBUG cotyledon.oslo_config_glue [-] ovn.broadcast_arps_to_all_routers = True {{(pid=88562) log_opt_values /opt/stack/data/venv/lib/python3.12/site-packages/oslo_config/cfg.py:3006}}
May 14 04:21:31.511338 np0000000744 neutron-periodic-workers[88562]: DEBUG cotyledon.oslo_config_glue [-] ovn.dhcp_default_lease_time = 43200 {{(pid=88562) log_opt_values /opt/stack/data/venv/lib/python3.12/site-packages/oslo_config/cfg.py:3006}}
May 14 04:21:31.511338 np0000000744 neutron-periodic-workers[88562]: DEBUG cotyledon.oslo_config_glue [-] ovn.disable_ovn_dhcp_for_baremetal_ports = False {{(pid=88562) log_opt_values /opt/stack/data/venv/lib/python3.12/site-packages/oslo_config/cfg.py:3006}}
May 14 04:21:31.511420 np0000000744 neutron-periodic-workers[88562]: DEBUG cotyledon.oslo_config_glue [-] ovn.dns_records_ovn_owned = False {{(pid=88562) log_opt_values /opt/stack/data/venv/lib/python3.12/site-packages/oslo_config/cfg.py:3006}}
May 14 04:21:31.511420 np0000000744 neutron-periodic-workers[88562]: DEBUG cotyledon.oslo_config_glue [-] ovn.dns_servers = [] {{(pid=88562) log_opt_values /opt/stack/data/venv/lib/python3.12/site-packages/oslo_config/cfg.py:3006}}
May 14 04:21:31.511420 np0000000744 neutron-periodic-workers[88562]: DEBUG cotyledon.oslo_config_glue [-] ovn.enable_distributed_floating_ip = False {{(pid=88562) log_opt_values /opt/stack/data/venv/lib/python3.12/site-packages/oslo_config/cfg.py:3006}}
May 14 04:21:31.511494 np0000000744 neutron-periodic-workers[88562]: DEBUG cotyledon.oslo_config_glue [-] ovn.fdb_age_threshold = 300 {{(pid=88562) log_opt_values /opt/stack/data/venv/lib/python3.12/site-packages/oslo_config/cfg.py:3006}}
May 14 04:21:31.511494 np0000000744 neutron-periodic-workers[88562]: DEBUG cotyledon.oslo_config_glue [-] ovn.ha_failover_strategy = normal {{(pid=88562) log_opt_values /opt/stack/data/venv/lib/python3.12/site-packages/oslo_config/cfg.py:3006}}
May 14 04:21:31.511536 np0000000744 neutron-periodic-workers[88562]: DEBUG cotyledon.oslo_config_glue [-] ovn.live_migration_activation_strategy = rarp {{(pid=88562) log_opt_values /opt/stack/data/venv/lib/python3.12/site-packages/oslo_config/cfg.py:3006}}
May 14 04:21:31.511580 np0000000744 neutron-periodic-workers[88562]: DEBUG cotyledon.oslo_config_glue [-] ovn.localnet_learn_fdb = False {{(pid=88562) log_opt_values /opt/stack/data/venv/lib/python3.12/site-packages/oslo_config/cfg.py:3006}}
May 14 04:21:31.511609 np0000000744 neutron-periodic-workers[88562]: DEBUG cotyledon.oslo_config_glue [-] ovn.mac_binding_age_threshold = 300 {{(pid=88562) log_opt_values /opt/stack/data/venv/lib/python3.12/site-packages/oslo_config/cfg.py:3006}}
May 14 04:21:31.511987 np0000000744 neutron-periodic-workers[88562]: DEBUG cotyledon.oslo_config_glue [-] ovn.neutron_sync_mode = log {{(pid=88562) log_opt_values /opt/stack/data/venv/lib/python3.12/site-packages/oslo_config/cfg.py:3006}}
May 14 04:21:31.511987 np0000000744 neutron-periodic-workers[88562]: DEBUG cotyledon.oslo_config_glue [-] ovn.ovn_dhcp4_global_options = {} {{(pid=88562) log_opt_values /opt/stack/data/venv/lib/python3.12/site-packages/oslo_config/cfg.py:3006}}
May 14 04:21:31.511987 np0000000744 neutron-periodic-workers[88562]: DEBUG cotyledon.oslo_config_glue [-] ovn.ovn_dhcp6_global_options = {} {{(pid=88562) log_opt_values /opt/stack/data/venv/lib/python3.12/site-packages/oslo_config/cfg.py:3006}}
May 14 04:21:31.511987 np0000000744 neutron-periodic-workers[88562]: DEBUG cotyledon.oslo_config_glue [-] ovn.ovn_l3_scheduler = leastloaded {{(pid=88562) log_opt_values /opt/stack/data/venv/lib/python3.12/site-packages/oslo_config/cfg.py:3006}}
May 14 04:21:31.511987 np0000000744 neutron-periodic-workers[88562]: DEBUG cotyledon.oslo_config_glue [-] ovn.ovn_metadata_enabled = True {{(pid=88562) log_opt_values /opt/stack/data/venv/lib/python3.12/site-packages/oslo_config/cfg.py:3006}}
May 14 04:21:31.511987 np0000000744 neutron-periodic-workers[88562]: DEBUG cotyledon.oslo_config_glue [-] ovn.ovn_nb_ca_cert = /opt/stack/data/CA/int-ca/ca-chain.pem {{(pid=88562) log_opt_values /opt/stack/data/venv/lib/python3.12/site-packages/oslo_config/cfg.py:3006}}
May 14 04:21:31.511987 np0000000744 neutron-periodic-workers[88562]: DEBUG cotyledon.oslo_config_glue [-] ovn.ovn_nb_certificate = /opt/stack/data/CA/int-ca/devstack-cert.crt {{(pid=88562) log_opt_values /opt/stack/data/venv/lib/python3.12/site-packages/oslo_config/cfg.py:3006}}
May 14 04:21:31.511987 np0000000744 neutron-periodic-workers[88562]: DEBUG cotyledon.oslo_config_glue [-] ovn.ovn_nb_connection = ['ssl:10.4.3.61:6641'] {{(pid=88562) log_opt_values /opt/stack/data/venv/lib/python3.12/site-packages/oslo_config/cfg.py:3006}}
May 14 04:21:31.512152 np0000000744 neutron-periodic-workers[88562]: DEBUG cotyledon.oslo_config_glue [-] ovn.ovn_nb_private_key = /opt/stack/data/CA/int-ca/private/devstack-cert.key {{(pid=88562) log_opt_values /opt/stack/data/venv/lib/python3.12/site-packages/oslo_config/cfg.py:3006}}
May 14 04:21:31.512152 np0000000744 neutron-periodic-workers[88562]: DEBUG cotyledon.oslo_config_glue [-] ovn.ovn_router_indirect_snat = False {{(pid=88562) log_opt_values /opt/stack/data/venv/lib/python3.12/site-packages/oslo_config/cfg.py:3006}}
May 14 04:21:31.512152 np0000000744 neutron-periodic-workers[88562]: DEBUG cotyledon.oslo_config_glue [-] ovn.ovn_sb_ca_cert = /opt/stack/data/CA/int-ca/ca-chain.pem {{(pid=88562) log_opt_values /opt/stack/data/venv/lib/python3.12/site-packages/oslo_config/cfg.py:3006}}
May 14 04:21:31.512251 np0000000744 neutron-periodic-workers[88562]: DEBUG cotyledon.oslo_config_glue [-] ovn.ovn_sb_certificate = /opt/stack/data/CA/int-ca/devstack-cert.crt {{(pid=88562) log_opt_values /opt/stack/data/venv/lib/python3.12/site-packages/oslo_config/cfg.py:3006}}
May 14 04:21:31.512251 np0000000744 neutron-periodic-workers[88562]: DEBUG cotyledon.oslo_config_glue [-] ovn.ovn_sb_connection = ['ssl:10.4.3.61:6642'] {{(pid=88562) log_opt_values /opt/stack/data/venv/lib/python3.12/site-packages/oslo_config/cfg.py:3006}}
May 14 04:21:31.512251 np0000000744 neutron-periodic-workers[88562]: DEBUG cotyledon.oslo_config_glue [-] ovn.ovn_sb_private_key = /opt/stack/data/CA/int-ca/private/devstack-cert.key {{(pid=88562) log_opt_values /opt/stack/data/venv/lib/python3.12/site-packages/oslo_config/cfg.py:3006}}
May 14 04:21:31.512314 np0000000744 neutron-periodic-workers[88562]: DEBUG cotyledon.oslo_config_glue [-] ovn.ovs_create_tap = False {{(pid=88562) log_opt_values /opt/stack/data/venv/lib/python3.12/site-packages/oslo_config/cfg.py:3006}}
May 14 04:21:31.512340 np0000000744 neutron-periodic-workers[88562]: DEBUG cotyledon.oslo_config_glue [-] ovn.ovsdb_connection_timeout = 180 {{(pid=88562) log_opt_values /opt/stack/data/venv/lib/python3.12/site-packages/oslo_config/cfg.py:3006}}
May 14 04:21:31.512404 np0000000744 neutron-periodic-workers[88562]: DEBUG cotyledon.oslo_config_glue [-] ovn.ovsdb_log_level = INFO {{(pid=88562) log_opt_values /opt/stack/data/venv/lib/python3.12/site-packages/oslo_config/cfg.py:3006}}
May 14 04:21:31.512404 np0000000744 neutron-periodic-workers[88562]: DEBUG cotyledon.oslo_config_glue [-] ovn.ovsdb_probe_interval = 60000 {{(pid=88562) log_opt_values /opt/stack/data/venv/lib/python3.12/site-packages/oslo_config/cfg.py:3006}}
May 14 04:21:31.512494 np0000000744 neutron-periodic-workers[88562]: DEBUG cotyledon.oslo_config_glue [-] ovn.ovsdb_retry_max_interval = 180 {{(pid=88562) log_opt_values /opt/stack/data/venv/lib/python3.12/site-packages/oslo_config/cfg.py:3006}}
May 14 04:21:31.512494 np0000000744 neutron-periodic-workers[88562]: DEBUG cotyledon.oslo_config_glue [-] ovn.stateless_nat_enabled = False {{(pid=88562) log_opt_values /opt/stack/data/venv/lib/python3.12/site-packages/oslo_config/cfg.py:3006}}
May 14 04:21:31.512494 np0000000744 neutron-periodic-workers[88562]: DEBUG cotyledon.oslo_config_glue [-] ovn.vhost_sock_dir = /var/run/openvswitch {{(pid=88562) log_opt_values /opt/stack/data/venv/lib/python3.12/site-packages/oslo_config/cfg.py:3006}}
May 14 04:21:31.512605 np0000000744 neutron-periodic-workers[88562]: DEBUG cotyledon.oslo_config_glue [-] OVS.bridge_mac_table_size = 50000 {{(pid=88562) log_opt_values /opt/stack/data/venv/lib/python3.12/site-packages/oslo_config/cfg.py:3006}}
May 14 04:21:31.512605 np0000000744 neutron-periodic-workers[88562]: DEBUG cotyledon.oslo_config_glue [-] OVS.igmp_flood = False {{(pid=88562) log_opt_values /opt/stack/data/venv/lib/python3.12/site-packages/oslo_config/cfg.py:3006}}
May 14 04:21:31.512689 np0000000744 neutron-periodic-workers[88562]: DEBUG cotyledon.oslo_config_glue [-] OVS.igmp_flood_reports = True {{(pid=88562) log_opt_values /opt/stack/data/venv/lib/python3.12/site-packages/oslo_config/cfg.py:3006}}
May 14 04:21:31.512689 np0000000744 neutron-periodic-workers[88562]: DEBUG cotyledon.oslo_config_glue [-] OVS.igmp_flood_unregistered = False {{(pid=88562) log_opt_values /opt/stack/data/venv/lib/python3.12/site-packages/oslo_config/cfg.py:3006}}
May 14 04:21:31.512689 np0000000744 neutron-periodic-workers[88562]: DEBUG cotyledon.oslo_config_glue [-] OVS.igmp_snooping_enable = False {{(pid=88562) log_opt_values /opt/stack/data/venv/lib/python3.12/site-packages/oslo_config/cfg.py:3006}}
May 14 04:21:31.512788 np0000000744 neutron-periodic-workers[88562]: DEBUG cotyledon.oslo_config_glue [-] OVS.ovsdb_timeout = 10 {{(pid=88562) log_opt_values /opt/stack/data/venv/lib/python3.12/site-packages/oslo_config/cfg.py:3006}}
May 14 04:21:31.512788 np0000000744 neutron-periodic-workers[88562]: DEBUG cotyledon.oslo_config_glue [-] ovn_nb_global.fdb_removal_limit = 0 {{(pid=88562) log_opt_values /opt/stack/data/venv/lib/python3.12/site-packages/oslo_config/cfg.py:3006}}
May 14 04:21:31.513416 np0000000744 neutron-periodic-workers[88562]: DEBUG cotyledon.oslo_config_glue [-] ovn_nb_global.ignore_lsp_down = False {{(pid=88562) log_opt_values /opt/stack/data/venv/lib/python3.12/site-packages/oslo_config/cfg.py:3006}}
May 14 04:21:31.513416 np0000000744 neutron-periodic-workers[88562]: DEBUG cotyledon.oslo_config_glue [-] ovn_nb_global.mac_binding_removal_limit = 0 {{(pid=88562) log_opt_values /opt/stack/data/venv/lib/python3.12/site-packages/oslo_config/cfg.py:3006}}
May 14 04:21:31.513416 np0000000744 neutron-periodic-workers[88562]: DEBUG cotyledon.oslo_config_glue [-] ******************************************************************************** {{(pid=88562) log_opt_values /opt/stack/data/venv/lib/python3.12/site-packages/oslo_config/cfg.py:3013}}
May 14 04:21:31.513416 np0000000744 neutron-periodic-workers[88562]: DEBUG cotyledon._service_worker [-] Run service ServiceWrapper(0) [88562] {{(pid=88562) wait_forever /opt/stack/data/venv/lib/python3.12/site-packages/cotyledon/_service_worker.py:218}}
May 14 04:21:41.185458 np0000000744 neutron-periodic-workers[87667]: DEBUG dbcounter [-] [87667] Writing DB stats neutron:SELECT=4 {{(pid=87667) stat_writer /opt/stack/data/venv/lib/python3.12/site-packages/dbcounter.py:115}}
May 14 04:22:12.487523 np0000000744 neutron-periodic-workers[88540]: DEBUG oslo_db.sqlalchemy.engines [None req-d8cd70bc-ec76-4d3c-93a7-4679e9a3777e None None] Parent process 87667 forked (88540) with an open database connection, which is being discarded and recreated. {{(pid=88540) checkout /opt/stack/data/venv/lib/python3.12/site-packages/oslo_db/sqlalchemy/engines.py:402}}
May 14 04:22:12.497483 np0000000744 neutron-periodic-workers[88540]: DEBUG dbcounter [-] [88540] Writer thread running {{(pid=88540) stat_writer /opt/stack/data/venv/lib/python3.12/site-packages/dbcounter.py:102}}
May 14 04:22:12.502045 np0000000744 neutron-periodic-workers[88540]: DEBUG neutron.db.agents_db [None req-d8cd70bc-ec76-4d3c-93a7-4679e9a3777e None None] Agent healthcheck: found 0 active agents {{(pid=88540) agent_health_check /opt/stack/neutron/neutron/db/agents_db.py:322}}
May 14 04:22:12.502299 np0000000744 neutron-periodic-workers[88540]: DEBUG oslo.service.backend._threading.loopingcall [None req-d8cd70bc-ec76-4d3c-93a7-4679e9a3777e None None] Fixed interval looping call 'neutron.plugins.ml2.plugin.AgentDbMixin.agent_health_check' sleeping for 36.98 seconds {{(pid=88540) _run_loop /opt/stack/data/venv/lib/python3.12/site-packages/oslo_service/backend/_threading/loopingcall.py:125}}
May 14 04:22:17.511916 np0000000744 neutron-periodic-workers[88533]: DEBUG dbcounter [-] [88533] Writer thread running {{(pid=88533) stat_writer /opt/stack/data/venv/lib/python3.12/site-packages/dbcounter.py:102}}
May 14 04:22:17.520833 np0000000744 neutron-periodic-workers[88533]: DEBUG oslo.service.backend._threading.loopingcall [None req-ce2321d3-5a6e-4aaf-a6c7-7efd2f7ea3fc None None] Fixed interval looping call 'neutron.plugins.ml2.plugin.DhcpAgentSchedulerDbMixin.remove_networks_from_down_agents' sleeping for 36.98 seconds {{(pid=88533) _run_loop /opt/stack/data/venv/lib/python3.12/site-packages/oslo_service/backend/_threading/loopingcall.py:125}}
May 14 04:22:27.519760 np0000000744 neutron-periodic-workers[88533]: DEBUG dbcounter [-] [88533] Writing DB stats neutron:SELECT=3 {{(pid=88533) stat_writer /opt/stack/data/venv/lib/python3.12/site-packages/dbcounter.py:115}}
May 14 04:22:32.498389 np0000000744 neutron-periodic-workers[88540]: DEBUG dbcounter [-] [88540] Writing DB stats neutron:SELECT=1 {{(pid=88540) stat_writer /opt/stack/data/venv/lib/python3.12/site-packages/dbcounter.py:115}}
May 14 04:22:49.486096 np0000000744 neutron-periodic-workers[88540]: DEBUG neutron.db.agents_db [None req-d8cd70bc-ec76-4d3c-93a7-4679e9a3777e None None] Agent healthcheck: found 0 active agents {{(pid=88540) agent_health_check /opt/stack/neutron/neutron/db/agents_db.py:322}}
May 14 04:22:49.486657 np0000000744 neutron-periodic-workers[88540]: DEBUG oslo.service.backend._threading.loopingcall [None req-d8cd70bc-ec76-4d3c-93a7-4679e9a3777e None None] Fixed interval looping call 'neutron.plugins.ml2.plugin.AgentDbMixin.agent_health_check' sleeping for 37.00 seconds {{(pid=88540) _run_loop /opt/stack/data/venv/lib/python3.12/site-packages/oslo_service/backend/_threading/loopingcall.py:125}}
May 14 04:22:54.507131 np0000000744 neutron-periodic-workers[88533]: DEBUG oslo.service.backend._threading.loopingcall [None req-ce2321d3-5a6e-4aaf-a6c7-7efd2f7ea3fc None None] Fixed interval looping call 'neutron.plugins.ml2.plugin.DhcpAgentSchedulerDbMixin.remove_networks_from_down_agents' sleeping for 36.99 seconds {{(pid=88533) _run_loop /opt/stack/data/venv/lib/python3.12/site-packages/oslo_service/backend/_threading/loopingcall.py:125}}
May 14 04:22:59.485990 np0000000744 neutron-periodic-workers[88540]: DEBUG dbcounter [-] [88540] Writing DB stats neutron:SELECT=1 {{(pid=88540) stat_writer /opt/stack/data/venv/lib/python3.12/site-packages/dbcounter.py:115}}
May 14 04:23:04.506321 np0000000744 neutron-periodic-workers[88533]: DEBUG dbcounter [-] [88533] Writing DB stats neutron:SELECT=3 {{(pid=88533) stat_writer /opt/stack/data/venv/lib/python3.12/site-packages/dbcounter.py:115}}
May 14 04:23:26.489160 np0000000744 neutron-periodic-workers[88540]: DEBUG neutron.db.agents_db [None req-d8cd70bc-ec76-4d3c-93a7-4679e9a3777e None None] Agent healthcheck: found 0 active agents {{(pid=88540) agent_health_check /opt/stack/neutron/neutron/db/agents_db.py:322}}
May 14 04:23:26.489699 np0000000744 neutron-periodic-workers[88540]: DEBUG oslo.service.backend._threading.loopingcall [None req-d8cd70bc-ec76-4d3c-93a7-4679e9a3777e None None] Fixed interval looping call 'neutron.plugins.ml2.plugin.AgentDbMixin.agent_health_check' sleeping for 37.00 seconds {{(pid=88540) _run_loop /opt/stack/data/venv/lib/python3.12/site-packages/oslo_service/backend/_threading/loopingcall.py:125}}
May 14 04:23:31.502741 np0000000744 neutron-periodic-workers[88533]: DEBUG oslo.service.backend._threading.loopingcall [None req-ce2321d3-5a6e-4aaf-a6c7-7efd2f7ea3fc None None] Fixed interval looping call 'neutron.plugins.ml2.plugin.DhcpAgentSchedulerDbMixin.remove_networks_from_down_agents' sleeping for 36.99 seconds {{(pid=88533) _run_loop /opt/stack/data/venv/lib/python3.12/site-packages/oslo_service/backend/_threading/loopingcall.py:125}}
May 14 04:23:31.515455 np0000000744 neutron-periodic-workers[88547]: DEBUG dbcounter [-] [88547] Writer thread running {{(pid=88547) stat_writer /opt/stack/data/venv/lib/python3.12/site-packages/dbcounter.py:102}}
May 14 04:23:31.517128 np0000000744 neutron-periodic-workers[88547]: DEBUG oslo.service.backend._threading.loopingcall [None req-337a344d-0cf3-415a-ab14-ff487d53b88a None None] Fixed interval looping call 'neutron.db.quota.driver_nolock.DbQuotaNoLockDriver._remove_expired_reservations' sleeping for 119.99 seconds {{(pid=88547) _run_loop /opt/stack/data/venv/lib/python3.12/site-packages/oslo_service/backend/_threading/loopingcall.py:125}}
May 14 04:23:36.488266 np0000000744 neutron-periodic-workers[88540]: DEBUG dbcounter [-] [88540] Writing DB stats neutron:SELECT=1 {{(pid=88540) stat_writer /opt/stack/data/venv/lib/python3.12/site-packages/dbcounter.py:115}}
May 14 04:23:41.502083 np0000000744 neutron-periodic-workers[88533]: DEBUG dbcounter [-] [88533] Writing DB stats neutron:SELECT=3 {{(pid=88533) stat_writer /opt/stack/data/venv/lib/python3.12/site-packages/dbcounter.py:115}}
May 14 04:23:51.515845 np0000000744 neutron-periodic-workers[88547]: DEBUG dbcounter [-] [88547] Writing DB stats neutron:DELETE=1 {{(pid=88547) stat_writer /opt/stack/data/venv/lib/python3.12/site-packages/dbcounter.py:115}}
May 14 04:24:03.492998 np0000000744 neutron-periodic-workers[88540]: DEBUG neutron.db.agents_db [None req-d8cd70bc-ec76-4d3c-93a7-4679e9a3777e None None] Agent healthcheck: found 0 active agents {{(pid=88540) agent_health_check /opt/stack/neutron/neutron/db/agents_db.py:322}}
May 14 04:24:03.492998 np0000000744 neutron-periodic-workers[88540]: DEBUG oslo.service.backend._threading.loopingcall [None req-d8cd70bc-ec76-4d3c-93a7-4679e9a3777e None None] Fixed interval looping call 'neutron.plugins.ml2.plugin.AgentDbMixin.agent_health_check' sleeping for 37.00 seconds {{(pid=88540) _run_loop /opt/stack/data/venv/lib/python3.12/site-packages/oslo_service/backend/_threading/loopingcall.py:125}}
May 14 04:24:08.498218 np0000000744 neutron-periodic-workers[88533]: DEBUG oslo.service.backend._threading.loopingcall [None req-ce2321d3-5a6e-4aaf-a6c7-7efd2f7ea3fc None None] Fixed interval looping call 'neutron.plugins.ml2.plugin.DhcpAgentSchedulerDbMixin.remove_networks_from_down_agents' sleeping for 36.99 seconds {{(pid=88533) _run_loop /opt/stack/data/venv/lib/python3.12/site-packages/oslo_service/backend/_threading/loopingcall.py:125}}
May 14 04:24:13.493047 np0000000744 neutron-periodic-workers[88540]: DEBUG dbcounter [-] [88540] Writing DB stats neutron:SELECT=1 {{(pid=88540) stat_writer /opt/stack/data/venv/lib/python3.12/site-packages/dbcounter.py:115}}
May 14 04:24:18.497547 np0000000744 neutron-periodic-workers[88533]: DEBUG dbcounter [-] [88533] Writing DB stats neutron:SELECT=3 {{(pid=88533) stat_writer /opt/stack/data/venv/lib/python3.12/site-packages/dbcounter.py:115}}
May 14 04:24:40.495958 np0000000744 neutron-periodic-workers[88540]: DEBUG neutron.db.agents_db [None req-d8cd70bc-ec76-4d3c-93a7-4679e9a3777e None None] Agent healthcheck: found 0 active agents {{(pid=88540) agent_health_check /opt/stack/neutron/neutron/db/agents_db.py:322}}
May 14 04:24:40.496453 np0000000744 neutron-periodic-workers[88540]: DEBUG oslo.service.backend._threading.loopingcall [None req-d8cd70bc-ec76-4d3c-93a7-4679e9a3777e None None] Fixed interval looping call 'neutron.plugins.ml2.plugin.AgentDbMixin.agent_health_check' sleeping for 37.00 seconds {{(pid=88540) _run_loop /opt/stack/data/venv/lib/python3.12/site-packages/oslo_service/backend/_threading/loopingcall.py:125}}
May 14 04:24:45.498759 np0000000744 neutron-periodic-workers[88533]: DEBUG oslo.service.backend._threading.loopingcall [None req-ce2321d3-5a6e-4aaf-a6c7-7efd2f7ea3fc None None] Fixed interval looping call 'neutron.plugins.ml2.plugin.DhcpAgentSchedulerDbMixin.remove_networks_from_down_agents' sleeping for 36.99 seconds {{(pid=88533) _run_loop /opt/stack/data/venv/lib/python3.12/site-packages/oslo_service/backend/_threading/loopingcall.py:125}}
May 14 04:24:50.495634 np0000000744 neutron-periodic-workers[88540]: DEBUG dbcounter [-] [88540] Writing DB stats neutron:SELECT=1 {{(pid=88540) stat_writer /opt/stack/data/venv/lib/python3.12/site-packages/dbcounter.py:115}}
May 14 04:24:55.495672 np0000000744 neutron-periodic-workers[88533]: DEBUG dbcounter [-] [88533] Writing DB stats neutron:SELECT=3 {{(pid=88533) stat_writer /opt/stack/data/venv/lib/python3.12/site-packages/dbcounter.py:115}}
May 14 04:25:17.499423 np0000000744 neutron-periodic-workers[88540]: DEBUG neutron.db.agents_db [None req-d8cd70bc-ec76-4d3c-93a7-4679e9a3777e None None] Agent healthcheck: found 0 active agents {{(pid=88540) agent_health_check /opt/stack/neutron/neutron/db/agents_db.py:322}}
May 14 04:25:17.499948 np0000000744 neutron-periodic-workers[88540]: DEBUG oslo.service.backend._threading.loopingcall [None req-d8cd70bc-ec76-4d3c-93a7-4679e9a3777e None None] Fixed interval looping call 'neutron.plugins.ml2.plugin.AgentDbMixin.agent_health_check' sleeping for 37.00 seconds {{(pid=88540) _run_loop /opt/stack/data/venv/lib/python3.12/site-packages/oslo_service/backend/_threading/loopingcall.py:125}}
May 14 04:25:19.552996 np0000000744 neutron-periodic-workers[88562]: DEBUG dbcounter [-] [88562] Writer thread running {{(pid=88562) stat_writer /opt/stack/data/venv/lib/python3.12/site-packages/dbcounter.py:102}}
May 14 04:25:19.568871 np0000000744 neutron-periodic-workers[88562]: DEBUG oslo.service.backend._threading.loopingcall [None req-4ee18c93-b813-4e14-84eb-dfee5d9ae286 None None] Fixed interval looping call 'neutron.services.ovn_l3.plugin.L3_NAT_dbonly_mixin._clean_garbage' sleeping for 299.95 seconds {{(pid=88562) _run_loop /opt/stack/data/venv/lib/python3.12/site-packages/oslo_service/backend/_threading/loopingcall.py:125}}
May 14 04:25:22.497394 np0000000744 neutron-periodic-workers[88533]: DEBUG oslo.service.backend._threading.loopingcall [None req-ce2321d3-5a6e-4aaf-a6c7-7efd2f7ea3fc None None] Fixed interval looping call 'neutron.plugins.ml2.plugin.DhcpAgentSchedulerDbMixin.remove_networks_from_down_agents' sleeping for 36.99 seconds {{(pid=88533) _run_loop /opt/stack/data/venv/lib/python3.12/site-packages/oslo_service/backend/_threading/loopingcall.py:125}}
May 14 04:25:27.498471 np0000000744 neutron-periodic-workers[88540]: DEBUG dbcounter [-] [88540] Writing DB stats neutron:SELECT=1 {{(pid=88540) stat_writer /opt/stack/data/venv/lib/python3.12/site-packages/dbcounter.py:115}}
May 14 04:25:29.553874 np0000000744 neutron-periodic-workers[88562]: DEBUG dbcounter [-] [88562] Writing DB stats neutron:SELECT=1 {{(pid=88562) stat_writer /opt/stack/data/venv/lib/python3.12/site-packages/dbcounter.py:115}}
May 14 04:25:31.515351 np0000000744 neutron-periodic-workers[88547]: DEBUG oslo.service.backend._threading.loopingcall [None req-337a344d-0cf3-415a-ab14-ff487d53b88a None None] Fixed interval looping call 'neutron.db.quota.driver_nolock.DbQuotaNoLockDriver._remove_expired_reservations' sleeping for 119.99 seconds {{(pid=88547) _run_loop /opt/stack/data/venv/lib/python3.12/site-packages/oslo_service/backend/_threading/loopingcall.py:125}}
May 14 04:25:32.496475 np0000000744 neutron-periodic-workers[88533]: DEBUG dbcounter [-] [88533] Writing DB stats neutron:SELECT=3 {{(pid=88533) stat_writer /opt/stack/data/venv/lib/python3.12/site-packages/dbcounter.py:115}}
May 14 04:25:41.512643 np0000000744 neutron-periodic-workers[88547]: DEBUG dbcounter [-] [88547] Writing DB stats neutron:DELETE=1 {{(pid=88547) stat_writer /opt/stack/data/venv/lib/python3.12/site-packages/dbcounter.py:115}}
May 14 04:25:54.504494 np0000000744 neutron-periodic-workers[88540]: DEBUG neutron.db.agents_db [None req-d8cd70bc-ec76-4d3c-93a7-4679e9a3777e None None] Agent healthcheck: found 0 active agents {{(pid=88540) agent_health_check /opt/stack/neutron/neutron/db/agents_db.py:322}}
May 14 04:25:54.504950 np0000000744 neutron-periodic-workers[88540]: DEBUG oslo.service.backend._threading.loopingcall [None req-d8cd70bc-ec76-4d3c-93a7-4679e9a3777e None None] Fixed interval looping call 'neutron.plugins.ml2.plugin.AgentDbMixin.agent_health_check' sleeping for 37.00 seconds {{(pid=88540) _run_loop /opt/stack/data/venv/lib/python3.12/site-packages/oslo_service/backend/_threading/loopingcall.py:125}}
May 14 04:25:59.501801 np0000000744 neutron-periodic-workers[88533]: DEBUG oslo.service.backend._threading.loopingcall [None req-ce2321d3-5a6e-4aaf-a6c7-7efd2f7ea3fc None None] Fixed interval looping call 'neutron.plugins.ml2.plugin.DhcpAgentSchedulerDbMixin.remove_networks_from_down_agents' sleeping for 36.99 seconds {{(pid=88533) _run_loop /opt/stack/data/venv/lib/python3.12/site-packages/oslo_service/backend/_threading/loopingcall.py:125}}
May 14 04:26:04.504375 np0000000744 neutron-periodic-workers[88540]: DEBUG dbcounter [-] [88540] Writing DB stats neutron:SELECT=1 {{(pid=88540) stat_writer /opt/stack/data/venv/lib/python3.12/site-packages/dbcounter.py:115}}
May 14 04:26:09.499780 np0000000744 neutron-periodic-workers[88533]: DEBUG dbcounter [-] [88533] Writing DB stats neutron:SELECT=3 {{(pid=88533) stat_writer /opt/stack/data/venv/lib/python3.12/site-packages/dbcounter.py:115}}
May 14 04:26:31.508091 np0000000744 neutron-periodic-workers[88540]: DEBUG neutron.db.agents_db [None req-d8cd70bc-ec76-4d3c-93a7-4679e9a3777e None None] Agent healthcheck: found 0 active agents {{(pid=88540) agent_health_check /opt/stack/neutron/neutron/db/agents_db.py:322}}
May 14 04:26:31.508608 np0000000744 neutron-periodic-workers[88540]: DEBUG oslo.service.backend._threading.loopingcall [None req-d8cd70bc-ec76-4d3c-93a7-4679e9a3777e None None] Fixed interval looping call 'neutron.plugins.ml2.plugin.AgentDbMixin.agent_health_check' sleeping for 37.00 seconds {{(pid=88540) _run_loop /opt/stack/data/venv/lib/python3.12/site-packages/oslo_service/backend/_threading/loopingcall.py:125}}
May 14 04:26:36.498698 np0000000744 neutron-periodic-workers[88533]: DEBUG oslo.service.backend._threading.loopingcall [None req-ce2321d3-5a6e-4aaf-a6c7-7efd2f7ea3fc None None] Fixed interval looping call 'neutron.plugins.ml2.plugin.DhcpAgentSchedulerDbMixin.remove_networks_from_down_agents' sleeping for 36.99 seconds {{(pid=88533) _run_loop /opt/stack/data/venv/lib/python3.12/site-packages/oslo_service/backend/_threading/loopingcall.py:125}}
May 14 04:26:41.507678 np0000000744 neutron-periodic-workers[88540]: DEBUG dbcounter [-] [88540] Writing DB stats neutron:SELECT=1 {{(pid=88540) stat_writer /opt/stack/data/venv/lib/python3.12/site-packages/dbcounter.py:115}}
May 14 04:26:46.499744 np0000000744 neutron-periodic-workers[88533]: DEBUG dbcounter [-] [88533] Writing DB stats neutron:SELECT=3 {{(pid=88533) stat_writer /opt/stack/data/venv/lib/python3.12/site-packages/dbcounter.py:115}}
May 14 04:27:08.511823 np0000000744 neutron-periodic-workers[88540]: DEBUG neutron.db.agents_db [None req-d8cd70bc-ec76-4d3c-93a7-4679e9a3777e None None] Agent healthcheck: found 0 active agents {{(pid=88540) agent_health_check /opt/stack/neutron/neutron/db/agents_db.py:322}}
May 14 04:27:08.512322 np0000000744 neutron-periodic-workers[88540]: DEBUG oslo.service.backend._threading.loopingcall [None req-d8cd70bc-ec76-4d3c-93a7-4679e9a3777e None None] Fixed interval looping call 'neutron.plugins.ml2.plugin.AgentDbMixin.agent_health_check' sleeping for 37.00 seconds {{(pid=88540) _run_loop /opt/stack/data/venv/lib/python3.12/site-packages/oslo_service/backend/_threading/loopingcall.py:125}}
May 14 04:27:13.503816 np0000000744 neutron-periodic-workers[88533]: DEBUG oslo.service.backend._threading.loopingcall [None req-ce2321d3-5a6e-4aaf-a6c7-7efd2f7ea3fc None None] Fixed interval looping call 'neutron.plugins.ml2.plugin.DhcpAgentSchedulerDbMixin.remove_networks_from_down_agents' sleeping for 36.99 seconds {{(pid=88533) _run_loop /opt/stack/data/venv/lib/python3.12/site-packages/oslo_service/backend/_threading/loopingcall.py:125}}
May 14 04:27:18.511598 np0000000744 neutron-periodic-workers[88540]: DEBUG dbcounter [-] [88540] Writing DB stats neutron:SELECT=1 {{(pid=88540) stat_writer /opt/stack/data/venv/lib/python3.12/site-packages/dbcounter.py:115}}
May 14 04:27:23.502055 np0000000744 neutron-periodic-workers[88533]: DEBUG dbcounter [-] [88533] Writing DB stats neutron:SELECT=3 {{(pid=88533) stat_writer /opt/stack/data/venv/lib/python3.12/site-packages/dbcounter.py:115}}
May 14 04:27:31.513121 np0000000744 neutron-periodic-workers[88547]: DEBUG oslo.service.backend._threading.loopingcall [None req-337a344d-0cf3-415a-ab14-ff487d53b88a None None] Fixed interval looping call 'neutron.db.quota.driver_nolock.DbQuotaNoLockDriver._remove_expired_reservations' sleeping for 119.99 seconds {{(pid=88547) _run_loop /opt/stack/data/venv/lib/python3.12/site-packages/oslo_service/backend/_threading/loopingcall.py:125}}
May 14 04:27:41.512073 np0000000744 neutron-periodic-workers[88547]: DEBUG dbcounter [-] [88547] Writing DB stats neutron:DELETE=1 {{(pid=88547) stat_writer /opt/stack/data/venv/lib/python3.12/site-packages/dbcounter.py:115}}
May 14 04:27:45.519702 np0000000744 neutron-periodic-workers[88540]: DEBUG neutron.db.agents_db [None req-d8cd70bc-ec76-4d3c-93a7-4679e9a3777e None None] Agent healthcheck: found 0 active agents {{(pid=88540) agent_health_check /opt/stack/neutron/neutron/db/agents_db.py:322}}
May 14 04:27:45.520274 np0000000744 neutron-periodic-workers[88540]: DEBUG oslo.service.backend._threading.loopingcall [None req-d8cd70bc-ec76-4d3c-93a7-4679e9a3777e None None] Fixed interval looping call 'neutron.plugins.ml2.plugin.AgentDbMixin.agent_health_check' sleeping for 36.99 seconds {{(pid=88540) _run_loop /opt/stack/data/venv/lib/python3.12/site-packages/oslo_service/backend/_threading/loopingcall.py:125}}
May 14 04:27:50.505879 np0000000744 neutron-periodic-workers[88533]: DEBUG oslo.service.backend._threading.loopingcall [None req-ce2321d3-5a6e-4aaf-a6c7-7efd2f7ea3fc None None] Fixed interval looping call 'neutron.plugins.ml2.plugin.DhcpAgentSchedulerDbMixin.remove_networks_from_down_agents' sleeping for 36.99 seconds {{(pid=88533) _run_loop /opt/stack/data/venv/lib/python3.12/site-packages/oslo_service/backend/_threading/loopingcall.py:125}}
May 14 04:27:55.518009 np0000000744 neutron-periodic-workers[88540]: DEBUG dbcounter [-] [88540] Writing DB stats neutron:SELECT=1 {{(pid=88540) stat_writer /opt/stack/data/venv/lib/python3.12/site-packages/dbcounter.py:115}}
May 14 04:28:00.506650 np0000000744 neutron-periodic-workers[88533]: DEBUG dbcounter [-] [88533] Writing DB stats neutron:SELECT=3 {{(pid=88533) stat_writer /opt/stack/data/venv/lib/python3.12/site-packages/dbcounter.py:115}}
May 14 04:28:22.516039 np0000000744 neutron-periodic-workers[88540]: DEBUG neutron.db.agents_db [None req-d8cd70bc-ec76-4d3c-93a7-4679e9a3777e None None] Agent healthcheck: found 0 active agents {{(pid=88540) agent_health_check /opt/stack/neutron/neutron/db/agents_db.py:322}}
May 14 04:28:22.516454 np0000000744 neutron-periodic-workers[88540]: DEBUG oslo.service.backend._threading.loopingcall [None req-d8cd70bc-ec76-4d3c-93a7-4679e9a3777e None None] Fixed interval looping call 'neutron.plugins.ml2.plugin.AgentDbMixin.agent_health_check' sleeping for 36.99 seconds {{(pid=88540) _run_loop /opt/stack/data/venv/lib/python3.12/site-packages/oslo_service/backend/_threading/loopingcall.py:125}}
May 14 04:28:27.502075 np0000000744 neutron-periodic-workers[88533]: DEBUG oslo.service.backend._threading.loopingcall [None req-ce2321d3-5a6e-4aaf-a6c7-7efd2f7ea3fc None None] Fixed interval looping call 'neutron.plugins.ml2.plugin.DhcpAgentSchedulerDbMixin.remove_networks_from_down_agents' sleeping for 36.99 seconds {{(pid=88533) _run_loop /opt/stack/data/venv/lib/python3.12/site-packages/oslo_service/backend/_threading/loopingcall.py:125}}
May 14 04:28:32.513283 np0000000744 neutron-periodic-workers[88540]: DEBUG dbcounter [-] [88540] Writing DB stats neutron:SELECT=1 {{(pid=88540) stat_writer /opt/stack/data/venv/lib/python3.12/site-packages/dbcounter.py:115}}
May 14 04:28:37.501329 np0000000744 neutron-periodic-workers[88533]: DEBUG dbcounter [-] [88533] Writing DB stats neutron:SELECT=3 {{(pid=88533) stat_writer /opt/stack/data/venv/lib/python3.12/site-packages/dbcounter.py:115}}
May 14 04:28:59.511348 np0000000744 neutron-periodic-workers[88540]: DEBUG neutron.db.agents_db [None req-d8cd70bc-ec76-4d3c-93a7-4679e9a3777e None None] Agent healthcheck: found 0 active agents {{(pid=88540) agent_health_check /opt/stack/neutron/neutron/db/agents_db.py:322}}
May 14 04:28:59.512073 np0000000744 neutron-periodic-workers[88540]: DEBUG oslo.service.backend._threading.loopingcall [None req-d8cd70bc-ec76-4d3c-93a7-4679e9a3777e None None] Fixed interval looping call 'neutron.plugins.ml2.plugin.AgentDbMixin.agent_health_check' sleeping for 37.00 seconds {{(pid=88540) _run_loop /opt/stack/data/venv/lib/python3.12/site-packages/oslo_service/backend/_threading/loopingcall.py:125}}
May 14 04:29:04.506657 np0000000744 neutron-periodic-workers[88533]: DEBUG oslo.service.backend._threading.loopingcall [None req-ce2321d3-5a6e-4aaf-a6c7-7efd2f7ea3fc None None] Fixed interval looping call 'neutron.plugins.ml2.plugin.DhcpAgentSchedulerDbMixin.remove_networks_from_down_agents' sleeping for 36.99 seconds {{(pid=88533) _run_loop /opt/stack/data/venv/lib/python3.12/site-packages/oslo_service/backend/_threading/loopingcall.py:125}}
May 14 04:29:09.510140 np0000000744 neutron-periodic-workers[88540]: DEBUG dbcounter [-] [88540] Writing DB stats neutron:SELECT=1 {{(pid=88540) stat_writer /opt/stack/data/venv/lib/python3.12/site-packages/dbcounter.py:115}}
May 14 04:29:14.505484 np0000000744 neutron-periodic-workers[88533]: DEBUG dbcounter [-] [88533] Writing DB stats neutron:SELECT=3 {{(pid=88533) stat_writer /opt/stack/data/venv/lib/python3.12/site-packages/dbcounter.py:115}}
May 14 04:29:31.512267 np0000000744 neutron-periodic-workers[88547]: DEBUG oslo.service.backend._threading.loopingcall [None req-337a344d-0cf3-415a-ab14-ff487d53b88a None None] Fixed interval looping call 'neutron.db.quota.driver_nolock.DbQuotaNoLockDriver._remove_expired_reservations' sleeping for 119.99 seconds {{(pid=88547) _run_loop /opt/stack/data/venv/lib/python3.12/site-packages/oslo_service/backend/_threading/loopingcall.py:125}}
May 14 04:29:36.515671 np0000000744 neutron-periodic-workers[88540]: DEBUG neutron.db.agents_db [None req-d8cd70bc-ec76-4d3c-93a7-4679e9a3777e None None] Agent healthcheck: found 0 active agents {{(pid=88540) agent_health_check /opt/stack/neutron/neutron/db/agents_db.py:322}}
May 14 04:29:36.516120 np0000000744 neutron-periodic-workers[88540]: DEBUG oslo.service.backend._threading.loopingcall [None req-d8cd70bc-ec76-4d3c-93a7-4679e9a3777e None None] Fixed interval looping call 'neutron.plugins.ml2.plugin.AgentDbMixin.agent_health_check' sleeping for 37.00 seconds {{(pid=88540) _run_loop /opt/stack/data/venv/lib/python3.12/site-packages/oslo_service/backend/_threading/loopingcall.py:125}}
May 14 04:29:41.509633 np0000000744 neutron-periodic-workers[88547]: DEBUG dbcounter [-] [88547] Writing DB stats neutron:DELETE=1 {{(pid=88547) stat_writer /opt/stack/data/venv/lib/python3.12/site-packages/dbcounter.py:115}}
May 14 04:29:41.510576 np0000000744 neutron-periodic-workers[88533]: DEBUG oslo.service.backend._threading.loopingcall [None req-ce2321d3-5a6e-4aaf-a6c7-7efd2f7ea3fc None None] Fixed interval looping call 'neutron.plugins.ml2.plugin.DhcpAgentSchedulerDbMixin.remove_networks_from_down_agents' sleeping for 36.99 seconds {{(pid=88533) _run_loop /opt/stack/data/venv/lib/python3.12/site-packages/oslo_service/backend/_threading/loopingcall.py:125}}
May 14 04:29:46.514196 np0000000744 neutron-periodic-workers[88540]: DEBUG dbcounter [-] [88540] Writing DB stats neutron:SELECT=1 {{(pid=88540) stat_writer /opt/stack/data/venv/lib/python3.12/site-packages/dbcounter.py:115}}
May 14 04:29:51.509323 np0000000744 neutron-periodic-workers[88533]: DEBUG dbcounter [-] [88533] Writing DB stats neutron:SELECT=3 {{(pid=88533) stat_writer /opt/stack/data/venv/lib/python3.12/site-packages/dbcounter.py:115}}
May 14 04:30:13.520715 np0000000744 neutron-periodic-workers[88540]: DEBUG neutron.db.agents_db [None req-d8cd70bc-ec76-4d3c-93a7-4679e9a3777e None None] Agent healthcheck: found 0 active agents {{(pid=88540) agent_health_check /opt/stack/neutron/neutron/db/agents_db.py:322}}
May 14 04:30:13.521268 np0000000744 neutron-periodic-workers[88540]: DEBUG oslo.service.backend._threading.loopingcall [None req-d8cd70bc-ec76-4d3c-93a7-4679e9a3777e None None] Fixed interval looping call 'neutron.plugins.ml2.plugin.AgentDbMixin.agent_health_check' sleeping for 37.00 seconds {{(pid=88540) _run_loop /opt/stack/data/venv/lib/python3.12/site-packages/oslo_service/backend/_threading/loopingcall.py:125}}
May 14 04:30:18.507329 np0000000744 neutron-periodic-workers[88533]: DEBUG oslo.service.backend._threading.loopingcall [None req-ce2321d3-5a6e-4aaf-a6c7-7efd2f7ea3fc None None] Fixed interval looping call 'neutron.plugins.ml2.plugin.DhcpAgentSchedulerDbMixin.remove_networks_from_down_agents' sleeping for 36.99 seconds {{(pid=88533) _run_loop /opt/stack/data/venv/lib/python3.12/site-packages/oslo_service/backend/_threading/loopingcall.py:125}}
May 14 04:30:19.527854 np0000000744 neutron-periodic-workers[88562]: DEBUG oslo.service.backend._threading.loopingcall [None req-4ee18c93-b813-4e14-84eb-dfee5d9ae286 None None] Fixed interval looping call 'neutron.services.ovn_l3.plugin.L3_NAT_dbonly_mixin._clean_garbage' sleeping for 299.99 seconds {{(pid=88562) _run_loop /opt/stack/data/venv/lib/python3.12/site-packages/oslo_service/backend/_threading/loopingcall.py:125}}
May 14 04:30:23.519582 np0000000744 neutron-periodic-workers[88540]: DEBUG dbcounter [-] [88540] Writing DB stats neutron:SELECT=1 {{(pid=88540) stat_writer /opt/stack/data/venv/lib/python3.12/site-packages/dbcounter.py:115}}
May 14 04:30:28.506514 np0000000744 neutron-periodic-workers[88533]: DEBUG dbcounter [-] [88533] Writing DB stats neutron:SELECT=3 {{(pid=88533) stat_writer /opt/stack/data/venv/lib/python3.12/site-packages/dbcounter.py:115}}
May 14 04:30:29.527451 np0000000744 neutron-periodic-workers[88562]: DEBUG dbcounter [-] [88562] Writing DB stats neutron:SELECT=1 {{(pid=88562) stat_writer /opt/stack/data/venv/lib/python3.12/site-packages/dbcounter.py:115}}
May 14 04:30:50.530133 np0000000744 neutron-periodic-workers[88540]: DEBUG neutron.db.agents_db [None req-d8cd70bc-ec76-4d3c-93a7-4679e9a3777e None None] Agent healthcheck: found 0 active agents {{(pid=88540) agent_health_check /opt/stack/neutron/neutron/db/agents_db.py:322}}
May 14 04:30:50.530133 np0000000744 neutron-periodic-workers[88540]: DEBUG oslo.service.backend._threading.loopingcall [None req-d8cd70bc-ec76-4d3c-93a7-4679e9a3777e None None] Fixed interval looping call 'neutron.plugins.ml2.plugin.AgentDbMixin.agent_health_check' sleeping for 36.99 seconds {{(pid=88540) _run_loop /opt/stack/data/venv/lib/python3.12/site-packages/oslo_service/backend/_threading/loopingcall.py:125}}
May 14 04:30:55.508921 np0000000744 neutron-periodic-workers[88533]: DEBUG oslo.service.backend._threading.loopingcall [None req-ce2321d3-5a6e-4aaf-a6c7-7efd2f7ea3fc None None] Fixed interval looping call 'neutron.plugins.ml2.plugin.DhcpAgentSchedulerDbMixin.remove_networks_from_down_agents' sleeping for 36.99 seconds {{(pid=88533) _run_loop /opt/stack/data/venv/lib/python3.12/site-packages/oslo_service/backend/_threading/loopingcall.py:125}}
May 14 04:31:00.531482 np0000000744 neutron-periodic-workers[88540]: DEBUG dbcounter [-] [88540] Writing DB stats neutron:SELECT=1 {{(pid=88540) stat_writer /opt/stack/data/venv/lib/python3.12/site-packages/dbcounter.py:115}}
May 14 04:31:05.509794 np0000000744 neutron-periodic-workers[88533]: DEBUG dbcounter [-] [88533] Writing DB stats neutron:SELECT=3 {{(pid=88533) stat_writer /opt/stack/data/venv/lib/python3.12/site-packages/dbcounter.py:115}}
May 14 04:31:27.532596 np0000000744 neutron-periodic-workers[88540]: DEBUG neutron.db.agents_db [None req-d8cd70bc-ec76-4d3c-93a7-4679e9a3777e None None] Agent healthcheck: found 0 active agents {{(pid=88540) agent_health_check /opt/stack/neutron/neutron/db/agents_db.py:322}}
May 14 04:31:27.532991 np0000000744 neutron-periodic-workers[88540]: DEBUG oslo.service.backend._threading.loopingcall [None req-d8cd70bc-ec76-4d3c-93a7-4679e9a3777e None None] Fixed interval looping call 'neutron.plugins.ml2.plugin.AgentDbMixin.agent_health_check' sleeping for 36.99 seconds {{(pid=88540) _run_loop /opt/stack/data/venv/lib/python3.12/site-packages/oslo_service/backend/_threading/loopingcall.py:125}}
May 14 04:31:31.505711 np0000000744 neutron-periodic-workers[88547]: DEBUG oslo.service.backend._threading.loopingcall [None req-337a344d-0cf3-415a-ab14-ff487d53b88a None None] Fixed interval looping call 'neutron.db.quota.driver_nolock.DbQuotaNoLockDriver._remove_expired_reservations' sleeping for 120.00 seconds {{(pid=88547) _run_loop /opt/stack/data/venv/lib/python3.12/site-packages/oslo_service/backend/_threading/loopingcall.py:125}}
May 14 04:31:32.513010 np0000000744 neutron-periodic-workers[88533]: DEBUG oslo.service.backend._threading.loopingcall [None req-ce2321d3-5a6e-4aaf-a6c7-7efd2f7ea3fc None None] Fixed interval looping call 'neutron.plugins.ml2.plugin.DhcpAgentSchedulerDbMixin.remove_networks_from_down_agents' sleeping for 36.99 seconds {{(pid=88533) _run_loop /opt/stack/data/venv/lib/python3.12/site-packages/oslo_service/backend/_threading/loopingcall.py:125}}
May 14 04:31:37.529371 np0000000744 neutron-periodic-workers[88540]: DEBUG dbcounter [-] [88540] Writing DB stats neutron:SELECT=1 {{(pid=88540) stat_writer /opt/stack/data/venv/lib/python3.12/site-packages/dbcounter.py:115}}
May 14 04:31:41.507055 np0000000744 neutron-periodic-workers[88547]: DEBUG dbcounter [-] [88547] Writing DB stats neutron:DELETE=1 {{(pid=88547) stat_writer /opt/stack/data/venv/lib/python3.12/site-packages/dbcounter.py:115}}
May 14 04:31:42.509483 np0000000744 neutron-periodic-workers[88533]: DEBUG dbcounter [-] [88533] Writing DB stats neutron:SELECT=3 {{(pid=88533) stat_writer /opt/stack/data/venv/lib/python3.12/site-packages/dbcounter.py:115}}
May 14 04:32:04.535028 np0000000744 neutron-periodic-workers[88540]: DEBUG neutron.db.agents_db [None req-d8cd70bc-ec76-4d3c-93a7-4679e9a3777e None None] Agent healthcheck: found 0 active agents {{(pid=88540) agent_health_check /opt/stack/neutron/neutron/db/agents_db.py:322}}
May 14 04:32:04.535487 np0000000744 neutron-periodic-workers[88540]: DEBUG oslo.service.backend._threading.loopingcall [None req-d8cd70bc-ec76-4d3c-93a7-4679e9a3777e None None] Fixed interval looping call 'neutron.plugins.ml2.plugin.AgentDbMixin.agent_health_check' sleeping for 36.99 seconds {{(pid=88540) _run_loop /opt/stack/data/venv/lib/python3.12/site-packages/oslo_service/backend/_threading/loopingcall.py:125}}
May 14 04:32:09.519572 np0000000744 neutron-periodic-workers[88533]: DEBUG oslo.service.backend._threading.loopingcall [None req-ce2321d3-5a6e-4aaf-a6c7-7efd2f7ea3fc None None] Fixed interval looping call 'neutron.plugins.ml2.plugin.DhcpAgentSchedulerDbMixin.remove_networks_from_down_agents' sleeping for 36.98 seconds {{(pid=88533) _run_loop /opt/stack/data/venv/lib/python3.12/site-packages/oslo_service/backend/_threading/loopingcall.py:125}}
May 14 04:32:14.529836 np0000000744 neutron-periodic-workers[88540]: DEBUG dbcounter [-] [88540] Writing DB stats neutron:SELECT=1 {{(pid=88540) stat_writer /opt/stack/data/venv/lib/python3.12/site-packages/dbcounter.py:115}}
May 14 04:32:19.518207 np0000000744 neutron-periodic-workers[88533]: DEBUG dbcounter [-] [88533] Writing DB stats neutron:SELECT=3 {{(pid=88533) stat_writer /opt/stack/data/venv/lib/python3.12/site-packages/dbcounter.py:115}}
May 14 04:32:41.531542 np0000000744 neutron-periodic-workers[88540]: DEBUG neutron.db.agents_db [None req-d8cd70bc-ec76-4d3c-93a7-4679e9a3777e None None] Agent healthcheck: found 0 active agents {{(pid=88540) agent_health_check /opt/stack/neutron/neutron/db/agents_db.py:322}}
May 14 04:32:41.531542 np0000000744 neutron-periodic-workers[88540]: DEBUG oslo.service.backend._threading.loopingcall [None req-d8cd70bc-ec76-4d3c-93a7-4679e9a3777e None None] Fixed interval looping call 'neutron.plugins.ml2.plugin.AgentDbMixin.agent_health_check' sleeping for 37.00 seconds {{(pid=88540) _run_loop /opt/stack/data/venv/lib/python3.12/site-packages/oslo_service/backend/_threading/loopingcall.py:125}}
May 14 04:32:46.507431 np0000000744 neutron-periodic-workers[88533]: DEBUG oslo.service.backend._threading.loopingcall [None req-ce2321d3-5a6e-4aaf-a6c7-7efd2f7ea3fc None None] Fixed interval looping call 'neutron.plugins.ml2.plugin.DhcpAgentSchedulerDbMixin.remove_networks_from_down_agents' sleeping for 36.99 seconds {{(pid=88533) _run_loop /opt/stack/data/venv/lib/python3.12/site-packages/oslo_service/backend/_threading/loopingcall.py:125}}
May 14 04:32:51.530576 np0000000744 neutron-periodic-workers[88540]: DEBUG dbcounter [-] [88540] Writing DB stats neutron:SELECT=1 {{(pid=88540) stat_writer /opt/stack/data/venv/lib/python3.12/site-packages/dbcounter.py:115}}
May 14 04:32:56.506569 np0000000744 neutron-periodic-workers[88533]: DEBUG dbcounter [-] [88533] Writing DB stats neutron:SELECT=3 {{(pid=88533) stat_writer /opt/stack/data/venv/lib/python3.12/site-packages/dbcounter.py:115}}
May 14 04:33:18.548217 np0000000744 neutron-periodic-workers[88540]: DEBUG neutron.db.agents_db [None req-d8cd70bc-ec76-4d3c-93a7-4679e9a3777e None None] Agent healthcheck: found 0 active agents {{(pid=88540) agent_health_check /opt/stack/neutron/neutron/db/agents_db.py:322}}
May 14 04:33:18.548217 np0000000744 neutron-periodic-workers[88540]: DEBUG oslo.service.backend._threading.loopingcall [None req-d8cd70bc-ec76-4d3c-93a7-4679e9a3777e None None] Fixed interval looping call 'neutron.plugins.ml2.plugin.AgentDbMixin.agent_health_check' sleeping for 36.98 seconds {{(pid=88540) _run_loop /opt/stack/data/venv/lib/python3.12/site-packages/oslo_service/backend/_threading/loopingcall.py:125}}
May 14 04:33:23.509514 np0000000744 neutron-periodic-workers[88533]: DEBUG oslo.service.backend._threading.loopingcall [None req-ce2321d3-5a6e-4aaf-a6c7-7efd2f7ea3fc None None] Fixed interval looping call 'neutron.plugins.ml2.plugin.DhcpAgentSchedulerDbMixin.remove_networks_from_down_agents' sleeping for 36.99 seconds {{(pid=88533) _run_loop /opt/stack/data/venv/lib/python3.12/site-packages/oslo_service/backend/_threading/loopingcall.py:125}}
May 14 04:33:28.536420 np0000000744 neutron-periodic-workers[88540]: DEBUG dbcounter [-] [88540] Writing DB stats neutron:SELECT=1 {{(pid=88540) stat_writer /opt/stack/data/venv/lib/python3.12/site-packages/dbcounter.py:115}}
May 14 04:33:31.509296 np0000000744 neutron-periodic-workers[88547]: DEBUG oslo.service.backend._threading.loopingcall [None req-337a344d-0cf3-415a-ab14-ff487d53b88a None None] Fixed interval looping call 'neutron.db.quota.driver_nolock.DbQuotaNoLockDriver._remove_expired_reservations' sleeping for 120.00 seconds {{(pid=88547) _run_loop /opt/stack/data/venv/lib/python3.12/site-packages/oslo_service/backend/_threading/loopingcall.py:125}}
May 14 04:33:33.508609 np0000000744 neutron-periodic-workers[88533]: DEBUG dbcounter [-] [88533] Writing DB stats neutron:SELECT=3 {{(pid=88533) stat_writer /opt/stack/data/venv/lib/python3.12/site-packages/dbcounter.py:115}}
May 14 04:33:41.508265 np0000000744 neutron-periodic-workers[88547]: DEBUG dbcounter [-] [88547] Writing DB stats neutron:DELETE=1 {{(pid=88547) stat_writer /opt/stack/data/venv/lib/python3.12/site-packages/dbcounter.py:115}}
May 14 04:33:55.535478 np0000000744 neutron-periodic-workers[88540]: DEBUG neutron.db.agents_db [None req-d8cd70bc-ec76-4d3c-93a7-4679e9a3777e None None] Agent healthcheck: found 0 active agents {{(pid=88540) agent_health_check /opt/stack/neutron/neutron/db/agents_db.py:322}}
May 14 04:33:55.535887 np0000000744 neutron-periodic-workers[88540]: DEBUG oslo.service.backend._threading.loopingcall [None req-d8cd70bc-ec76-4d3c-93a7-4679e9a3777e None None] Fixed interval looping call 'neutron.plugins.ml2.plugin.AgentDbMixin.agent_health_check' sleeping for 36.99 seconds {{(pid=88540) _run_loop /opt/stack/data/venv/lib/python3.12/site-packages/oslo_service/backend/_threading/loopingcall.py:125}}
May 14 04:34:00.513082 np0000000744 neutron-periodic-workers[88533]: DEBUG oslo.service.backend._threading.loopingcall [None req-ce2321d3-5a6e-4aaf-a6c7-7efd2f7ea3fc None None] Fixed interval looping call 'neutron.plugins.ml2.plugin.DhcpAgentSchedulerDbMixin.remove_networks_from_down_agents' sleeping for 36.99 seconds {{(pid=88533) _run_loop /opt/stack/data/venv/lib/python3.12/site-packages/oslo_service/backend/_threading/loopingcall.py:125}}
May 14 04:34:05.537765 np0000000744 neutron-periodic-workers[88540]: DEBUG dbcounter [-] [88540] Writing DB stats neutron:SELECT=1 {{(pid=88540) stat_writer /opt/stack/data/venv/lib/python3.12/site-packages/dbcounter.py:115}}
May 14 04:34:10.510180 np0000000744 neutron-periodic-workers[88533]: DEBUG dbcounter [-] [88533] Writing DB stats neutron:SELECT=3 {{(pid=88533) stat_writer /opt/stack/data/venv/lib/python3.12/site-packages/dbcounter.py:115}}
