Jul 02 13:26:09.252106 np0000004280 nova-conductor[98583]: DEBUG cotyledon.oslo_config_glue [-] profiler.connection_string = messaging:// {{(pid=98583) log_opt_values /opt/stack/data/venv/lib/python3.12/site-packages/oslo_config/cfg.py:3253}}
Jul 02 13:26:09.252106 np0000004280 nova-conductor[98583]: DEBUG cotyledon.oslo_config_glue [-] profiler.enabled = False {{(pid=98583) log_opt_values /opt/stack/data/venv/lib/python3.12/site-packages/oslo_config/cfg.py:3253}}
Jul 02 13:26:09.252106 np0000004280 nova-conductor[98583]: DEBUG cotyledon.oslo_config_glue [-] profiler.es_doc_type = notification {{(pid=98583) log_opt_values /opt/stack/data/venv/lib/python3.12/site-packages/oslo_config/cfg.py:3253}}
Jul 02 13:26:09.252106 np0000004280 nova-conductor[98583]: DEBUG cotyledon.oslo_config_glue [-] profiler.es_scroll_size = 10000 {{(pid=98583) log_opt_values /opt/stack/data/venv/lib/python3.12/site-packages/oslo_config/cfg.py:3253}}
Jul 02 13:26:09.252106 np0000004280 nova-conductor[98583]: DEBUG cotyledon.oslo_config_glue [-] profiler.es_scroll_time = 2m {{(pid=98583) log_opt_values /opt/stack/data/venv/lib/python3.12/site-packages/oslo_config/cfg.py:3253}}
Jul 02 13:26:09.252106 np0000004280 nova-conductor[98583]: DEBUG cotyledon.oslo_config_glue [-] profiler.filter_error_trace = False {{(pid=98583) log_opt_values /opt/stack/data/venv/lib/python3.12/site-packages/oslo_config/cfg.py:3253}}
Jul 02 13:26:09.252106 np0000004280 nova-conductor[98583]: DEBUG cotyledon.oslo_config_glue [-] profiler.hmac_keys = **** {{(pid=98583) log_opt_values /opt/stack/data/venv/lib/python3.12/site-packages/oslo_config/cfg.py:3253}}
Jul 02 13:26:09.252106 np0000004280 nova-conductor[98583]: DEBUG cotyledon.oslo_config_glue [-] profiler.sentinel_service_name = mymaster {{(pid=98583) log_opt_values /opt/stack/data/venv/lib/python3.12/site-packages/oslo_config/cfg.py:3253}}
Jul 02 13:26:09.252106 np0000004280 nova-conductor[98583]: DEBUG cotyledon.oslo_config_glue [-] profiler.socket_timeout = 0.1 {{(pid=98583) log_opt_values /opt/stack/data/venv/lib/python3.12/site-packages/oslo_config/cfg.py:3253}}
Jul 02 13:26:09.252303 np0000004280 nova-conductor[98583]: DEBUG cotyledon.oslo_config_glue [-] profiler.trace_requests = False {{(pid=98583) log_opt_values /opt/stack/data/venv/lib/python3.12/site-packages/oslo_config/cfg.py:3253}}
Jul 02 13:26:09.252303 np0000004280 nova-conductor[98583]: DEBUG cotyledon.oslo_config_glue [-] profiler.trace_sqlalchemy = False {{(pid=98583) log_opt_values /opt/stack/data/venv/lib/python3.12/site-packages/oslo_config/cfg.py:3253}}
Jul 02 13:26:09.252303 np0000004280 nova-conductor[98583]: DEBUG cotyledon.oslo_config_glue [-] profiler_jaeger.process_tags = {} {{(pid=98583) log_opt_values /opt/stack/data/venv/lib/python3.12/site-packages/oslo_config/cfg.py:3253}}
Jul 02 13:26:09.252303 np0000004280 nova-conductor[98583]: DEBUG cotyledon.oslo_config_glue [-] profiler_jaeger.service_name_prefix = None {{(pid=98583) log_opt_values /opt/stack/data/venv/lib/python3.12/site-packages/oslo_config/cfg.py:3253}}
Jul 02 13:26:09.252303 np0000004280 nova-conductor[98583]: DEBUG cotyledon.oslo_config_glue [-] profiler_otlp.service_name_prefix = None {{(pid=98583) log_opt_values /opt/stack/data/venv/lib/python3.12/site-packages/oslo_config/cfg.py:3253}}
Jul 02 13:26:09.252303 np0000004280 nova-conductor[98583]: DEBUG cotyledon.oslo_config_glue [-] oslo_messaging_rabbit.amqp_auto_delete = False {{(pid=98583) log_opt_values /opt/stack/data/venv/lib/python3.12/site-packages/oslo_config/cfg.py:3253}}
Jul 02 13:26:09.252303 np0000004280 nova-conductor[98583]: DEBUG cotyledon.oslo_config_glue [-] oslo_messaging_rabbit.amqp_durable_queues = False {{(pid=98583) log_opt_values /opt/stack/data/venv/lib/python3.12/site-packages/oslo_config/cfg.py:3253}}
Jul 02 13:26:09.252303 np0000004280 nova-conductor[98583]: DEBUG cotyledon.oslo_config_glue [-] oslo_messaging_rabbit.conn_pool_min_size = 2 {{(pid=98583) log_opt_values /opt/stack/data/venv/lib/python3.12/site-packages/oslo_config/cfg.py:3253}}
Jul 02 13:26:09.252303 np0000004280 nova-conductor[98583]: DEBUG cotyledon.oslo_config_glue [-] oslo_messaging_rabbit.conn_pool_ttl = 1200 {{(pid=98583) log_opt_values /opt/stack/data/venv/lib/python3.12/site-packages/oslo_config/cfg.py:3253}}
Jul 02 13:26:09.252463 np0000004280 nova-conductor[98583]: DEBUG cotyledon.oslo_config_glue [-] oslo_messaging_rabbit.direct_mandatory_flag = True {{(pid=98583) log_opt_values /opt/stack/data/venv/lib/python3.12/site-packages/oslo_config/cfg.py:3253}}
Jul 02 13:26:09.252463 np0000004280 nova-conductor[98583]: DEBUG cotyledon.oslo_config_glue [-] oslo_messaging_rabbit.enable_cancel_on_failover = False {{(pid=98583) log_opt_values /opt/stack/data/venv/lib/python3.12/site-packages/oslo_config/cfg.py:3253}}
Jul 02 13:26:09.252463 np0000004280 nova-conductor[98583]: DEBUG cotyledon.oslo_config_glue [-] oslo_messaging_rabbit.heartbeat_rate = 3 {{(pid=98583) log_opt_values /opt/stack/data/venv/lib/python3.12/site-packages/oslo_config/cfg.py:3253}}
Jul 02 13:26:09.252463 np0000004280 nova-conductor[98583]: DEBUG cotyledon.oslo_config_glue [-] oslo_messaging_rabbit.heartbeat_timeout_threshold = 60 {{(pid=98583) log_opt_values /opt/stack/data/venv/lib/python3.12/site-packages/oslo_config/cfg.py:3253}}
Jul 02 13:26:09.252463 np0000004280 nova-conductor[98583]: DEBUG cotyledon.oslo_config_glue [-] oslo_messaging_rabbit.hostname = np0000004280 {{(pid=98583) log_opt_values /opt/stack/data/venv/lib/python3.12/site-packages/oslo_config/cfg.py:3253}}
Jul 02 13:26:09.252463 np0000004280 nova-conductor[98583]: DEBUG cotyledon.oslo_config_glue [-] oslo_messaging_rabbit.kombu_compression = None {{(pid=98583) log_opt_values /opt/stack/data/venv/lib/python3.12/site-packages/oslo_config/cfg.py:3253}}
Jul 02 13:26:09.252463 np0000004280 nova-conductor[98583]: DEBUG cotyledon.oslo_config_glue [-] oslo_messaging_rabbit.kombu_failover_strategy = round-robin {{(pid=98583) log_opt_values /opt/stack/data/venv/lib/python3.12/site-packages/oslo_config/cfg.py:3253}}
Jul 02 13:26:09.252463 np0000004280 nova-conductor[98583]: DEBUG cotyledon.oslo_config_glue [-] oslo_messaging_rabbit.kombu_missing_consumer_retry_timeout = 60 {{(pid=98583) log_opt_values /opt/stack/data/venv/lib/python3.12/site-packages/oslo_config/cfg.py:3253}}
Jul 02 13:26:09.252463 np0000004280 nova-conductor[98583]: DEBUG cotyledon.oslo_config_glue [-] oslo_messaging_rabbit.kombu_reconnect_delay = 1.0 {{(pid=98583) log_opt_values /opt/stack/data/venv/lib/python3.12/site-packages/oslo_config/cfg.py:3253}}
Jul 02 13:26:09.252670 np0000004280 nova-conductor[98583]: DEBUG cotyledon.oslo_config_glue [-] oslo_messaging_rabbit.kombu_reconnect_splay = 0.0 {{(pid=98583) log_opt_values /opt/stack/data/venv/lib/python3.12/site-packages/oslo_config/cfg.py:3253}}
Jul 02 13:26:09.252670 np0000004280 nova-conductor[98583]: DEBUG cotyledon.oslo_config_glue [-] oslo_messaging_rabbit.processname = nova-conductor {{(pid=98583) log_opt_values /opt/stack/data/venv/lib/python3.12/site-packages/oslo_config/cfg.py:3253}}
Jul 02 13:26:09.252670 np0000004280 nova-conductor[98583]: DEBUG cotyledon.oslo_config_glue [-] oslo_messaging_rabbit.rabbit_ha_queues = False {{(pid=98583) log_opt_values /opt/stack/data/venv/lib/python3.12/site-packages/oslo_config/cfg.py:3253}}
Jul 02 13:26:09.252670 np0000004280 nova-conductor[98583]: DEBUG cotyledon.oslo_config_glue [-] oslo_messaging_rabbit.rabbit_interval_max = 30 {{(pid=98583) log_opt_values /opt/stack/data/venv/lib/python3.12/site-packages/oslo_config/cfg.py:3253}}
Jul 02 13:26:09.252670 np0000004280 nova-conductor[98583]: DEBUG cotyledon.oslo_config_glue [-] oslo_messaging_rabbit.rabbit_login_method = AMQPLAIN {{(pid=98583) log_opt_values /opt/stack/data/venv/lib/python3.12/site-packages/oslo_config/cfg.py:3253}}
Jul 02 13:26:09.252670 np0000004280 nova-conductor[98583]: DEBUG cotyledon.oslo_config_glue [-] oslo_messaging_rabbit.rabbit_qos_prefetch_count = 0 {{(pid=98583) log_opt_values /opt/stack/data/venv/lib/python3.12/site-packages/oslo_config/cfg.py:3253}}
Jul 02 13:26:09.252670 np0000004280 nova-conductor[98583]: DEBUG cotyledon.oslo_config_glue [-] oslo_messaging_rabbit.rabbit_quorum_delivery_limit = 0 {{(pid=98583) log_opt_values /opt/stack/data/venv/lib/python3.12/site-packages/oslo_config/cfg.py:3253}}
Jul 02 13:26:09.252670 np0000004280 nova-conductor[98583]: DEBUG cotyledon.oslo_config_glue [-] oslo_messaging_rabbit.rabbit_quorum_max_memory_bytes = 0 {{(pid=98583) log_opt_values /opt/stack/data/venv/lib/python3.12/site-packages/oslo_config/cfg.py:3253}}
Jul 02 13:26:09.252670 np0000004280 nova-conductor[98583]: DEBUG cotyledon.oslo_config_glue [-] oslo_messaging_rabbit.rabbit_quorum_max_memory_length = 0 {{(pid=98583) log_opt_values /opt/stack/data/venv/lib/python3.12/site-packages/oslo_config/cfg.py:3253}}
Jul 02 13:26:09.252893 np0000004280 nova-conductor[98583]: DEBUG cotyledon.oslo_config_glue [-] oslo_messaging_rabbit.rabbit_quorum_queue = False {{(pid=98583) log_opt_values /opt/stack/data/venv/lib/python3.12/site-packages/oslo_config/cfg.py:3253}}
Jul 02 13:26:09.252893 np0000004280 nova-conductor[98583]: DEBUG cotyledon.oslo_config_glue [-] oslo_messaging_rabbit.rabbit_retry_backoff = 2 {{(pid=98583) log_opt_values /opt/stack/data/venv/lib/python3.12/site-packages/oslo_config/cfg.py:3253}}
Jul 02 13:26:09.252893 np0000004280 nova-conductor[98583]: DEBUG cotyledon.oslo_config_glue [-] oslo_messaging_rabbit.rabbit_retry_interval = 1 {{(pid=98583) log_opt_values /opt/stack/data/venv/lib/python3.12/site-packages/oslo_config/cfg.py:3253}}
Jul 02 13:26:09.252893 np0000004280 nova-conductor[98583]: DEBUG cotyledon.oslo_config_glue [-] oslo_messaging_rabbit.rabbit_stream_fanout = False {{(pid=98583) log_opt_values /opt/stack/data/venv/lib/python3.12/site-packages/oslo_config/cfg.py:3253}}
Jul 02 13:26:09.252893 np0000004280 nova-conductor[98583]: DEBUG cotyledon.oslo_config_glue [-] oslo_messaging_rabbit.rabbit_transient_queues_ttl = 1800 {{(pid=98583) log_opt_values /opt/stack/data/venv/lib/python3.12/site-packages/oslo_config/cfg.py:3253}}
Jul 02 13:26:09.252893 np0000004280 nova-conductor[98583]: DEBUG cotyledon.oslo_config_glue [-] oslo_messaging_rabbit.rabbit_transient_quorum_queue = False {{(pid=98583) log_opt_values /opt/stack/data/venv/lib/python3.12/site-packages/oslo_config/cfg.py:3253}}
Jul 02 13:26:09.252893 np0000004280 nova-conductor[98583]: DEBUG cotyledon.oslo_config_glue [-] oslo_messaging_rabbit.rpc_conn_pool_size = 30 {{(pid=98583) log_opt_values /opt/stack/data/venv/lib/python3.12/site-packages/oslo_config/cfg.py:3253}}
Jul 02 13:26:09.252893 np0000004280 nova-conductor[98583]: DEBUG cotyledon.oslo_config_glue [-] oslo_messaging_rabbit.ssl = False {{(pid=98583) log_opt_values /opt/stack/data/venv/lib/python3.12/site-packages/oslo_config/cfg.py:3253}}
Jul 02 13:26:09.252893 np0000004280 nova-conductor[98583]: DEBUG cotyledon.oslo_config_glue [-] oslo_messaging_rabbit.ssl_ca_file = {{(pid=98583) log_opt_values /opt/stack/data/venv/lib/python3.12/site-packages/oslo_config/cfg.py:3253}}
Jul 02 13:26:09.253066 np0000004280 nova-conductor[98583]: DEBUG cotyledon.oslo_config_glue [-] oslo_messaging_rabbit.ssl_cert_file = {{(pid=98583) log_opt_values /opt/stack/data/venv/lib/python3.12/site-packages/oslo_config/cfg.py:3253}}
Jul 02 13:26:09.253066 np0000004280 nova-conductor[98583]: DEBUG cotyledon.oslo_config_glue [-] oslo_messaging_rabbit.ssl_enforce_fips_mode = False {{(pid=98583) log_opt_values /opt/stack/data/venv/lib/python3.12/site-packages/oslo_config/cfg.py:3253}}
Jul 02 13:26:09.253066 np0000004280 nova-conductor[98583]: DEBUG cotyledon.oslo_config_glue [-] oslo_messaging_rabbit.ssl_enforce_hostname_verification = True {{(pid=98583) log_opt_values /opt/stack/data/venv/lib/python3.12/site-packages/oslo_config/cfg.py:3253}}
Jul 02 13:26:09.253066 np0000004280 nova-conductor[98583]: DEBUG cotyledon.oslo_config_glue [-] oslo_messaging_rabbit.ssl_key_file = {{(pid=98583) log_opt_values /opt/stack/data/venv/lib/python3.12/site-packages/oslo_config/cfg.py:3253}}
Jul 02 13:26:09.253066 np0000004280 nova-conductor[98583]: DEBUG cotyledon.oslo_config_glue [-] oslo_messaging_rabbit.ssl_version = {{(pid=98583) log_opt_values /opt/stack/data/venv/lib/python3.12/site-packages/oslo_config/cfg.py:3253}}
Jul 02 13:26:09.253066 np0000004280 nova-conductor[98583]: DEBUG cotyledon.oslo_config_glue [-] oslo_messaging_rabbit.use_queue_manager = False {{(pid=98583) log_opt_values /opt/stack/data/venv/lib/python3.12/site-packages/oslo_config/cfg.py:3253}}
Jul 02 13:26:09.253066 np0000004280 nova-conductor[98583]: DEBUG cotyledon.oslo_config_glue [-] oslo_messaging_notifications.driver = ['messagingv2'] {{(pid=98583) log_opt_values /opt/stack/data/venv/lib/python3.12/site-packages/oslo_config/cfg.py:3253}}
Jul 02 13:26:09.253066 np0000004280 nova-conductor[98583]: DEBUG cotyledon.oslo_config_glue [-] oslo_messaging_notifications.retry = -1 {{(pid=98583) log_opt_values /opt/stack/data/venv/lib/python3.12/site-packages/oslo_config/cfg.py:3253}}
Jul 02 13:26:09.253066 np0000004280 nova-conductor[98583]: DEBUG cotyledon.oslo_config_glue [-] oslo_messaging_notifications.topics = ['notifications'] {{(pid=98583) log_opt_values /opt/stack/data/venv/lib/python3.12/site-packages/oslo_config/cfg.py:3253}}
Jul 02 13:26:09.253244 np0000004280 nova-conductor[98587]: INFO dbcounter [None req-4acbc68c-4136-4b33-8589-eb116fbcb99f None None] Registered counter for database nova_cell0
Jul 02 13:26:09.253275 np0000004280 nova-conductor[98583]: DEBUG cotyledon.oslo_config_glue [-] oslo_messaging_notifications.transport_url = **** {{(pid=98583) log_opt_values /opt/stack/data/venv/lib/python3.12/site-packages/oslo_config/cfg.py:3253}}
Jul 02 13:26:09.253275 np0000004280 nova-conductor[98583]: DEBUG cotyledon.oslo_config_glue [-] oslo_limit.auth_section = None {{(pid=98583) log_opt_values /opt/stack/data/venv/lib/python3.12/site-packages/oslo_config/cfg.py:3253}}
Jul 02 13:26:09.253275 np0000004280 nova-conductor[98583]: DEBUG cotyledon.oslo_config_glue [-] oslo_limit.auth_type = None {{(pid=98583) log_opt_values /opt/stack/data/venv/lib/python3.12/site-packages/oslo_config/cfg.py:3253}}
Jul 02 13:26:09.253275 np0000004280 nova-conductor[98583]: DEBUG cotyledon.oslo_config_glue [-] oslo_limit.cafile = None {{(pid=98583) log_opt_values /opt/stack/data/venv/lib/python3.12/site-packages/oslo_config/cfg.py:3253}}
Jul 02 13:26:09.253358 np0000004280 nova-conductor[98569]: DEBUG dbcounter [-] [98569] Writer thread running {{(pid=98569) stat_writer /opt/stack/data/venv/lib/python3.12/site-packages/dbcounter.py:102}}
Jul 02 13:26:09.253387 np0000004280 nova-conductor[98583]: DEBUG cotyledon.oslo_config_glue [-] oslo_limit.certfile = None {{(pid=98583) log_opt_values /opt/stack/data/venv/lib/python3.12/site-packages/oslo_config/cfg.py:3253}}
Jul 02 13:26:09.253387 np0000004280 nova-conductor[98583]: DEBUG cotyledon.oslo_config_glue [-] oslo_limit.collect_timing = False {{(pid=98583) log_opt_values /opt/stack/data/venv/lib/python3.12/site-packages/oslo_config/cfg.py:3253}}
Jul 02 13:26:09.253387 np0000004280 nova-conductor[98583]: DEBUG cotyledon.oslo_config_glue [-] oslo_limit.connect_retries = None {{(pid=98583) log_opt_values /opt/stack/data/venv/lib/python3.12/site-packages/oslo_config/cfg.py:3253}}
Jul 02 13:26:09.253387 np0000004280 nova-conductor[98583]: DEBUG cotyledon.oslo_config_glue [-] oslo_limit.connect_retry_delay = None {{(pid=98583) log_opt_values /opt/stack/data/venv/lib/python3.12/site-packages/oslo_config/cfg.py:3253}}
Jul 02 13:26:09.253387 np0000004280 nova-conductor[98583]: DEBUG cotyledon.oslo_config_glue [-] oslo_limit.endpoint_id = None {{(pid=98583) log_opt_values /opt/stack/data/venv/lib/python3.12/site-packages/oslo_config/cfg.py:3253}}
Jul 02 13:26:09.253387 np0000004280 nova-conductor[98583]: DEBUG cotyledon.oslo_config_glue [-] oslo_limit.endpoint_interface = public {{(pid=98583) log_opt_values /opt/stack/data/venv/lib/python3.12/site-packages/oslo_config/cfg.py:3253}}
Jul 02 13:26:09.253387 np0000004280 nova-conductor[98583]: DEBUG cotyledon.oslo_config_glue [-] oslo_limit.endpoint_override = None {{(pid=98583) log_opt_values /opt/stack/data/venv/lib/python3.12/site-packages/oslo_config/cfg.py:3253}}
Jul 02 13:26:09.253387 np0000004280 nova-conductor[98583]: DEBUG cotyledon.oslo_config_glue [-] oslo_limit.endpoint_region_name = None {{(pid=98583) log_opt_values /opt/stack/data/venv/lib/python3.12/site-packages/oslo_config/cfg.py:3253}}
Jul 02 13:26:09.253387 np0000004280 nova-conductor[98583]: DEBUG cotyledon.oslo_config_glue [-] oslo_limit.endpoint_service_name = None {{(pid=98583) log_opt_values /opt/stack/data/venv/lib/python3.12/site-packages/oslo_config/cfg.py:3253}}
Jul 02 13:26:09.253577 np0000004280 nova-conductor[98583]: DEBUG cotyledon.oslo_config_glue [-] oslo_limit.endpoint_service_type = None {{(pid=98583) log_opt_values /opt/stack/data/venv/lib/python3.12/site-packages/oslo_config/cfg.py:3253}}
Jul 02 13:26:09.253577 np0000004280 nova-conductor[98583]: DEBUG cotyledon.oslo_config_glue [-] oslo_limit.insecure = False {{(pid=98583) log_opt_values /opt/stack/data/venv/lib/python3.12/site-packages/oslo_config/cfg.py:3253}}
Jul 02 13:26:09.253577 np0000004280 nova-conductor[98583]: DEBUG cotyledon.oslo_config_glue [-] oslo_limit.keyfile = None {{(pid=98583) log_opt_values /opt/stack/data/venv/lib/python3.12/site-packages/oslo_config/cfg.py:3253}}
Jul 02 13:26:09.253577 np0000004280 nova-conductor[98583]: DEBUG cotyledon.oslo_config_glue [-] oslo_limit.max_version = None {{(pid=98583) log_opt_values /opt/stack/data/venv/lib/python3.12/site-packages/oslo_config/cfg.py:3253}}
Jul 02 13:26:09.253577 np0000004280 nova-conductor[98583]: DEBUG cotyledon.oslo_config_glue [-] oslo_limit.min_version = None {{(pid=98583) log_opt_values /opt/stack/data/venv/lib/python3.12/site-packages/oslo_config/cfg.py:3253}}
Jul 02 13:26:09.253577 np0000004280 nova-conductor[98583]: DEBUG cotyledon.oslo_config_glue [-] oslo_limit.region_name = None {{(pid=98583) log_opt_values /opt/stack/data/venv/lib/python3.12/site-packages/oslo_config/cfg.py:3253}}
Jul 02 13:26:09.253577 np0000004280 nova-conductor[98583]: DEBUG cotyledon.oslo_config_glue [-] oslo_limit.retriable_status_codes = None {{(pid=98583) log_opt_values /opt/stack/data/venv/lib/python3.12/site-packages/oslo_config/cfg.py:3253}}
Jul 02 13:26:09.253577 np0000004280 nova-conductor[98583]: DEBUG cotyledon.oslo_config_glue [-] oslo_limit.service_name = None {{(pid=98583) log_opt_values /opt/stack/data/venv/lib/python3.12/site-packages/oslo_config/cfg.py:3253}}
Jul 02 13:26:09.253577 np0000004280 nova-conductor[98583]: DEBUG cotyledon.oslo_config_glue [-] oslo_limit.service_type = None {{(pid=98583) log_opt_values /opt/stack/data/venv/lib/python3.12/site-packages/oslo_config/cfg.py:3253}}
Jul 02 13:26:09.253780 np0000004280 nova-conductor[98583]: DEBUG cotyledon.oslo_config_glue [-] oslo_limit.split_loggers = False {{(pid=98583) log_opt_values /opt/stack/data/venv/lib/python3.12/site-packages/oslo_config/cfg.py:3253}}
Jul 02 13:26:09.253780 np0000004280 nova-conductor[98583]: DEBUG cotyledon.oslo_config_glue [-] oslo_limit.status_code_retries = None {{(pid=98583) log_opt_values /opt/stack/data/venv/lib/python3.12/site-packages/oslo_config/cfg.py:3253}}
Jul 02 13:26:09.253780 np0000004280 nova-conductor[98583]: DEBUG cotyledon.oslo_config_glue [-] oslo_limit.status_code_retry_delay = None {{(pid=98583) log_opt_values /opt/stack/data/venv/lib/python3.12/site-packages/oslo_config/cfg.py:3253}}
Jul 02 13:26:09.253780 np0000004280 nova-conductor[98583]: DEBUG cotyledon.oslo_config_glue [-] oslo_limit.timeout = None {{(pid=98583) log_opt_values /opt/stack/data/venv/lib/python3.12/site-packages/oslo_config/cfg.py:3253}}
Jul 02 13:26:09.253780 np0000004280 nova-conductor[98583]: DEBUG cotyledon.oslo_config_glue [-] oslo_limit.valid_interfaces = None {{(pid=98583) log_opt_values /opt/stack/data/venv/lib/python3.12/site-packages/oslo_config/cfg.py:3253}}
Jul 02 13:26:09.253780 np0000004280 nova-conductor[98583]: DEBUG cotyledon.oslo_config_glue [-] oslo_limit.version = None {{(pid=98583) log_opt_values /opt/stack/data/venv/lib/python3.12/site-packages/oslo_config/cfg.py:3253}}
Jul 02 13:26:09.253780 np0000004280 nova-conductor[98583]: DEBUG cotyledon.oslo_config_glue [-] oslo_reports.file_event_handler = None {{(pid=98583) log_opt_values /opt/stack/data/venv/lib/python3.12/site-packages/oslo_config/cfg.py:3253}}
Jul 02 13:26:09.253780 np0000004280 nova-conductor[98583]: DEBUG cotyledon.oslo_config_glue [-] oslo_reports.file_event_handler_interval = 1 {{(pid=98583) log_opt_values /opt/stack/data/venv/lib/python3.12/site-packages/oslo_config/cfg.py:3253}}
Jul 02 13:26:09.253780 np0000004280 nova-conductor[98583]: DEBUG cotyledon.oslo_config_glue [-] oslo_reports.log_dir = None {{(pid=98583) log_opt_values /opt/stack/data/venv/lib/python3.12/site-packages/oslo_config/cfg.py:3253}}
Jul 02 13:26:09.253948 np0000004280 nova-conductor[98583]: DEBUG cotyledon.oslo_config_glue [-] ******************************************************************************** {{(pid=98583) log_opt_values /opt/stack/data/venv/lib/python3.12/site-packages/oslo_config/cfg.py:3260}}
Jul 02 13:26:09.253948 np0000004280 nova-conductor[98583]: DEBUG cotyledon._service_worker [-] Run service ServiceWrapper(2) [98583] {{(pid=98583) wait_forever /opt/stack/data/venv/lib/python3.12/site-packages/cotyledon/_service_worker.py:218}}
Jul 02 13:26:09.253948 np0000004280 nova-conductor[98583]: INFO nova.service [-] Starting conductor node (version 33.1.0)
Jul 02 13:26:09.253948 np0000004280 nova-conductor[98583]: INFO dbcounter [None req-18bb8663-e07a-4a62-95e9-61d96c159dbd None None] Registered counter for database nova_cell0
Jul 02 13:26:09.254020 np0000004280 nova-conductor[98577]: DEBUG oslo_db.sqlalchemy.engines [None req-3759725e-b480-49d2-8f2a-01961c9653d2 None None] MySQL server mode set to STRICT_TRANS_TABLES,STRICT_ALL_TABLES,NO_ZERO_IN_DATE,NO_ZERO_DATE,ERROR_FOR_DIVISION_BY_ZERO,TRADITIONAL,NO_ENGINE_SUBSTITUTION {{(pid=98577) _check_effective_sql_mode /opt/stack/data/venv/lib/python3.12/site-packages/oslo_db/sqlalchemy/engines.py:325}}
Jul 02 13:26:09.254046 np0000004280 nova-conductor[98569]: DEBUG nova.service [None req-a7cea4c7-2c78-458e-a7ab-ce363a0cd205 None None] Creating RPC server for service: nova-conductor on topic: conductor {{(pid=98569) start /opt/stack/nova/nova/service.py:196}}
Jul 02 13:26:09.254067 np0000004280 nova-conductor[98577]: DEBUG dbcounter [-] [98577] Writer thread running {{(pid=98577) stat_writer /opt/stack/data/venv/lib/python3.12/site-packages/dbcounter.py:102}}
Jul 02 13:26:09.256560 np0000004280 nova-conductor[98577]: DEBUG nova.service [None req-3759725e-b480-49d2-8f2a-01961c9653d2 None None] Creating RPC server for service: nova-conductor on topic: conductor {{(pid=98577) start /opt/stack/nova/nova/service.py:196}}
Jul 02 13:26:09.273621 np0000004280 nova-conductor[98587]: DEBUG oslo_db.sqlalchemy.engines [None req-4acbc68c-4136-4b33-8589-eb116fbcb99f None None] MySQL server mode set to STRICT_TRANS_TABLES,STRICT_ALL_TABLES,NO_ZERO_IN_DATE,NO_ZERO_DATE,ERROR_FOR_DIVISION_BY_ZERO,TRADITIONAL,NO_ENGINE_SUBSTITUTION {{(pid=98587) _check_effective_sql_mode /opt/stack/data/venv/lib/python3.12/site-packages/oslo_db/sqlalchemy/engines.py:325}}
Jul 02 13:26:09.275458 np0000004280 nova-conductor[98577]: DEBUG nova.service [None req-3759725e-b480-49d2-8f2a-01961c9653d2 None None] Join ServiceGroup membership for this service conductor {{(pid=98577) start /opt/stack/nova/nova/service.py:222}}
Jul 02 13:26:09.275529 np0000004280 nova-conductor[98569]: DEBUG nova.service [None req-a7cea4c7-2c78-458e-a7ab-ce363a0cd205 None None] Join ServiceGroup membership for this service conductor {{(pid=98569) start /opt/stack/nova/nova/service.py:222}}
Jul 02 13:26:09.275630 np0000004280 nova-conductor[98577]: DEBUG nova.servicegroup.drivers.db [None req-3759725e-b480-49d2-8f2a-01961c9653d2 None None] DB_Driver: join new ServiceGroup member np0000004280 to the conductor group, service = {{(pid=98577) join /opt/stack/nova/nova/servicegroup/drivers/db.py:44}}
Jul 02 13:26:09.275717 np0000004280 nova-conductor[98569]: DEBUG nova.servicegroup.drivers.db [None req-a7cea4c7-2c78-458e-a7ab-ce363a0cd205 None None] DB_Driver: join new ServiceGroup member np0000004280 to the conductor group, service = {{(pid=98569) join /opt/stack/nova/nova/servicegroup/drivers/db.py:44}}
Jul 02 13:26:09.282674 np0000004280 nova-conductor[98587]: DEBUG dbcounter [-] [98587] Writer thread running {{(pid=98587) stat_writer /opt/stack/data/venv/lib/python3.12/site-packages/dbcounter.py:102}}
Jul 02 13:26:09.285320 np0000004280 nova-conductor[98587]: DEBUG nova.service [None req-4acbc68c-4136-4b33-8589-eb116fbcb99f None None] Creating RPC server for service: nova-conductor on topic: conductor {{(pid=98587) start /opt/stack/nova/nova/service.py:196}}
Jul 02 13:26:09.299803 np0000004280 nova-conductor[98583]: DEBUG oslo_db.sqlalchemy.engines [None req-18bb8663-e07a-4a62-95e9-61d96c159dbd None None] MySQL server mode set to STRICT_TRANS_TABLES,STRICT_ALL_TABLES,NO_ZERO_IN_DATE,NO_ZERO_DATE,ERROR_FOR_DIVISION_BY_ZERO,TRADITIONAL,NO_ENGINE_SUBSTITUTION {{(pid=98583) _check_effective_sql_mode /opt/stack/data/venv/lib/python3.12/site-packages/oslo_db/sqlalchemy/engines.py:325}}
Jul 02 13:26:09.302164 np0000004280 nova-conductor[98587]: DEBUG nova.service [None req-4acbc68c-4136-4b33-8589-eb116fbcb99f None None] Join ServiceGroup membership for this service conductor {{(pid=98587) start /opt/stack/nova/nova/service.py:222}}
Jul 02 13:26:09.302390 np0000004280 nova-conductor[98587]: DEBUG nova.servicegroup.drivers.db [None req-4acbc68c-4136-4b33-8589-eb116fbcb99f None None] DB_Driver: join new ServiceGroup member np0000004280 to the conductor group, service = {{(pid=98587) join /opt/stack/nova/nova/servicegroup/drivers/db.py:44}}
Jul 02 13:26:09.308998 np0000004280 nova-conductor[98583]: DEBUG dbcounter [-] [98583] Writer thread running {{(pid=98583) stat_writer /opt/stack/data/venv/lib/python3.12/site-packages/dbcounter.py:102}}
Jul 02 13:26:09.312452 np0000004280 nova-conductor[98583]: DEBUG nova.service [None req-18bb8663-e07a-4a62-95e9-61d96c159dbd None None] Creating RPC server for service: nova-conductor on topic: conductor {{(pid=98583) start /opt/stack/nova/nova/service.py:196}}
Jul 02 13:26:09.328302 np0000004280 nova-conductor[98583]: DEBUG nova.service [None req-18bb8663-e07a-4a62-95e9-61d96c159dbd None None] Join ServiceGroup membership for this service conductor {{(pid=98583) start /opt/stack/nova/nova/service.py:222}}
Jul 02 13:26:09.328446 np0000004280 nova-conductor[98583]: DEBUG nova.servicegroup.drivers.db [None req-18bb8663-e07a-4a62-95e9-61d96c159dbd None None] DB_Driver: join new ServiceGroup member np0000004280 to the conductor group, service = {{(pid=98583) join /opt/stack/nova/nova/servicegroup/drivers/db.py:44}}
Jul 02 13:26:14.291935 np0000004280 nova-conductor[98569]: DEBUG oslo.service.backend._threading.loopingcall [-] Fixed interval looping call 'nova.servicegroup.drivers.db.DbDriver._report_state' sleeping for 119.99 seconds {{(pid=98569) _run_loop /opt/stack/data/venv/lib/python3.12/site-packages/oslo_service/backend/_threading/loopingcall.py:125}}
Jul 02 13:26:14.292457 np0000004280 nova-conductor[98577]: DEBUG oslo.service.backend._threading.loopingcall [-] Fixed interval looping call 'nova.servicegroup.drivers.db.DbDriver._report_state' sleeping for 119.99 seconds {{(pid=98577) _run_loop /opt/stack/data/venv/lib/python3.12/site-packages/oslo_service/backend/_threading/loopingcall.py:125}}
Jul 02 13:26:14.311773 np0000004280 nova-conductor[98587]: DEBUG oslo.service.backend._threading.loopingcall [-] Fixed interval looping call 'nova.servicegroup.drivers.db.DbDriver._report_state' sleeping for 119.99 seconds {{(pid=98587) _run_loop /opt/stack/data/venv/lib/python3.12/site-packages/oslo_service/backend/_threading/loopingcall.py:125}}
Jul 02 13:26:14.337597 np0000004280 nova-conductor[98583]: DEBUG oslo.service.backend._threading.loopingcall [-] Fixed interval looping call 'nova.servicegroup.drivers.db.DbDriver._report_state' sleeping for 119.99 seconds {{(pid=98583) _run_loop /opt/stack/data/venv/lib/python3.12/site-packages/oslo_service/backend/_threading/loopingcall.py:125}}
Jul 02 13:26:17.857109 np0000004280 nova-conductor[97072]: DEBUG dbcounter [-] [97072] Writing DB stats nova_api:SELECT=1 {{(pid=97072) stat_writer /opt/stack/data/venv/lib/python3.12/site-packages/dbcounter.py:115}}
Jul 02 13:26:18.006759 np0000004280 nova-conductor[97072]: DEBUG dbcounter [-] [97072] Writing DB stats nova_cell1:SELECT=1 {{(pid=97072) stat_writer /opt/stack/data/venv/lib/python3.12/site-packages/dbcounter.py:115}}
Jul 02 13:26:18.011534 np0000004280 nova-conductor[97072]: DEBUG dbcounter [-] [97072] Writing DB stats nova_cell0:SELECT=1 {{(pid=97072) stat_writer /opt/stack/data/venv/lib/python3.12/site-packages/dbcounter.py:115}}
Jul 02 13:26:24.285442 np0000004280 nova-conductor[98569]: DEBUG dbcounter [-] [98569] Writing DB stats nova_cell0:SELECT=4,nova_cell0:INSERT=1,nova_cell0:UPDATE=1 {{(pid=98569) stat_writer /opt/stack/data/venv/lib/python3.12/site-packages/dbcounter.py:115}}
Jul 02 13:26:24.291034 np0000004280 nova-conductor[98577]: DEBUG dbcounter [-] [98577] Writing DB stats nova_cell0:SELECT=3,nova_cell0:UPDATE=1 {{(pid=98577) stat_writer /opt/stack/data/venv/lib/python3.12/site-packages/dbcounter.py:115}}
Jul 02 13:26:24.309155 np0000004280 nova-conductor[98587]: DEBUG dbcounter [-] [98587] Writing DB stats nova_cell0:SELECT=3 {{(pid=98587) stat_writer /opt/stack/data/venv/lib/python3.12/site-packages/dbcounter.py:115}}
Jul 02 13:26:24.335264 np0000004280 nova-conductor[98583]: DEBUG dbcounter [-] [98583] Writing DB stats nova_cell0:SELECT=3 {{(pid=98583) stat_writer /opt/stack/data/venv/lib/python3.12/site-packages/dbcounter.py:115}}
Jul 02 13:26:31.277819 np0000004280 nova-conductor[98569]: DEBUG oslo.service.backend._threading.loopingcall [None req-eb8feb8e-1b7f-4d40-bba7-98562727105d None None] Dynamic interval looping call 'nova.service.Service.periodic_tasks' sleeping for 60.00 seconds {{(pid=98569) _run_loop /opt/stack/data/venv/lib/python3.12/site-packages/oslo_service/backend/_threading/loopingcall.py:125}}
Jul 02 13:26:53.277799 np0000004280 nova-conductor[98577]: DEBUG oslo.service.backend._threading.loopingcall [None req-57023127-9169-44e4-b22b-3258f9f585b7 None None] Dynamic interval looping call 'nova.service.Service.periodic_tasks' sleeping for 60.00 seconds {{(pid=98577) _run_loop /opt/stack/data/venv/lib/python3.12/site-packages/oslo_service/backend/_threading/loopingcall.py:125}}
Jul 02 13:26:54.330240 np0000004280 nova-conductor[98583]: DEBUG oslo.service.backend._threading.loopingcall [None req-3e752fe3-b084-42bb-aaaa-796478bb126b None None] Dynamic interval looping call 'nova.service.Service.periodic_tasks' sleeping for 60.00 seconds {{(pid=98583) _run_loop /opt/stack/data/venv/lib/python3.12/site-packages/oslo_service/backend/_threading/loopingcall.py:125}}
Jul 02 13:27:01.305742 np0000004280 nova-conductor[98587]: DEBUG oslo.service.backend._threading.loopingcall [None req-225ec01f-aec3-4b80-9583-307526239b87 None None] Dynamic interval looping call 'nova.service.Service.periodic_tasks' sleeping for 60.00 seconds {{(pid=98587) _run_loop /opt/stack/data/venv/lib/python3.12/site-packages/oslo_service/backend/_threading/loopingcall.py:125}}
Jul 02 13:27:31.278293 np0000004280 nova-conductor[98569]: DEBUG oslo.service.backend._threading.loopingcall [None req-eb8feb8e-1b7f-4d40-bba7-98562727105d None None] Dynamic interval looping call 'nova.service.Service.periodic_tasks' sleeping for 60.00 seconds {{(pid=98569) _run_loop /opt/stack/data/venv/lib/python3.12/site-packages/oslo_service/backend/_threading/loopingcall.py:125}}
Jul 02 13:27:53.278261 np0000004280 nova-conductor[98577]: DEBUG oslo.service.backend._threading.loopingcall [None req-57023127-9169-44e4-b22b-3258f9f585b7 None None] Dynamic interval looping call 'nova.service.Service.periodic_tasks' sleeping for 60.00 seconds {{(pid=98577) _run_loop /opt/stack/data/venv/lib/python3.12/site-packages/oslo_service/backend/_threading/loopingcall.py:125}}
Jul 02 13:27:54.330832 np0000004280 nova-conductor[98583]: DEBUG oslo.service.backend._threading.loopingcall [None req-3e752fe3-b084-42bb-aaaa-796478bb126b None None] Dynamic interval looping call 'nova.service.Service.periodic_tasks' sleeping for 60.00 seconds {{(pid=98583) _run_loop /opt/stack/data/venv/lib/python3.12/site-packages/oslo_service/backend/_threading/loopingcall.py:125}}
Jul 02 13:28:01.306232 np0000004280 nova-conductor[98587]: DEBUG oslo.service.backend._threading.loopingcall [None req-225ec01f-aec3-4b80-9583-307526239b87 None None] Dynamic interval looping call 'nova.service.Service.periodic_tasks' sleeping for 60.00 seconds {{(pid=98587) _run_loop /opt/stack/data/venv/lib/python3.12/site-packages/oslo_service/backend/_threading/loopingcall.py:125}}
Jul 02 13:28:14.288731 np0000004280 nova-conductor[98569]: DEBUG oslo.service.backend._threading.loopingcall [-] Fixed interval looping call 'nova.servicegroup.drivers.db.DbDriver._report_state' sleeping for 119.99 seconds {{(pid=98569) _run_loop /opt/stack/data/venv/lib/python3.12/site-packages/oslo_service/backend/_threading/loopingcall.py:125}}
Jul 02 13:28:14.289224 np0000004280 nova-conductor[98577]: DEBUG oslo.service.backend._threading.loopingcall [-] Fixed interval looping call 'nova.servicegroup.drivers.db.DbDriver._report_state' sleeping for 119.99 seconds {{(pid=98577) _run_loop /opt/stack/data/venv/lib/python3.12/site-packages/oslo_service/backend/_threading/loopingcall.py:125}}
Jul 02 13:28:14.306068 np0000004280 nova-conductor[98587]: DEBUG oslo.service.backend._threading.loopingcall [-] Fixed interval looping call 'nova.servicegroup.drivers.db.DbDriver._report_state' sleeping for 120.00 seconds {{(pid=98587) _run_loop /opt/stack/data/venv/lib/python3.12/site-packages/oslo_service/backend/_threading/loopingcall.py:125}}
Jul 02 13:28:14.331991 np0000004280 nova-conductor[98583]: DEBUG oslo.service.backend._threading.loopingcall [-] Fixed interval looping call 'nova.servicegroup.drivers.db.DbDriver._report_state' sleeping for 120.00 seconds {{(pid=98583) _run_loop /opt/stack/data/venv/lib/python3.12/site-packages/oslo_service/backend/_threading/loopingcall.py:125}}