Aug 13 15:58:12.976382 np0000007229 devstack@n-api-meta.service[96109]: DEBUG nova.api.openstack.wsgi_app [None req-d37fba70-ae89-435c-a61b-0d516d87c438 None None] vault.root_token_id = **** {{(pid=96109) log_opt_values /opt/stack/data/venv/lib/python3.12/site-packages/oslo_config/cfg.py:3560}}
Aug 13 15:58:12.976669 np0000007229 devstack@n-api-meta.service[96109]: DEBUG nova.api.openstack.wsgi_app [None req-d37fba70-ae89-435c-a61b-0d516d87c438 None None] vault.ssl_ca_crt_file = None {{(pid=96109) log_opt_values /opt/stack/data/venv/lib/python3.12/site-packages/oslo_config/cfg.py:3560}}
Aug 13 15:58:12.976669 np0000007229 devstack@n-api-meta.service[96109]: DEBUG nova.api.openstack.wsgi_app [None req-d37fba70-ae89-435c-a61b-0d516d87c438 None None] vault.timeout = 60.0 {{(pid=96109) log_opt_values /opt/stack/data/venv/lib/python3.12/site-packages/oslo_config/cfg.py:3560}}
Aug 13 15:58:12.976744 np0000007229 devstack@n-api-meta.service[96109]: DEBUG nova.api.openstack.wsgi_app [None req-d37fba70-ae89-435c-a61b-0d516d87c438 None None] vault.token_file = None {{(pid=96109) log_opt_values /opt/stack/data/venv/lib/python3.12/site-packages/oslo_config/cfg.py:3560}}
Aug 13 15:58:12.976898 np0000007229 devstack@n-api-meta.service[96109]: DEBUG nova.api.openstack.wsgi_app [None req-d37fba70-ae89-435c-a61b-0d516d87c438 None None] vault.token_role = None {{(pid=96109) log_opt_values /opt/stack/data/venv/lib/python3.12/site-packages/oslo_config/cfg.py:3560}}
Aug 13 15:58:12.977100 np0000007229 devstack@n-api-meta.service[96109]: DEBUG nova.api.openstack.wsgi_app [None req-d37fba70-ae89-435c-a61b-0d516d87c438 None None] vault.use_ssl = False {{(pid=96109) log_opt_values /opt/stack/data/venv/lib/python3.12/site-packages/oslo_config/cfg.py:3560}}
Aug 13 15:58:12.977461 np0000007229 devstack@n-api-meta.service[96109]: DEBUG nova.api.openstack.wsgi_app [None req-d37fba70-ae89-435c-a61b-0d516d87c438 None None] vault.vault_url = http://127.0.0.1:8200 {{(pid=96109) log_opt_values /opt/stack/data/venv/lib/python3.12/site-packages/oslo_config/cfg.py:3560}}
Aug 13 15:58:12.977639 np0000007229 devstack@n-api-meta.service[96109]: DEBUG nova.api.openstack.wsgi_app [None req-d37fba70-ae89-435c-a61b-0d516d87c438 None None] keystone.cafile = None {{(pid=96109) log_opt_values /opt/stack/data/venv/lib/python3.12/site-packages/oslo_config/cfg.py:3560}}
Aug 13 15:58:12.977820 np0000007229 devstack@n-api-meta.service[96109]: DEBUG nova.api.openstack.wsgi_app [None req-d37fba70-ae89-435c-a61b-0d516d87c438 None None] keystone.certfile = None {{(pid=96109) log_opt_values /opt/stack/data/venv/lib/python3.12/site-packages/oslo_config/cfg.py:3560}}
Aug 13 15:58:12.978029 np0000007229 devstack@n-api-meta.service[96109]: DEBUG nova.api.openstack.wsgi_app [None req-d37fba70-ae89-435c-a61b-0d516d87c438 None None] keystone.collect_timing = False {{(pid=96109) log_opt_values /opt/stack/data/venv/lib/python3.12/site-packages/oslo_config/cfg.py:3560}}
Aug 13 15:58:12.978261 np0000007229 devstack@n-api-meta.service[96109]: DEBUG nova.api.openstack.wsgi_app [None req-d37fba70-ae89-435c-a61b-0d516d87c438 None None] keystone.connect_retries = None {{(pid=96109) log_opt_values /opt/stack/data/venv/lib/python3.12/site-packages/oslo_config/cfg.py:3560}}
Aug 13 15:58:12.978400 np0000007229 devstack@n-api-meta.service[96109]: DEBUG nova.api.openstack.wsgi_app [None req-d37fba70-ae89-435c-a61b-0d516d87c438 None None] keystone.connect_retry_delay = None {{(pid=96109) log_opt_values /opt/stack/data/venv/lib/python3.12/site-packages/oslo_config/cfg.py:3560}}
Aug 13 15:58:12.978590 np0000007229 devstack@n-api-meta.service[96109]: DEBUG nova.api.openstack.wsgi_app [None req-d37fba70-ae89-435c-a61b-0d516d87c438 None None] keystone.endpoint_override = None {{(pid=96109) log_opt_values /opt/stack/data/venv/lib/python3.12/site-packages/oslo_config/cfg.py:3560}}
Aug 13 15:58:12.978766 np0000007229 devstack@n-api-meta.service[96109]: DEBUG nova.api.openstack.wsgi_app [None req-d37fba70-ae89-435c-a61b-0d516d87c438 None None] keystone.insecure = False {{(pid=96109) log_opt_values /opt/stack/data/venv/lib/python3.12/site-packages/oslo_config/cfg.py:3560}}
Aug 13 15:58:12.978963 np0000007229 devstack@n-api-meta.service[96109]: DEBUG nova.api.openstack.wsgi_app [None req-d37fba70-ae89-435c-a61b-0d516d87c438 None None] keystone.keyfile = None {{(pid=96109) log_opt_values /opt/stack/data/venv/lib/python3.12/site-packages/oslo_config/cfg.py:3560}}
Aug 13 15:58:12.979144 np0000007229 devstack@n-api-meta.service[96109]: DEBUG nova.api.openstack.wsgi_app [None req-d37fba70-ae89-435c-a61b-0d516d87c438 None None] keystone.max_version = None {{(pid=96109) log_opt_values /opt/stack/data/venv/lib/python3.12/site-packages/oslo_config/cfg.py:3560}}
Aug 13 15:58:12.979891 np0000007229 devstack@n-api-meta.service[96109]: DEBUG nova.api.openstack.wsgi_app [None req-d37fba70-ae89-435c-a61b-0d516d87c438 None None] keystone.min_version = None {{(pid=96109) log_opt_values /opt/stack/data/venv/lib/python3.12/site-packages/oslo_config/cfg.py:3560}}
Aug 13 15:58:12.979891 np0000007229 devstack@n-api-meta.service[96109]: DEBUG nova.api.openstack.wsgi_app [None req-d37fba70-ae89-435c-a61b-0d516d87c438 None None] keystone.region_name = None {{(pid=96109) log_opt_values /opt/stack/data/venv/lib/python3.12/site-packages/oslo_config/cfg.py:3560}}
Aug 13 15:58:12.981075 np0000007229 devstack@n-api-meta.service[96109]: DEBUG nova.api.openstack.wsgi_app [None req-d37fba70-ae89-435c-a61b-0d516d87c438 None None] keystone.retriable_status_codes = None {{(pid=96109) log_opt_values /opt/stack/data/venv/lib/python3.12/site-packages/oslo_config/cfg.py:3560}}
Aug 13 15:58:12.981337 np0000007229 devstack@n-api-meta.service[96109]: DEBUG nova.api.openstack.wsgi_app [None req-d37fba70-ae89-435c-a61b-0d516d87c438 None None] keystone.service_name = None {{(pid=96109) log_opt_values /opt/stack/data/venv/lib/python3.12/site-packages/oslo_config/cfg.py:3560}}
Aug 13 15:58:12.981714 np0000007229 devstack@n-api-meta.service[96109]: DEBUG nova.api.openstack.wsgi_app [None req-d37fba70-ae89-435c-a61b-0d516d87c438 None None] keystone.service_type = identity {{(pid=96109) log_opt_values /opt/stack/data/venv/lib/python3.12/site-packages/oslo_config/cfg.py:3560}}
Aug 13 15:58:12.981940 np0000007229 devstack@n-api-meta.service[96109]: DEBUG nova.api.openstack.wsgi_app [None req-d37fba70-ae89-435c-a61b-0d516d87c438 None None] keystone.split_loggers = False {{(pid=96109) log_opt_values /opt/stack/data/venv/lib/python3.12/site-packages/oslo_config/cfg.py:3560}}
Aug 13 15:58:12.982598 np0000007229 devstack@n-api-meta.service[96109]: DEBUG nova.api.openstack.wsgi_app [None req-d37fba70-ae89-435c-a61b-0d516d87c438 None None] keystone.status_code_retries = None {{(pid=96109) log_opt_values /opt/stack/data/venv/lib/python3.12/site-packages/oslo_config/cfg.py:3560}}
Aug 13 15:58:12.982598 np0000007229 devstack@n-api-meta.service[96109]: DEBUG nova.api.openstack.wsgi_app [None req-d37fba70-ae89-435c-a61b-0d516d87c438 None None] keystone.status_code_retry_delay = None {{(pid=96109) log_opt_values /opt/stack/data/venv/lib/python3.12/site-packages/oslo_config/cfg.py:3560}}
Aug 13 15:58:12.982598 np0000007229 devstack@n-api-meta.service[96109]: DEBUG nova.api.openstack.wsgi_app [None req-d37fba70-ae89-435c-a61b-0d516d87c438 None None] keystone.timeout = None {{(pid=96109) log_opt_values /opt/stack/data/venv/lib/python3.12/site-packages/oslo_config/cfg.py:3560}}
Aug 13 15:58:12.982794 np0000007229 devstack@n-api-meta.service[96109]: DEBUG nova.api.openstack.wsgi_app [None req-d37fba70-ae89-435c-a61b-0d516d87c438 None None] keystone.valid_interfaces = ['internal', 'public'] {{(pid=96109) log_opt_values /opt/stack/data/venv/lib/python3.12/site-packages/oslo_config/cfg.py:3560}}
Aug 13 15:58:12.982966 np0000007229 devstack@n-api-meta.service[96109]: DEBUG nova.api.openstack.wsgi_app [None req-d37fba70-ae89-435c-a61b-0d516d87c438 None None] keystone.version = None {{(pid=96109) log_opt_values /opt/stack/data/venv/lib/python3.12/site-packages/oslo_config/cfg.py:3560}}
Aug 13 15:58:12.983126 np0000007229 devstack@n-api-meta.service[96109]: DEBUG nova.api.openstack.wsgi_app [None req-d37fba70-ae89-435c-a61b-0d516d87c438 None None] libvirt.ceph_mount_options = None {{(pid=96109) log_opt_values /opt/stack/data/venv/lib/python3.12/site-packages/oslo_config/cfg.py:3560}}
Aug 13 15:58:12.983388 np0000007229 devstack@n-api-meta.service[96109]: DEBUG nova.api.openstack.wsgi_app [None req-d37fba70-ae89-435c-a61b-0d516d87c438 None None] libvirt.ceph_mount_point_base = /opt/stack/data/nova/mnt {{(pid=96109) log_opt_values /opt/stack/data/venv/lib/python3.12/site-packages/oslo_config/cfg.py:3560}}
Aug 13 15:58:12.983584 np0000007229 devstack@n-api-meta.service[96109]: DEBUG nova.api.openstack.wsgi_app [None req-d37fba70-ae89-435c-a61b-0d516d87c438 None None] libvirt.connection_uri = {{(pid=96109) log_opt_values /opt/stack/data/venv/lib/python3.12/site-packages/oslo_config/cfg.py:3560}}
Aug 13 15:58:12.983696 np0000007229 devstack@n-api-meta.service[96109]: DEBUG nova.api.openstack.wsgi_app [None req-d37fba70-ae89-435c-a61b-0d516d87c438 None None] libvirt.cpu_mode = custom {{(pid=96109) log_opt_values /opt/stack/data/venv/lib/python3.12/site-packages/oslo_config/cfg.py:3560}}
Aug 13 15:58:12.983892 np0000007229 devstack@n-api-meta.service[96109]: DEBUG nova.api.openstack.wsgi_app [None req-d37fba70-ae89-435c-a61b-0d516d87c438 None None] libvirt.cpu_model_extra_flags = [] {{(pid=96109) log_opt_values /opt/stack/data/venv/lib/python3.12/site-packages/oslo_config/cfg.py:3560}}
Aug 13 15:58:12.984148 np0000007229 devstack@n-api-meta.service[96109]: DEBUG nova.api.openstack.wsgi_app [None req-d37fba70-ae89-435c-a61b-0d516d87c438 None None] libvirt.cpu_models = ['Nehalem'] {{(pid=96109) log_opt_values /opt/stack/data/venv/lib/python3.12/site-packages/oslo_config/cfg.py:3560}}
Aug 13 15:58:12.984365 np0000007229 devstack@n-api-meta.service[96109]: DEBUG nova.api.openstack.wsgi_app [None req-d37fba70-ae89-435c-a61b-0d516d87c438 None None] libvirt.cpu_power_governor_high = performance {{(pid=96109) log_opt_values /opt/stack/data/venv/lib/python3.12/site-packages/oslo_config/cfg.py:3560}}
Aug 13 15:58:12.984550 np0000007229 devstack@n-api-meta.service[96109]: DEBUG nova.api.openstack.wsgi_app [None req-d37fba70-ae89-435c-a61b-0d516d87c438 None None] libvirt.cpu_power_governor_low = powersave {{(pid=96109) log_opt_values /opt/stack/data/venv/lib/python3.12/site-packages/oslo_config/cfg.py:3560}}
Aug 13 15:58:12.984754 np0000007229 devstack@n-api-meta.service[96109]: DEBUG nova.api.openstack.wsgi_app [None req-d37fba70-ae89-435c-a61b-0d516d87c438 None None] libvirt.cpu_power_management = False {{(pid=96109) log_opt_values /opt/stack/data/venv/lib/python3.12/site-packages/oslo_config/cfg.py:3560}}
Aug 13 15:58:12.985009 np0000007229 devstack@n-api-meta.service[96109]: DEBUG nova.api.openstack.wsgi_app [None req-d37fba70-ae89-435c-a61b-0d516d87c438 None None] libvirt.cpu_power_management_strategy = cpu_state {{(pid=96109) log_opt_values /opt/stack/data/venv/lib/python3.12/site-packages/oslo_config/cfg.py:3560}}
Aug 13 15:58:12.985195 np0000007229 devstack@n-api-meta.service[96109]: DEBUG nova.api.openstack.wsgi_app [None req-d37fba70-ae89-435c-a61b-0d516d87c438 None None] libvirt.device_detach_attempts = 8 {{(pid=96109) log_opt_values /opt/stack/data/venv/lib/python3.12/site-packages/oslo_config/cfg.py:3560}}
Aug 13 15:58:12.985404 np0000007229 devstack@n-api-meta.service[96109]: DEBUG nova.api.openstack.wsgi_app [None req-d37fba70-ae89-435c-a61b-0d516d87c438 None None] libvirt.device_detach_timeout = 20 {{(pid=96109) log_opt_values /opt/stack/data/venv/lib/python3.12/site-packages/oslo_config/cfg.py:3560}}
Aug 13 15:58:12.985608 np0000007229 devstack@n-api-meta.service[96109]: DEBUG nova.api.openstack.wsgi_app [None req-d37fba70-ae89-435c-a61b-0d516d87c438 None None] libvirt.disk_cachemodes = [] {{(pid=96109) log_opt_values /opt/stack/data/venv/lib/python3.12/site-packages/oslo_config/cfg.py:3560}}
Aug 13 15:58:12.985784 np0000007229 devstack@n-api-meta.service[96109]: DEBUG nova.api.openstack.wsgi_app [None req-d37fba70-ae89-435c-a61b-0d516d87c438 None None] libvirt.disk_prefix = None {{(pid=96109) log_opt_values /opt/stack/data/venv/lib/python3.12/site-packages/oslo_config/cfg.py:3560}}
Aug 13 15:58:12.985967 np0000007229 devstack@n-api-meta.service[96109]: DEBUG nova.api.openstack.wsgi_app [None req-d37fba70-ae89-435c-a61b-0d516d87c438 None None] libvirt.enabled_perf_events = [] {{(pid=96109) log_opt_values /opt/stack/data/venv/lib/python3.12/site-packages/oslo_config/cfg.py:3560}}
Aug 13 15:58:12.986135 np0000007229 devstack@n-api-meta.service[96109]: DEBUG nova.api.openstack.wsgi_app [None req-d37fba70-ae89-435c-a61b-0d516d87c438 None None] libvirt.file_backed_memory = 0 {{(pid=96109) log_opt_values /opt/stack/data/venv/lib/python3.12/site-packages/oslo_config/cfg.py:3560}}
Aug 13 15:58:12.986333 np0000007229 devstack@n-api-meta.service[96109]: DEBUG nova.api.openstack.wsgi_app [None req-d37fba70-ae89-435c-a61b-0d516d87c438 None None] libvirt.gid_maps = [] {{(pid=96109) log_opt_values /opt/stack/data/venv/lib/python3.12/site-packages/oslo_config/cfg.py:3560}}
Aug 13 15:58:12.986417 np0000007229 devstack@n-api-meta.service[96109]: DEBUG nova.api.openstack.wsgi_app [None req-d37fba70-ae89-435c-a61b-0d516d87c438 None None] libvirt.hw_disk_discard = None {{(pid=96109) log_opt_values /opt/stack/data/venv/lib/python3.12/site-packages/oslo_config/cfg.py:3560}}
Aug 13 15:58:12.986605 np0000007229 devstack@n-api-meta.service[96109]: DEBUG nova.api.openstack.wsgi_app [None req-d37fba70-ae89-435c-a61b-0d516d87c438 None None] libvirt.hw_machine_type = None {{(pid=96109) log_opt_values /opt/stack/data/venv/lib/python3.12/site-packages/oslo_config/cfg.py:3560}}
Aug 13 15:58:12.986801 np0000007229 devstack@n-api-meta.service[96109]: DEBUG nova.api.openstack.wsgi_app [None req-d37fba70-ae89-435c-a61b-0d516d87c438 None None] libvirt.images_address_space_limit = 2 {{(pid=96109) log_opt_values /opt/stack/data/venv/lib/python3.12/site-packages/oslo_config/cfg.py:3560}}
Aug 13 15:58:12.987031 np0000007229 devstack@n-api-meta.service[96109]: DEBUG nova.api.openstack.wsgi_app [None req-d37fba70-ae89-435c-a61b-0d516d87c438 None None] libvirt.images_cpu_time_limit = 30 {{(pid=96109) log_opt_values /opt/stack/data/venv/lib/python3.12/site-packages/oslo_config/cfg.py:3560}}
Aug 13 15:58:12.987256 np0000007229 devstack@n-api-meta.service[96109]: DEBUG nova.api.openstack.wsgi_app [None req-d37fba70-ae89-435c-a61b-0d516d87c438 None None] libvirt.images_rbd_ceph_conf = {{(pid=96109) log_opt_values /opt/stack/data/venv/lib/python3.12/site-packages/oslo_config/cfg.py:3560}}
Aug 13 15:58:12.987419 np0000007229 devstack@n-api-meta.service[96109]: DEBUG nova.api.openstack.wsgi_app [None req-d37fba70-ae89-435c-a61b-0d516d87c438 None None] libvirt.images_rbd_glance_copy_poll_interval = 15 {{(pid=96109) log_opt_values /opt/stack/data/venv/lib/python3.12/site-packages/oslo_config/cfg.py:3560}}
Aug 13 15:58:12.987608 np0000007229 devstack@n-api-meta.service[96109]: DEBUG nova.api.openstack.wsgi_app [None req-d37fba70-ae89-435c-a61b-0d516d87c438 None None] libvirt.images_rbd_glance_copy_timeout = 600 {{(pid=96109) log_opt_values /opt/stack/data/venv/lib/python3.12/site-packages/oslo_config/cfg.py:3560}}
Aug 13 15:58:12.987795 np0000007229 devstack@n-api-meta.service[96109]: DEBUG nova.api.openstack.wsgi_app [None req-d37fba70-ae89-435c-a61b-0d516d87c438 None None] libvirt.images_rbd_glance_store_name = {{(pid=96109) log_opt_values /opt/stack/data/venv/lib/python3.12/site-packages/oslo_config/cfg.py:3560}}
Aug 13 15:58:12.987992 np0000007229 devstack@n-api-meta.service[96109]: DEBUG nova.api.openstack.wsgi_app [None req-d37fba70-ae89-435c-a61b-0d516d87c438 None None] libvirt.images_rbd_pool = rbd {{(pid=96109) log_opt_values /opt/stack/data/venv/lib/python3.12/site-packages/oslo_config/cfg.py:3560}}
Aug 13 15:58:12.988159 np0000007229 devstack@n-api-meta.service[96109]: DEBUG nova.api.openstack.wsgi_app [None req-d37fba70-ae89-435c-a61b-0d516d87c438 None None] libvirt.images_type = default {{(pid=96109) log_opt_values /opt/stack/data/venv/lib/python3.12/site-packages/oslo_config/cfg.py:3560}}
Aug 13 15:58:12.988322 np0000007229 devstack@n-api-meta.service[96109]: DEBUG nova.api.openstack.wsgi_app [None req-d37fba70-ae89-435c-a61b-0d516d87c438 None None] libvirt.images_volume_group = None {{(pid=96109) log_opt_values /opt/stack/data/venv/lib/python3.12/site-packages/oslo_config/cfg.py:3560}}
Aug 13 15:58:12.988476 np0000007229 devstack@n-api-meta.service[96109]: DEBUG nova.api.openstack.wsgi_app [None req-d37fba70-ae89-435c-a61b-0d516d87c438 None None] libvirt.inject_key = False {{(pid=96109) log_opt_values /opt/stack/data/venv/lib/python3.12/site-packages/oslo_config/cfg.py:3560}}
Aug 13 15:58:12.988648 np0000007229 devstack@n-api-meta.service[96109]: DEBUG nova.api.openstack.wsgi_app [None req-d37fba70-ae89-435c-a61b-0d516d87c438 None None] libvirt.inject_partition = -2 {{(pid=96109) log_opt_values /opt/stack/data/venv/lib/python3.12/site-packages/oslo_config/cfg.py:3560}}
Aug 13 15:58:12.988812 np0000007229 devstack@n-api-meta.service[96109]: DEBUG nova.api.openstack.wsgi_app [None req-d37fba70-ae89-435c-a61b-0d516d87c438 None None] libvirt.inject_password = False {{(pid=96109) log_opt_values /opt/stack/data/venv/lib/python3.12/site-packages/oslo_config/cfg.py:3560}}
Aug 13 15:58:12.989000 np0000007229 devstack@n-api-meta.service[96109]: DEBUG nova.api.openstack.wsgi_app [None req-d37fba70-ae89-435c-a61b-0d516d87c438 None None] libvirt.iscsi_iface = None {{(pid=96109) log_opt_values /opt/stack/data/venv/lib/python3.12/site-packages/oslo_config/cfg.py:3560}}
Aug 13 15:58:12.989155 np0000007229 devstack@n-api-meta.service[96109]: DEBUG nova.api.openstack.wsgi_app [None req-d37fba70-ae89-435c-a61b-0d516d87c438 None None] libvirt.iser_use_multipath = False {{(pid=96109) log_opt_values /opt/stack/data/venv/lib/python3.12/site-packages/oslo_config/cfg.py:3560}}
Aug 13 15:58:12.989311 np0000007229 devstack@n-api-meta.service[96109]: DEBUG nova.api.openstack.wsgi_app [None req-d37fba70-ae89-435c-a61b-0d516d87c438 None None] libvirt.live_migration_bandwidth = 0 {{(pid=96109) log_opt_values /opt/stack/data/venv/lib/python3.12/site-packages/oslo_config/cfg.py:3560}}
Aug 13 15:58:12.989428 np0000007229 devstack@n-api-meta.service[96109]: DEBUG nova.api.openstack.wsgi_app [None req-d37fba70-ae89-435c-a61b-0d516d87c438 None None] libvirt.live_migration_completion_timeout = 800 {{(pid=96109) log_opt_values /opt/stack/data/venv/lib/python3.12/site-packages/oslo_config/cfg.py:3560}}
Aug 13 15:58:12.989539 np0000007229 devstack@n-api-meta.service[96109]: DEBUG nova.api.openstack.wsgi_app [None req-d37fba70-ae89-435c-a61b-0d516d87c438 None None] libvirt.live_migration_downtime = 500 {{(pid=96109) log_opt_values /opt/stack/data/venv/lib/python3.12/site-packages/oslo_config/cfg.py:3560}}
Aug 13 15:58:12.989650 np0000007229 devstack@n-api-meta.service[96109]: DEBUG nova.api.openstack.wsgi_app [None req-d37fba70-ae89-435c-a61b-0d516d87c438 None None] libvirt.live_migration_downtime_delay = 75 {{(pid=96109) log_opt_values /opt/stack/data/venv/lib/python3.12/site-packages/oslo_config/cfg.py:3560}}
Aug 13 15:58:12.989761 np0000007229 devstack@n-api-meta.service[96109]: DEBUG nova.api.openstack.wsgi_app [None req-d37fba70-ae89-435c-a61b-0d516d87c438 None None] libvirt.live_migration_downtime_steps = 10 {{(pid=96109) log_opt_values /opt/stack/data/venv/lib/python3.12/site-packages/oslo_config/cfg.py:3560}}
Aug 13 15:58:12.989971 np0000007229 devstack@n-api-meta.service[96109]: DEBUG nova.api.openstack.wsgi_app [None req-d37fba70-ae89-435c-a61b-0d516d87c438 None None] libvirt.live_migration_inbound_addr = None {{(pid=96109) log_opt_values /opt/stack/data/venv/lib/python3.12/site-packages/oslo_config/cfg.py:3560}}
Aug 13 15:58:12.990552 np0000007229 devstack@n-api-meta.service[96109]: DEBUG nova.api.openstack.wsgi_app [None req-d37fba70-ae89-435c-a61b-0d516d87c438 None None] libvirt.live_migration_monitor_interval = 5 {{(pid=96109) log_opt_values /opt/stack/data/venv/lib/python3.12/site-packages/oslo_config/cfg.py:3560}}
Aug 13 15:58:12.990552 np0000007229 devstack@n-api-meta.service[96109]: DEBUG nova.api.openstack.wsgi_app [None req-d37fba70-ae89-435c-a61b-0d516d87c438 None None] libvirt.live_migration_parallel_connections = 1 {{(pid=96109) log_opt_values /opt/stack/data/venv/lib/python3.12/site-packages/oslo_config/cfg.py:3560}}
Aug 13 15:58:12.990552 np0000007229 devstack@n-api-meta.service[96109]: DEBUG nova.api.openstack.wsgi_app [None req-d37fba70-ae89-435c-a61b-0d516d87c438 None None] libvirt.live_migration_permit_auto_converge = False {{(pid=96109) log_opt_values /opt/stack/data/venv/lib/python3.12/site-packages/oslo_config/cfg.py:3560}}
Aug 13 15:58:12.990698 np0000007229 devstack@n-api-meta.service[96109]: DEBUG nova.api.openstack.wsgi_app [None req-d37fba70-ae89-435c-a61b-0d516d87c438 None None] libvirt.live_migration_permit_post_copy = False {{(pid=96109) log_opt_values /opt/stack/data/venv/lib/python3.12/site-packages/oslo_config/cfg.py:3560}}
Aug 13 15:58:12.990762 np0000007229 devstack@n-api-meta.service[96109]: DEBUG nova.api.openstack.wsgi_app [None req-d37fba70-ae89-435c-a61b-0d516d87c438 None None] libvirt.live_migration_scheme = None {{(pid=96109) log_opt_values /opt/stack/data/venv/lib/python3.12/site-packages/oslo_config/cfg.py:3560}}
Aug 13 15:58:12.990965 np0000007229 devstack@n-api-meta.service[96109]: DEBUG nova.api.openstack.wsgi_app [None req-d37fba70-ae89-435c-a61b-0d516d87c438 None None] libvirt.live_migration_timeout_action = abort {{(pid=96109) log_opt_values /opt/stack/data/venv/lib/python3.12/site-packages/oslo_config/cfg.py:3560}}
Aug 13 15:58:12.991131 np0000007229 devstack@n-api-meta.service[96109]: DEBUG nova.api.openstack.wsgi_app [None req-d37fba70-ae89-435c-a61b-0d516d87c438 None None] libvirt.live_migration_tunnelled = False {{(pid=96109) log_opt_values /opt/stack/data/venv/lib/python3.12/site-packages/oslo_config/cfg.py:3560}}
Aug 13 15:58:12.991664 np0000007229 devstack@n-api-meta.service[96109]: WARNING oslo_config.cfg [None req-d37fba70-ae89-435c-a61b-0d516d87c438 None None] Deprecated: Option "live_migration_uri" from group "libvirt" is deprecated for removal (
Aug 13 15:58:12.991664 np0000007229 devstack@n-api-meta.service[96109]: live_migration_uri is deprecated for removal in favor of two other options that
Aug 13 15:58:12.991664 np0000007229 devstack@n-api-meta.service[96109]: allow to change live migration scheme and target URI: ``live_migration_scheme``
Aug 13 15:58:12.991664 np0000007229 devstack@n-api-meta.service[96109]: and ``live_migration_inbound_addr`` respectively.
Aug 13 15:58:12.991664 np0000007229 devstack@n-api-meta.service[96109]: ). Its value may be silently ignored in the future.
Aug 13 15:58:12.992196 np0000007229 devstack@n-api-meta.service[96109]: DEBUG nova.api.openstack.wsgi_app [None req-d37fba70-ae89-435c-a61b-0d516d87c438 None None] libvirt.live_migration_uri = qemu+ssh://stack@%s/system {{(pid=96109) log_opt_values /opt/stack/data/venv/lib/python3.12/site-packages/oslo_config/cfg.py:3560}}
Aug 13 15:58:12.992196 np0000007229 devstack@n-api-meta.service[96109]: DEBUG nova.api.openstack.wsgi_app [None req-d37fba70-ae89-435c-a61b-0d516d87c438 None None] libvirt.live_migration_with_native_tls = False {{(pid=96109) log_opt_values /opt/stack/data/venv/lib/python3.12/site-packages/oslo_config/cfg.py:3560}}
Aug 13 15:58:12.992196 np0000007229 devstack@n-api-meta.service[96109]: DEBUG nova.api.openstack.wsgi_app [None req-d37fba70-ae89-435c-a61b-0d516d87c438 None None] libvirt.max_queues = None {{(pid=96109) log_opt_values /opt/stack/data/venv/lib/python3.12/site-packages/oslo_config/cfg.py:3560}}
Aug 13 15:58:12.992365 np0000007229 devstack@n-api-meta.service[96109]: DEBUG nova.api.openstack.wsgi_app [None req-d37fba70-ae89-435c-a61b-0d516d87c438 None None] libvirt.mem_stats_period_seconds = 10 {{(pid=96109) log_opt_values /opt/stack/data/venv/lib/python3.12/site-packages/oslo_config/cfg.py:3560}}
Aug 13 15:58:12.992532 np0000007229 devstack@n-api-meta.service[96109]: DEBUG nova.api.openstack.wsgi_app [None req-d37fba70-ae89-435c-a61b-0d516d87c438 None None] libvirt.migration_inbound_addr = 10.4.3.70 {{(pid=96109) log_opt_values /opt/stack/data/venv/lib/python3.12/site-packages/oslo_config/cfg.py:3560}}
Aug 13 15:58:12.992647 np0000007229 devstack@n-api-meta.service[96109]: DEBUG nova.api.openstack.wsgi_app [None req-d37fba70-ae89-435c-a61b-0d516d87c438 None None] libvirt.nfs_mount_options = None {{(pid=96109) log_opt_values /opt/stack/data/venv/lib/python3.12/site-packages/oslo_config/cfg.py:3560}}
Aug 13 15:58:12.992812 np0000007229 devstack@n-api-meta.service[96109]: DEBUG nova.api.openstack.wsgi_app [None req-d37fba70-ae89-435c-a61b-0d516d87c438 None None] libvirt.nfs_mount_point_base = /opt/stack/data/nova/mnt {{(pid=96109) log_opt_values /opt/stack/data/venv/lib/python3.12/site-packages/oslo_config/cfg.py:3560}}
Aug 13 15:58:12.992988 np0000007229 devstack@n-api-meta.service[96109]: DEBUG nova.api.openstack.wsgi_app [None req-d37fba70-ae89-435c-a61b-0d516d87c438 None None] libvirt.num_aoe_discover_tries = 3 {{(pid=96109) log_opt_values /opt/stack/data/venv/lib/python3.12/site-packages/oslo_config/cfg.py:3560}}
Aug 13 15:58:12.993180 np0000007229 devstack@n-api-meta.service[96109]: DEBUG nova.api.openstack.wsgi_app [None req-d37fba70-ae89-435c-a61b-0d516d87c438 None None] libvirt.num_iser_scan_tries = 5 {{(pid=96109) log_opt_values /opt/stack/data/venv/lib/python3.12/site-packages/oslo_config/cfg.py:3560}}
Aug 13 15:58:12.993349 np0000007229 devstack@n-api-meta.service[96109]: DEBUG nova.api.openstack.wsgi_app [None req-d37fba70-ae89-435c-a61b-0d516d87c438 None None] libvirt.num_nvme_discover_tries = 5 {{(pid=96109) log_opt_values /opt/stack/data/venv/lib/python3.12/site-packages/oslo_config/cfg.py:3560}}
Aug 13 15:58:12.993528 np0000007229 devstack@n-api-meta.service[96109]: DEBUG nova.api.openstack.wsgi_app [None req-d37fba70-ae89-435c-a61b-0d516d87c438 None None] libvirt.num_pcie_ports = 0 {{(pid=96109) log_opt_values /opt/stack/data/venv/lib/python3.12/site-packages/oslo_config/cfg.py:3560}}
Aug 13 15:58:12.993586 np0000007229 devstack@n-api-meta.service[96107]: DEBUG dbcounter [-] [96107] Writer thread running {{(pid=96107) stat_writer /opt/stack/data/venv/lib/python3.12/site-packages/dbcounter.py:102}}
Aug 13 15:58:12.993705 np0000007229 devstack@n-api-meta.service[96109]: DEBUG nova.api.openstack.wsgi_app [None req-d37fba70-ae89-435c-a61b-0d516d87c438 None None] libvirt.num_volume_scan_tries = 5 {{(pid=96109) log_opt_values /opt/stack/data/venv/lib/python3.12/site-packages/oslo_config/cfg.py:3560}}
Aug 13 15:58:12.993901 np0000007229 devstack@n-api-meta.service[96109]: DEBUG nova.api.openstack.wsgi_app [None req-d37fba70-ae89-435c-a61b-0d516d87c438 None None] libvirt.pmem_namespaces = [] {{(pid=96109) log_opt_values /opt/stack/data/venv/lib/python3.12/site-packages/oslo_config/cfg.py:3560}}
Aug 13 15:58:12.994173 np0000007229 devstack@n-api-meta.service[96110]: DEBUG dbcounter [-] [96110] Writer thread running {{(pid=96110) stat_writer /opt/stack/data/venv/lib/python3.12/site-packages/dbcounter.py:102}}
Aug 13 15:58:12.994249 np0000007229 devstack@n-api-meta.service[96109]: DEBUG nova.api.openstack.wsgi_app [None req-d37fba70-ae89-435c-a61b-0d516d87c438 None None] libvirt.quobyte_client_cfg = None {{(pid=96109) log_opt_values /opt/stack/data/venv/lib/python3.12/site-packages/oslo_config/cfg.py:3560}}
Aug 13 15:58:12.994383 np0000007229 devstack@n-api-meta.service[96109]: DEBUG nova.api.openstack.wsgi_app [None req-d37fba70-ae89-435c-a61b-0d516d87c438 None None] libvirt.quobyte_mount_point_base = /opt/stack/data/nova/mnt {{(pid=96109) log_opt_values /opt/stack/data/venv/lib/python3.12/site-packages/oslo_config/cfg.py:3560}}
Aug 13 15:58:12.994778 np0000007229 devstack@n-api-meta.service[96109]: DEBUG nova.api.openstack.wsgi_app [None req-d37fba70-ae89-435c-a61b-0d516d87c438 None None] libvirt.rbd_connect_timeout = 5 {{(pid=96109) log_opt_values /opt/stack/data/venv/lib/python3.12/site-packages/oslo_config/cfg.py:3560}}
Aug 13 15:58:12.995378 np0000007229 devstack@n-api-meta.service[96109]: DEBUG nova.api.openstack.wsgi_app [None req-d37fba70-ae89-435c-a61b-0d516d87c438 None None] libvirt.rbd_destroy_volume_retries = 12 {{(pid=96109) log_opt_values /opt/stack/data/venv/lib/python3.12/site-packages/oslo_config/cfg.py:3560}}
Aug 13 15:58:12.995378 np0000007229 devstack@n-api-meta.service[96109]: DEBUG nova.api.openstack.wsgi_app [None req-d37fba70-ae89-435c-a61b-0d516d87c438 None None] libvirt.rbd_destroy_volume_retry_interval = 5 {{(pid=96109) log_opt_values /opt/stack/data/venv/lib/python3.12/site-packages/oslo_config/cfg.py:3560}}
Aug 13 15:58:12.995378 np0000007229 devstack@n-api-meta.service[96109]: DEBUG nova.api.openstack.wsgi_app [None req-d37fba70-ae89-435c-a61b-0d516d87c438 None None] libvirt.rbd_secret_uuid = None {{(pid=96109) log_opt_values /opt/stack/data/venv/lib/python3.12/site-packages/oslo_config/cfg.py:3560}}
Aug 13 15:58:12.995531 np0000007229 devstack@n-api-meta.service[96109]: DEBUG nova.api.openstack.wsgi_app [None req-d37fba70-ae89-435c-a61b-0d516d87c438 None None] libvirt.rbd_user = None {{(pid=96109) log_opt_values /opt/stack/data/venv/lib/python3.12/site-packages/oslo_config/cfg.py:3560}}
Aug 13 15:58:12.995701 np0000007229 devstack@n-api-meta.service[96109]: DEBUG nova.api.openstack.wsgi_app [None req-d37fba70-ae89-435c-a61b-0d516d87c438 None None] libvirt.realtime_scheduler_priority = 1 {{(pid=96109) log_opt_values /opt/stack/data/venv/lib/python3.12/site-packages/oslo_config/cfg.py:3560}}
Aug 13 15:58:12.995881 np0000007229 devstack@n-api-meta.service[96109]: DEBUG nova.api.openstack.wsgi_app [None req-d37fba70-ae89-435c-a61b-0d516d87c438 None None] libvirt.remote_filesystem_transport = ssh {{(pid=96109) log_opt_values /opt/stack/data/venv/lib/python3.12/site-packages/oslo_config/cfg.py:3560}}
Aug 13 15:58:12.996070 np0000007229 devstack@n-api-meta.service[96109]: DEBUG nova.api.openstack.wsgi_app [None req-d37fba70-ae89-435c-a61b-0d516d87c438 None None] libvirt.rescue_image_id = None {{(pid=96109) log_opt_values /opt/stack/data/venv/lib/python3.12/site-packages/oslo_config/cfg.py:3560}}
Aug 13 15:58:12.996251 np0000007229 devstack@n-api-meta.service[96109]: DEBUG nova.api.openstack.wsgi_app [None req-d37fba70-ae89-435c-a61b-0d516d87c438 None None] libvirt.rescue_kernel_id = None {{(pid=96109) log_opt_values /opt/stack/data/venv/lib/python3.12/site-packages/oslo_config/cfg.py:3560}}
Aug 13 15:58:12.996418 np0000007229 devstack@n-api-meta.service[96109]: DEBUG nova.api.openstack.wsgi_app [None req-d37fba70-ae89-435c-a61b-0d516d87c438 None None] libvirt.rescue_ramdisk_id = None {{(pid=96109) log_opt_values /opt/stack/data/venv/lib/python3.12/site-packages/oslo_config/cfg.py:3560}}
Aug 13 15:58:12.996588 np0000007229 devstack@n-api-meta.service[96109]: DEBUG nova.api.openstack.wsgi_app [None req-d37fba70-ae89-435c-a61b-0d516d87c438 None None] libvirt.rng_dev_path = /dev/urandom {{(pid=96109) log_opt_values /opt/stack/data/venv/lib/python3.12/site-packages/oslo_config/cfg.py:3560}}
Aug 13 15:58:12.996754 np0000007229 devstack@n-api-meta.service[96109]: DEBUG nova.api.openstack.wsgi_app [None req-d37fba70-ae89-435c-a61b-0d516d87c438 None None] libvirt.rx_queue_size = None {{(pid=96109) log_opt_values /opt/stack/data/venv/lib/python3.12/site-packages/oslo_config/cfg.py:3560}}
Aug 13 15:58:12.996949 np0000007229 devstack@n-api-meta.service[96109]: DEBUG nova.api.openstack.wsgi_app [None req-d37fba70-ae89-435c-a61b-0d516d87c438 None None] libvirt.smbfs_mount_options = {{(pid=96109) log_opt_values /opt/stack/data/venv/lib/python3.12/site-packages/oslo_config/cfg.py:3560}}
Aug 13 15:58:12.997195 np0000007229 devstack@n-api-meta.service[96109]: DEBUG nova.api.openstack.wsgi_app [None req-d37fba70-ae89-435c-a61b-0d516d87c438 None None] libvirt.smbfs_mount_point_base = /opt/stack/data/nova/mnt {{(pid=96109) log_opt_values /opt/stack/data/venv/lib/python3.12/site-packages/oslo_config/cfg.py:3560}}
Aug 13 15:58:12.997377 np0000007229 devstack@n-api-meta.service[96109]: DEBUG nova.api.openstack.wsgi_app [None req-d37fba70-ae89-435c-a61b-0d516d87c438 None None] libvirt.snapshot_compression = False {{(pid=96109) log_opt_values /opt/stack/data/venv/lib/python3.12/site-packages/oslo_config/cfg.py:3560}}
Aug 13 15:58:12.998213 np0000007229 devstack@n-api-meta.service[96107]: DEBUG nova.context [None req-f238541a-75da-462c-a6a1-08124f6136fd None None] Found 2 cells: 00000000-0000-0000-0000-000000000000(cell0),e0dd5a54-86d1-49cd-b760-09e255ee9575(cell1) {{(pid=96107) load_cells /opt/stack/nova/nova/context.py:509}}
Aug 13 15:58:12.998270 np0000007229 devstack@n-api-meta.service[96109]: DEBUG nova.api.openstack.wsgi_app [None req-d37fba70-ae89-435c-a61b-0d516d87c438 None None] libvirt.snapshot_image_format = None {{(pid=96109) log_opt_values /opt/stack/data/venv/lib/python3.12/site-packages/oslo_config/cfg.py:3560}}
Aug 13 15:58:12.998270 np0000007229 devstack@n-api-meta.service[96109]: DEBUG nova.api.openstack.wsgi_app [None req-d37fba70-ae89-435c-a61b-0d516d87c438 None None] libvirt.snapshots_directory = /opt/stack/data/nova/instances/snapshots {{(pid=96109) log_opt_values /opt/stack/data/venv/lib/python3.12/site-packages/oslo_config/cfg.py:3560}}
Aug 13 15:58:12.998270 np0000007229 devstack@n-api-meta.service[96109]: DEBUG nova.api.openstack.wsgi_app [None req-d37fba70-ae89-435c-a61b-0d516d87c438 None None] libvirt.sparse_logical_volumes = False {{(pid=96109) log_opt_values /opt/stack/data/venv/lib/python3.12/site-packages/oslo_config/cfg.py:3560}}
Aug 13 15:58:12.998270 np0000007229 devstack@n-api-meta.service[96109]: DEBUG nova.api.openstack.wsgi_app [None req-d37fba70-ae89-435c-a61b-0d516d87c438 None None] libvirt.supported_tpm_secret_security = ['user', 'host', 'deployment'] {{(pid=96109) log_opt_values /opt/stack/data/venv/lib/python3.12/site-packages/oslo_config/cfg.py:3560}}
Aug 13 15:58:12.998366 np0000007229 devstack@n-api-meta.service[96107]: INFO nova.utils [None req-f238541a-75da-462c-a6a1-08124f6136fd None None] The cell worker thread pool MainProcess.cell_worker is initialized
Aug 13 15:58:12.998392 np0000007229 devstack@n-api-meta.service[96109]: DEBUG nova.api.openstack.wsgi_app [None req-d37fba70-ae89-435c-a61b-0d516d87c438 None None] libvirt.swtpm_enabled = False {{(pid=96109) log_opt_values /opt/stack/data/venv/lib/python3.12/site-packages/oslo_config/cfg.py:3560}}
Aug 13 15:58:12.998501 np0000007229 devstack@n-api-meta.service[96109]: DEBUG nova.api.openstack.wsgi_app [None req-d37fba70-ae89-435c-a61b-0d516d87c438 None None] libvirt.swtpm_group = tss {{(pid=96109) log_opt_values /opt/stack/data/venv/lib/python3.12/site-packages/oslo_config/cfg.py:3560}}
Aug 13 15:58:12.999340 np0000007229 devstack@n-api-meta.service[96109]: DEBUG nova.api.openstack.wsgi_app [None req-d37fba70-ae89-435c-a61b-0d516d87c438 None None] libvirt.swtpm_user = tss {{(pid=96109) log_opt_values /opt/stack/data/venv/lib/python3.12/site-packages/oslo_config/cfg.py:3560}}
Aug 13 15:58:12.999340 np0000007229 devstack@n-api-meta.service[96109]: DEBUG nova.api.openstack.wsgi_app [None req-d37fba70-ae89-435c-a61b-0d516d87c438 None None] libvirt.sysinfo_serial = unique {{(pid=96109) log_opt_values /opt/stack/data/venv/lib/python3.12/site-packages/oslo_config/cfg.py:3560}}
Aug 13 15:58:12.999671 np0000007229 devstack@n-api-meta.service[96110]: DEBUG nova.context [None req-64d5b6ec-5395-483d-aff7-46795f2d94b4 None None] Found 2 cells: 00000000-0000-0000-0000-000000000000(cell0),e0dd5a54-86d1-49cd-b760-09e255ee9575(cell1) {{(pid=96110) load_cells /opt/stack/nova/nova/context.py:509}}
Aug 13 15:58:12.999714 np0000007229 devstack@n-api-meta.service[96109]: DEBUG nova.api.openstack.wsgi_app [None req-d37fba70-ae89-435c-a61b-0d516d87c438 None None] libvirt.tb_cache_size = None {{(pid=96109) log_opt_values /opt/stack/data/venv/lib/python3.12/site-packages/oslo_config/cfg.py:3560}}
Aug 13 15:58:12.999777 np0000007229 devstack@n-api-meta.service[96110]: INFO nova.utils [None req-64d5b6ec-5395-483d-aff7-46795f2d94b4 None None] The cell worker thread pool MainProcess.cell_worker is initialized
Aug 13 15:58:12.999824 np0000007229 devstack@n-api-meta.service[96109]: DEBUG nova.api.openstack.wsgi_app [None req-d37fba70-ae89-435c-a61b-0d516d87c438 None None] libvirt.tx_queue_size = None {{(pid=96109) log_opt_values /opt/stack/data/venv/lib/python3.12/site-packages/oslo_config/cfg.py:3560}}
Aug 13 15:58:12.999824 np0000007229 devstack@n-api-meta.service[96109]: DEBUG nova.api.openstack.wsgi_app [None req-d37fba70-ae89-435c-a61b-0d516d87c438 None None] libvirt.uid_maps = [] {{(pid=96109) log_opt_values /opt/stack/data/venv/lib/python3.12/site-packages/oslo_config/cfg.py:3560}}
Aug 13 15:58:13.000069 np0000007229 devstack@n-api-meta.service[96109]: DEBUG nova.api.openstack.wsgi_app [None req-d37fba70-ae89-435c-a61b-0d516d87c438 None None] libvirt.use_default_aio_mode_for_volumes = False {{(pid=96109) log_opt_values /opt/stack/data/venv/lib/python3.12/site-packages/oslo_config/cfg.py:3560}}
Aug 13 15:58:13.000244 np0000007229 devstack@n-api-meta.service[96109]: DEBUG nova.api.openstack.wsgi_app [None req-d37fba70-ae89-435c-a61b-0d516d87c438 None None] libvirt.use_virtio_for_bridges = True {{(pid=96109) log_opt_values /opt/stack/data/venv/lib/python3.12/site-packages/oslo_config/cfg.py:3560}}
Aug 13 15:58:13.000296 np0000007229 devstack@n-api-meta.service[96107]: DEBUG oslo_concurrency.lockutils [None req-f238541a-75da-462c-a6a1-08124f6136fd None None] Acquiring lock "00000000-0000-0000-0000-000000000000" by "nova.context.set_target_cell..get_or_set_cached_cell_and_set_connections" {{(pid=96107) inner /opt/stack/data/venv/lib/python3.12/site-packages/oslo_concurrency/lockutils.py:512}}
Aug 13 15:58:13.000414 np0000007229 devstack@n-api-meta.service[96109]: DEBUG nova.api.openstack.wsgi_app [None req-d37fba70-ae89-435c-a61b-0d516d87c438 None None] libvirt.virt_type = qemu {{(pid=96109) log_opt_values /opt/stack/data/venv/lib/python3.12/site-packages/oslo_config/cfg.py:3560}}
Aug 13 15:58:13.000479 np0000007229 devstack@n-api-meta.service[96107]: DEBUG oslo_concurrency.lockutils [None req-f238541a-75da-462c-a6a1-08124f6136fd None None] Lock "00000000-0000-0000-0000-000000000000" acquired by "nova.context.set_target_cell..get_or_set_cached_cell_and_set_connections" :: waited 0.000s {{(pid=96107) inner /opt/stack/data/venv/lib/python3.12/site-packages/oslo_concurrency/lockutils.py:525}}
Aug 13 15:58:13.000603 np0000007229 devstack@n-api-meta.service[96109]: DEBUG nova.api.openstack.wsgi_app [None req-d37fba70-ae89-435c-a61b-0d516d87c438 None None] libvirt.volume_clear = zero {{(pid=96109) log_opt_values /opt/stack/data/venv/lib/python3.12/site-packages/oslo_config/cfg.py:3560}}
Aug 13 15:58:13.000792 np0000007229 devstack@n-api-meta.service[96109]: DEBUG nova.api.openstack.wsgi_app [None req-d37fba70-ae89-435c-a61b-0d516d87c438 None None] libvirt.volume_clear_size = 0 {{(pid=96109) log_opt_values /opt/stack/data/venv/lib/python3.12/site-packages/oslo_config/cfg.py:3560}}
Aug 13 15:58:13.000952 np0000007229 devstack@n-api-meta.service[96107]: DEBUG oslo_concurrency.lockutils [None req-f238541a-75da-462c-a6a1-08124f6136fd None None] Lock "00000000-0000-0000-0000-000000000000" "released" by "nova.context.set_target_cell..get_or_set_cached_cell_and_set_connections" :: held 0.000s {{(pid=96107) inner /opt/stack/data/venv/lib/python3.12/site-packages/oslo_concurrency/lockutils.py:544}}
Aug 13 15:58:13.000998 np0000007229 devstack@n-api-meta.service[96109]: DEBUG nova.api.openstack.wsgi_app [None req-d37fba70-ae89-435c-a61b-0d516d87c438 None None] libvirt.volume_enforce_multipath = False {{(pid=96109) log_opt_values /opt/stack/data/venv/lib/python3.12/site-packages/oslo_config/cfg.py:3560}}
Aug 13 15:58:13.001180 np0000007229 devstack@n-api-meta.service[96109]: DEBUG nova.api.openstack.wsgi_app [None req-d37fba70-ae89-435c-a61b-0d516d87c438 None None] libvirt.volume_use_multipath = True {{(pid=96109) log_opt_values /opt/stack/data/venv/lib/python3.12/site-packages/oslo_config/cfg.py:3560}}
Aug 13 15:58:13.001370 np0000007229 devstack@n-api-meta.service[96109]: DEBUG nova.api.openstack.wsgi_app [None req-d37fba70-ae89-435c-a61b-0d516d87c438 None None] libvirt.vzstorage_cache_path = None {{(pid=96109) log_opt_values /opt/stack/data/venv/lib/python3.12/site-packages/oslo_config/cfg.py:3560}}
Aug 13 15:58:13.001551 np0000007229 devstack@n-api-meta.service[96109]: DEBUG nova.api.openstack.wsgi_app [None req-d37fba70-ae89-435c-a61b-0d516d87c438 None None] libvirt.vzstorage_log_path = /var/log/vstorage/%(cluster_name)s/nova.log.gz {{(pid=96109) log_opt_values /opt/stack/data/venv/lib/python3.12/site-packages/oslo_config/cfg.py:3560}}
Aug 13 15:58:13.001761 np0000007229 devstack@n-api-meta.service[96109]: DEBUG nova.api.openstack.wsgi_app [None req-d37fba70-ae89-435c-a61b-0d516d87c438 None None] libvirt.vzstorage_mount_group = qemu {{(pid=96109) log_opt_values /opt/stack/data/venv/lib/python3.12/site-packages/oslo_config/cfg.py:3560}}
Aug 13 15:58:13.001851 np0000007229 devstack@n-api-meta.service[96110]: DEBUG oslo_concurrency.lockutils [None req-64d5b6ec-5395-483d-aff7-46795f2d94b4 None None] Acquiring lock "00000000-0000-0000-0000-000000000000" by "nova.context.set_target_cell..get_or_set_cached_cell_and_set_connections" {{(pid=96110) inner /opt/stack/data/venv/lib/python3.12/site-packages/oslo_concurrency/lockutils.py:512}}
Aug 13 15:58:13.001954 np0000007229 devstack@n-api-meta.service[96109]: DEBUG nova.api.openstack.wsgi_app [None req-d37fba70-ae89-435c-a61b-0d516d87c438 None None] libvirt.vzstorage_mount_opts = [] {{(pid=96109) log_opt_values /opt/stack/data/venv/lib/python3.12/site-packages/oslo_config/cfg.py:3560}}
Aug 13 15:58:13.002010 np0000007229 devstack@n-api-meta.service[96110]: DEBUG oslo_concurrency.lockutils [None req-64d5b6ec-5395-483d-aff7-46795f2d94b4 None None] Lock "00000000-0000-0000-0000-000000000000" acquired by "nova.context.set_target_cell..get_or_set_cached_cell_and_set_connections" :: waited 0.000s {{(pid=96110) inner /opt/stack/data/venv/lib/python3.12/site-packages/oslo_concurrency/lockutils.py:525}}
Aug 13 15:58:13.002585 np0000007229 devstack@n-api-meta.service[96109]: DEBUG nova.api.openstack.wsgi_app [None req-d37fba70-ae89-435c-a61b-0d516d87c438 None None] libvirt.vzstorage_mount_perms = 0770 {{(pid=96109) log_opt_values /opt/stack/data/venv/lib/python3.12/site-packages/oslo_config/cfg.py:3560}}
Aug 13 15:58:13.002585 np0000007229 devstack@n-api-meta.service[96109]: DEBUG nova.api.openstack.wsgi_app [None req-d37fba70-ae89-435c-a61b-0d516d87c438 None None] libvirt.vzstorage_mount_point_base = /opt/stack/data/nova/mnt {{(pid=96109) log_opt_values /opt/stack/data/venv/lib/python3.12/site-packages/oslo_config/cfg.py:3560}}
Aug 13 15:58:13.002705 np0000007229 devstack@n-api-meta.service[96110]: DEBUG oslo_concurrency.lockutils [None req-64d5b6ec-5395-483d-aff7-46795f2d94b4 None None] Lock "00000000-0000-0000-0000-000000000000" "released" by "nova.context.set_target_cell..get_or_set_cached_cell_and_set_connections" :: held 0.000s {{(pid=96110) inner /opt/stack/data/venv/lib/python3.12/site-packages/oslo_concurrency/lockutils.py:544}}
Aug 13 15:58:13.002765 np0000007229 devstack@n-api-meta.service[96109]: DEBUG nova.api.openstack.wsgi_app [None req-d37fba70-ae89-435c-a61b-0d516d87c438 None None] libvirt.vzstorage_mount_user = stack {{(pid=96109) log_opt_values /opt/stack/data/venv/lib/python3.12/site-packages/oslo_config/cfg.py:3560}}
Aug 13 15:58:13.002765 np0000007229 devstack@n-api-meta.service[96109]: DEBUG nova.api.openstack.wsgi_app [None req-d37fba70-ae89-435c-a61b-0d516d87c438 None None] libvirt.wait_soft_reboot_seconds = 120 {{(pid=96109) log_opt_values /opt/stack/data/venv/lib/python3.12/site-packages/oslo_config/cfg.py:3560}}
Aug 13 15:58:13.002860 np0000007229 devstack@n-api-meta.service[96107]: DEBUG oslo_concurrency.lockutils [None req-f238541a-75da-462c-a6a1-08124f6136fd None None] Acquiring lock "e0dd5a54-86d1-49cd-b760-09e255ee9575" by "nova.context.set_target_cell..get_or_set_cached_cell_and_set_connections" {{(pid=96107) inner /opt/stack/data/venv/lib/python3.12/site-packages/oslo_concurrency/lockutils.py:512}}
Aug 13 15:58:13.002949 np0000007229 devstack@n-api-meta.service[96109]: DEBUG nova.api.openstack.wsgi_app [None req-d37fba70-ae89-435c-a61b-0d516d87c438 None None] neutron.auth_section = None {{(pid=96109) log_opt_values /opt/stack/data/venv/lib/python3.12/site-packages/oslo_config/cfg.py:3560}}
Aug 13 15:58:13.003112 np0000007229 devstack@n-api-meta.service[96107]: DEBUG oslo_concurrency.lockutils [None req-f238541a-75da-462c-a6a1-08124f6136fd None None] Lock "e0dd5a54-86d1-49cd-b760-09e255ee9575" acquired by "nova.context.set_target_cell..get_or_set_cached_cell_and_set_connections" :: waited 0.000s {{(pid=96107) inner /opt/stack/data/venv/lib/python3.12/site-packages/oslo_concurrency/lockutils.py:525}}
Aug 13 15:58:13.003157 np0000007229 devstack@n-api-meta.service[96109]: DEBUG nova.api.openstack.wsgi_app [None req-d37fba70-ae89-435c-a61b-0d516d87c438 None None] neutron.auth_type = password {{(pid=96109) log_opt_values /opt/stack/data/venv/lib/python3.12/site-packages/oslo_config/cfg.py:3560}}
Aug 13 15:58:13.003194 np0000007229 devstack@n-api-meta.service[96110]: DEBUG oslo_concurrency.lockutils [None req-64d5b6ec-5395-483d-aff7-46795f2d94b4 None None] Acquiring lock "e0dd5a54-86d1-49cd-b760-09e255ee9575" by "nova.context.set_target_cell..get_or_set_cached_cell_and_set_connections" {{(pid=96110) inner /opt/stack/data/venv/lib/python3.12/site-packages/oslo_concurrency/lockutils.py:512}}
Aug 13 15:58:13.003332 np0000007229 devstack@n-api-meta.service[96109]: DEBUG nova.api.openstack.wsgi_app [None req-d37fba70-ae89-435c-a61b-0d516d87c438 None None] neutron.cafile = None {{(pid=96109) log_opt_values /opt/stack/data/venv/lib/python3.12/site-packages/oslo_config/cfg.py:3560}}
Aug 13 15:58:13.003390 np0000007229 devstack@n-api-meta.service[96110]: DEBUG oslo_concurrency.lockutils [None req-64d5b6ec-5395-483d-aff7-46795f2d94b4 None None] Lock "e0dd5a54-86d1-49cd-b760-09e255ee9575" acquired by "nova.context.set_target_cell..get_or_set_cached_cell_and_set_connections" :: waited 0.000s {{(pid=96110) inner /opt/stack/data/venv/lib/python3.12/site-packages/oslo_concurrency/lockutils.py:525}}
Aug 13 15:58:13.003490 np0000007229 devstack@n-api-meta.service[96109]: DEBUG nova.api.openstack.wsgi_app [None req-d37fba70-ae89-435c-a61b-0d516d87c438 None None] neutron.certfile = None {{(pid=96109) log_opt_values /opt/stack/data/venv/lib/python3.12/site-packages/oslo_config/cfg.py:3560}}
Aug 13 15:58:13.003663 np0000007229 devstack@n-api-meta.service[96109]: DEBUG nova.api.openstack.wsgi_app [None req-d37fba70-ae89-435c-a61b-0d516d87c438 None None] neutron.collect_timing = False {{(pid=96109) log_opt_values /opt/stack/data/venv/lib/python3.12/site-packages/oslo_config/cfg.py:3560}}
Aug 13 15:58:13.003831 np0000007229 devstack@n-api-meta.service[96109]: DEBUG nova.api.openstack.wsgi_app [None req-d37fba70-ae89-435c-a61b-0d516d87c438 None None] neutron.connect_retries = None {{(pid=96109) log_opt_values /opt/stack/data/venv/lib/python3.12/site-packages/oslo_config/cfg.py:3560}}
Aug 13 15:58:13.004025 np0000007229 devstack@n-api-meta.service[96109]: DEBUG nova.api.openstack.wsgi_app [None req-d37fba70-ae89-435c-a61b-0d516d87c438 None None] neutron.connect_retry_delay = None {{(pid=96109) log_opt_values /opt/stack/data/venv/lib/python3.12/site-packages/oslo_config/cfg.py:3560}}
Aug 13 15:58:13.004612 np0000007229 devstack@n-api-meta.service[96109]: DEBUG nova.api.openstack.wsgi_app [None req-d37fba70-ae89-435c-a61b-0d516d87c438 None None] neutron.default_floating_pool = public {{(pid=96109) log_opt_values /opt/stack/data/venv/lib/python3.12/site-packages/oslo_config/cfg.py:3560}}
Aug 13 15:58:13.004676 np0000007229 devstack@n-api-meta.service[96110]: DEBUG oslo_concurrency.lockutils [None req-64d5b6ec-5395-483d-aff7-46795f2d94b4 None None] Lock "e0dd5a54-86d1-49cd-b760-09e255ee9575" "released" by "nova.context.set_target_cell..get_or_set_cached_cell_and_set_connections" :: held 0.001s {{(pid=96110) inner /opt/stack/data/venv/lib/python3.12/site-packages/oslo_concurrency/lockutils.py:544}}
Aug 13 15:58:13.004802 np0000007229 devstack@n-api-meta.service[96109]: DEBUG nova.api.openstack.wsgi_app [None req-d37fba70-ae89-435c-a61b-0d516d87c438 None None] neutron.endpoint_override = None {{(pid=96109) log_opt_values /opt/stack/data/venv/lib/python3.12/site-packages/oslo_config/cfg.py:3560}}
Aug 13 15:58:13.004802 np0000007229 devstack@n-api-meta.service[96109]: DEBUG nova.api.openstack.wsgi_app [None req-d37fba70-ae89-435c-a61b-0d516d87c438 None None] neutron.extension_sync_interval = 600 {{(pid=96109) log_opt_values /opt/stack/data/venv/lib/python3.12/site-packages/oslo_config/cfg.py:3560}}
Aug 13 15:58:13.004802 np0000007229 devstack@n-api-meta.service[96109]: DEBUG nova.api.openstack.wsgi_app [None req-d37fba70-ae89-435c-a61b-0d516d87c438 None None] neutron.http_retries = 3 {{(pid=96109) log_opt_values /opt/stack/data/venv/lib/python3.12/site-packages/oslo_config/cfg.py:3560}}
Aug 13 15:58:13.004896 np0000007229 devstack@n-api-meta.service[96109]: DEBUG nova.api.openstack.wsgi_app [None req-d37fba70-ae89-435c-a61b-0d516d87c438 None None] neutron.insecure = False {{(pid=96109) log_opt_values /opt/stack/data/venv/lib/python3.12/site-packages/oslo_config/cfg.py:3560}}
