Aug 13 15:58:12.248005 np0000007229 nova-scheduler[96685]: DEBUG cotyledon.oslo_config_glue [-] workarounds.libvirt_disable_apic = False {{(pid=96685) log_opt_values /opt/stack/data/venv/lib/python3.12/site-packages/oslo_config/cfg.py:3560}}
Aug 13 15:58:12.248005 np0000007229 nova-scheduler[96685]: DEBUG cotyledon.oslo_config_glue [-] workarounds.never_download_image_if_on_rbd = False {{(pid=96685) log_opt_values /opt/stack/data/venv/lib/python3.12/site-packages/oslo_config/cfg.py:3560}}
Aug 13 15:58:12.248005 np0000007229 nova-scheduler[96685]: DEBUG cotyledon.oslo_config_glue [-] workarounds.qemu_monitor_announce_self_count = 3 {{(pid=96685) log_opt_values /opt/stack/data/venv/lib/python3.12/site-packages/oslo_config/cfg.py:3560}}
Aug 13 15:58:12.248005 np0000007229 nova-scheduler[96685]: DEBUG cotyledon.oslo_config_glue [-] workarounds.qemu_monitor_announce_self_interval = 1 {{(pid=96685) log_opt_values /opt/stack/data/venv/lib/python3.12/site-packages/oslo_config/cfg.py:3560}}
Aug 13 15:58:12.248005 np0000007229 nova-scheduler[96685]: DEBUG cotyledon.oslo_config_glue [-] workarounds.reserve_disk_resource_for_image_cache = False {{(pid=96685) log_opt_values /opt/stack/data/venv/lib/python3.12/site-packages/oslo_config/cfg.py:3560}}
Aug 13 15:58:12.248005 np0000007229 nova-scheduler[96685]: DEBUG cotyledon.oslo_config_glue [-] workarounds.skip_cpu_compare_at_startup = False {{(pid=96685) log_opt_values /opt/stack/data/venv/lib/python3.12/site-packages/oslo_config/cfg.py:3560}}
Aug 13 15:58:12.248005 np0000007229 nova-scheduler[96685]: DEBUG cotyledon.oslo_config_glue [-] workarounds.skip_cpu_compare_on_dest = False {{(pid=96685) log_opt_values /opt/stack/data/venv/lib/python3.12/site-packages/oslo_config/cfg.py:3560}}
Aug 13 15:58:12.248005 np0000007229 nova-scheduler[96685]: DEBUG cotyledon.oslo_config_glue [-] workarounds.skip_hypervisor_version_check_on_lm = False {{(pid=96685) log_opt_values /opt/stack/data/venv/lib/python3.12/site-packages/oslo_config/cfg.py:3560}}
Aug 13 15:58:12.248342 np0000007229 nova-scheduler[96685]: DEBUG cotyledon.oslo_config_glue [-] workarounds.skip_reserve_in_use_ironic_nodes = False {{(pid=96685) log_opt_values /opt/stack/data/venv/lib/python3.12/site-packages/oslo_config/cfg.py:3560}}
Aug 13 15:58:12.248342 np0000007229 nova-scheduler[96685]: DEBUG cotyledon.oslo_config_glue [-] workarounds.unified_limits_count_pcpu_as_vcpu = False {{(pid=96685) log_opt_values /opt/stack/data/venv/lib/python3.12/site-packages/oslo_config/cfg.py:3560}}
Aug 13 15:58:12.248342 np0000007229 nova-scheduler[96685]: DEBUG cotyledon.oslo_config_glue [-] workarounds.wait_for_vif_plugged_event_during_hard_reboot = [] {{(pid=96685) log_opt_values /opt/stack/data/venv/lib/python3.12/site-packages/oslo_config/cfg.py:3560}}
Aug 13 15:58:12.248342 np0000007229 nova-scheduler[96685]: DEBUG cotyledon.oslo_config_glue [-] wsgi.api_paste_config = /etc/nova/api-paste.ini {{(pid=96685) log_opt_values /opt/stack/data/venv/lib/python3.12/site-packages/oslo_config/cfg.py:3560}}
Aug 13 15:58:12.248342 np0000007229 nova-scheduler[96685]: DEBUG cotyledon.oslo_config_glue [-] wsgi.secure_proxy_ssl_header = None {{(pid=96685) log_opt_values /opt/stack/data/venv/lib/python3.12/site-packages/oslo_config/cfg.py:3560}}
Aug 13 15:58:12.248342 np0000007229 nova-scheduler[96685]: DEBUG cotyledon.oslo_config_glue [-] zvm.ca_file = None {{(pid=96685) log_opt_values /opt/stack/data/venv/lib/python3.12/site-packages/oslo_config/cfg.py:3560}}
Aug 13 15:58:12.248342 np0000007229 nova-scheduler[96685]: DEBUG cotyledon.oslo_config_glue [-] zvm.cloud_connector_url = None {{(pid=96685) log_opt_values /opt/stack/data/venv/lib/python3.12/site-packages/oslo_config/cfg.py:3560}}
Aug 13 15:58:12.248342 np0000007229 nova-scheduler[96685]: DEBUG cotyledon.oslo_config_glue [-] zvm.image_tmp_path = /opt/stack/data/nova/images {{(pid=96685) log_opt_values /opt/stack/data/venv/lib/python3.12/site-packages/oslo_config/cfg.py:3560}}
Aug 13 15:58:12.248342 np0000007229 nova-scheduler[96685]: DEBUG cotyledon.oslo_config_glue [-] zvm.reachable_timeout = 300 {{(pid=96685) log_opt_values /opt/stack/data/venv/lib/python3.12/site-packages/oslo_config/cfg.py:3560}}
Aug 13 15:58:12.248668 np0000007229 nova-scheduler[96685]: DEBUG cotyledon.oslo_config_glue [-] oslo_versionedobjects.fatal_exception_format_errors = False {{(pid=96685) log_opt_values /opt/stack/data/venv/lib/python3.12/site-packages/oslo_config/cfg.py:3560}}
Aug 13 15:58:12.248668 np0000007229 nova-scheduler[96685]: DEBUG cotyledon.oslo_config_glue [-] oslo_middleware.http_basic_auth_user_file = /etc/htpasswd {{(pid=96685) log_opt_values /opt/stack/data/venv/lib/python3.12/site-packages/oslo_config/cfg.py:3560}}
Aug 13 15:58:12.248668 np0000007229 nova-scheduler[96685]: DEBUG cotyledon.oslo_config_glue [-] oslo_messaging_metrics.metrics_buffer_size = 1000 {{(pid=96685) log_opt_values /opt/stack/data/venv/lib/python3.12/site-packages/oslo_config/cfg.py:3560}}
Aug 13 15:58:12.248668 np0000007229 nova-scheduler[96685]: DEBUG cotyledon.oslo_config_glue [-] oslo_messaging_metrics.metrics_enabled = False {{(pid=96685) log_opt_values /opt/stack/data/venv/lib/python3.12/site-packages/oslo_config/cfg.py:3560}}
Aug 13 15:58:12.248668 np0000007229 nova-scheduler[96685]: DEBUG cotyledon.oslo_config_glue [-] oslo_messaging_metrics.metrics_process_name = {{(pid=96685) log_opt_values /opt/stack/data/venv/lib/python3.12/site-packages/oslo_config/cfg.py:3560}}
Aug 13 15:58:12.248668 np0000007229 nova-scheduler[96685]: DEBUG cotyledon.oslo_config_glue [-] oslo_messaging_metrics.metrics_socket_file = /var/tmp/metrics_collector.sock {{(pid=96685) log_opt_values /opt/stack/data/venv/lib/python3.12/site-packages/oslo_config/cfg.py:3560}}
Aug 13 15:58:12.248668 np0000007229 nova-scheduler[96685]: DEBUG cotyledon.oslo_config_glue [-] oslo_messaging_metrics.metrics_thread_stop_timeout = 10 {{(pid=96685) log_opt_values /opt/stack/data/venv/lib/python3.12/site-packages/oslo_config/cfg.py:3560}}
Aug 13 15:58:12.248668 np0000007229 nova-scheduler[96685]: DEBUG cotyledon.oslo_config_glue [-] profiler.connection_string = messaging:// {{(pid=96685) log_opt_values /opt/stack/data/venv/lib/python3.12/site-packages/oslo_config/cfg.py:3560}}
Aug 13 15:58:12.248928 np0000007229 nova-scheduler[96685]: DEBUG cotyledon.oslo_config_glue [-] profiler.enabled = False {{(pid=96685) log_opt_values /opt/stack/data/venv/lib/python3.12/site-packages/oslo_config/cfg.py:3560}}
Aug 13 15:58:12.248928 np0000007229 nova-scheduler[96685]: DEBUG cotyledon.oslo_config_glue [-] profiler.es_doc_type = notification {{(pid=96685) log_opt_values /opt/stack/data/venv/lib/python3.12/site-packages/oslo_config/cfg.py:3560}}
Aug 13 15:58:12.248928 np0000007229 nova-scheduler[96685]: DEBUG cotyledon.oslo_config_glue [-] profiler.es_scroll_size = 10000 {{(pid=96685) log_opt_values /opt/stack/data/venv/lib/python3.12/site-packages/oslo_config/cfg.py:3560}}
Aug 13 15:58:12.248928 np0000007229 nova-scheduler[96685]: DEBUG cotyledon.oslo_config_glue [-] profiler.es_scroll_time = 2m {{(pid=96685) log_opt_values /opt/stack/data/venv/lib/python3.12/site-packages/oslo_config/cfg.py:3560}}
Aug 13 15:58:12.248928 np0000007229 nova-scheduler[96685]: DEBUG cotyledon.oslo_config_glue [-] profiler.filter_error_trace = False {{(pid=96685) log_opt_values /opt/stack/data/venv/lib/python3.12/site-packages/oslo_config/cfg.py:3560}}
Aug 13 15:58:12.248928 np0000007229 nova-scheduler[96685]: DEBUG cotyledon.oslo_config_glue [-] profiler.hmac_keys = **** {{(pid=96685) log_opt_values /opt/stack/data/venv/lib/python3.12/site-packages/oslo_config/cfg.py:3560}}
Aug 13 15:58:12.248928 np0000007229 nova-scheduler[96685]: DEBUG cotyledon.oslo_config_glue [-] profiler.sentinel_service_name = mymaster {{(pid=96685) log_opt_values /opt/stack/data/venv/lib/python3.12/site-packages/oslo_config/cfg.py:3560}}
Aug 13 15:58:12.248928 np0000007229 nova-scheduler[96685]: DEBUG cotyledon.oslo_config_glue [-] profiler.socket_timeout = 0.1 {{(pid=96685) log_opt_values /opt/stack/data/venv/lib/python3.12/site-packages/oslo_config/cfg.py:3560}}
Aug 13 15:58:12.248928 np0000007229 nova-scheduler[96685]: DEBUG cotyledon.oslo_config_glue [-] profiler.trace_requests = False {{(pid=96685) log_opt_values /opt/stack/data/venv/lib/python3.12/site-packages/oslo_config/cfg.py:3560}}
Aug 13 15:58:12.249161 np0000007229 nova-scheduler[96685]: DEBUG cotyledon.oslo_config_glue [-] profiler.trace_sqlalchemy = False {{(pid=96685) log_opt_values /opt/stack/data/venv/lib/python3.12/site-packages/oslo_config/cfg.py:3560}}
Aug 13 15:58:12.249161 np0000007229 nova-scheduler[96685]: DEBUG cotyledon.oslo_config_glue [-] profiler_jaeger.process_tags = {} {{(pid=96685) log_opt_values /opt/stack/data/venv/lib/python3.12/site-packages/oslo_config/cfg.py:3560}}
Aug 13 15:58:12.249161 np0000007229 nova-scheduler[96685]: DEBUG cotyledon.oslo_config_glue [-] profiler_jaeger.service_name_prefix = None {{(pid=96685) log_opt_values /opt/stack/data/venv/lib/python3.12/site-packages/oslo_config/cfg.py:3560}}
Aug 13 15:58:12.249161 np0000007229 nova-scheduler[96685]: DEBUG cotyledon.oslo_config_glue [-] profiler_otlp.service_name_prefix = None {{(pid=96685) log_opt_values /opt/stack/data/venv/lib/python3.12/site-packages/oslo_config/cfg.py:3560}}
Aug 13 15:58:12.249161 np0000007229 nova-scheduler[96685]: DEBUG cotyledon.oslo_config_glue [-] oslo_messaging_rabbit.amqp_auto_delete = False {{(pid=96685) log_opt_values /opt/stack/data/venv/lib/python3.12/site-packages/oslo_config/cfg.py:3560}}
Aug 13 15:58:12.249161 np0000007229 nova-scheduler[96685]: DEBUG cotyledon.oslo_config_glue [-] oslo_messaging_rabbit.amqp_durable_queues = False {{(pid=96685) log_opt_values /opt/stack/data/venv/lib/python3.12/site-packages/oslo_config/cfg.py:3560}}
Aug 13 15:58:12.249161 np0000007229 nova-scheduler[96685]: DEBUG cotyledon.oslo_config_glue [-] oslo_messaging_rabbit.conn_pool_min_size = 2 {{(pid=96685) log_opt_values /opt/stack/data/venv/lib/python3.12/site-packages/oslo_config/cfg.py:3560}}
Aug 13 15:58:12.249161 np0000007229 nova-scheduler[96685]: DEBUG cotyledon.oslo_config_glue [-] oslo_messaging_rabbit.conn_pool_ttl = 1200 {{(pid=96685) log_opt_values /opt/stack/data/venv/lib/python3.12/site-packages/oslo_config/cfg.py:3560}}
Aug 13 15:58:12.249161 np0000007229 nova-scheduler[96685]: DEBUG cotyledon.oslo_config_glue [-] oslo_messaging_rabbit.direct_mandatory_flag = True {{(pid=96685) log_opt_values /opt/stack/data/venv/lib/python3.12/site-packages/oslo_config/cfg.py:3560}}
Aug 13 15:58:12.249393 np0000007229 nova-scheduler[96685]: DEBUG cotyledon.oslo_config_glue [-] oslo_messaging_rabbit.enable_cancel_on_failover = False {{(pid=96685) log_opt_values /opt/stack/data/venv/lib/python3.12/site-packages/oslo_config/cfg.py:3560}}
Aug 13 15:58:12.249393 np0000007229 nova-scheduler[96685]: DEBUG cotyledon.oslo_config_glue [-] oslo_messaging_rabbit.heartbeat_rate = 3 {{(pid=96685) log_opt_values /opt/stack/data/venv/lib/python3.12/site-packages/oslo_config/cfg.py:3560}}
Aug 13 15:58:12.249393 np0000007229 nova-scheduler[96685]: DEBUG cotyledon.oslo_config_glue [-] oslo_messaging_rabbit.heartbeat_timeout_threshold = 60 {{(pid=96685) log_opt_values /opt/stack/data/venv/lib/python3.12/site-packages/oslo_config/cfg.py:3560}}
Aug 13 15:58:12.249393 np0000007229 nova-scheduler[96685]: DEBUG cotyledon.oslo_config_glue [-] oslo_messaging_rabbit.hostname = np0000007229 {{(pid=96685) log_opt_values /opt/stack/data/venv/lib/python3.12/site-packages/oslo_config/cfg.py:3560}}
Aug 13 15:58:12.249393 np0000007229 nova-scheduler[96685]: DEBUG cotyledon.oslo_config_glue [-] oslo_messaging_rabbit.kombu_compression = None {{(pid=96685) log_opt_values /opt/stack/data/venv/lib/python3.12/site-packages/oslo_config/cfg.py:3560}}
Aug 13 15:58:12.249393 np0000007229 nova-scheduler[96685]: DEBUG cotyledon.oslo_config_glue [-] oslo_messaging_rabbit.kombu_failover_strategy = round-robin {{(pid=96685) log_opt_values /opt/stack/data/venv/lib/python3.12/site-packages/oslo_config/cfg.py:3560}}
Aug 13 15:58:12.249393 np0000007229 nova-scheduler[96685]: DEBUG cotyledon.oslo_config_glue [-] oslo_messaging_rabbit.kombu_missing_consumer_retry_timeout = 60 {{(pid=96685) log_opt_values /opt/stack/data/venv/lib/python3.12/site-packages/oslo_config/cfg.py:3560}}
Aug 13 15:58:12.249393 np0000007229 nova-scheduler[96685]: DEBUG cotyledon.oslo_config_glue [-] oslo_messaging_rabbit.kombu_reconnect_delay = 1.0 {{(pid=96685) log_opt_values /opt/stack/data/venv/lib/python3.12/site-packages/oslo_config/cfg.py:3560}}
Aug 13 15:58:12.249393 np0000007229 nova-scheduler[96685]: DEBUG cotyledon.oslo_config_glue [-] oslo_messaging_rabbit.kombu_reconnect_splay = 0.0 {{(pid=96685) log_opt_values /opt/stack/data/venv/lib/python3.12/site-packages/oslo_config/cfg.py:3560}}
Aug 13 15:58:12.249562 np0000007229 nova-scheduler[96685]: DEBUG cotyledon.oslo_config_glue [-] oslo_messaging_rabbit.processname = nova-scheduler {{(pid=96685) log_opt_values /opt/stack/data/venv/lib/python3.12/site-packages/oslo_config/cfg.py:3560}}
Aug 13 15:58:12.249562 np0000007229 nova-scheduler[96685]: DEBUG cotyledon.oslo_config_glue [-] oslo_messaging_rabbit.rabbit_ha_queues = False {{(pid=96685) log_opt_values /opt/stack/data/venv/lib/python3.12/site-packages/oslo_config/cfg.py:3560}}
Aug 13 15:58:12.249562 np0000007229 nova-scheduler[96685]: DEBUG cotyledon.oslo_config_glue [-] oslo_messaging_rabbit.rabbit_interval_max = 30 {{(pid=96685) log_opt_values /opt/stack/data/venv/lib/python3.12/site-packages/oslo_config/cfg.py:3560}}
Aug 13 15:58:12.249562 np0000007229 nova-scheduler[96685]: DEBUG cotyledon.oslo_config_glue [-] oslo_messaging_rabbit.rabbit_login_method = AMQPLAIN {{(pid=96685) log_opt_values /opt/stack/data/venv/lib/python3.12/site-packages/oslo_config/cfg.py:3560}}
Aug 13 15:58:12.249562 np0000007229 nova-scheduler[96685]: DEBUG cotyledon.oslo_config_glue [-] oslo_messaging_rabbit.rabbit_qos_prefetch_count = 0 {{(pid=96685) log_opt_values /opt/stack/data/venv/lib/python3.12/site-packages/oslo_config/cfg.py:3560}}
Aug 13 15:58:12.249562 np0000007229 nova-scheduler[96685]: DEBUG cotyledon.oslo_config_glue [-] oslo_messaging_rabbit.rabbit_quorum_delivery_limit = 0 {{(pid=96685) log_opt_values /opt/stack/data/venv/lib/python3.12/site-packages/oslo_config/cfg.py:3560}}
Aug 13 15:58:12.249562 np0000007229 nova-scheduler[96685]: DEBUG cotyledon.oslo_config_glue [-] oslo_messaging_rabbit.rabbit_quorum_max_memory_bytes = 0 {{(pid=96685) log_opt_values /opt/stack/data/venv/lib/python3.12/site-packages/oslo_config/cfg.py:3560}}
Aug 13 15:58:12.249562 np0000007229 nova-scheduler[96685]: DEBUG cotyledon.oslo_config_glue [-] oslo_messaging_rabbit.rabbit_quorum_max_memory_length = 0 {{(pid=96685) log_opt_values /opt/stack/data/venv/lib/python3.12/site-packages/oslo_config/cfg.py:3560}}
Aug 13 15:58:12.249562 np0000007229 nova-scheduler[96685]: DEBUG cotyledon.oslo_config_glue [-] oslo_messaging_rabbit.rabbit_quorum_queue = False {{(pid=96685) log_opt_values /opt/stack/data/venv/lib/python3.12/site-packages/oslo_config/cfg.py:3560}}
Aug 13 15:58:12.250185 np0000007229 nova-scheduler[96685]: DEBUG cotyledon.oslo_config_glue [-] oslo_messaging_rabbit.rabbit_retry_backoff = 2 {{(pid=96685) log_opt_values /opt/stack/data/venv/lib/python3.12/site-packages/oslo_config/cfg.py:3560}}
Aug 13 15:58:12.250185 np0000007229 nova-scheduler[96685]: DEBUG cotyledon.oslo_config_glue [-] oslo_messaging_rabbit.rabbit_retry_interval = 1 {{(pid=96685) log_opt_values /opt/stack/data/venv/lib/python3.12/site-packages/oslo_config/cfg.py:3560}}
Aug 13 15:58:12.250185 np0000007229 nova-scheduler[96685]: DEBUG cotyledon.oslo_config_glue [-] oslo_messaging_rabbit.rabbit_stream_fanout = False {{(pid=96685) log_opt_values /opt/stack/data/venv/lib/python3.12/site-packages/oslo_config/cfg.py:3560}}
Aug 13 15:58:12.250185 np0000007229 nova-scheduler[96685]: DEBUG cotyledon.oslo_config_glue [-] oslo_messaging_rabbit.rabbit_transient_queues_ttl = 1800 {{(pid=96685) log_opt_values /opt/stack/data/venv/lib/python3.12/site-packages/oslo_config/cfg.py:3560}}
Aug 13 15:58:12.250185 np0000007229 nova-scheduler[96685]: DEBUG cotyledon.oslo_config_glue [-] oslo_messaging_rabbit.rabbit_transient_quorum_queue = False {{(pid=96685) log_opt_values /opt/stack/data/venv/lib/python3.12/site-packages/oslo_config/cfg.py:3560}}
Aug 13 15:58:12.250185 np0000007229 nova-scheduler[96685]: DEBUG cotyledon.oslo_config_glue [-] oslo_messaging_rabbit.rpc_conn_pool_size = 30 {{(pid=96685) log_opt_values /opt/stack/data/venv/lib/python3.12/site-packages/oslo_config/cfg.py:3560}}
Aug 13 15:58:12.250185 np0000007229 nova-scheduler[96685]: DEBUG cotyledon.oslo_config_glue [-] oslo_messaging_rabbit.ssl = False {{(pid=96685) log_opt_values /opt/stack/data/venv/lib/python3.12/site-packages/oslo_config/cfg.py:3560}}
Aug 13 15:58:12.250185 np0000007229 nova-scheduler[96685]: DEBUG cotyledon.oslo_config_glue [-] oslo_messaging_rabbit.ssl_ca_file = {{(pid=96685) log_opt_values /opt/stack/data/venv/lib/python3.12/site-packages/oslo_config/cfg.py:3560}}
Aug 13 15:58:12.250185 np0000007229 nova-scheduler[96685]: DEBUG cotyledon.oslo_config_glue [-] oslo_messaging_rabbit.ssl_cert_file = {{(pid=96685) log_opt_values /opt/stack/data/venv/lib/python3.12/site-packages/oslo_config/cfg.py:3560}}
Aug 13 15:58:12.250459 np0000007229 nova-scheduler[96685]: DEBUG cotyledon.oslo_config_glue [-] oslo_messaging_rabbit.ssl_enforce_fips_mode = False {{(pid=96685) log_opt_values /opt/stack/data/venv/lib/python3.12/site-packages/oslo_config/cfg.py:3560}}
Aug 13 15:58:12.250459 np0000007229 nova-scheduler[96685]: DEBUG cotyledon.oslo_config_glue [-] oslo_messaging_rabbit.ssl_enforce_hostname_verification = True {{(pid=96685) log_opt_values /opt/stack/data/venv/lib/python3.12/site-packages/oslo_config/cfg.py:3560}}
Aug 13 15:58:12.250459 np0000007229 nova-scheduler[96685]: DEBUG cotyledon.oslo_config_glue [-] oslo_messaging_rabbit.ssl_key_file = {{(pid=96685) log_opt_values /opt/stack/data/venv/lib/python3.12/site-packages/oslo_config/cfg.py:3560}}
Aug 13 15:58:12.250459 np0000007229 nova-scheduler[96685]: DEBUG cotyledon.oslo_config_glue [-] oslo_messaging_rabbit.ssl_version = {{(pid=96685) log_opt_values /opt/stack/data/venv/lib/python3.12/site-packages/oslo_config/cfg.py:3560}}
Aug 13 15:58:12.250459 np0000007229 nova-scheduler[96685]: DEBUG cotyledon.oslo_config_glue [-] oslo_messaging_rabbit.use_queue_manager = False {{(pid=96685) log_opt_values /opt/stack/data/venv/lib/python3.12/site-packages/oslo_config/cfg.py:3560}}
Aug 13 15:58:12.250459 np0000007229 nova-scheduler[96685]: DEBUG cotyledon.oslo_config_glue [-] oslo_messaging_notifications.driver = ['messagingv2'] {{(pid=96685) log_opt_values /opt/stack/data/venv/lib/python3.12/site-packages/oslo_config/cfg.py:3560}}
Aug 13 15:58:12.250459 np0000007229 nova-scheduler[96685]: DEBUG cotyledon.oslo_config_glue [-] oslo_messaging_notifications.retry = -1 {{(pid=96685) log_opt_values /opt/stack/data/venv/lib/python3.12/site-packages/oslo_config/cfg.py:3560}}
Aug 13 15:58:12.250459 np0000007229 nova-scheduler[96685]: DEBUG cotyledon.oslo_config_glue [-] oslo_messaging_notifications.topics = ['notifications'] {{(pid=96685) log_opt_values /opt/stack/data/venv/lib/python3.12/site-packages/oslo_config/cfg.py:3560}}
Aug 13 15:58:12.250459 np0000007229 nova-scheduler[96685]: DEBUG cotyledon.oslo_config_glue [-] oslo_messaging_notifications.transport_url = **** {{(pid=96685) log_opt_values /opt/stack/data/venv/lib/python3.12/site-packages/oslo_config/cfg.py:3560}}
Aug 13 15:58:12.250684 np0000007229 nova-scheduler[96685]: DEBUG cotyledon.oslo_config_glue [-] oslo_limit.auth_section = None {{(pid=96685) log_opt_values /opt/stack/data/venv/lib/python3.12/site-packages/oslo_config/cfg.py:3560}}
Aug 13 15:58:12.250684 np0000007229 nova-scheduler[96685]: DEBUG cotyledon.oslo_config_glue [-] oslo_limit.auth_type = None {{(pid=96685) log_opt_values /opt/stack/data/venv/lib/python3.12/site-packages/oslo_config/cfg.py:3560}}
Aug 13 15:58:12.250684 np0000007229 nova-scheduler[96685]: DEBUG cotyledon.oslo_config_glue [-] oslo_limit.cafile = None {{(pid=96685) log_opt_values /opt/stack/data/venv/lib/python3.12/site-packages/oslo_config/cfg.py:3560}}
Aug 13 15:58:12.250684 np0000007229 nova-scheduler[96685]: DEBUG cotyledon.oslo_config_glue [-] oslo_limit.certfile = None {{(pid=96685) log_opt_values /opt/stack/data/venv/lib/python3.12/site-packages/oslo_config/cfg.py:3560}}
Aug 13 15:58:12.250684 np0000007229 nova-scheduler[96685]: DEBUG cotyledon.oslo_config_glue [-] oslo_limit.collect_timing = False {{(pid=96685) log_opt_values /opt/stack/data/venv/lib/python3.12/site-packages/oslo_config/cfg.py:3560}}
Aug 13 15:58:12.250684 np0000007229 nova-scheduler[96685]: DEBUG cotyledon.oslo_config_glue [-] oslo_limit.connect_retries = None {{(pid=96685) log_opt_values /opt/stack/data/venv/lib/python3.12/site-packages/oslo_config/cfg.py:3560}}
Aug 13 15:58:12.250684 np0000007229 nova-scheduler[96685]: DEBUG cotyledon.oslo_config_glue [-] oslo_limit.connect_retry_delay = None {{(pid=96685) log_opt_values /opt/stack/data/venv/lib/python3.12/site-packages/oslo_config/cfg.py:3560}}
Aug 13 15:58:12.250684 np0000007229 nova-scheduler[96685]: DEBUG cotyledon.oslo_config_glue [-] oslo_limit.endpoint_id = None {{(pid=96685) log_opt_values /opt/stack/data/venv/lib/python3.12/site-packages/oslo_config/cfg.py:3560}}
Aug 13 15:58:12.250684 np0000007229 nova-scheduler[96685]: DEBUG cotyledon.oslo_config_glue [-] oslo_limit.endpoint_interface = public {{(pid=96685) log_opt_values /opt/stack/data/venv/lib/python3.12/site-packages/oslo_config/cfg.py:3560}}
Aug 13 15:58:12.250923 np0000007229 nova-scheduler[96685]: DEBUG cotyledon.oslo_config_glue [-] oslo_limit.endpoint_override = None {{(pid=96685) log_opt_values /opt/stack/data/venv/lib/python3.12/site-packages/oslo_config/cfg.py:3560}}
Aug 13 15:58:12.250923 np0000007229 nova-scheduler[96685]: DEBUG cotyledon.oslo_config_glue [-] oslo_limit.endpoint_region_name = None {{(pid=96685) log_opt_values /opt/stack/data/venv/lib/python3.12/site-packages/oslo_config/cfg.py:3560}}
Aug 13 15:58:12.250923 np0000007229 nova-scheduler[96685]: DEBUG cotyledon.oslo_config_glue [-] oslo_limit.endpoint_service_name = None {{(pid=96685) log_opt_values /opt/stack/data/venv/lib/python3.12/site-packages/oslo_config/cfg.py:3560}}
Aug 13 15:58:12.250923 np0000007229 nova-scheduler[96685]: DEBUG cotyledon.oslo_config_glue [-] oslo_limit.endpoint_service_type = None {{(pid=96685) log_opt_values /opt/stack/data/venv/lib/python3.12/site-packages/oslo_config/cfg.py:3560}}
Aug 13 15:58:12.250923 np0000007229 nova-scheduler[96685]: DEBUG cotyledon.oslo_config_glue [-] oslo_limit.insecure = False {{(pid=96685) log_opt_values /opt/stack/data/venv/lib/python3.12/site-packages/oslo_config/cfg.py:3560}}
Aug 13 15:58:12.250923 np0000007229 nova-scheduler[96685]: DEBUG cotyledon.oslo_config_glue [-] oslo_limit.keyfile = None {{(pid=96685) log_opt_values /opt/stack/data/venv/lib/python3.12/site-packages/oslo_config/cfg.py:3560}}
Aug 13 15:58:12.250923 np0000007229 nova-scheduler[96685]: DEBUG cotyledon.oslo_config_glue [-] oslo_limit.max_version = None {{(pid=96685) log_opt_values /opt/stack/data/venv/lib/python3.12/site-packages/oslo_config/cfg.py:3560}}
Aug 13 15:58:12.250923 np0000007229 nova-scheduler[96685]: DEBUG cotyledon.oslo_config_glue [-] oslo_limit.min_version = None {{(pid=96685) log_opt_values /opt/stack/data/venv/lib/python3.12/site-packages/oslo_config/cfg.py:3560}}
Aug 13 15:58:12.250923 np0000007229 nova-scheduler[96685]: DEBUG cotyledon.oslo_config_glue [-] oslo_limit.region_name = None {{(pid=96685) log_opt_values /opt/stack/data/venv/lib/python3.12/site-packages/oslo_config/cfg.py:3560}}
Aug 13 15:58:12.251180 np0000007229 nova-scheduler[96685]: DEBUG cotyledon.oslo_config_glue [-] oslo_limit.retriable_status_codes = None {{(pid=96685) log_opt_values /opt/stack/data/venv/lib/python3.12/site-packages/oslo_config/cfg.py:3560}}
Aug 13 15:58:12.251180 np0000007229 nova-scheduler[96685]: DEBUG cotyledon.oslo_config_glue [-] oslo_limit.service_name = None {{(pid=96685) log_opt_values /opt/stack/data/venv/lib/python3.12/site-packages/oslo_config/cfg.py:3560}}
Aug 13 15:58:12.251180 np0000007229 nova-scheduler[96685]: DEBUG cotyledon.oslo_config_glue [-] oslo_limit.service_type = None {{(pid=96685) log_opt_values /opt/stack/data/venv/lib/python3.12/site-packages/oslo_config/cfg.py:3560}}
Aug 13 15:58:12.251180 np0000007229 nova-scheduler[96685]: DEBUG cotyledon.oslo_config_glue [-] oslo_limit.split_loggers = False {{(pid=96685) log_opt_values /opt/stack/data/venv/lib/python3.12/site-packages/oslo_config/cfg.py:3560}}
Aug 13 15:58:12.251180 np0000007229 nova-scheduler[96685]: DEBUG cotyledon.oslo_config_glue [-] oslo_limit.status_code_retries = None {{(pid=96685) log_opt_values /opt/stack/data/venv/lib/python3.12/site-packages/oslo_config/cfg.py:3560}}
Aug 13 15:58:12.251180 np0000007229 nova-scheduler[96685]: DEBUG cotyledon.oslo_config_glue [-] oslo_limit.status_code_retry_delay = None {{(pid=96685) log_opt_values /opt/stack/data/venv/lib/python3.12/site-packages/oslo_config/cfg.py:3560}}
Aug 13 15:58:12.251180 np0000007229 nova-scheduler[96685]: DEBUG cotyledon.oslo_config_glue [-] oslo_limit.timeout = None {{(pid=96685) log_opt_values /opt/stack/data/venv/lib/python3.12/site-packages/oslo_config/cfg.py:3560}}
Aug 13 15:58:12.251180 np0000007229 nova-scheduler[96685]: DEBUG cotyledon.oslo_config_glue [-] oslo_limit.valid_interfaces = None {{(pid=96685) log_opt_values /opt/stack/data/venv/lib/python3.12/site-packages/oslo_config/cfg.py:3560}}
Aug 13 15:58:12.251180 np0000007229 nova-scheduler[96685]: DEBUG cotyledon.oslo_config_glue [-] oslo_limit.version = None {{(pid=96685) log_opt_values /opt/stack/data/venv/lib/python3.12/site-packages/oslo_config/cfg.py:3560}}
Aug 13 15:58:12.251414 np0000007229 nova-scheduler[96685]: DEBUG cotyledon.oslo_config_glue [-] oslo_reports.file_event_handler = None {{(pid=96685) log_opt_values /opt/stack/data/venv/lib/python3.12/site-packages/oslo_config/cfg.py:3560}}
Aug 13 15:58:12.251414 np0000007229 nova-scheduler[96685]: DEBUG cotyledon.oslo_config_glue [-] oslo_reports.file_event_handler_interval = 1 {{(pid=96685) log_opt_values /opt/stack/data/venv/lib/python3.12/site-packages/oslo_config/cfg.py:3560}}
Aug 13 15:58:12.251414 np0000007229 nova-scheduler[96685]: DEBUG cotyledon.oslo_config_glue [-] oslo_reports.log_dir = None {{(pid=96685) log_opt_values /opt/stack/data/venv/lib/python3.12/site-packages/oslo_config/cfg.py:3560}}
Aug 13 15:58:12.251414 np0000007229 nova-scheduler[96685]: DEBUG cotyledon.oslo_config_glue [-] ******************************************************************************** {{(pid=96685) log_opt_values /opt/stack/data/venv/lib/python3.12/site-packages/oslo_config/cfg.py:3567}}
Aug 13 15:58:12.251414 np0000007229 nova-scheduler[96685]: DEBUG cotyledon._service_worker [-] Run service ServiceWrapper(3) [96685] {{(pid=96685) wait_forever /opt/stack/data/venv/lib/python3.12/site-packages/cotyledon/_service_worker.py:218}}
Aug 13 15:58:12.251414 np0000007229 nova-scheduler[96685]: INFO nova.service [-] Starting scheduler node (version 33.1.0)
Aug 13 15:58:12.251414 np0000007229 nova-scheduler[96685]: INFO dbcounter [None req-bcf27bf3-2dd2-40cd-bc39-e81d7723d8fe None None] Registered counter for database nova_cell0
Aug 13 15:58:12.251580 np0000007229 nova-scheduler[96679]: DEBUG oslo_db.sqlalchemy.engines [None req-31d8b1b1-0d34-41a7-9414-37bf6b4bd2f0 None None] MySQL server mode set to STRICT_TRANS_TABLES,STRICT_ALL_TABLES,NO_ZERO_IN_DATE,NO_ZERO_DATE,ERROR_FOR_DIVISION_BY_ZERO,TRADITIONAL,NO_ENGINE_SUBSTITUTION {{(pid=96679) _check_effective_sql_mode /opt/stack/data/venv/lib/python3.12/site-packages/oslo_db/sqlalchemy/engines.py:325}}
Aug 13 15:58:12.251619 np0000007229 nova-scheduler[96681]: DEBUG oslo_db.sqlalchemy.engines [None req-7859493b-eda9-466c-ad5d-f9367d7dc2ea None None] MySQL server mode set to STRICT_TRANS_TABLES,STRICT_ALL_TABLES,NO_ZERO_IN_DATE,NO_ZERO_DATE,ERROR_FOR_DIVISION_BY_ZERO,TRADITIONAL,NO_ENGINE_SUBSTITUTION {{(pid=96681) _check_effective_sql_mode /opt/stack/data/venv/lib/python3.12/site-packages/oslo_db/sqlalchemy/engines.py:325}}
Aug 13 15:58:12.251652 np0000007229 nova-scheduler[96679]: DEBUG dbcounter [-] [96679] Writer thread running {{(pid=96679) stat_writer /opt/stack/data/venv/lib/python3.12/site-packages/dbcounter.py:102}}
Aug 13 15:58:12.254224 np0000007229 nova-scheduler[96681]: DEBUG dbcounter [-] [96681] Writer thread running {{(pid=96681) stat_writer /opt/stack/data/venv/lib/python3.12/site-packages/dbcounter.py:102}}
Aug 13 15:58:12.256616 np0000007229 nova-scheduler[96683]: DEBUG oslo_db.sqlalchemy.engines [None req-9e8130fc-ebfe-4738-955d-ff43b101a21f None None] MySQL server mode set to STRICT_TRANS_TABLES,STRICT_ALL_TABLES,NO_ZERO_IN_DATE,NO_ZERO_DATE,ERROR_FOR_DIVISION_BY_ZERO,TRADITIONAL,NO_ENGINE_SUBSTITUTION {{(pid=96683) _check_effective_sql_mode /opt/stack/data/venv/lib/python3.12/site-packages/oslo_db/sqlalchemy/engines.py:325}}
Aug 13 15:58:12.263023 np0000007229 nova-scheduler[96685]: DEBUG oslo_db.sqlalchemy.engines [None req-bcf27bf3-2dd2-40cd-bc39-e81d7723d8fe None None] MySQL server mode set to STRICT_TRANS_TABLES,STRICT_ALL_TABLES,NO_ZERO_IN_DATE,NO_ZERO_DATE,ERROR_FOR_DIVISION_BY_ZERO,TRADITIONAL,NO_ENGINE_SUBSTITUTION {{(pid=96685) _check_effective_sql_mode /opt/stack/data/venv/lib/python3.12/site-packages/oslo_db/sqlalchemy/engines.py:325}}
Aug 13 15:58:12.269416 np0000007229 nova-scheduler[96683]: DEBUG dbcounter [-] [96683] Writer thread running {{(pid=96683) stat_writer /opt/stack/data/venv/lib/python3.12/site-packages/dbcounter.py:102}}
Aug 13 15:58:12.270654 np0000007229 nova-scheduler[96679]: DEBUG nova.service [None req-31d8b1b1-0d34-41a7-9414-37bf6b4bd2f0 None None] Creating RPC server for service: nova-scheduler on topic: scheduler {{(pid=96679) start /opt/stack/nova/nova/service.py:196}}
Aug 13 15:58:12.274192 np0000007229 nova-scheduler[96683]: DEBUG nova.service [None req-9e8130fc-ebfe-4738-955d-ff43b101a21f None None] Creating RPC server for service: nova-scheduler on topic: scheduler {{(pid=96683) start /opt/stack/nova/nova/service.py:196}}
Aug 13 15:58:12.275090 np0000007229 nova-scheduler[96685]: DEBUG dbcounter [-] [96685] Writer thread running {{(pid=96685) stat_writer /opt/stack/data/venv/lib/python3.12/site-packages/dbcounter.py:102}}
Aug 13 15:58:12.279123 np0000007229 nova-scheduler[96685]: DEBUG nova.service [None req-bcf27bf3-2dd2-40cd-bc39-e81d7723d8fe None None] Creating RPC server for service: nova-scheduler on topic: scheduler {{(pid=96685) start /opt/stack/nova/nova/service.py:196}}
Aug 13 15:58:12.280753 np0000007229 nova-scheduler[96681]: DEBUG nova.service [None req-7859493b-eda9-466c-ad5d-f9367d7dc2ea None None] Creating RPC server for service: nova-scheduler on topic: scheduler {{(pid=96681) start /opt/stack/nova/nova/service.py:196}}
Aug 13 15:58:12.309991 np0000007229 nova-scheduler[96685]: DEBUG nova.service [None req-bcf27bf3-2dd2-40cd-bc39-e81d7723d8fe None None] Join ServiceGroup membership for this service scheduler {{(pid=96685) start /opt/stack/nova/nova/service.py:222}}
Aug 13 15:58:12.310129 np0000007229 nova-scheduler[96683]: DEBUG nova.service [None req-9e8130fc-ebfe-4738-955d-ff43b101a21f None None] Join ServiceGroup membership for this service scheduler {{(pid=96683) start /opt/stack/nova/nova/service.py:222}}
Aug 13 15:58:12.310375 np0000007229 nova-scheduler[96685]: DEBUG nova.servicegroup.drivers.db [None req-bcf27bf3-2dd2-40cd-bc39-e81d7723d8fe None None] DB_Driver: join new ServiceGroup member np0000007229 to the scheduler group, service = {{(pid=96685) join /opt/stack/nova/nova/servicegroup/drivers/db.py:44}}
Aug 13 15:58:12.310446 np0000007229 nova-scheduler[96683]: DEBUG nova.servicegroup.drivers.db [None req-9e8130fc-ebfe-4738-955d-ff43b101a21f None None] DB_Driver: join new ServiceGroup member np0000007229 to the scheduler group, service = {{(pid=96683) join /opt/stack/nova/nova/servicegroup/drivers/db.py:44}}
Aug 13 15:58:12.311364 np0000007229 nova-scheduler[96681]: DEBUG nova.service [None req-7859493b-eda9-466c-ad5d-f9367d7dc2ea None None] Join ServiceGroup membership for this service scheduler {{(pid=96681) start /opt/stack/nova/nova/service.py:222}}
Aug 13 15:58:12.311887 np0000007229 nova-scheduler[96681]: DEBUG nova.servicegroup.drivers.db [None req-7859493b-eda9-466c-ad5d-f9367d7dc2ea None None] DB_Driver: join new ServiceGroup member np0000007229 to the scheduler group, service = {{(pid=96681) join /opt/stack/nova/nova/servicegroup/drivers/db.py:44}}
Aug 13 15:58:12.313334 np0000007229 nova-scheduler[96679]: DEBUG nova.service [None req-31d8b1b1-0d34-41a7-9414-37bf6b4bd2f0 None None] Join ServiceGroup membership for this service scheduler {{(pid=96679) start /opt/stack/nova/nova/service.py:222}}
Aug 13 15:58:12.313551 np0000007229 nova-scheduler[96679]: DEBUG nova.servicegroup.drivers.db [None req-31d8b1b1-0d34-41a7-9414-37bf6b4bd2f0 None None] DB_Driver: join new ServiceGroup member np0000007229 to the scheduler group, service = {{(pid=96679) join /opt/stack/nova/nova/servicegroup/drivers/db.py:44}}
Aug 13 15:58:17.334167 np0000007229 nova-scheduler[96683]: DEBUG oslo.service.backend._threading.loopingcall [-] Fixed interval looping call 'nova.servicegroup.drivers.db.DbDriver._report_state' sleeping for 119.98 seconds {{(pid=96683) _run_loop /opt/stack/data/venv/lib/python3.12/site-packages/oslo_service/backend/_threading/loopingcall.py:125}}
Aug 13 15:58:17.336200 np0000007229 nova-scheduler[96685]: DEBUG oslo.service.backend._threading.loopingcall [-] Fixed interval looping call 'nova.servicegroup.drivers.db.DbDriver._report_state' sleeping for 119.98 seconds {{(pid=96685) _run_loop /opt/stack/data/venv/lib/python3.12/site-packages/oslo_service/backend/_threading/loopingcall.py:125}}
Aug 13 15:58:17.337203 np0000007229 nova-scheduler[96681]: DEBUG oslo.service.backend._threading.loopingcall [-] Fixed interval looping call 'nova.servicegroup.drivers.db.DbDriver._report_state' sleeping for 119.98 seconds {{(pid=96681) _run_loop /opt/stack/data/venv/lib/python3.12/site-packages/oslo_service/backend/_threading/loopingcall.py:125}}
Aug 13 15:58:17.337458 np0000007229 nova-scheduler[96679]: DEBUG oslo.service.backend._threading.loopingcall [-] Fixed interval looping call 'nova.servicegroup.drivers.db.DbDriver._report_state' sleeping for 119.98 seconds {{(pid=96679) _run_loop /opt/stack/data/venv/lib/python3.12/site-packages/oslo_service/backend/_threading/loopingcall.py:125}}
Aug 13 15:58:20.827658 np0000007229 nova-scheduler[95486]: DEBUG dbcounter [-] [95486] Writing DB stats nova_api:SELECT=3 {{(pid=95486) stat_writer /opt/stack/data/venv/lib/python3.12/site-packages/dbcounter.py:115}}
Aug 13 15:58:20.972167 np0000007229 nova-scheduler[95486]: DEBUG dbcounter [-] [95486] Writing DB stats nova_cell1:SELECT=1 {{(pid=95486) stat_writer /opt/stack/data/venv/lib/python3.12/site-packages/dbcounter.py:115}}
Aug 13 15:58:20.976852 np0000007229 nova-scheduler[95486]: DEBUG dbcounter [-] [95486] Writing DB stats nova_cell0:SELECT=1 {{(pid=95486) stat_writer /opt/stack/data/venv/lib/python3.12/site-packages/dbcounter.py:115}}
Aug 13 15:58:24.316478 np0000007229 nova-scheduler[96681]: DEBUG oslo.service.backend._threading.loopingcall [None req-2f8b2dc1-804e-4c96-8bf1-810274829346 None None] Dynamic interval looping call 'nova.service.Service.periodic_tasks' sleeping for 60.00 seconds {{(pid=96681) _run_loop /opt/stack/data/venv/lib/python3.12/site-packages/oslo_service/backend/_threading/loopingcall.py:125}}
Aug 13 15:58:27.325466 np0000007229 nova-scheduler[96683]: DEBUG dbcounter [-] [96683] Writing DB stats nova_cell0:SELECT=3,nova_cell0:UPDATE=1 {{(pid=96683) stat_writer /opt/stack/data/venv/lib/python3.12/site-packages/dbcounter.py:115}}
Aug 13 15:58:27.328146 np0000007229 nova-scheduler[96685]: DEBUG dbcounter [-] [96685] Writing DB stats nova_cell0:SELECT=3,nova_cell0:UPDATE=1 {{(pid=96685) stat_writer /opt/stack/data/venv/lib/python3.12/site-packages/dbcounter.py:115}}
Aug 13 15:58:27.328979 np0000007229 nova-scheduler[96679]: DEBUG dbcounter [-] [96679] Writing DB stats nova_cell0:SELECT=4,nova_cell0:INSERT=1,nova_cell0:UPDATE=1 {{(pid=96679) stat_writer /opt/stack/data/venv/lib/python3.12/site-packages/dbcounter.py:115}}
Aug 13 15:58:27.330014 np0000007229 nova-scheduler[96681]: DEBUG dbcounter [-] [96681] Writing DB stats nova_cell0:SELECT=5,nova_cell0:INSERT=1,nova_cell0:UPDATE=1 {{(pid=96681) stat_writer /opt/stack/data/venv/lib/python3.12/site-packages/dbcounter.py:115}}
Aug 13 15:58:34.317353 np0000007229 nova-scheduler[96679]: DEBUG oslo.service.backend._threading.loopingcall [None req-ec45b6d0-8204-4a41-aaf5-ba840b8144b5 None None] Dynamic interval looping call 'nova.service.Service.periodic_tasks' sleeping for 60.00 seconds {{(pid=96679) _run_loop /opt/stack/data/venv/lib/python3.12/site-packages/oslo_service/backend/_threading/loopingcall.py:125}}
Aug 13 15:58:39.314696 np0000007229 nova-scheduler[96685]: DEBUG oslo.service.backend._threading.loopingcall [None req-ea2a0802-4e0f-4cc6-9fe0-ae5b1e0c258e None None] Dynamic interval looping call 'nova.service.Service.periodic_tasks' sleeping for 60.00 seconds {{(pid=96685) _run_loop /opt/stack/data/venv/lib/python3.12/site-packages/oslo_service/backend/_threading/loopingcall.py:125}}
Aug 13 15:59:01.313892 np0000007229 nova-scheduler[96683]: DEBUG oslo.service.backend._threading.loopingcall [None req-a6172c3a-3cdd-45be-8ba0-1a8c1fc91efa None None] Dynamic interval looping call 'nova.service.Service.periodic_tasks' sleeping for 60.00 seconds {{(pid=96683) _run_loop /opt/stack/data/venv/lib/python3.12/site-packages/oslo_service/backend/_threading/loopingcall.py:125}}
Aug 13 15:59:24.317085 np0000007229 nova-scheduler[96681]: DEBUG oslo.service.backend._threading.loopingcall [None req-2f8b2dc1-804e-4c96-8bf1-810274829346 None None] Dynamic interval looping call 'nova.service.Service.periodic_tasks' sleeping for 60.00 seconds {{(pid=96681) _run_loop /opt/stack/data/venv/lib/python3.12/site-packages/oslo_service/backend/_threading/loopingcall.py:125}}
Aug 13 15:59:34.318407 np0000007229 nova-scheduler[96679]: DEBUG oslo.service.backend._threading.loopingcall [None req-ec45b6d0-8204-4a41-aaf5-ba840b8144b5 None None] Dynamic interval looping call 'nova.service.Service.periodic_tasks' sleeping for 60.00 seconds {{(pid=96679) _run_loop /opt/stack/data/venv/lib/python3.12/site-packages/oslo_service/backend/_threading/loopingcall.py:125}}
Aug 13 15:59:39.315285 np0000007229 nova-scheduler[96685]: DEBUG oslo.service.backend._threading.loopingcall [None req-ea2a0802-4e0f-4cc6-9fe0-ae5b1e0c258e None None] Dynamic interval looping call 'nova.service.Service.periodic_tasks' sleeping for 60.00 seconds {{(pid=96685) _run_loop /opt/stack/data/venv/lib/python3.12/site-packages/oslo_service/backend/_threading/loopingcall.py:125}}
Aug 13 16:00:01.314403 np0000007229 nova-scheduler[96683]: DEBUG oslo.service.backend._threading.loopingcall [None req-a6172c3a-3cdd-45be-8ba0-1a8c1fc91efa None None] Dynamic interval looping call 'nova.service.Service.periodic_tasks' sleeping for 60.00 seconds {{(pid=96683) _run_loop /opt/stack/data/venv/lib/python3.12/site-packages/oslo_service/backend/_threading/loopingcall.py:125}}
Aug 13 16:00:17.321804 np0000007229 nova-scheduler[96683]: DEBUG oslo.service.backend._threading.loopingcall [-] Fixed interval looping call 'nova.servicegroup.drivers.db.DbDriver._report_state' sleeping for 119.99 seconds {{(pid=96683) _run_loop /opt/stack/data/venv/lib/python3.12/site-packages/oslo_service/backend/_threading/loopingcall.py:125}}
Aug 13 16:00:17.322494 np0000007229 nova-scheduler[96685]: DEBUG oslo.service.backend._threading.loopingcall [-] Fixed interval looping call 'nova.servicegroup.drivers.db.DbDriver._report_state' sleeping for 119.99 seconds {{(pid=96685) _run_loop /opt/stack/data/venv/lib/python3.12/site-packages/oslo_service/backend/_threading/loopingcall.py:125}}
Aug 13 16:00:17.323139 np0000007229 nova-scheduler[96681]: DEBUG oslo.service.backend._threading.loopingcall [-] Fixed interval looping call 'nova.servicegroup.drivers.db.DbDriver._report_state' sleeping for 119.99 seconds {{(pid=96681) _run_loop /opt/stack/data/venv/lib/python3.12/site-packages/oslo_service/backend/_threading/loopingcall.py:125}}
Aug 13 16:00:17.323890 np0000007229 nova-scheduler[96679]: DEBUG oslo.service.backend._threading.loopingcall [-] Fixed interval looping call 'nova.servicegroup.drivers.db.DbDriver._report_state' sleeping for 119.99 seconds {{(pid=96679) _run_loop /opt/stack/data/venv/lib/python3.12/site-packages/oslo_service/backend/_threading/loopingcall.py:125}}
Aug 13 16:00:24.317591 np0000007229 nova-scheduler[96681]: DEBUG oslo.service.backend._threading.loopingcall [None req-2f8b2dc1-804e-4c96-8bf1-810274829346 None None] Dynamic interval looping call 'nova.service.Service.periodic_tasks' sleeping for 60.00 seconds {{(pid=96681) _run_loop /opt/stack/data/venv/lib/python3.12/site-packages/oslo_service/backend/_threading/loopingcall.py:125}}
Aug 13 16:00:27.317595 np0000007229 nova-scheduler[96683]: DEBUG dbcounter [-] [96683] Writing DB stats nova_cell0:SELECT=1,nova_cell0:UPDATE=1 {{(pid=96683) stat_writer /opt/stack/data/venv/lib/python3.12/site-packages/dbcounter.py:115}}
Aug 13 16:00:27.320733 np0000007229 nova-scheduler[96685]: DEBUG dbcounter [-] [96685] Writing DB stats nova_cell0:SELECT=1,nova_cell0:UPDATE=1 {{(pid=96685) stat_writer /opt/stack/data/venv/lib/python3.12/site-packages/dbcounter.py:115}}
Aug 13 16:00:27.321229 np0000007229 nova-scheduler[96679]: DEBUG dbcounter [-] [96679] Writing DB stats nova_cell0:SELECT=1,nova_cell0:UPDATE=1 {{(pid=96679) stat_writer /opt/stack/data/venv/lib/python3.12/site-packages/dbcounter.py:115}}
Aug 13 16:00:27.322147 np0000007229 nova-scheduler[96681]: DEBUG dbcounter [-] [96681] Writing DB stats nova_cell0:SELECT=1,nova_cell0:UPDATE=1 {{(pid=96681) stat_writer /opt/stack/data/venv/lib/python3.12/site-packages/dbcounter.py:115}}
Aug 13 16:00:34.319591 np0000007229 nova-scheduler[96679]: DEBUG oslo.service.backend._threading.loopingcall [None req-ec45b6d0-8204-4a41-aaf5-ba840b8144b5 None None] Dynamic interval looping call 'nova.service.Service.periodic_tasks' sleeping for 60.00 seconds {{(pid=96679) _run_loop /opt/stack/data/venv/lib/python3.12/site-packages/oslo_service/backend/_threading/loopingcall.py:125}}
Aug 13 16:00:39.316418 np0000007229 nova-scheduler[96685]: DEBUG oslo.service.backend._threading.loopingcall [None req-ea2a0802-4e0f-4cc6-9fe0-ae5b1e0c258e None None] Dynamic interval looping call 'nova.service.Service.periodic_tasks' sleeping for 60.00 seconds {{(pid=96685) _run_loop /opt/stack/data/venv/lib/python3.12/site-packages/oslo_service/backend/_threading/loopingcall.py:125}}
Aug 13 16:00:43.732185 np0000007229 nova-scheduler[96685]: DEBUG nova.scheduler.manager [None req-cf4ee6c2-5bea-4c13-a12c-10f6d9050589 tempest-DeleteServersTestJSON-1330771045 tempest-DeleteServersTestJSON-1330771045-project-member] Starting to schedule for instances: ['122e9bbe-5141-46b0-9389-f1c52350cbdf'] {{(pid=96685) select_destinations /opt/stack/nova/nova/scheduler/manager.py:209}}
Aug 13 16:00:43.732771 np0000007229 nova-scheduler[96685]: DEBUG nova.scheduler.request_filter [None req-cf4ee6c2-5bea-4c13-a12c-10f6d9050589 tempest-DeleteServersTestJSON-1330771045 tempest-DeleteServersTestJSON-1330771045-project-member] compute_status_filter request filter added forbidden trait COMPUTE_STATUS_DISABLED {{(pid=96685) compute_status_filter /opt/stack/nova/nova/scheduler/request_filter.py:253}}
Aug 13 16:00:43.733675 np0000007229 nova-scheduler[96685]: DEBUG nova.scheduler.request_filter [None req-cf4ee6c2-5bea-4c13-a12c-10f6d9050589 tempest-DeleteServersTestJSON-1330771045 tempest-DeleteServersTestJSON-1330771045-project-member] Request filter 'compute_status_filter' took 0.0 seconds {{(pid=96685) wrapper /opt/stack/nova/nova/scheduler/request_filter.py:46}}
Aug 13 16:00:43.733675 np0000007229 nova-scheduler[96685]: DEBUG nova.scheduler.request_filter [None req-cf4ee6c2-5bea-4c13-a12c-10f6d9050589 tempest-DeleteServersTestJSON-1330771045 tempest-DeleteServersTestJSON-1330771045-project-member] Request filter 'accelerators_filter' took 0.0 seconds {{(pid=96685) wrapper /opt/stack/nova/nova/scheduler/request_filter.py:46}}
Aug 13 16:00:43.733675 np0000007229 nova-scheduler[96685]: DEBUG nova.scheduler.request_filter [None req-cf4ee6c2-5bea-4c13-a12c-10f6d9050589 tempest-DeleteServersTestJSON-1330771045 tempest-DeleteServersTestJSON-1330771045-project-member] Request filter 'packed_virtqueue_filter' took 0.0 seconds {{(pid=96685) wrapper /opt/stack/nova/nova/scheduler/request_filter.py:46}}
Aug 13 16:00:43.733837 np0000007229 nova-scheduler[96685]: DEBUG nova.scheduler.request_filter [None req-cf4ee6c2-5bea-4c13-a12c-10f6d9050589 tempest-DeleteServersTestJSON-1330771045 tempest-DeleteServersTestJSON-1330771045-project-member] Request filter 'remote_managed_ports_filter' took 0.0 seconds {{(pid=96685) wrapper /opt/stack/nova/nova/scheduler/request_filter.py:46}}
Aug 13 16:00:43.734175 np0000007229 nova-scheduler[96685]: DEBUG nova.scheduler.request_filter [None req-cf4ee6c2-5bea-4c13-a12c-10f6d9050589 tempest-DeleteServersTestJSON-1330771045 tempest-DeleteServersTestJSON-1330771045-project-member] ephemeral_encryption_filter skipped {{(pid=96685) ephemeral_encryption_filter /opt/stack/nova/nova/scheduler/request_filter.py:426}}
Aug 13 16:00:43.734372 np0000007229 nova-scheduler[96685]: DEBUG nova.scheduler.request_filter [None req-cf4ee6c2-5bea-4c13-a12c-10f6d9050589 tempest-DeleteServersTestJSON-1330771045 tempest-DeleteServersTestJSON-1330771045-project-member] virtio_sound_filter skipped {{(pid=96685) virtio_sound_filter /opt/stack/nova/nova/scheduler/request_filter.py:460}}
Aug 13 16:00:43.734547 np0000007229 nova-scheduler[96685]: DEBUG nova.scheduler.request_filter [None req-cf4ee6c2-5bea-4c13-a12c-10f6d9050589 tempest-DeleteServersTestJSON-1330771045 tempest-DeleteServersTestJSON-1330771045-project-member] tpm_secret_security_filter skipped {{(pid=96685) tpm_secret_security_filter /opt/stack/nova/nova/scheduler/request_filter.py:477}}
Aug 13 16:00:44.085601 np0000007229 nova-scheduler[96683]: DEBUG nova.scheduler.manager [None req-5f15398b-0ddc-4a7c-b21a-bf1a03b21abe tempest-ServerActionsTestOtherB-348332147 tempest-ServerActionsTestOtherB-348332147-project-member] Starting to schedule for instances: ['11ce3696-fd9d-4266-bc51-830003d3d820'] {{(pid=96683) select_destinations /opt/stack/nova/nova/scheduler/manager.py:209}}
Aug 13 16:00:44.086494 np0000007229 nova-scheduler[96683]: DEBUG nova.scheduler.request_filter [None req-5f15398b-0ddc-4a7c-b21a-bf1a03b21abe tempest-ServerActionsTestOtherB-348332147 tempest-ServerActionsTestOtherB-348332147-project-member] compute_status_filter request filter added forbidden trait COMPUTE_STATUS_DISABLED {{(pid=96683) compute_status_filter /opt/stack/nova/nova/scheduler/request_filter.py:253}}
Aug 13 16:00:44.086770 np0000007229 nova-scheduler[96683]: DEBUG nova.scheduler.request_filter [None req-5f15398b-0ddc-4a7c-b21a-bf1a03b21abe tempest-ServerActionsTestOtherB-348332147 tempest-ServerActionsTestOtherB-348332147-project-member] Request filter 'compute_status_filter' took 0.0 seconds {{(pid=96683) wrapper /opt/stack/nova/nova/scheduler/request_filter.py:46}}
Aug 13 16:00:44.087001 np0000007229 nova-scheduler[96683]: DEBUG nova.scheduler.request_filter [None req-5f15398b-0ddc-4a7c-b21a-bf1a03b21abe tempest-ServerActionsTestOtherB-348332147 tempest-ServerActionsTestOtherB-348332147-project-member] Request filter 'accelerators_filter' took 0.0 seconds {{(pid=96683) wrapper /opt/stack/nova/nova/scheduler/request_filter.py:46}}
Aug 13 16:00:44.087603 np0000007229 nova-scheduler[96683]: DEBUG nova.scheduler.request_filter [None req-5f15398b-0ddc-4a7c-b21a-bf1a03b21abe tempest-ServerActionsTestOtherB-348332147 tempest-ServerActionsTestOtherB-348332147-project-member] Request filter 'packed_virtqueue_filter' took 0.0 seconds {{(pid=96683) wrapper /opt/stack/nova/nova/scheduler/request_filter.py:46}}
Aug 13 16:00:44.087603 np0000007229 nova-scheduler[96683]: DEBUG nova.scheduler.request_filter [None req-5f15398b-0ddc-4a7c-b21a-bf1a03b21abe tempest-ServerActionsTestOtherB-348332147 tempest-ServerActionsTestOtherB-348332147-project-member] Request filter 'remote_managed_ports_filter' took 0.0 seconds {{(pid=96683) wrapper /opt/stack/nova/nova/scheduler/request_filter.py:46}}
Aug 13 16:00:44.087603 np0000007229 nova-scheduler[96683]: DEBUG nova.scheduler.request_filter [None req-5f15398b-0ddc-4a7c-b21a-bf1a03b21abe tempest-ServerActionsTestOtherB-348332147 tempest-ServerActionsTestOtherB-348332147-project-member] ephemeral_encryption_filter skipped {{(pid=96683) ephemeral_encryption_filter /opt/stack/nova/nova/scheduler/request_filter.py:426}}
Aug 13 16:00:44.087869 np0000007229 nova-scheduler[96683]: DEBUG nova.scheduler.request_filter [None req-5f15398b-0ddc-4a7c-b21a-bf1a03b21abe tempest-ServerActionsTestOtherB-348332147 tempest-ServerActionsTestOtherB-348332147-project-member] virtio_sound_filter skipped {{(pid=96683) virtio_sound_filter /opt/stack/nova/nova/scheduler/request_filter.py:460}}
Aug 13 16:00:44.088992 np0000007229 nova-scheduler[96683]: DEBUG nova.scheduler.request_filter [None req-5f15398b-0ddc-4a7c-b21a-bf1a03b21abe tempest-ServerActionsTestOtherB-348332147 tempest-ServerActionsTestOtherB-348332147-project-member] tpm_secret_security_filter skipped {{(pid=96683) tpm_secret_security_filter /opt/stack/nova/nova/scheduler/request_filter.py:477}}
