Aug 13 15:57:42.872642 np0000007229 devstack@neutron-api.service[90903]: DEBUG neutron.api.extensions [None req-4a26015b-6747-4832-8d48-5313b958fc32 None None] Ext name="Port hint: Open vSwitch Tx steering" alias="port-hint-ovs-tx-steering" description="Enable Port hint: Open vSwitch Tx steering" updated="2023-01-01T00:00:00-00:00" {{(pid=90903) _check_extension /opt/stack/neutron/neutron/api/extensions.py:415}}
Aug 13 15:57:42.872642 np0000007229 devstack@neutron-api.service[90903]: INFO neutron.api.extensions [None req-4a26015b-6747-4832-8d48-5313b958fc32 None None] Extension port-hint-ovs-tx-steering not supported by any of loaded plugins
Aug 13 15:57:42.872777 np0000007229 devstack@neutron-api.service[90903]: DEBUG neutron.api.extensions [None req-4a26015b-6747-4832-8d48-5313b958fc32 None None] Loading extension file: port_hints.py {{(pid=90903) _load_all_extensions_from_path /opt/stack/neutron/neutron/api/extensions.py:449}}
Aug 13 15:57:42.873189 np0000007229 devstack@neutron-api.service[90903]: DEBUG neutron.api.extensions [None req-4a26015b-6747-4832-8d48-5313b958fc32 None None] Ext name="Port hints" alias="port-hints" description="Backend specific port hints to allow backend specific tuning" updated="2023-01-01T00:00:00-00:00" {{(pid=90903) _check_extension /opt/stack/neutron/neutron/api/extensions.py:415}}
Aug 13 15:57:42.873418 np0000007229 devstack@neutron-api.service[90903]: INFO neutron.api.extensions [None req-4a26015b-6747-4832-8d48-5313b958fc32 None None] Extension port-hints not supported by any of loaded plugins
Aug 13 15:57:42.873418 np0000007229 devstack@neutron-api.service[90903]: DEBUG neutron.api.extensions [None req-4a26015b-6747-4832-8d48-5313b958fc32 None None] Loading extension file: port_mac_address_override.py {{(pid=90903) _load_all_extensions_from_path /opt/stack/neutron/neutron/api/extensions.py:449}}
Aug 13 15:57:42.873749 np0000007229 devstack@neutron-api.service[90903]: DEBUG neutron.api.extensions [None req-4a26015b-6747-4832-8d48-5313b958fc32 None None] Ext name="Neutron Port MAC address override" alias="port-mac-override" description="Allow overriding the MAC address of a direct-physical Port via the active binding profile" updated="2022-03-18T10:00:00-00:00" {{(pid=90903) _check_extension /opt/stack/neutron/neutron/api/extensions.py:415}}
Aug 13 15:57:42.873932 np0000007229 devstack@neutron-api.service[90903]: INFO neutron.api.extensions [None req-4a26015b-6747-4832-8d48-5313b958fc32 None None] Extension port-mac-override not supported by any of loaded plugins
Aug 13 15:57:42.874063 np0000007229 devstack@neutron-api.service[90903]: DEBUG neutron.api.extensions [None req-4a26015b-6747-4832-8d48-5313b958fc32 None None] Loading extension file: port_mac_address_regenerate.py {{(pid=90903) _load_all_extensions_from_path /opt/stack/neutron/neutron/api/extensions.py:449}}
Aug 13 15:57:42.874457 np0000007229 devstack@neutron-api.service[90903]: DEBUG neutron.api.extensions [None req-4a26015b-6747-4832-8d48-5313b958fc32 None None] Ext name="Neutron Port MAC address regenerate" alias="port-mac-address-regenerate" description="Network port MAC address regenerate" updated="2018-05-03T10:00:00-00:00" {{(pid=90903) _check_extension /opt/stack/neutron/neutron/api/extensions.py:415}}
Aug 13 15:57:42.874646 np0000007229 devstack@neutron-api.service[90903]: INFO neutron.api.extensions [None req-4a26015b-6747-4832-8d48-5313b958fc32 None None] Loaded extension: port-mac-address-regenerate
Aug 13 15:57:42.874774 np0000007229 devstack@neutron-api.service[90903]: DEBUG neutron.api.extensions [None req-4a26015b-6747-4832-8d48-5313b958fc32 None None] Loading extension file: port_numa_affinity_policy.py {{(pid=90903) _load_all_extensions_from_path /opt/stack/neutron/neutron/api/extensions.py:449}}
Aug 13 15:57:42.875095 np0000007229 devstack@neutron-api.service[90903]: DEBUG neutron.api.extensions [None req-4a26015b-6747-4832-8d48-5313b958fc32 None None] Ext name="Port NUMA affinity policy" alias="port-numa-affinity-policy" description="Expose the port NUMA affinity policy" updated="2020-07-08T10:00:00-00:00" {{(pid=90903) _check_extension /opt/stack/neutron/neutron/api/extensions.py:415}}
Aug 13 15:57:42.875297 np0000007229 devstack@neutron-api.service[90903]: INFO neutron.api.extensions [None req-4a26015b-6747-4832-8d48-5313b958fc32 None None] Loaded extension: port-numa-affinity-policy
Aug 13 15:57:42.875536 np0000007229 devstack@neutron-api.service[90903]: DEBUG neutron.api.extensions [None req-4a26015b-6747-4832-8d48-5313b958fc32 None None] Loading extension file: port_numa_affinity_policy_socket.py {{(pid=90903) _load_all_extensions_from_path /opt/stack/neutron/neutron/api/extensions.py:449}}
Aug 13 15:57:42.875752 np0000007229 devstack@neutron-api.service[90903]: DEBUG neutron.api.extensions [None req-4a26015b-6747-4832-8d48-5313b958fc32 None None] Ext name="Port NUMA affinity policy "socket"" alias="port-numa-affinity-policy-socket" description="Adds "socket" to the supported port NUMA affinity policies" updated="2024-02-09T10:00:00-00:00" {{(pid=90903) _check_extension /opt/stack/neutron/neutron/api/extensions.py:415}}
Aug 13 15:57:42.876023 np0000007229 devstack@neutron-api.service[90903]: INFO neutron.api.extensions [None req-4a26015b-6747-4832-8d48-5313b958fc32 None None] Loaded extension: port-numa-affinity-policy-socket
Aug 13 15:57:42.876023 np0000007229 devstack@neutron-api.service[90903]: DEBUG neutron.api.extensions [None req-4a26015b-6747-4832-8d48-5313b958fc32 None None] Loading extension file: port_resource_request.py {{(pid=90903) _load_all_extensions_from_path /opt/stack/neutron/neutron/api/extensions.py:449}}
Aug 13 15:57:42.876531 np0000007229 devstack@neutron-api.service[90903]: DEBUG neutron.api.extensions [None req-4a26015b-6747-4832-8d48-5313b958fc32 None None] Ext name="Port Resource Request" alias="port-resource-request" description="Expose resource request to Port" updated="2018-05-08T10:00:00-00:00" {{(pid=90903) _check_extension /opt/stack/neutron/neutron/api/extensions.py:415}}
Aug 13 15:57:42.876531 np0000007229 devstack@neutron-api.service[90903]: INFO neutron.api.extensions [None req-4a26015b-6747-4832-8d48-5313b958fc32 None None] Extension port-resource-request not supported by any of loaded plugins
Aug 13 15:57:42.877253 np0000007229 devstack@neutron-api.service[90903]: DEBUG neutron.api.extensions [None req-4a26015b-6747-4832-8d48-5313b958fc32 None None] Loading extension file: port_resource_request_groups.py {{(pid=90903) _load_all_extensions_from_path /opt/stack/neutron/neutron/api/extensions.py:449}}
Aug 13 15:57:42.877253 np0000007229 devstack@neutron-api.service[90903]: DEBUG neutron.api.extensions [None req-4a26015b-6747-4832-8d48-5313b958fc32 None None] Ext name="Port Resource Request Groups" alias="port-resource-request-groups" description="Support requesting multiple groups of resources and traits from the same RP subtree in resource_request" updated="2021-08-02T10:00:00-00:00" {{(pid=90903) _check_extension /opt/stack/neutron/neutron/api/extensions.py:415}}
Aug 13 15:57:42.877374 np0000007229 devstack@neutron-api.service[90904]: INFO neutron.db.ovn_hash_ring_db [None req-93310d33-97d6-4923-ab18-9a32b73bfac8 None None] Nodes from host "np0000007229" and group "mechanism_driver" removed from the Hash Ring created at 2026-08-13 15:57:41+00:00
Aug 13 15:57:42.877489 np0000007229 devstack@neutron-api.service[90903]: INFO neutron.api.extensions [None req-4a26015b-6747-4832-8d48-5313b958fc32 None None] Extension port-resource-request-groups not supported by any of loaded plugins
Aug 13 15:57:42.877489 np0000007229 devstack@neutron-api.service[90903]: DEBUG neutron.api.extensions [None req-4a26015b-6747-4832-8d48-5313b958fc32 None None] Loading extension file: port_trusted_vif.py {{(pid=90903) _load_all_extensions_from_path /opt/stack/neutron/neutron/api/extensions.py:449}}
Aug 13 15:57:42.877628 np0000007229 devstack@neutron-api.service[90903]: DEBUG neutron.api.extensions [None req-4a26015b-6747-4832-8d48-5313b958fc32 None None] Ext name="Port trusted vif" alias="port-trusted-vif" description="Expose port 'trusted' attribute in the API" updated="2024-07-10T10:00:00-00:00" {{(pid=90903) _check_extension /opt/stack/neutron/neutron/api/extensions.py:415}}
Aug 13 15:57:42.878036 np0000007229 devstack@neutron-api.service[90903]: INFO neutron.api.extensions [None req-4a26015b-6747-4832-8d48-5313b958fc32 None None] Extension port-trusted-vif not supported by any of loaded plugins
Aug 13 15:57:42.878036 np0000007229 devstack@neutron-api.service[90903]: DEBUG neutron.api.extensions [None req-4a26015b-6747-4832-8d48-5313b958fc32 None None] Loading extension file: portbindings.py {{(pid=90903) _load_all_extensions_from_path /opt/stack/neutron/neutron/api/extensions.py:449}}
Aug 13 15:57:42.878322 np0000007229 devstack@neutron-api.service[90903]: DEBUG neutron.api.extensions [None req-4a26015b-6747-4832-8d48-5313b958fc32 None None] Ext name="Port Binding" alias="binding" description="Expose port bindings of a virtual port to external application" updated="2014-02-03T10:00:00-00:00" {{(pid=90903) _check_extension /opt/stack/neutron/neutron/api/extensions.py:415}}
Aug 13 15:57:42.878528 np0000007229 devstack@neutron-api.service[90903]: INFO neutron.api.extensions [None req-4a26015b-6747-4832-8d48-5313b958fc32 None None] Loaded extension: binding
Aug 13 15:57:42.878652 np0000007229 devstack@neutron-api.service[90905]: DEBUG oslo_concurrency.processutils [None req-63c780a2-fc31-4a92-a4a4-a0cc77c0bf04 None None] CMD "ovsdb-client transact ssl:10.4.3.70:6641 --timeout 180 -p /opt/stack/data/CA/int-ca/private/devstack-cert.key -c /opt/stack/data/CA/int-ca/devstack-cert.crt -C /opt/stack/data/CA/int-ca/ca-chain.pem ["OVN_Northbound", {"op": "wait", "timeout": 0, "table": "Port_Group", "where": [["name", "==", "neutron_pg_drop"]], "until": "==", "rows": []}, {"op": "insert", "table": "ACL", "row": {"action": "drop", "direction": "to-lport", "match": "outport == @neutron_pg_drop && ip", "priority": 1000}, "uuid-name": "droptoport"}, {"op": "insert", "table": "ACL", "row": {"action": "drop", "direction": "from-lport", "match": "inport == @neutron_pg_drop && ip", "priority": 1000}, "uuid-name": "dropfromport"}, {"op": "insert", "table": "Port_Group", "row": {"name": "neutron_pg_drop", "acls": ["set", [["named-uuid", "droptoport"], ["named-uuid", "dropfromport"]]]}}]" returned: 0 in 0.038s {{(pid=90905) execute /opt/stack/data/venv/lib/python3.12/site-packages/oslo_concurrency/processutils.py:468}}
Aug 13 15:57:42.878827 np0000007229 devstack@neutron-api.service[90903]: DEBUG neutron.api.extensions [None req-4a26015b-6747-4832-8d48-5313b958fc32 None None] Loading extension file: portbindings_extended.py {{(pid=90903) _load_all_extensions_from_path /opt/stack/neutron/neutron/api/extensions.py:449}}
Aug 13 15:57:42.879147 np0000007229 devstack@neutron-api.service[90903]: DEBUG neutron.api.extensions [None req-4a26015b-6747-4832-8d48-5313b958fc32 None None] Ext name="Port Bindings Extended" alias="binding-extended" description="Expose port bindings of a virtual port to external application" updated="2017-07-17T10:00:00-00:00" {{(pid=90903) _check_extension /opt/stack/neutron/neutron/api/extensions.py:415}}
Aug 13 15:57:42.879361 np0000007229 devstack@neutron-api.service[90903]: INFO neutron.api.extensions [None req-4a26015b-6747-4832-8d48-5313b958fc32 None None] Loaded extension: binding-extended
Aug 13 15:57:42.879490 np0000007229 devstack@neutron-api.service[90903]: DEBUG neutron.api.extensions [None req-4a26015b-6747-4832-8d48-5313b958fc32 None None] Loading extension file: portsecurity.py {{(pid=90903) _load_all_extensions_from_path /opt/stack/neutron/neutron/api/extensions.py:449}}
Aug 13 15:57:42.879793 np0000007229 devstack@neutron-api.service[90903]: DEBUG neutron.api.extensions [None req-4a26015b-6747-4832-8d48-5313b958fc32 None None] Ext name="Port Security" alias="port-security" description="Provides port security" updated="2012-07-23T10:00:00-00:00" {{(pid=90903) _check_extension /opt/stack/neutron/neutron/api/extensions.py:415}}
Aug 13 15:57:42.880031 np0000007229 devstack@neutron-api.service[90903]: INFO neutron.api.extensions [None req-4a26015b-6747-4832-8d48-5313b958fc32 None None] Loaded extension: port-security
Aug 13 15:57:42.880124 np0000007229 devstack@neutron-api.service[90905]: DEBUG neutron_lib.callbacks.manager [None req-63c780a2-fc31-4a92-a4a4-a0cc77c0bf04 None None] Publish callbacks ['neutron.plugins.ml2.drivers.ovn.mech_driver.mech_driver.OVNMechanismDriver.post_fork_initialize-959977', 'neutron.services.pvlan.drivers.ovn.driver._initialize_pvlan_pg_drop-8523147024508', 'neutron.services.ovn_l3.plugin.OVNL3RouterPlugin._post_fork_initialize-468057'] for process (None), after_init {{(pid=90905) _notify_loop /opt/stack/data/venv/lib/python3.12/site-packages/neutron_lib/callbacks/manager.py:184}}
Aug 13 15:57:42.880252 np0000007229 devstack@neutron-api.service[90903]: DEBUG neutron.api.extensions [None req-4a26015b-6747-4832-8d48-5313b958fc32 None None] Loading extension file: project_id.py {{(pid=90903) _load_all_extensions_from_path /opt/stack/neutron/neutron/api/extensions.py:449}}
Aug 13 15:57:42.880627 np0000007229 devstack@neutron-api.service[90903]: DEBUG neutron.api.extensions [None req-4a26015b-6747-4832-8d48-5313b958fc32 None None] Ext name="project_id field enabled" alias="project-id" description="Extension that indicates that project_id field is enabled." updated="2016-09-09T09:09:09-09:09" {{(pid=90903) _check_extension /opt/stack/neutron/neutron/api/extensions.py:415}}
Aug 13 15:57:42.880627 np0000007229 devstack@neutron-api.service[90903]: INFO neutron.api.extensions [None req-4a26015b-6747-4832-8d48-5313b958fc32 None None] Loaded extension: project-id
Aug 13 15:57:42.881044 np0000007229 devstack@neutron-api.service[90905]: DEBUG oslo_concurrency.lockutils [None req-63c780a2-fc31-4a92-a4a4-a0cc77c0bf04 None None] Acquiring lock "singleton_lock" {{(pid=90905) lock /opt/stack/data/venv/lib/python3.12/site-packages/oslo_concurrency/lockutils.py:396}}
Aug 13 15:57:42.881164 np0000007229 devstack@neutron-api.service[90903]: DEBUG neutron.api.extensions [None req-4a26015b-6747-4832-8d48-5313b958fc32 None None] Loading extension file: providernet.py {{(pid=90903) _load_all_extensions_from_path /opt/stack/neutron/neutron/api/extensions.py:449}}
Aug 13 15:57:42.881261 np0000007229 devstack@neutron-api.service[90905]: DEBUG oslo_concurrency.lockutils [None req-63c780a2-fc31-4a92-a4a4-a0cc77c0bf04 None None] Acquired lock "singleton_lock" {{(pid=90905) lock /opt/stack/data/venv/lib/python3.12/site-packages/oslo_concurrency/lockutils.py:399}}
Aug 13 15:57:42.881357 np0000007229 devstack@neutron-api.service[90903]: DEBUG neutron.api.extensions [None req-4a26015b-6747-4832-8d48-5313b958fc32 None None] Ext name="Provider Network" alias="provider" description="Expose mapping of virtual networks to physical networks" updated="2012-09-07T10:00:00-00:00" {{(pid=90903) _check_extension /opt/stack/neutron/neutron/api/extensions.py:415}}
Aug 13 15:57:42.881441 np0000007229 devstack@neutron-api.service[90905]: DEBUG oslo_concurrency.lockutils [None req-63c780a2-fc31-4a92-a4a4-a0cc77c0bf04 None None] Releasing lock "singleton_lock" {{(pid=90905) lock /opt/stack/data/venv/lib/python3.12/site-packages/oslo_concurrency/lockutils.py:419}}
Aug 13 15:57:42.881524 np0000007229 devstack@neutron-api.service[90903]: INFO neutron.api.extensions [None req-4a26015b-6747-4832-8d48-5313b958fc32 None None] Loaded extension: provider
Aug 13 15:57:42.881524 np0000007229 devstack@neutron-api.service[90903]: DEBUG neutron.api.extensions [None req-4a26015b-6747-4832-8d48-5313b958fc32 None None] Loading extension file: pvlan.py {{(pid=90903) _load_all_extensions_from_path /opt/stack/neutron/neutron/api/extensions.py:449}}
Aug 13 15:57:42.881732 np0000007229 devstack@neutron-api.service[90903]: DEBUG neutron.api.extensions [None req-4a26015b-6747-4832-8d48-5313b958fc32 None None] Ext name="Private VLAN" alias="pvlan" description="The Private VLAN semantics extension." updated="2026-02-03T10:00:00-00:00" {{(pid=90903) _check_extension /opt/stack/neutron/neutron/api/extensions.py:415}}
Aug 13 15:57:42.882014 np0000007229 devstack@neutron-api.service[90903]: INFO neutron.api.extensions [None req-4a26015b-6747-4832-8d48-5313b958fc32 None None] Extension pvlan not supported by any of loaded plugins
Aug 13 15:57:42.882126 np0000007229 devstack@neutron-api.service[90903]: DEBUG neutron.api.extensions [None req-4a26015b-6747-4832-8d48-5313b958fc32 None None] Loading extension file: qinq.py {{(pid=90903) _load_all_extensions_from_path /opt/stack/neutron/neutron/api/extensions.py:449}}
Aug 13 15:57:42.882480 np0000007229 devstack@neutron-api.service[90903]: DEBUG neutron.api.extensions [None req-4a26015b-6747-4832-8d48-5313b958fc32 None None] Ext name="QinQ networks" alias="qinq" description="Expose network 'qinq' attribute in the API. This allows to configure network to allow vlan in vlan configuration using 0x88a8 ethertype (QinQ)." updated="2024-12-02T10:00:00-00:00" {{(pid=90903) _check_extension /opt/stack/neutron/neutron/api/extensions.py:415}}
Aug 13 15:57:42.882681 np0000007229 devstack@neutron-api.service[90903]: INFO neutron.api.extensions [None req-4a26015b-6747-4832-8d48-5313b958fc32 None None] Loaded extension: qinq
Aug 13 15:57:42.882761 np0000007229 devstack@neutron-api.service[90904]: INFO neutron.db.ovn_hash_ring_db [None req-93310d33-97d6-4923-ab18-9a32b73bfac8 None None] Node 459121f237f1582b88f0361620f8502c from host "np0000007229" and group "mechanism_driver" added to the Hash Ring
Aug 13 15:57:42.882836 np0000007229 devstack@neutron-api.service[90903]: DEBUG neutron.api.extensions [None req-4a26015b-6747-4832-8d48-5313b958fc32 None None] Loading extension file: qos.py {{(pid=90903) _load_all_extensions_from_path /opt/stack/neutron/neutron/api/extensions.py:449}}
Aug 13 15:57:42.883961 np0000007229 devstack@neutron-api.service[90903]: DEBUG neutron.api.extensions [None req-4a26015b-6747-4832-8d48-5313b958fc32 None None] Ext name="Quality of Service" alias="qos" description="The Quality of Service extension." updated="2015-06-08T10:00:00-00:00" {{(pid=90903) _check_extension /opt/stack/neutron/neutron/api/extensions.py:415}}
Aug 13 15:57:42.884304 np0000007229 devstack@neutron-api.service[90903]: INFO neutron.api.extensions [None req-4a26015b-6747-4832-8d48-5313b958fc32 None None] Extension qos not supported by any of loaded plugins
Aug 13 15:57:42.884304 np0000007229 devstack@neutron-api.service[90903]: DEBUG neutron.api.extensions [None req-4a26015b-6747-4832-8d48-5313b958fc32 None None] Loading extension file: qos_bw_limit_direction.py {{(pid=90903) _load_all_extensions_from_path /opt/stack/neutron/neutron/api/extensions.py:449}}
Aug 13 15:57:42.885061 np0000007229 devstack@neutron-api.service[90903]: DEBUG neutron.api.extensions [None req-4a26015b-6747-4832-8d48-5313b958fc32 None None] Ext name="Direction for QoS bandwidth limit rule" alias="qos-bw-limit-direction" description="Allow to configure QoS bandwidth limit rule with specific direction: ingress or egress" updated="2017-04-10T10:00:00-00:00" {{(pid=90903) _check_extension /opt/stack/neutron/neutron/api/extensions.py:415}}
Aug 13 15:57:42.885206 np0000007229 devstack@neutron-api.service[90903]: INFO neutron.api.extensions [None req-4a26015b-6747-4832-8d48-5313b958fc32 None None] Extension qos-bw-limit-direction not supported by any of loaded plugins
Aug 13 15:57:42.885378 np0000007229 devstack@neutron-api.service[90903]: DEBUG neutron.api.extensions [None req-4a26015b-6747-4832-8d48-5313b958fc32 None None] Loading extension file: qos_bw_minimum_ingress.py {{(pid=90903) _load_all_extensions_from_path /opt/stack/neutron/neutron/api/extensions.py:449}}
Aug 13 15:57:42.885648 np0000007229 devstack@neutron-api.service[90903]: DEBUG neutron.api.extensions [None req-4a26015b-6747-4832-8d48-5313b958fc32 None None] Ext name="Ingress direction for QoS minimum bandwidth rule" alias="qos-bw-minimum-ingress" description="Allow to configure QoS minumum bandwidth rule with ingress direction." updated="2018-07-09T10:00:00-00:00" {{(pid=90903) _check_extension /opt/stack/neutron/neutron/api/extensions.py:415}}
Aug 13 15:57:42.885862 np0000007229 devstack@neutron-api.service[90903]: INFO neutron.api.extensions [None req-4a26015b-6747-4832-8d48-5313b958fc32 None None] Extension qos-bw-minimum-ingress not supported by any of loaded plugins
Aug 13 15:57:42.886024 np0000007229 devstack@neutron-api.service[90903]: DEBUG neutron.api.extensions [None req-4a26015b-6747-4832-8d48-5313b958fc32 None None] Loading extension file: qos_default.py {{(pid=90903) _load_all_extensions_from_path /opt/stack/neutron/neutron/api/extensions.py:449}}
Aug 13 15:57:42.886795 np0000007229 devstack@neutron-api.service[90903]: DEBUG neutron.api.extensions [None req-4a26015b-6747-4832-8d48-5313b958fc32 None None] Ext name="QoS default policy" alias="qos-default" description="Expose the QoS default policy per project" updated="2017-041-06T10:00:00-00:00" {{(pid=90903) _check_extension /opt/stack/neutron/neutron/api/extensions.py:415}}
Aug 13 15:57:42.886795 np0000007229 devstack@neutron-api.service[90903]: INFO neutron.api.extensions [None req-4a26015b-6747-4832-8d48-5313b958fc32 None None] Extension qos-default not supported by any of loaded plugins
Aug 13 15:57:42.886795 np0000007229 devstack@neutron-api.service[90903]: DEBUG neutron.api.extensions [None req-4a26015b-6747-4832-8d48-5313b958fc32 None None] Loading extension file: qos_fip.py {{(pid=90903) _load_all_extensions_from_path /opt/stack/neutron/neutron/api/extensions.py:449}}
Aug 13 15:57:42.886795 np0000007229 devstack@neutron-api.service[90903]: DEBUG neutron.api.extensions [None req-4a26015b-6747-4832-8d48-5313b958fc32 None None] Ext name="Floating IP QoS" alias="qos-fip" description="The floating IP Quality of Service extension" updated="2017-07-20T00:00:00-00:00" {{(pid=90903) _check_extension /opt/stack/neutron/neutron/api/extensions.py:415}}
Aug 13 15:57:42.887137 np0000007229 devstack@neutron-api.service[90904]: DEBUG neutron.plugins.ml2.drivers.ovn.mech_driver.mech_driver [None req-93310d33-97d6-4923-ab18-9a32b73bfac8 None None] Hash Ring setup, this worker has detected 2 OVN hash ring registers in the database {{(pid=90904) _init_hash_ring /opt/stack/neutron/neutron/plugins/ml2/drivers/ovn/mech_driver/mech_driver.py:392}}
Aug 13 15:57:42.887227 np0000007229 devstack@neutron-api.service[90903]: INFO neutron.api.extensions [None req-4a26015b-6747-4832-8d48-5313b958fc32 None None] Extension qos-fip not supported by any of loaded plugins
Aug 13 15:57:42.887227 np0000007229 devstack@neutron-api.service[90903]: DEBUG neutron.api.extensions [None req-4a26015b-6747-4832-8d48-5313b958fc32 None None] Loading extension file: qos_fip_network_policy.py {{(pid=90903) _load_all_extensions_from_path /opt/stack/neutron/neutron/api/extensions.py:449}}
Aug 13 15:57:42.887332 np0000007229 devstack@neutron-api.service[90905]: DEBUG neutron.plugins.ml2.drivers.ovn.mech_driver.mech_driver [None req-63c780a2-fc31-4a92-a4a4-a0cc77c0bf04 None None] Hash Ring setup using WSGI start time 2026-08-13 15:57:41+00:00 {{(pid=90905) _init_hash_ring /opt/stack/neutron/neutron/plugins/ml2/drivers/ovn/mech_driver/mech_driver.py:382}}
Aug 13 15:57:42.887534 np0000007229 devstack@neutron-api.service[90903]: DEBUG neutron.api.extensions [None req-4a26015b-6747-4832-8d48-5313b958fc32 None None] Ext name="QoS floating IP network policy ID" alias="qos-fip-network-policy" description="Adds a the QoS network ID to the floating IP definition" updated="2021-11-15T10:00:00-00:00" {{(pid=90903) _check_extension /opt/stack/neutron/neutron/api/extensions.py:415}}
Aug 13 15:57:42.887710 np0000007229 devstack@neutron-api.service[90903]: INFO neutron.api.extensions [None req-4a26015b-6747-4832-8d48-5313b958fc32 None None] Extension qos-fip-network-policy not supported by any of loaded plugins
Aug 13 15:57:42.887834 np0000007229 devstack@neutron-api.service[90903]: DEBUG neutron.api.extensions [None req-4a26015b-6747-4832-8d48-5313b958fc32 None None] Loading extension file: qos_gateway_ip.py {{(pid=90903) _load_all_extensions_from_path /opt/stack/neutron/neutron/api/extensions.py:449}}
Aug 13 15:57:42.888178 np0000007229 devstack@neutron-api.service[90903]: DEBUG neutron.api.extensions [None req-4a26015b-6747-4832-8d48-5313b958fc32 None None] Ext name="Router gateway IP QoS" alias="qos-gateway-ip" description="The Router gateway IP Quality of Service extension" updated="2018-02-24T00:00:00-00:00" {{(pid=90903) _check_extension /opt/stack/neutron/neutron/api/extensions.py:415}}
Aug 13 15:57:42.888499 np0000007229 devstack@neutron-api.service[90903]: INFO neutron.api.extensions [None req-4a26015b-6747-4832-8d48-5313b958fc32 None None] Extension qos-gateway-ip not supported by any of loaded plugins
Aug 13 15:57:42.888499 np0000007229 devstack@neutron-api.service[90903]: DEBUG neutron.api.extensions [None req-4a26015b-6747-4832-8d48-5313b958fc32 None None] Loading extension file: qos_port_network_policy.py {{(pid=90903) _load_all_extensions_from_path /opt/stack/neutron/neutron/api/extensions.py:449}}
Aug 13 15:57:42.888991 np0000007229 devstack@neutron-api.service[90903]: DEBUG neutron.api.extensions [None req-4a26015b-6747-4832-8d48-5313b958fc32 None None] Ext name="QoS port network policy ID" alias="qos-port-network-policy" description="Adds a the QoS network ID to the port definition" updated="2019-11-01T10:00:00-00:00" {{(pid=90903) _check_extension /opt/stack/neutron/neutron/api/extensions.py:415}}
Aug 13 15:57:42.889122 np0000007229 devstack@neutron-api.service[90903]: INFO neutron.api.extensions [None req-4a26015b-6747-4832-8d48-5313b958fc32 None None] Extension qos-port-network-policy not supported by any of loaded plugins
Aug 13 15:57:42.889209 np0000007229 devstack@neutron-api.service[90903]: DEBUG neutron.api.extensions [None req-4a26015b-6747-4832-8d48-5313b958fc32 None None] Loading extension file: qos_pps_minimum_rule.py {{(pid=90903) _load_all_extensions_from_path /opt/stack/neutron/neutron/api/extensions.py:449}}
Aug 13 15:57:42.889474 np0000007229 devstack@neutron-api.service[90903]: DEBUG neutron.api.extensions [None req-4a26015b-6747-4832-8d48-5313b958fc32 None None] Ext name="QoS minimum packet rate rule" alias="qos-pps-minimum" description="Allow to configure QoS minimum packet rate rule." updated="2021-07-14T10:00:00-00:00" {{(pid=90903) _check_extension /opt/stack/neutron/neutron/api/extensions.py:415}}
Aug 13 15:57:42.889716 np0000007229 devstack@neutron-api.service[90903]: INFO neutron.api.extensions [None req-4a26015b-6747-4832-8d48-5313b958fc32 None None] Extension qos-pps-minimum not supported by any of loaded plugins
Aug 13 15:57:42.890733 np0000007229 devstack@neutron-api.service[90903]: DEBUG neutron.api.extensions [None req-4a26015b-6747-4832-8d48-5313b958fc32 None None] Loading extension file: qos_pps_minimum_rule_alias.py {{(pid=90903) _load_all_extensions_from_path /opt/stack/neutron/neutron/api/extensions.py:449}}
Aug 13 15:57:42.890733 np0000007229 devstack@neutron-api.service[90903]: DEBUG neutron.api.extensions [None req-4a26015b-6747-4832-8d48-5313b958fc32 None None] Ext name="QoS minimum packet rate rule alias" alias="qos-pps-minimum-rule-alias" description="API to enable GET, PUT and DELETE operations on QoS minimum packet rate rule without specifying policy ID" updated="2021-10-22T10:00:00-00:00" {{(pid=90903) _check_extension /opt/stack/neutron/neutron/api/extensions.py:415}}
Aug 13 15:57:42.890733 np0000007229 devstack@neutron-api.service[90903]: INFO neutron.api.extensions [None req-4a26015b-6747-4832-8d48-5313b958fc32 None None] Extension qos-pps-minimum-rule-alias not supported by any of loaded plugins
Aug 13 15:57:42.890733 np0000007229 devstack@neutron-api.service[90903]: DEBUG neutron.api.extensions [None req-4a26015b-6747-4832-8d48-5313b958fc32 None None] Loading extension file: qos_pps_rule.py {{(pid=90903) _load_all_extensions_from_path /opt/stack/neutron/neutron/api/extensions.py:449}}
Aug 13 15:57:42.890898 np0000007229 devstack@neutron-api.service[90903]: DEBUG neutron.api.extensions [None req-4a26015b-6747-4832-8d48-5313b958fc32 None None] Ext name="QoS Rule Type Packet per Second Extension" alias="qos-pps" description="Add QoS Rule Type Packet per Second" updated="2021-05-12T10:00:00-00:00" {{(pid=90903) _check_extension /opt/stack/neutron/neutron/api/extensions.py:415}}
Aug 13 15:57:42.891092 np0000007229 devstack@neutron-api.service[90903]: INFO neutron.api.extensions [None req-4a26015b-6747-4832-8d48-5313b958fc32 None None] Extension qos-pps not supported by any of loaded plugins
Aug 13 15:57:42.891226 np0000007229 devstack@neutron-api.service[90903]: DEBUG neutron.api.extensions [None req-4a26015b-6747-4832-8d48-5313b958fc32 None None] Loading extension file: qos_rule_type_details.py {{(pid=90903) _load_all_extensions_from_path /opt/stack/neutron/neutron/api/extensions.py:449}}
Aug 13 15:57:42.891555 np0000007229 devstack@neutron-api.service[90903]: DEBUG neutron.api.extensions [None req-4a26015b-6747-4832-8d48-5313b958fc32 None None] Ext name="Details of QoS rule types" alias="qos-rule-type-details" description="Expose details about QoS rule types supported by loaded backend drivers" updated="2017-06-22T10:00:00-00:00" {{(pid=90903) _check_extension /opt/stack/neutron/neutron/api/extensions.py:415}}
Aug 13 15:57:42.891924 np0000007229 devstack@neutron-api.service[90903]: INFO neutron.api.extensions [None req-4a26015b-6747-4832-8d48-5313b958fc32 None None] Extension qos-rule-type-details not supported by any of loaded plugins
Aug 13 15:57:42.891924 np0000007229 devstack@neutron-api.service[90903]: DEBUG neutron.api.extensions [None req-4a26015b-6747-4832-8d48-5313b958fc32 None None] Loading extension file: qos_rule_type_filter.py {{(pid=90903) _load_all_extensions_from_path /opt/stack/neutron/neutron/api/extensions.py:449}}
Aug 13 15:57:42.892168 np0000007229 devstack@neutron-api.service[90903]: DEBUG neutron.api.extensions [None req-4a26015b-6747-4832-8d48-5313b958fc32 None None] Ext name="Allow to filter the list of QoS rule types" alias="qos-rule-type-filter" description="Allows to filter the QoS rule type list adding two new flags. "all_rules" prints all implemented QoS rule types."all_supported" prints all supported QoS rule types by the loaded mechanism drivers" updated="2022-02-02T10:00:00-00:00" {{(pid=90903) _check_extension /opt/stack/neutron/neutron/api/extensions.py:415}}
Aug 13 15:57:42.892351 np0000007229 devstack@neutron-api.service[90903]: INFO neutron.api.extensions [None req-4a26015b-6747-4832-8d48-5313b958fc32 None None] Extension qos-rule-type-filter not supported by any of loaded plugins
Aug 13 15:57:42.892477 np0000007229 devstack@neutron-api.service[90903]: DEBUG neutron.api.extensions [None req-4a26015b-6747-4832-8d48-5313b958fc32 None None] Loading extension file: qos_rules_alias.py {{(pid=90903) _load_all_extensions_from_path /opt/stack/neutron/neutron/api/extensions.py:449}}
Aug 13 15:57:42.893076 np0000007229 devstack@neutron-api.service[90903]: DEBUG neutron.api.extensions [None req-4a26015b-6747-4832-8d48-5313b958fc32 None None] Ext name="Quality of Service rules alias API" alias="qos-rules-alias" description="API to enable GET, PUT and DELETE operations on QoS policy rules without specifying policy ID" updated="2018-10-07T10:00:00-00:00" {{(pid=90903) _check_extension /opt/stack/neutron/neutron/api/extensions.py:415}}
Aug 13 15:57:42.893076 np0000007229 devstack@neutron-api.service[90903]: INFO neutron.api.extensions [None req-4a26015b-6747-4832-8d48-5313b958fc32 None None] Extension qos-rules-alias not supported by any of loaded plugins
Aug 13 15:57:42.893076 np0000007229 devstack@neutron-api.service[90903]: DEBUG neutron.api.extensions [None req-4a26015b-6747-4832-8d48-5313b958fc32 None None] Loading extension file: quota_check_limit.py {{(pid=90903) _load_all_extensions_from_path /opt/stack/neutron/neutron/api/extensions.py:449}}
Aug 13 15:57:42.893522 np0000007229 devstack@neutron-api.service[90903]: DEBUG neutron.api.extensions [None req-4a26015b-6747-4832-8d48-5313b958fc32 None None] Ext name="Quota engine limit check" alias="quota-check-limit" description="Support for checking the resource usage before applying a new quota limit" updated="2021-09-08T16:00:00-00:00" {{(pid=90903) _check_extension /opt/stack/neutron/neutron/api/extensions.py:415}}
Aug 13 15:57:42.893522 np0000007229 devstack@neutron-api.service[90903]: INFO neutron.api.extensions [None req-4a26015b-6747-4832-8d48-5313b958fc32 None None] Loaded extension: quota-check-limit
Aug 13 15:57:42.893894 np0000007229 devstack@neutron-api.service[90903]: DEBUG neutron.api.extensions [None req-4a26015b-6747-4832-8d48-5313b958fc32 None None] Loading extension file: quota_check_limit_default.py {{(pid=90903) _load_all_extensions_from_path /opt/stack/neutron/neutron/api/extensions.py:449}}
Aug 13 15:57:42.893894 np0000007229 devstack@neutron-api.service[90903]: DEBUG neutron.api.extensions [None req-4a26015b-6747-4832-8d48-5313b958fc32 None None] Ext name="Quota engine limit check by default" alias="quota-check-limit-default" description="By default, the Neutron quota engine checks the resource usage before applying a new quota limit" updated="2024-08-21T16:00:00-00:00" {{(pid=90903) _check_extension /opt/stack/neutron/neutron/api/extensions.py:415}}
Aug 13 15:57:42.894510 np0000007229 devstack@neutron-api.service[90903]: INFO neutron.api.extensions [None req-4a26015b-6747-4832-8d48-5313b958fc32 None None] Loaded extension: quota-check-limit-default
Aug 13 15:57:42.894510 np0000007229 devstack@neutron-api.service[90903]: DEBUG neutron.api.extensions [None req-4a26015b-6747-4832-8d48-5313b958fc32 None None] Loading extension file: quotasv2.py {{(pid=90903) _load_all_extensions_from_path /opt/stack/neutron/neutron/api/extensions.py:449}}
Aug 13 15:57:42.894986 np0000007229 devstack@neutron-api.service[90903]: DEBUG neutron.api.extensions [None req-4a26015b-6747-4832-8d48-5313b958fc32 None None] Ext name="Quota management support" alias="quotas" description="Expose functions for quotas management per project" updated="2012-07-29T10:00:00-00:00" {{(pid=90903) _check_extension /opt/stack/neutron/neutron/api/extensions.py:415}}
Aug 13 15:57:42.895128 np0000007229 devstack@neutron-api.service[90903]: INFO neutron.api.extensions [None req-4a26015b-6747-4832-8d48-5313b958fc32 None None] Loaded extension: quotas
Aug 13 15:57:42.895206 np0000007229 devstack@neutron-api.service[90903]: DEBUG neutron.api.extensions [None req-4a26015b-6747-4832-8d48-5313b958fc32 None None] Loading extension file: quotasv2_detail.py {{(pid=90903) _load_all_extensions_from_path /opt/stack/neutron/neutron/api/extensions.py:449}}
Aug 13 15:57:42.895705 np0000007229 devstack@neutron-api.service[90903]: DEBUG neutron.api.extensions [None req-4a26015b-6747-4832-8d48-5313b958fc32 None None] Ext name="Quota details management support" alias="quota_details" description="Expose functions for quotas usage statistics per project" updated="2017-02-10T10:00:00-00:00" {{(pid=90903) _check_extension /opt/stack/neutron/neutron/api/extensions.py:415}}
Aug 13 15:57:42.895801 np0000007229 devstack@neutron-api.service[90903]: INFO neutron.api.extensions [None req-4a26015b-6747-4832-8d48-5313b958fc32 None None] Loaded extension: quota_details
Aug 13 15:57:42.895877 np0000007229 devstack@neutron-api.service[90903]: DEBUG neutron.api.extensions [None req-4a26015b-6747-4832-8d48-5313b958fc32 None None] Loading extension file: rbac.py {{(pid=90903) _load_all_extensions_from_path /opt/stack/neutron/neutron/api/extensions.py:449}}
Aug 13 15:57:42.897592 np0000007229 devstack@neutron-api.service[90905]: INFO neutron.db.ovn_hash_ring_db [None req-63c780a2-fc31-4a92-a4a4-a0cc77c0bf04 None None] Nodes from host "np0000007229" and group "mechanism_driver" removed from the Hash Ring created at 2026-08-13 15:57:41+00:00
Aug 13 15:57:42.897680 np0000007229 devstack@neutron-api.service[90903]: DEBUG neutron.api.extensions [None req-4a26015b-6747-4832-8d48-5313b958fc32 None None] Ext name="RBAC Policies" alias="rbac-policies" description="Allows creation and modification of policies that control project access to resources." updated="2015-06-17T12:15:12-00:00" {{(pid=90903) _check_extension /opt/stack/neutron/neutron/api/extensions.py:415}}
Aug 13 15:57:42.897892 np0000007229 devstack@neutron-api.service[90903]: INFO neutron.api.extensions [None req-4a26015b-6747-4832-8d48-5313b958fc32 None None] Loaded extension: rbac-policies
Aug 13 15:57:42.898041 np0000007229 devstack@neutron-api.service[90903]: DEBUG neutron.api.extensions [None req-4a26015b-6747-4832-8d48-5313b958fc32 None None] Loading extension file: rbac_address_group.py {{(pid=90903) _load_all_extensions_from_path /opt/stack/neutron/neutron/api/extensions.py:449}}
Aug 13 15:57:42.898385 np0000007229 devstack@neutron-api.service[90903]: DEBUG neutron.api.extensions [None req-4a26015b-6747-4832-8d48-5313b958fc32 None None] Ext name="Add address_group type to RBAC" alias="rbac-address-group" description="Add address_group type to network RBAC" updated="2021-01-20T00:00:00-00:00" {{(pid=90903) _check_extension /opt/stack/neutron/neutron/api/extensions.py:415}}
Aug 13 15:57:42.898692 np0000007229 devstack@neutron-api.service[90903]: INFO neutron.api.extensions [None req-4a26015b-6747-4832-8d48-5313b958fc32 None None] Extension rbac-address-group not supported by any of loaded plugins
Aug 13 15:57:42.898692 np0000007229 devstack@neutron-api.service[90903]: DEBUG neutron.api.extensions [None req-4a26015b-6747-4832-8d48-5313b958fc32 None None] Loading extension file: rbac_address_scope.py {{(pid=90903) _load_all_extensions_from_path /opt/stack/neutron/neutron/api/extensions.py:449}}
Aug 13 15:57:42.899384 np0000007229 devstack@neutron-api.service[90903]: DEBUG neutron.api.extensions [None req-4a26015b-6747-4832-8d48-5313b958fc32 None None] Ext name="Add address_scope type to RBAC" alias="rbac-address-scope" description="Add address_scope type to RBAC" updated="2020-02-12T00:00:00-00:00" {{(pid=90903) _check_extension /opt/stack/neutron/neutron/api/extensions.py:415}}
Aug 13 15:57:42.899491 np0000007229 devstack@neutron-api.service[90904]: DEBUG neutron.plugins.ml2.drivers.ovn.mech_driver.ovsdb.maintenance [None req-93310d33-97d6-4923-ab18-9a32b73bfac8 None None] Periodic task found: HashRingHealthCheckPeriodics.touch_hash_ring_node {{(pid=90904) add_periodics /opt/stack/neutron/neutron/plugins/ml2/drivers/ovn/mech_driver/ovsdb/maintenance.py:148}}
Aug 13 15:57:42.899578 np0000007229 devstack@neutron-api.service[90903]: INFO neutron.api.extensions [None req-4a26015b-6747-4832-8d48-5313b958fc32 None None] Loaded extension: rbac-address-scope
Aug 13 15:57:42.899578 np0000007229 devstack@neutron-api.service[90903]: DEBUG neutron.api.extensions [None req-4a26015b-6747-4832-8d48-5313b958fc32 None None] Loading extension file: rbac_security_groups.py {{(pid=90903) _load_all_extensions_from_path /opt/stack/neutron/neutron/api/extensions.py:449}}
Aug 13 15:57:42.899578 np0000007229 devstack@neutron-api.service[90903]: DEBUG neutron.api.extensions [None req-4a26015b-6747-4832-8d48-5313b958fc32 None None] Ext name="Add security_group type to network RBAC" alias="rbac-security-groups" description="Add security_group type to network RBAC" updated="2019-02-14T00:00:00-00:00" {{(pid=90903) _check_extension /opt/stack/neutron/neutron/api/extensions.py:415}}
Aug 13 15:57:42.899816 np0000007229 devstack@neutron-api.service[90903]: INFO neutron.api.extensions [None req-4a26015b-6747-4832-8d48-5313b958fc32 None None] Loaded extension: rbac-security-groups
Aug 13 15:57:42.899907 np0000007229 devstack@neutron-api.service[90903]: DEBUG neutron.api.extensions [None req-4a26015b-6747-4832-8d48-5313b958fc32 None None] Loading extension file: rbac_subnetpool.py {{(pid=90903) _load_all_extensions_from_path /opt/stack/neutron/neutron/api/extensions.py:449}}
Aug 13 15:57:42.900629 np0000007229 devstack@neutron-api.service[90903]: DEBUG neutron.api.extensions [None req-4a26015b-6747-4832-8d48-5313b958fc32 None None] Ext name="Add subnetpool type to RBAC" alias="rbac-subnetpool" description="Add subnetpool type to RBAC" updated="2020-02-05T00:00:00-00:00" {{(pid=90903) _check_extension /opt/stack/neutron/neutron/api/extensions.py:415}}
Aug 13 15:57:42.900629 np0000007229 devstack@neutron-api.service[90903]: INFO neutron.api.extensions [None req-4a26015b-6747-4832-8d48-5313b958fc32 None None] Extension rbac-subnetpool not supported by any of loaded plugins
Aug 13 15:57:42.900629 np0000007229 devstack@neutron-api.service[90903]: DEBUG neutron.api.extensions [None req-4a26015b-6747-4832-8d48-5313b958fc32 None None] Loading extension file: revisionifmatch.py {{(pid=90903) _load_all_extensions_from_path /opt/stack/neutron/neutron/api/extensions.py:449}}
Aug 13 15:57:42.900786 np0000007229 devstack@neutron-api.service[90904]: INFO neutron.plugins.ml2.drivers.ovn.mech_driver.mech_driver [None req-93310d33-97d6-4923-ab18-9a32b73bfac8 None None] Hash Ring probing thread for node 459121f237f1582b88f0361620f8502c has started
Aug 13 15:57:42.900897 np0000007229 devstack@neutron-api.service[90903]: DEBUG neutron.api.extensions [None req-4a26015b-6747-4832-8d48-5313b958fc32 None None] Ext name="If-Match constraints based on revision_number" alias="revision-if-match" description="Extension indicating that If-Match based on revision_number is supported." updated="2016-12-11T00:00:00-00:00" {{(pid=90903) _check_extension /opt/stack/neutron/neutron/api/extensions.py:415}}
Aug 13 15:57:42.901301 np0000007229 devstack@neutron-api.service[90903]: INFO neutron.api.extensions [None req-4a26015b-6747-4832-8d48-5313b958fc32 None None] Loaded extension: revision-if-match
Aug 13 15:57:42.901301 np0000007229 devstack@neutron-api.service[90903]: DEBUG neutron.api.extensions [None req-4a26015b-6747-4832-8d48-5313b958fc32 None None] Loading extension file: revisions.py {{(pid=90903) _load_all_extensions_from_path /opt/stack/neutron/neutron/api/extensions.py:449}}
Aug 13 15:57:42.901747 np0000007229 devstack@neutron-api.service[90903]: DEBUG neutron.api.extensions [None req-4a26015b-6747-4832-8d48-5313b958fc32 None None] Ext name="Resource revision numbers" alias="standard-attr-revisions" description="This extension will display the revision number of neutron resources." updated="2016-04-11T10:00:00-00:00" {{(pid=90903) _check_extension /opt/stack/neutron/neutron/api/extensions.py:415}}
Aug 13 15:57:42.902137 np0000007229 devstack@neutron-api.service[90904]: INFO neutron.plugins.ml2.drivers.ovn.mech_driver.ovsdb.impl_idl_ovn [None req-93310d33-97d6-4923-ab18-9a32b73bfac8 None None] Getting OvsdbNbOvnIdl for WorkerService with retry
Aug 13 15:57:42.902459 np0000007229 devstack@neutron-api.service[90903]: INFO neutron.api.extensions [None req-4a26015b-6747-4832-8d48-5313b958fc32 None None] Loaded extension: standard-attr-revisions
Aug 13 15:57:42.902459 np0000007229 devstack@neutron-api.service[90903]: DEBUG neutron.api.extensions [None req-4a26015b-6747-4832-8d48-5313b958fc32 None None] Loading extension file: router_availability_zone.py {{(pid=90903) _load_all_extensions_from_path /opt/stack/neutron/neutron/api/extensions.py:449}}
Aug 13 15:57:42.902459 np0000007229 devstack@neutron-api.service[90903]: DEBUG neutron.api.extensions [None req-4a26015b-6747-4832-8d48-5313b958fc32 None None] Ext name="Router Availability Zone" alias="router_availability_zone" description="Availability zone support for router." updated="2015-01-01T10:00:00-00:00" {{(pid=90903) _check_extension /opt/stack/neutron/neutron/api/extensions.py:415}}
Aug 13 15:57:42.902459 np0000007229 devstack@neutron-api.service[90903]: INFO neutron.api.extensions [None req-4a26015b-6747-4832-8d48-5313b958fc32 None None] Loaded extension: router_availability_zone
Aug 13 15:57:42.902639 np0000007229 devstack@neutron-api.service[90903]: DEBUG neutron.api.extensions [None req-4a26015b-6747-4832-8d48-5313b958fc32 None None] Loading extension file: router_enable_snat.py {{(pid=90903) _load_all_extensions_from_path /opt/stack/neutron/neutron/api/extensions.py:449}}
Aug 13 15:57:42.902854 np0000007229 devstack@neutron-api.service[90903]: DEBUG neutron.api.extensions [None req-4a26015b-6747-4832-8d48-5313b958fc32 None None] Ext name="Exposes the router "enable_snat" read-only configuration flag" alias="router-enable-snat" description="Exposes the router "enable_snat" read-only configuration flag" updated="2025-09-18T18:00:00-00:00" {{(pid=90903) _check_extension /opt/stack/neutron/neutron/api/extensions.py:415}}
Aug 13 15:57:42.903115 np0000007229 devstack@neutron-api.service[90903]: INFO neutron.api.extensions [None req-4a26015b-6747-4832-8d48-5313b958fc32 None None] Loaded extension: router-enable-snat
Aug 13 15:57:42.903223 np0000007229 devstack@neutron-api.service[90903]: DEBUG neutron.api.extensions [None req-4a26015b-6747-4832-8d48-5313b958fc32 None None] Loading extension file: routerservicetype.py {{(pid=90903) _load_all_extensions_from_path /opt/stack/neutron/neutron/api/extensions.py:449}}
Aug 13 15:57:42.903488 np0000007229 devstack@neutron-api.service[90905]: INFO neutron.db.ovn_hash_ring_db [None req-63c780a2-fc31-4a92-a4a4-a0cc77c0bf04 None None] Node 6fc9cafbc2ff5ba8b7b14cc35d0341a6 from host "np0000007229" and group "mechanism_driver" added to the Hash Ring
Aug 13 15:57:42.903584 np0000007229 devstack@neutron-api.service[90903]: DEBUG neutron.api.extensions [None req-4a26015b-6747-4832-8d48-5313b958fc32 None None] Ext name="Router Service Type" alias="router-service-type" description="Provides router service type" updated="2013-01-29T00:00:00-00:00" {{(pid=90903) _check_extension /opt/stack/neutron/neutron/api/extensions.py:415}}
Aug 13 15:57:42.903769 np0000007229 devstack@neutron-api.service[90903]: INFO neutron.api.extensions [None req-4a26015b-6747-4832-8d48-5313b958fc32 None None] Extension router-service-type not supported by any of loaded plugins
Aug 13 15:57:42.903862 np0000007229 devstack@neutron-api.service[90903]: DEBUG neutron.api.extensions [None req-4a26015b-6747-4832-8d48-5313b958fc32 None None] Loading extension file: security_groups_default_rules.py {{(pid=90903) _load_all_extensions_from_path /opt/stack/neutron/neutron/api/extensions.py:449}}
Aug 13 15:57:42.904746 np0000007229 devstack@neutron-api.service[90903]: DEBUG neutron.api.extensions [None req-4a26015b-6747-4832-8d48-5313b958fc32 None None] Ext name="Default rules for security groups" alias="security-groups-default-rules" description="Configure set of security group rules used as default rules for every new security group" updated="2022-12-19T10:00:00-00:00" {{(pid=90903) _check_extension /opt/stack/neutron/neutron/api/extensions.py:415}}
Aug 13 15:57:42.904746 np0000007229 devstack@neutron-api.service[90903]: INFO neutron.api.extensions [None req-4a26015b-6747-4832-8d48-5313b958fc32 None None] Loaded extension: security-groups-default-rules
Aug 13 15:57:42.904746 np0000007229 devstack@neutron-api.service[90903]: DEBUG neutron.api.extensions [None req-4a26015b-6747-4832-8d48-5313b958fc32 None None] Loading extension file: security_groups_default_statefulness.py {{(pid=90903) _load_all_extensions_from_path /opt/stack/neutron/neutron/api/extensions.py:449}}
Aug 13 15:57:42.905476 np0000007229 devstack@neutron-api.service[90903]: DEBUG neutron.api.extensions [None req-4a26015b-6747-4832-8d48-5313b958fc32 None None] Ext name="Security Groups Default Statefulness" alias="security-groups-default-statefulness" description="Allows configuring the default value of the 'stateful' attribute for new security groups, on a per-project or system-wide basis" updated="2026-04-13T00:00:00-00:00" {{(pid=90903) _check_extension /opt/stack/neutron/neutron/api/extensions.py:415}}
Aug 13 15:57:42.905476 np0000007229 devstack@neutron-api.service[90903]: INFO neutron.api.extensions [None req-4a26015b-6747-4832-8d48-5313b958fc32 None None] Loaded extension: security-groups-default-statefulness
Aug 13 15:57:42.905476 np0000007229 devstack@neutron-api.service[90903]: DEBUG neutron.api.extensions [None req-4a26015b-6747-4832-8d48-5313b958fc32 None None] Loading extension file: security_groups_normalized_cidr.py {{(pid=90903) _load_all_extensions_from_path /opt/stack/neutron/neutron/api/extensions.py:449}}
Aug 13 15:57:42.905859 np0000007229 devstack@neutron-api.service[90903]: DEBUG neutron.api.extensions [None req-4a26015b-6747-4832-8d48-5313b958fc32 None None] Ext name="Normalized CIDR field for security group rules" alias="security-groups-normalized-cidr" description="Add new field with normalized remote_ip_prefix cidr in SG rule" updated="2020-07-28T10:00:00-00:00" {{(pid=90903) _check_extension /opt/stack/neutron/neutron/api/extensions.py:415}}
Aug 13 15:57:42.906146 np0000007229 devstack@neutron-api.service[90903]: INFO neutron.api.extensions [None req-4a26015b-6747-4832-8d48-5313b958fc32 None None] Loaded extension: security-groups-normalized-cidr
Aug 13 15:57:42.906304 np0000007229 devstack@neutron-api.service[90903]: DEBUG neutron.api.extensions [None req-4a26015b-6747-4832-8d48-5313b958fc32 None None] Loading extension file: security_groups_port_filtering.py {{(pid=90903) _load_all_extensions_from_path /opt/stack/neutron/neutron/api/extensions.py:449}}
Aug 13 15:57:42.906581 np0000007229 devstack@neutron-api.service[90903]: DEBUG neutron.api.extensions [None req-4a26015b-6747-4832-8d48-5313b958fc32 None None] Ext name="Port filtering on security groups" alias="port-security-groups-filtering" description="Provides security groups filtering when listing ports" updated="2018-01-09T09:00:00-00:00" {{(pid=90903) _check_extension /opt/stack/neutron/neutron/api/extensions.py:415}}
