Jul 22 06:26:20.033340 np0000005630 devstack@g-api.service[102925]: DEBUG glance.api.middleware.version_negotiation [None req-203bf31d-a052-443a-9e98-b5bba5f0bf60 tempest-ServerBootFromVolumeStableRescueTest-1745944862 tempest-ServerBootFromVolumeStableRescueTest-1745944862-project-member] Determining version of request: GET /v2/schemas/image Accept: */* {{(pid=102925) process_request /opt/stack/glance/glance/api/middleware/version_negotiation.py:44}}
Jul 22 06:26:20.033874 np0000005630 devstack@g-api.service[102925]: DEBUG glance.api.middleware.version_negotiation [None req-203bf31d-a052-443a-9e98-b5bba5f0bf60 tempest-ServerBootFromVolumeStableRescueTest-1745944862 tempest-ServerBootFromVolumeStableRescueTest-1745944862-project-member] Using url versioning {{(pid=102925) process_request /opt/stack/glance/glance/api/middleware/version_negotiation.py:57}}
Jul 22 06:26:20.033874 np0000005630 devstack@g-api.service[102925]: DEBUG glance.api.middleware.version_negotiation [None req-203bf31d-a052-443a-9e98-b5bba5f0bf60 tempest-ServerBootFromVolumeStableRescueTest-1745944862 tempest-ServerBootFromVolumeStableRescueTest-1745944862-project-member] Matched version: v2 {{(pid=102925) process_request /opt/stack/glance/glance/api/middleware/version_negotiation.py:69}}
Jul 22 06:26:20.033874 np0000005630 devstack@g-api.service[102925]: DEBUG glance.api.middleware.version_negotiation [None req-203bf31d-a052-443a-9e98-b5bba5f0bf60 tempest-ServerBootFromVolumeStableRescueTest-1745944862 tempest-ServerBootFromVolumeStableRescueTest-1745944862-project-member] new path /v2/schemas/image {{(pid=102925) process_request /opt/stack/glance/glance/api/middleware/version_negotiation.py:70}}
Jul 22 06:26:20.036988 np0000005630 devstack@g-api.service[102925]: [pid: 102925|app: 0|req: 30/116] 127.0.0.1 () {44 vars in 1055 bytes} [Wed Jul 22 06:26:20 2026] GET /v2/schemas/image => generated 6083 bytes in 4 msecs (HTTP/1.1 200) 4 headers in 158 bytes (1 switches on core 0)
Jul 22 06:26:20.078962 np0000005630 devstack@g-api.service[102928]: DEBUG glance.api.middleware.version_negotiation [None req-203bf31d-a052-443a-9e98-b5bba5f0bf60 tempest-ServerBootFromVolumeStableRescueTest-1745944862 tempest-ServerBootFromVolumeStableRescueTest-1745944862-project-member] Determining version of request: POST /v2/images Accept: */* {{(pid=102928) process_request /opt/stack/glance/glance/api/middleware/version_negotiation.py:44}}
Jul 22 06:26:20.079378 np0000005630 devstack@g-api.service[102928]: DEBUG glance.api.middleware.version_negotiation [None req-203bf31d-a052-443a-9e98-b5bba5f0bf60 tempest-ServerBootFromVolumeStableRescueTest-1745944862 tempest-ServerBootFromVolumeStableRescueTest-1745944862-project-member] Using url versioning {{(pid=102928) process_request /opt/stack/glance/glance/api/middleware/version_negotiation.py:57}}
Jul 22 06:26:20.079378 np0000005630 devstack@g-api.service[102928]: DEBUG glance.api.middleware.version_negotiation [None req-203bf31d-a052-443a-9e98-b5bba5f0bf60 tempest-ServerBootFromVolumeStableRescueTest-1745944862 tempest-ServerBootFromVolumeStableRescueTest-1745944862-project-member] Matched version: v2 {{(pid=102928) process_request /opt/stack/glance/glance/api/middleware/version_negotiation.py:69}}
Jul 22 06:26:20.079480 np0000005630 devstack@g-api.service[102928]: DEBUG glance.api.middleware.version_negotiation [None req-203bf31d-a052-443a-9e98-b5bba5f0bf60 tempest-ServerBootFromVolumeStableRescueTest-1745944862 tempest-ServerBootFromVolumeStableRescueTest-1745944862-project-member] new path /v2/images {{(pid=102928) process_request /opt/stack/glance/glance/api/middleware/version_negotiation.py:70}}
Jul 22 06:26:20.798674 np0000005630 devstack@g-api.service[102928]: [pid: 102928|app: 0|req: 31/117] 127.0.0.1 () {46 vars in 1055 bytes} [Wed Jul 22 06:26:20 2026] POST /v2/images => generated 1359 bytes in 719 msecs (HTTP/1.1 201) 6 headers in 316 bytes (1 switches on core 0)
Jul 22 06:26:20.885994 np0000005630 devstack@g-api.service[102926]: DEBUG glance.api.middleware.version_negotiation [None req-cba3be12-025f-4e76-a26f-c6da03f62550 tempest-VolumesBackupsTest-680454604 tempest-VolumesBackupsTest-680454604-project-member] Determining version of request: GET /v2/images/5b08a9d1-f3fe-4827-85bb-3779f573f782 Accept: application/json {{(pid=102926) process_request /opt/stack/glance/glance/api/middleware/version_negotiation.py:44}}
Jul 22 06:26:20.885994 np0000005630 devstack@g-api.service[102926]: DEBUG glance.api.middleware.version_negotiation [None req-cba3be12-025f-4e76-a26f-c6da03f62550 tempest-VolumesBackupsTest-680454604 tempest-VolumesBackupsTest-680454604-project-member] Using url versioning {{(pid=102926) process_request /opt/stack/glance/glance/api/middleware/version_negotiation.py:57}}
Jul 22 06:26:20.885994 np0000005630 devstack@g-api.service[102926]: DEBUG glance.api.middleware.version_negotiation [None req-cba3be12-025f-4e76-a26f-c6da03f62550 tempest-VolumesBackupsTest-680454604 tempest-VolumesBackupsTest-680454604-project-member] Matched version: v2 {{(pid=102926) process_request /opt/stack/glance/glance/api/middleware/version_negotiation.py:69}}
Jul 22 06:26:20.885994 np0000005630 devstack@g-api.service[102926]: DEBUG glance.api.middleware.version_negotiation [None req-cba3be12-025f-4e76-a26f-c6da03f62550 tempest-VolumesBackupsTest-680454604 tempest-VolumesBackupsTest-680454604-project-member] new path /v2/images/5b08a9d1-f3fe-4827-85bb-3779f573f782 {{(pid=102926) process_request /opt/stack/glance/glance/api/middleware/version_negotiation.py:70}}
Jul 22 06:26:20.909284 np0000005630 devstack@g-api.service[102926]: [pid: 102926|app: 0|req: 26/118] 127.0.0.1 () {40 vars in 838 bytes} [Wed Jul 22 06:26:20 2026] GET /v2/images/5b08a9d1-f3fe-4827-85bb-3779f573f782 => generated 1359 bytes in 24 msecs (HTTP/1.1 200) 4 headers in 158 bytes (1 switches on core 0)
Jul 22 06:26:21.059951 np0000005630 devstack@g-api.service[102927]: DEBUG glance.api.middleware.version_negotiation [None req-cba3be12-025f-4e76-a26f-c6da03f62550 tempest-VolumesBackupsTest-680454604 tempest-VolumesBackupsTest-680454604-project-member] Determining version of request: GET /v2/images/5b08a9d1-f3fe-4827-85bb-3779f573f782 Accept: */* {{(pid=102927) process_request /opt/stack/glance/glance/api/middleware/version_negotiation.py:44}}
Jul 22 06:26:21.060462 np0000005630 devstack@g-api.service[102927]: DEBUG glance.api.middleware.version_negotiation [None req-cba3be12-025f-4e76-a26f-c6da03f62550 tempest-VolumesBackupsTest-680454604 tempest-VolumesBackupsTest-680454604-project-member] Using url versioning {{(pid=102927) process_request /opt/stack/glance/glance/api/middleware/version_negotiation.py:57}}
Jul 22 06:26:21.060462 np0000005630 devstack@g-api.service[102927]: DEBUG glance.api.middleware.version_negotiation [None req-cba3be12-025f-4e76-a26f-c6da03f62550 tempest-VolumesBackupsTest-680454604 tempest-VolumesBackupsTest-680454604-project-member] Matched version: v2 {{(pid=102927) process_request /opt/stack/glance/glance/api/middleware/version_negotiation.py:69}}
Jul 22 06:26:21.060549 np0000005630 devstack@g-api.service[102927]: DEBUG glance.api.middleware.version_negotiation [None req-cba3be12-025f-4e76-a26f-c6da03f62550 tempest-VolumesBackupsTest-680454604 tempest-VolumesBackupsTest-680454604-project-member] new path /v2/images/5b08a9d1-f3fe-4827-85bb-3779f573f782 {{(pid=102927) process_request /opt/stack/glance/glance/api/middleware/version_negotiation.py:70}}
Jul 22 06:26:21.080204 np0000005630 devstack@g-api.service[102927]: [pid: 102927|app: 0|req: 32/119] 127.0.0.1 () {44 vars in 1115 bytes} [Wed Jul 22 06:26:21 2026] GET /v2/images/5b08a9d1-f3fe-4827-85bb-3779f573f782 => generated 1359 bytes in 20 msecs (HTTP/1.1 200) 4 headers in 158 bytes (1 switches on core 0)
Jul 22 06:26:21.124727 np0000005630 devstack@g-api.service[102925]: DEBUG glance.api.middleware.version_negotiation [None req-dc0cd4c3-971d-4b95-9a56-ea996b7ddb53 tempest-ServerBootFromVolumeStableRescueTest-1745944862 tempest-ServerBootFromVolumeStableRescueTest-1745944862-project-member] Determining version of request: GET /v2/schemas/image Accept: */* {{(pid=102925) process_request /opt/stack/glance/glance/api/middleware/version_negotiation.py:44}}
Jul 22 06:26:21.125585 np0000005630 devstack@g-api.service[102925]: DEBUG glance.api.middleware.version_negotiation [None req-dc0cd4c3-971d-4b95-9a56-ea996b7ddb53 tempest-ServerBootFromVolumeStableRescueTest-1745944862 tempest-ServerBootFromVolumeStableRescueTest-1745944862-project-member] Using url versioning {{(pid=102925) process_request /opt/stack/glance/glance/api/middleware/version_negotiation.py:57}}
Jul 22 06:26:21.125585 np0000005630 devstack@g-api.service[102925]: DEBUG glance.api.middleware.version_negotiation [None req-dc0cd4c3-971d-4b95-9a56-ea996b7ddb53 tempest-ServerBootFromVolumeStableRescueTest-1745944862 tempest-ServerBootFromVolumeStableRescueTest-1745944862-project-member] Matched version: v2 {{(pid=102925) process_request /opt/stack/glance/glance/api/middleware/version_negotiation.py:69}}
Jul 22 06:26:21.125585 np0000005630 devstack@g-api.service[102925]: DEBUG glance.api.middleware.version_negotiation [None req-dc0cd4c3-971d-4b95-9a56-ea996b7ddb53 tempest-ServerBootFromVolumeStableRescueTest-1745944862 tempest-ServerBootFromVolumeStableRescueTest-1745944862-project-member] new path /v2/schemas/image {{(pid=102925) process_request /opt/stack/glance/glance/api/middleware/version_negotiation.py:70}}
Jul 22 06:26:21.129508 np0000005630 devstack@g-api.service[102925]: [pid: 102925|app: 0|req: 31/120] 127.0.0.1 () {44 vars in 1055 bytes} [Wed Jul 22 06:26:21 2026] GET /v2/schemas/image => generated 6083 bytes in 5 msecs (HTTP/1.1 200) 4 headers in 158 bytes (1 switches on core 0)
Jul 22 06:26:21.852437 np0000005630 devstack@g-api.service[102925]: DEBUG dbcounter [-] [102925] Writing DB stats glance:SELECT=2 {{(pid=102925) stat_writer /opt/stack/data/venv/lib/python3.12/site-packages/dbcounter.py:115}}
Jul 22 06:26:21.919011 np0000005630 devstack@g-api.service[102928]: DEBUG glance.api.middleware.version_negotiation [None req-dc0cd4c3-971d-4b95-9a56-ea996b7ddb53 tempest-ServerBootFromVolumeStableRescueTest-1745944862 tempest-ServerBootFromVolumeStableRescueTest-1745944862-project-member] Determining version of request: GET /v2/images/5b08a9d1-f3fe-4827-85bb-3779f573f782 Accept: application/json {{(pid=102928) process_request /opt/stack/glance/glance/api/middleware/version_negotiation.py:44}}
Jul 22 06:26:21.919389 np0000005630 devstack@g-api.service[102928]: DEBUG glance.api.middleware.version_negotiation [None req-dc0cd4c3-971d-4b95-9a56-ea996b7ddb53 tempest-ServerBootFromVolumeStableRescueTest-1745944862 tempest-ServerBootFromVolumeStableRescueTest-1745944862-project-member] Using url versioning {{(pid=102928) process_request /opt/stack/glance/glance/api/middleware/version_negotiation.py:57}}
Jul 22 06:26:21.919389 np0000005630 devstack@g-api.service[102928]: DEBUG glance.api.middleware.version_negotiation [None req-dc0cd4c3-971d-4b95-9a56-ea996b7ddb53 tempest-ServerBootFromVolumeStableRescueTest-1745944862 tempest-ServerBootFromVolumeStableRescueTest-1745944862-project-member] Matched version: v2 {{(pid=102928) process_request /opt/stack/glance/glance/api/middleware/version_negotiation.py:69}}
Jul 22 06:26:21.919541 np0000005630 devstack@g-api.service[102928]: DEBUG glance.api.middleware.version_negotiation [None req-dc0cd4c3-971d-4b95-9a56-ea996b7ddb53 tempest-ServerBootFromVolumeStableRescueTest-1745944862 tempest-ServerBootFromVolumeStableRescueTest-1745944862-project-member] new path /v2/images/5b08a9d1-f3fe-4827-85bb-3779f573f782 {{(pid=102928) process_request /opt/stack/glance/glance/api/middleware/version_negotiation.py:70}}
Jul 22 06:26:21.930660 np0000005630 devstack@g-api.service[102928]: [pid: 102928|app: 0|req: 32/121] 127.0.0.1 () {40 vars in 838 bytes} [Wed Jul 22 06:26:21 2026] GET /v2/images/5b08a9d1-f3fe-4827-85bb-3779f573f782 => generated 1359 bytes in 12 msecs (HTTP/1.1 200) 4 headers in 158 bytes (1 switches on core 0)
Jul 22 06:26:22.224103 np0000005630 devstack@g-api.service[102926]: DEBUG glance.api.middleware.version_negotiation [None req-f137d4ac-ebe0-498d-a602-4ebe8ffe422e tempest-ServerBootFromVolumeStableRescueTest-1745944862 tempest-ServerBootFromVolumeStableRescueTest-1745944862-project-member] Determining version of request: GET /v2/images/5b08a9d1-f3fe-4827-85bb-3779f573f782 Accept: */* {{(pid=102926) process_request /opt/stack/glance/glance/api/middleware/version_negotiation.py:44}}
Jul 22 06:26:22.224492 np0000005630 devstack@g-api.service[102926]: DEBUG glance.api.middleware.version_negotiation [None req-f137d4ac-ebe0-498d-a602-4ebe8ffe422e tempest-ServerBootFromVolumeStableRescueTest-1745944862 tempest-ServerBootFromVolumeStableRescueTest-1745944862-project-member] Using url versioning {{(pid=102926) process_request /opt/stack/glance/glance/api/middleware/version_negotiation.py:57}}
Jul 22 06:26:22.224492 np0000005630 devstack@g-api.service[102926]: DEBUG glance.api.middleware.version_negotiation [None req-f137d4ac-ebe0-498d-a602-4ebe8ffe422e tempest-ServerBootFromVolumeStableRescueTest-1745944862 tempest-ServerBootFromVolumeStableRescueTest-1745944862-project-member] Matched version: v2 {{(pid=102926) process_request /opt/stack/glance/glance/api/middleware/version_negotiation.py:69}}
Jul 22 06:26:22.224588 np0000005630 devstack@g-api.service[102926]: DEBUG glance.api.middleware.version_negotiation [None req-f137d4ac-ebe0-498d-a602-4ebe8ffe422e tempest-ServerBootFromVolumeStableRescueTest-1745944862 tempest-ServerBootFromVolumeStableRescueTest-1745944862-project-member] new path /v2/images/5b08a9d1-f3fe-4827-85bb-3779f573f782 {{(pid=102926) process_request /opt/stack/glance/glance/api/middleware/version_negotiation.py:70}}
Jul 22 06:26:22.247907 np0000005630 devstack@g-api.service[102926]: [pid: 102926|app: 0|req: 27/122] 127.0.0.1 () {44 vars in 1115 bytes} [Wed Jul 22 06:26:22 2026] GET /v2/images/5b08a9d1-f3fe-4827-85bb-3779f573f782 => generated 1359 bytes in 24 msecs (HTTP/1.1 200) 4 headers in 158 bytes (1 switches on core 0)
Jul 22 06:26:22.322971 np0000005630 devstack@g-api.service[102927]: DEBUG glance.api.middleware.version_negotiation [None req-dc0cd4c3-971d-4b95-9a56-ea996b7ddb53 tempest-ServerBootFromVolumeStableRescueTest-1745944862 tempest-ServerBootFromVolumeStableRescueTest-1745944862-project-member] Determining version of request: GET /v2/schemas/image Accept: */* {{(pid=102927) process_request /opt/stack/glance/glance/api/middleware/version_negotiation.py:44}}
Jul 22 06:26:22.323401 np0000005630 devstack@g-api.service[102927]: DEBUG glance.api.middleware.version_negotiation [None req-dc0cd4c3-971d-4b95-9a56-ea996b7ddb53 tempest-ServerBootFromVolumeStableRescueTest-1745944862 tempest-ServerBootFromVolumeStableRescueTest-1745944862-project-member] Using url versioning {{(pid=102927) process_request /opt/stack/glance/glance/api/middleware/version_negotiation.py:57}}
Jul 22 06:26:22.323401 np0000005630 devstack@g-api.service[102927]: DEBUG glance.api.middleware.version_negotiation [None req-dc0cd4c3-971d-4b95-9a56-ea996b7ddb53 tempest-ServerBootFromVolumeStableRescueTest-1745944862 tempest-ServerBootFromVolumeStableRescueTest-1745944862-project-member] Matched version: v2 {{(pid=102927) process_request /opt/stack/glance/glance/api/middleware/version_negotiation.py:69}}
Jul 22 06:26:22.323651 np0000005630 devstack@g-api.service[102927]: DEBUG glance.api.middleware.version_negotiation [None req-dc0cd4c3-971d-4b95-9a56-ea996b7ddb53 tempest-ServerBootFromVolumeStableRescueTest-1745944862 tempest-ServerBootFromVolumeStableRescueTest-1745944862-project-member] new path /v2/schemas/image {{(pid=102927) process_request /opt/stack/glance/glance/api/middleware/version_negotiation.py:70}}
Jul 22 06:26:22.330045 np0000005630 devstack@g-api.service[102927]: [pid: 102927|app: 0|req: 33/123] 127.0.0.1 () {44 vars in 1055 bytes} [Wed Jul 22 06:26:22 2026] GET /v2/schemas/image => generated 6083 bytes in 7 msecs (HTTP/1.1 200) 4 headers in 158 bytes (1 switches on core 0)
Jul 22 06:26:22.399167 np0000005630 devstack@g-api.service[102925]: DEBUG glance.api.middleware.version_negotiation [None req-dc0cd4c3-971d-4b95-9a56-ea996b7ddb53 tempest-ServerBootFromVolumeStableRescueTest-1745944862 tempest-ServerBootFromVolumeStableRescueTest-1745944862-project-member] Determining version of request: GET /v2/schemas/image Accept: */* {{(pid=102925) process_request /opt/stack/glance/glance/api/middleware/version_negotiation.py:44}}
Jul 22 06:26:22.399535 np0000005630 devstack@g-api.service[102925]: DEBUG glance.api.middleware.version_negotiation [None req-dc0cd4c3-971d-4b95-9a56-ea996b7ddb53 tempest-ServerBootFromVolumeStableRescueTest-1745944862 tempest-ServerBootFromVolumeStableRescueTest-1745944862-project-member] Using url versioning {{(pid=102925) process_request /opt/stack/glance/glance/api/middleware/version_negotiation.py:57}}
Jul 22 06:26:22.399535 np0000005630 devstack@g-api.service[102925]: DEBUG glance.api.middleware.version_negotiation [None req-dc0cd4c3-971d-4b95-9a56-ea996b7ddb53 tempest-ServerBootFromVolumeStableRescueTest-1745944862 tempest-ServerBootFromVolumeStableRescueTest-1745944862-project-member] Matched version: v2 {{(pid=102925) process_request /opt/stack/glance/glance/api/middleware/version_negotiation.py:69}}
Jul 22 06:26:22.399621 np0000005630 devstack@g-api.service[102925]: DEBUG glance.api.middleware.version_negotiation [None req-dc0cd4c3-971d-4b95-9a56-ea996b7ddb53 tempest-ServerBootFromVolumeStableRescueTest-1745944862 tempest-ServerBootFromVolumeStableRescueTest-1745944862-project-member] new path /v2/schemas/image {{(pid=102925) process_request /opt/stack/glance/glance/api/middleware/version_negotiation.py:70}}
Jul 22 06:26:22.402798 np0000005630 devstack@g-api.service[102925]: [pid: 102925|app: 0|req: 32/124] 127.0.0.1 () {44 vars in 1055 bytes} [Wed Jul 22 06:26:22 2026] GET /v2/schemas/image => generated 6083 bytes in 4 msecs (HTTP/1.1 200) 4 headers in 158 bytes (1 switches on core 0)
Jul 22 06:26:22.468433 np0000005630 devstack@g-api.service[102928]: DEBUG glance.api.middleware.version_negotiation [None req-2ac4a28f-5f7c-406c-a991-d4e9c6ff6a96 tempest-ServerBootFromVolumeStableRescueTest-1745944862 tempest-ServerBootFromVolumeStableRescueTest-1745944862-project-member] Determining version of request: PATCH /v2/images/5b08a9d1-f3fe-4827-85bb-3779f573f782 Accept: */* {{(pid=102928) process_request /opt/stack/glance/glance/api/middleware/version_negotiation.py:44}}
Jul 22 06:26:22.468566 np0000005630 devstack@g-api.service[102928]: DEBUG glance.api.middleware.version_negotiation [None req-2ac4a28f-5f7c-406c-a991-d4e9c6ff6a96 tempest-ServerBootFromVolumeStableRescueTest-1745944862 tempest-ServerBootFromVolumeStableRescueTest-1745944862-project-member] Using url versioning {{(pid=102928) process_request /opt/stack/glance/glance/api/middleware/version_negotiation.py:57}}
Jul 22 06:26:22.468737 np0000005630 devstack@g-api.service[102928]: DEBUG glance.api.middleware.version_negotiation [None req-2ac4a28f-5f7c-406c-a991-d4e9c6ff6a96 tempest-ServerBootFromVolumeStableRescueTest-1745944862 tempest-ServerBootFromVolumeStableRescueTest-1745944862-project-member] Matched version: v2 {{(pid=102928) process_request /opt/stack/glance/glance/api/middleware/version_negotiation.py:69}}
Jul 22 06:26:22.468864 np0000005630 devstack@g-api.service[102928]: DEBUG glance.api.middleware.version_negotiation [None req-2ac4a28f-5f7c-406c-a991-d4e9c6ff6a96 tempest-ServerBootFromVolumeStableRescueTest-1745944862 tempest-ServerBootFromVolumeStableRescueTest-1745944862-project-member] new path /v2/images/5b08a9d1-f3fe-4827-85bb-3779f573f782 {{(pid=102928) process_request /opt/stack/glance/glance/api/middleware/version_negotiation.py:70}}
Jul 22 06:26:22.624256 np0000005630 devstack@g-api.service[102928]: [pid: 102928|app: 0|req: 33/125] 127.0.0.1 () {46 vars in 1158 bytes} [Wed Jul 22 06:26:22 2026] PATCH /v2/images/5b08a9d1-f3fe-4827-85bb-3779f573f782 => generated 1470 bytes in 156 msecs (HTTP/1.1 200) 4 headers in 158 bytes (1 switches on core 0)
Jul 22 06:26:22.685477 np0000005630 devstack@g-api.service[102926]: DEBUG glance.api.middleware.version_negotiation [None req-dc0cd4c3-971d-4b95-9a56-ea996b7ddb53 tempest-ServerBootFromVolumeStableRescueTest-1745944862 tempest-ServerBootFromVolumeStableRescueTest-1745944862-project-member] Determining version of request: GET /v2/images/5b08a9d1-f3fe-4827-85bb-3779f573f782 Accept: */* {{(pid=102926) process_request /opt/stack/glance/glance/api/middleware/version_negotiation.py:44}}
Jul 22 06:26:22.685696 np0000005630 devstack@g-api.service[102926]: DEBUG glance.api.middleware.version_negotiation [None req-dc0cd4c3-971d-4b95-9a56-ea996b7ddb53 tempest-ServerBootFromVolumeStableRescueTest-1745944862 tempest-ServerBootFromVolumeStableRescueTest-1745944862-project-member] Using url versioning {{(pid=102926) process_request /opt/stack/glance/glance/api/middleware/version_negotiation.py:57}}
Jul 22 06:26:22.685888 np0000005630 devstack@g-api.service[102926]: DEBUG glance.api.middleware.version_negotiation [None req-dc0cd4c3-971d-4b95-9a56-ea996b7ddb53 tempest-ServerBootFromVolumeStableRescueTest-1745944862 tempest-ServerBootFromVolumeStableRescueTest-1745944862-project-member] Matched version: v2 {{(pid=102926) process_request /opt/stack/glance/glance/api/middleware/version_negotiation.py:69}}
Jul 22 06:26:22.686270 np0000005630 devstack@g-api.service[102926]: DEBUG glance.api.middleware.version_negotiation [None req-dc0cd4c3-971d-4b95-9a56-ea996b7ddb53 tempest-ServerBootFromVolumeStableRescueTest-1745944862 tempest-ServerBootFromVolumeStableRescueTest-1745944862-project-member] new path /v2/images/5b08a9d1-f3fe-4827-85bb-3779f573f782 {{(pid=102926) process_request /opt/stack/glance/glance/api/middleware/version_negotiation.py:70}}
Jul 22 06:26:22.707368 np0000005630 devstack@g-api.service[102926]: [pid: 102926|app: 0|req: 28/126] 127.0.0.1 () {44 vars in 1115 bytes} [Wed Jul 22 06:26:22 2026] GET /v2/images/5b08a9d1-f3fe-4827-85bb-3779f573f782 => generated 1470 bytes in 22 msecs (HTTP/1.1 200) 4 headers in 158 bytes (1 switches on core 0)
Jul 22 06:26:22.775589 np0000005630 devstack@g-api.service[102927]: DEBUG glance.api.middleware.version_negotiation [None req-dc0cd4c3-971d-4b95-9a56-ea996b7ddb53 tempest-ServerBootFromVolumeStableRescueTest-1745944862 tempest-ServerBootFromVolumeStableRescueTest-1745944862-project-member] Determining version of request: PUT /v2/images/5b08a9d1-f3fe-4827-85bb-3779f573f782/file Accept: */* {{(pid=102927) process_request /opt/stack/glance/glance/api/middleware/version_negotiation.py:44}}
Jul 22 06:26:22.775832 np0000005630 devstack@g-api.service[102927]: DEBUG glance.api.middleware.version_negotiation [None req-dc0cd4c3-971d-4b95-9a56-ea996b7ddb53 tempest-ServerBootFromVolumeStableRescueTest-1745944862 tempest-ServerBootFromVolumeStableRescueTest-1745944862-project-member] Using url versioning {{(pid=102927) process_request /opt/stack/glance/glance/api/middleware/version_negotiation.py:57}}
Jul 22 06:26:22.775977 np0000005630 devstack@g-api.service[102927]: DEBUG glance.api.middleware.version_negotiation [None req-dc0cd4c3-971d-4b95-9a56-ea996b7ddb53 tempest-ServerBootFromVolumeStableRescueTest-1745944862 tempest-ServerBootFromVolumeStableRescueTest-1745944862-project-member] Matched version: v2 {{(pid=102927) process_request /opt/stack/glance/glance/api/middleware/version_negotiation.py:69}}
Jul 22 06:26:22.776214 np0000005630 devstack@g-api.service[102927]: DEBUG glance.api.middleware.version_negotiation [None req-dc0cd4c3-971d-4b95-9a56-ea996b7ddb53 tempest-ServerBootFromVolumeStableRescueTest-1745944862 tempest-ServerBootFromVolumeStableRescueTest-1745944862-project-member] new path /v2/images/5b08a9d1-f3fe-4827-85bb-3779f573f782/file {{(pid=102927) process_request /opt/stack/glance/glance/api/middleware/version_negotiation.py:70}}
Jul 22 06:26:22.940877 np0000005630 devstack@g-api.service[102925]: DEBUG glance.api.middleware.version_negotiation [None req-dc0cd4c3-971d-4b95-9a56-ea996b7ddb53 tempest-ServerBootFromVolumeStableRescueTest-1745944862 tempest-ServerBootFromVolumeStableRescueTest-1745944862-project-member] Determining version of request: GET /v2/images/5b08a9d1-f3fe-4827-85bb-3779f573f782 Accept: application/json {{(pid=102925) process_request /opt/stack/glance/glance/api/middleware/version_negotiation.py:44}}
Jul 22 06:26:22.941512 np0000005630 devstack@g-api.service[102925]: DEBUG glance.api.middleware.version_negotiation [None req-dc0cd4c3-971d-4b95-9a56-ea996b7ddb53 tempest-ServerBootFromVolumeStableRescueTest-1745944862 tempest-ServerBootFromVolumeStableRescueTest-1745944862-project-member] Using url versioning {{(pid=102925) process_request /opt/stack/glance/glance/api/middleware/version_negotiation.py:57}}
Jul 22 06:26:22.941901 np0000005630 devstack@g-api.service[102925]: DEBUG glance.api.middleware.version_negotiation [None req-dc0cd4c3-971d-4b95-9a56-ea996b7ddb53 tempest-ServerBootFromVolumeStableRescueTest-1745944862 tempest-ServerBootFromVolumeStableRescueTest-1745944862-project-member] Matched version: v2 {{(pid=102925) process_request /opt/stack/glance/glance/api/middleware/version_negotiation.py:69}}
Jul 22 06:26:22.941901 np0000005630 devstack@g-api.service[102925]: DEBUG glance.api.middleware.version_negotiation [None req-dc0cd4c3-971d-4b95-9a56-ea996b7ddb53 tempest-ServerBootFromVolumeStableRescueTest-1745944862 tempest-ServerBootFromVolumeStableRescueTest-1745944862-project-member] new path /v2/images/5b08a9d1-f3fe-4827-85bb-3779f573f782 {{(pid=102925) process_request /opt/stack/glance/glance/api/middleware/version_negotiation.py:70}}
Jul 22 06:26:22.961889 np0000005630 devstack@g-api.service[102925]: [pid: 102925|app: 0|req: 33/127] 127.0.0.1 () {40 vars in 838 bytes} [Wed Jul 22 06:26:22 2026] GET /v2/images/5b08a9d1-f3fe-4827-85bb-3779f573f782 => generated 1470 bytes in 21 msecs (HTTP/1.1 200) 4 headers in 158 bytes (1 switches on core 0)
Jul 22 06:26:23.703129 np0000005630 devstack@g-api.service[102927]: INFO glance.api.v2.image_data [None req-dc0cd4c3-971d-4b95-9a56-ea996b7ddb53 tempest-ServerBootFromVolumeStableRescueTest-1745944862 tempest-ServerBootFromVolumeStableRescueTest-1745944862-project-member] Unable to create trust: no such option collect_timing in group [keystone_authtoken] Use the existing user token.
Jul 22 06:26:23.974684 np0000005630 devstack@g-api.service[102928]: DEBUG glance.api.middleware.version_negotiation [None req-dc0cd4c3-971d-4b95-9a56-ea996b7ddb53 tempest-ServerBootFromVolumeStableRescueTest-1745944862 tempest-ServerBootFromVolumeStableRescueTest-1745944862-project-member] Determining version of request: GET /v2/images/5b08a9d1-f3fe-4827-85bb-3779f573f782 Accept: application/json {{(pid=102928) process_request /opt/stack/glance/glance/api/middleware/version_negotiation.py:44}}
Jul 22 06:26:23.975171 np0000005630 devstack@g-api.service[102928]: DEBUG glance.api.middleware.version_negotiation [None req-dc0cd4c3-971d-4b95-9a56-ea996b7ddb53 tempest-ServerBootFromVolumeStableRescueTest-1745944862 tempest-ServerBootFromVolumeStableRescueTest-1745944862-project-member] Using url versioning {{(pid=102928) process_request /opt/stack/glance/glance/api/middleware/version_negotiation.py:57}}
Jul 22 06:26:23.975171 np0000005630 devstack@g-api.service[102928]: DEBUG glance.api.middleware.version_negotiation [None req-dc0cd4c3-971d-4b95-9a56-ea996b7ddb53 tempest-ServerBootFromVolumeStableRescueTest-1745944862 tempest-ServerBootFromVolumeStableRescueTest-1745944862-project-member] Matched version: v2 {{(pid=102928) process_request /opt/stack/glance/glance/api/middleware/version_negotiation.py:69}}
Jul 22 06:26:23.975410 np0000005630 devstack@g-api.service[102928]: DEBUG glance.api.middleware.version_negotiation [None req-dc0cd4c3-971d-4b95-9a56-ea996b7ddb53 tempest-ServerBootFromVolumeStableRescueTest-1745944862 tempest-ServerBootFromVolumeStableRescueTest-1745944862-project-member] new path /v2/images/5b08a9d1-f3fe-4827-85bb-3779f573f782 {{(pid=102928) process_request /opt/stack/glance/glance/api/middleware/version_negotiation.py:70}}
Jul 22 06:26:23.987213 np0000005630 devstack@g-api.service[102928]: [pid: 102928|app: 0|req: 34/128] 127.0.0.1 () {40 vars in 838 bytes} [Wed Jul 22 06:26:23 2026] GET /v2/images/5b08a9d1-f3fe-4827-85bb-3779f573f782 => generated 1470 bytes in 13 msecs (HTTP/1.1 200) 4 headers in 158 bytes (1 switches on core 0)
Jul 22 06:26:24.390685 np0000005630 devstack@g-api.service[102927]: DEBUG glance.location [None req-dc0cd4c3-971d-4b95-9a56-ea996b7ddb53 tempest-ServerBootFromVolumeStableRescueTest-1745944862 tempest-ServerBootFromVolumeStableRescueTest-1745944862-project-member] Enabling in-flight format inspection for qcow2 {{(pid=102927) set_data /opt/stack/glance/glance/location.py:596}}
Jul 22 06:26:24.391166 np0000005630 devstack@g-api.service[102927]: DEBUG glance_store.backend [None req-dc0cd4c3-971d-4b95-9a56-ea996b7ddb53 tempest-ServerBootFromVolumeStableRescueTest-1745944862 tempest-ServerBootFromVolumeStableRescueTest-1745944862-project-member] Attempting to import store swift {{(pid=102927) _load_store /opt/stack/data/venv/lib/python3.12/site-packages/glance_store/backend.py:215}}
Jul 22 06:26:24.393121 np0000005630 devstack@g-api.service[102927]: DEBUG glance_store.capabilities [None req-dc0cd4c3-971d-4b95-9a56-ea996b7ddb53 tempest-ServerBootFromVolumeStableRescueTest-1745944862 tempest-ServerBootFromVolumeStableRescueTest-1745944862-project-member] Store glance_store._drivers.swift.store.SingleTenantStore doesn't support updating dynamic storage capabilities. Please overwrite 'update_capabilities' method of the store to implement updating logics if needed. {{(pid=102927) update_capabilities /opt/stack/data/venv/lib/python3.12/site-packages/glance_store/capabilities.py:91}}
Jul 22 06:26:24.393121 np0000005630 devstack@g-api.service[102927]: DEBUG glance_store.driver [None req-dc0cd4c3-971d-4b95-9a56-ea996b7ddb53 tempest-ServerBootFromVolumeStableRescueTest-1745944862 tempest-ServerBootFromVolumeStableRescueTest-1745944862-project-member] Late loading location class glance_store._drivers.swift.store.StoreLocation {{(pid=102927) get_store_location_class /opt/stack/data/venv/lib/python3.12/site-packages/glance_store/driver.py:134}}
Jul 22 06:26:24.393121 np0000005630 devstack@g-api.service[102927]: DEBUG glance_store.location [None req-dc0cd4c3-971d-4b95-9a56-ea996b7ddb53 tempest-ServerBootFromVolumeStableRescueTest-1745944862 tempest-ServerBootFromVolumeStableRescueTest-1745944862-project-member] Registering scheme swift+https with {'store': , 'location_class': , 'store_entry': 'swift'} {{(pid=102927) register_scheme_map /opt/stack/data/venv/lib/python3.12/site-packages/glance_store/location.py:146}}
Jul 22 06:26:24.393121 np0000005630 devstack@g-api.service[102927]: DEBUG glance_store.location [None req-dc0cd4c3-971d-4b95-9a56-ea996b7ddb53 tempest-ServerBootFromVolumeStableRescueTest-1745944862 tempest-ServerBootFromVolumeStableRescueTest-1745944862-project-member] Registering scheme swift+https with {'store': , 'location_class': , 'store_entry': 'swift'} {{(pid=102927) register_scheme_map /opt/stack/data/venv/lib/python3.12/site-packages/glance_store/location.py:146}}
Jul 22 06:26:24.393121 np0000005630 devstack@g-api.service[102927]: DEBUG glance_store.location [None req-dc0cd4c3-971d-4b95-9a56-ea996b7ddb53 tempest-ServerBootFromVolumeStableRescueTest-1745944862 tempest-ServerBootFromVolumeStableRescueTest-1745944862-project-member] Registering scheme swift with {'store': , 'location_class': , 'store_entry': 'swift'} {{(pid=102927) register_scheme_map /opt/stack/data/venv/lib/python3.12/site-packages/glance_store/location.py:146}}
Jul 22 06:26:24.393498 np0000005630 devstack@g-api.service[102927]: DEBUG glance_store.location [None req-dc0cd4c3-971d-4b95-9a56-ea996b7ddb53 tempest-ServerBootFromVolumeStableRescueTest-1745944862 tempest-ServerBootFromVolumeStableRescueTest-1745944862-project-member] Registering scheme swift+https with {'store': , 'location_class': , 'store_entry': 'swift'} {{(pid=102927) register_scheme_map /opt/stack/data/venv/lib/python3.12/site-packages/glance_store/location.py:146}}
Jul 22 06:26:24.393557 np0000005630 devstack@g-api.service[102927]: DEBUG glance_store.location [None req-dc0cd4c3-971d-4b95-9a56-ea996b7ddb53 tempest-ServerBootFromVolumeStableRescueTest-1745944862 tempest-ServerBootFromVolumeStableRescueTest-1745944862-project-member] Registering scheme swift with {'store': , 'location_class': , 'store_entry': 'swift'} {{(pid=102927) register_scheme_map /opt/stack/data/venv/lib/python3.12/site-packages/glance_store/location.py:146}}
Jul 22 06:26:24.393887 np0000005630 devstack@g-api.service[102927]: DEBUG glance_store.location [None req-dc0cd4c3-971d-4b95-9a56-ea996b7ddb53 tempest-ServerBootFromVolumeStableRescueTest-1745944862 tempest-ServerBootFromVolumeStableRescueTest-1745944862-project-member] Registering scheme swift+http with {'store': , 'location_class': , 'store_entry': 'swift'} {{(pid=102927) register_scheme_map /opt/stack/data/venv/lib/python3.12/site-packages/glance_store/location.py:146}}
Jul 22 06:26:24.393887 np0000005630 devstack@g-api.service[102927]: DEBUG glance_store.location [None req-dc0cd4c3-971d-4b95-9a56-ea996b7ddb53 tempest-ServerBootFromVolumeStableRescueTest-1745944862 tempest-ServerBootFromVolumeStableRescueTest-1745944862-project-member] Registering scheme swift+https with {'store': , 'location_class': , 'store_entry': 'swift'} {{(pid=102927) register_scheme_map /opt/stack/data/venv/lib/python3.12/site-packages/glance_store/location.py:146}}
Jul 22 06:26:24.393887 np0000005630 devstack@g-api.service[102927]: DEBUG glance_store.location [None req-dc0cd4c3-971d-4b95-9a56-ea996b7ddb53 tempest-ServerBootFromVolumeStableRescueTest-1745944862 tempest-ServerBootFromVolumeStableRescueTest-1745944862-project-member] Registering scheme swift with {'store': , 'location_class': , 'store_entry': 'swift'} {{(pid=102927) register_scheme_map /opt/stack/data/venv/lib/python3.12/site-packages/glance_store/location.py:146}}
Jul 22 06:26:24.393887 np0000005630 devstack@g-api.service[102927]: DEBUG glance_store.location [None req-dc0cd4c3-971d-4b95-9a56-ea996b7ddb53 tempest-ServerBootFromVolumeStableRescueTest-1745944862 tempest-ServerBootFromVolumeStableRescueTest-1745944862-project-member] Registering scheme swift+http with {'store': , 'location_class': , 'store_entry': 'swift'} {{(pid=102927) register_scheme_map /opt/stack/data/venv/lib/python3.12/site-packages/glance_store/location.py:146}}
Jul 22 06:26:24.394209 np0000005630 devstack@g-api.service[102927]: DEBUG glance_store.location [None req-dc0cd4c3-971d-4b95-9a56-ea996b7ddb53 tempest-ServerBootFromVolumeStableRescueTest-1745944862 tempest-ServerBootFromVolumeStableRescueTest-1745944862-project-member] Registering scheme swift+config with {'store': , 'location_class': , 'store_entry': 'swift'} {{(pid=102927) register_scheme_map /opt/stack/data/venv/lib/python3.12/site-packages/glance_store/location.py:146}}
Jul 22 06:26:24.877376 np0000005630 devstack@g-api.service[102927]: DEBUG swiftclient [None req-dc0cd4c3-971d-4b95-9a56-ea996b7ddb53 tempest-ServerBootFromVolumeStableRescueTest-1745944862 tempest-ServerBootFromVolumeStableRescueTest-1745944862-project-member] REQ: curl -i https://10.4.3.153:8080/v1/AUTH_3dd0689a42f14fb8b436cbe0a6a5fa0e/glance -I -H "X-Auth-Token: gAAAAABqYGKQdDL_..." {{(pid=102927) http_log /opt/stack/data/venv/lib/python3.12/site-packages/swiftclient/client.py:160}}
Jul 22 06:26:24.877376 np0000005630 devstack@g-api.service[102927]: DEBUG swiftclient [None req-dc0cd4c3-971d-4b95-9a56-ea996b7ddb53 tempest-ServerBootFromVolumeStableRescueTest-1745944862 tempest-ServerBootFromVolumeStableRescueTest-1745944862-project-member] RESP STATUS: 204 No Content {{(pid=102927) http_log /opt/stack/data/venv/lib/python3.12/site-packages/swiftclient/client.py:161}}
Jul 22 06:26:24.877376 np0000005630 devstack@g-api.service[102927]: DEBUG swiftclient [None req-dc0cd4c3-971d-4b95-9a56-ea996b7ddb53 tempest-ServerBootFromVolumeStableRescueTest-1745944862 tempest-ServerBootFromVolumeStableRescueTest-1745944862-project-member] RESP HEADERS: {'Date': 'Wed, 22 Jul 2026 06:26:24 GMT', 'Server': 'Apache/2.4.58 (Ubuntu)', 'Content-Type': 'text/plain; charset=utf-8', 'X-Container-Object-Count': '5', 'X-Container-Bytes-Used': '87883776', 'X-Timestamp': '1784701378.29512', 'Last-Modified': 'Wed, 22 Jul 2026 06:22:59 GMT', 'Accept-Ranges': 'bytes', 'X-Storage-Policy': 'Policy-0', 'X-Container-Sharding': 'False', 'Vary': 'Accept', 'X-Trans-Id': 'tx14dc469f08e9433bba20c-006a606290', 'X-Openstack-Request-Id': 'tx14dc469f08e9433bba20c-006a606290', 'Connection': 'close'} {{(pid=102927) http_log /opt/stack/data/venv/lib/python3.12/site-packages/swiftclient/client.py:162}}
Jul 22 06:26:24.877376 np0000005630 devstack@g-api.service[102927]: DEBUG glance_store._drivers.swift.store [None req-dc0cd4c3-971d-4b95-9a56-ea996b7ddb53 tempest-ServerBootFromVolumeStableRescueTest-1745944862 tempest-ServerBootFromVolumeStableRescueTest-1745944862-project-member] Adding image object '5b08a9d1-f3fe-4827-85bb-3779f573f782' to Swift {{(pid=102927) add /opt/stack/data/venv/lib/python3.12/site-packages/glance_store/_drivers/swift/store.py:970}}
Jul 22 06:26:24.877376 np0000005630 devstack@g-api.service[102927]: DEBUG glance_store._drivers.swift.store [None req-dc0cd4c3-971d-4b95-9a56-ea996b7ddb53 tempest-ServerBootFromVolumeStableRescueTest-1745944862 tempest-ServerBootFromVolumeStableRescueTest-1745944862-project-member] Cannot determine image size because it is either not provided in the request or chunked-transfer encoding is used. Adding image as a segmented object to Swift. {{(pid=102927) add /opt/stack/data/venv/lib/python3.12/site-packages/glance_store/_drivers/swift/store.py:994}}
Jul 22 06:26:24.882676 np0000005630 devstack@g-api.service[102927]: DEBUG oslo_utils.imageutils.format_inspector [None req-dc0cd4c3-971d-4b95-9a56-ea996b7ddb53 tempest-ServerBootFromVolumeStableRescueTest-1745944862 tempest-ServerBootFromVolumeStableRescueTest-1745944862-project-member] Format inspector for vmdk does not match, excluding from consideration (Signature KDMV not found: b'QFI\xfb') {{(pid=102927) _process_chunk /opt/stack/data/venv/lib/python3.12/site-packages/oslo_utils/imageutils/format_inspector.py:1758}}
Jul 22 06:26:24.886126 np0000005630 devstack@g-api.service[102927]: DEBUG oslo_utils.imageutils.format_inspector [None req-dc0cd4c3-971d-4b95-9a56-ea996b7ddb53 tempest-ServerBootFromVolumeStableRescueTest-1745944862 tempest-ServerBootFromVolumeStableRescueTest-1745944862-project-member] Format inspector for vhdx does not match, excluding from consideration (Region signature not found at 30000) {{(pid=102927) _process_chunk /opt/stack/data/venv/lib/python3.12/site-packages/oslo_utils/imageutils/format_inspector.py:1758}}
Jul 22 06:26:24.998894 np0000005630 devstack@g-api.service[102926]: DEBUG glance.api.middleware.version_negotiation [None req-dc0cd4c3-971d-4b95-9a56-ea996b7ddb53 tempest-ServerBootFromVolumeStableRescueTest-1745944862 tempest-ServerBootFromVolumeStableRescueTest-1745944862-project-member] Determining version of request: GET /v2/images/5b08a9d1-f3fe-4827-85bb-3779f573f782 Accept: application/json {{(pid=102926) process_request /opt/stack/glance/glance/api/middleware/version_negotiation.py:44}}
Jul 22 06:26:24.999306 np0000005630 devstack@g-api.service[102926]: DEBUG glance.api.middleware.version_negotiation [None req-dc0cd4c3-971d-4b95-9a56-ea996b7ddb53 tempest-ServerBootFromVolumeStableRescueTest-1745944862 tempest-ServerBootFromVolumeStableRescueTest-1745944862-project-member] Using url versioning {{(pid=102926) process_request /opt/stack/glance/glance/api/middleware/version_negotiation.py:57}}
Jul 22 06:26:24.999917 np0000005630 devstack@g-api.service[102926]: DEBUG glance.api.middleware.version_negotiation [None req-dc0cd4c3-971d-4b95-9a56-ea996b7ddb53 tempest-ServerBootFromVolumeStableRescueTest-1745944862 tempest-ServerBootFromVolumeStableRescueTest-1745944862-project-member] Matched version: v2 {{(pid=102926) process_request /opt/stack/glance/glance/api/middleware/version_negotiation.py:69}}
Jul 22 06:26:24.999917 np0000005630 devstack@g-api.service[102926]: DEBUG glance.api.middleware.version_negotiation [None req-dc0cd4c3-971d-4b95-9a56-ea996b7ddb53 tempest-ServerBootFromVolumeStableRescueTest-1745944862 tempest-ServerBootFromVolumeStableRescueTest-1745944862-project-member] new path /v2/images/5b08a9d1-f3fe-4827-85bb-3779f573f782 {{(pid=102926) process_request /opt/stack/glance/glance/api/middleware/version_negotiation.py:70}}
Jul 22 06:26:25.026173 np0000005630 devstack@g-api.service[102926]: [pid: 102926|app: 0|req: 29/129] 127.0.0.1 () {40 vars in 838 bytes} [Wed Jul 22 06:26:24 2026] GET /v2/images/5b08a9d1-f3fe-4827-85bb-3779f573f782 => generated 1470 bytes in 27 msecs (HTTP/1.1 200) 4 headers in 158 bytes (1 switches on core 0)
Jul 22 06:26:25.119585 np0000005630 devstack@g-api.service[102927]: DEBUG swiftclient [None req-dc0cd4c3-971d-4b95-9a56-ea996b7ddb53 tempest-ServerBootFromVolumeStableRescueTest-1745944862 tempest-ServerBootFromVolumeStableRescueTest-1745944862-project-member] REQ: curl -i https://10.4.3.153:8080/v1/AUTH_3dd0689a42f14fb8b436cbe0a6a5fa0e/glance/5b08a9d1-f3fe-4827-85bb-3779f573f782-00001 -X PUT -H "X-Auth-Token: gAAAAABqYGKQdDL_..." {{(pid=102927) http_log /opt/stack/data/venv/lib/python3.12/site-packages/swiftclient/client.py:160}}
Jul 22 06:26:25.119843 np0000005630 devstack@g-api.service[102927]: DEBUG swiftclient [None req-dc0cd4c3-971d-4b95-9a56-ea996b7ddb53 tempest-ServerBootFromVolumeStableRescueTest-1745944862 tempest-ServerBootFromVolumeStableRescueTest-1745944862-project-member] RESP STATUS: 201 Created {{(pid=102927) http_log /opt/stack/data/venv/lib/python3.12/site-packages/swiftclient/client.py:161}}
Jul 22 06:26:25.119900 np0000005630 devstack@g-api.service[102925]: DEBUG glance.api.middleware.version_negotiation [None req-6f74b8eb-eb9b-43e1-9579-4123c01014d4 tempest-ServerBootFromVolumeStableRescueTest-1745944862 tempest-ServerBootFromVolumeStableRescueTest-1745944862-project-member] Determining version of request: GET /v2/images/e814a3d3-c37a-4ec6-88a2-e3f4fe1cf444 Accept: */* {{(pid=102925) process_request /opt/stack/glance/glance/api/middleware/version_negotiation.py:44}}
Jul 22 06:26:25.120219 np0000005630 devstack@g-api.service[102927]: DEBUG swiftclient [None req-dc0cd4c3-971d-4b95-9a56-ea996b7ddb53 tempest-ServerBootFromVolumeStableRescueTest-1745944862 tempest-ServerBootFromVolumeStableRescueTest-1745944862-project-member] RESP HEADERS: {'Date': 'Wed, 22 Jul 2026 06:26:25 GMT', 'Server': 'Apache/2.4.58 (Ubuntu)', 'Content-Type': 'text/html; charset=UTF-8', 'Content-Length': '0', 'Etag': '4fa343ee581d8d2e78533191fd1ac3e1', 'Last-Modified': 'Wed, 22 Jul 2026 06:26:25 GMT', 'X-Trans-Id': 'tx19a24777461b42cb91a5b-006a606290', 'X-Openstack-Request-Id': 'tx19a24777461b42cb91a5b-006a606290', 'Connection': 'close'} {{(pid=102927) http_log /opt/stack/data/venv/lib/python3.12/site-packages/swiftclient/client.py:162}}
Jul 22 06:26:25.120292 np0000005630 devstack@g-api.service[102925]: DEBUG glance.api.middleware.version_negotiation [None req-6f74b8eb-eb9b-43e1-9579-4123c01014d4 tempest-ServerBootFromVolumeStableRescueTest-1745944862 tempest-ServerBootFromVolumeStableRescueTest-1745944862-project-member] Using url versioning {{(pid=102925) process_request /opt/stack/glance/glance/api/middleware/version_negotiation.py:57}}
Jul 22 06:26:25.120350 np0000005630 devstack@g-api.service[102927]: DEBUG glance_store._drivers.swift.store [None req-dc0cd4c3-971d-4b95-9a56-ea996b7ddb53 tempest-ServerBootFromVolumeStableRescueTest-1745944862 tempest-ServerBootFromVolumeStableRescueTest-1745944862-project-member] Wrote chunk 5b08a9d1-f3fe-4827-85bb-3779f573f782-00001 (1/?) of length 23527424 to Swift returning MD5 of content: 4fa343ee581d8d2e78533191fd1ac3e1 {{(pid=102927) add /opt/stack/data/venv/lib/python3.12/site-packages/glance_store/_drivers/swift/store.py:1059}}
Jul 22 06:26:25.120411 np0000005630 devstack@g-api.service[102925]: DEBUG glance.api.middleware.version_negotiation [None req-6f74b8eb-eb9b-43e1-9579-4123c01014d4 tempest-ServerBootFromVolumeStableRescueTest-1745944862 tempest-ServerBootFromVolumeStableRescueTest-1745944862-project-member] Matched version: v2 {{(pid=102925) process_request /opt/stack/glance/glance/api/middleware/version_negotiation.py:69}}
Jul 22 06:26:25.120411 np0000005630 devstack@g-api.service[102925]: DEBUG glance.api.middleware.version_negotiation [None req-6f74b8eb-eb9b-43e1-9579-4123c01014d4 tempest-ServerBootFromVolumeStableRescueTest-1745944862 tempest-ServerBootFromVolumeStableRescueTest-1745944862-project-member] new path /v2/images/e814a3d3-c37a-4ec6-88a2-e3f4fe1cf444 {{(pid=102925) process_request /opt/stack/glance/glance/api/middleware/version_negotiation.py:70}}
Jul 22 06:26:25.120479 np0000005630 devstack@g-api.service[102927]: DEBUG glance_store._drivers.swift.store [None req-dc0cd4c3-971d-4b95-9a56-ea996b7ddb53 tempest-ServerBootFromVolumeStableRescueTest-1745944862 tempest-ServerBootFromVolumeStableRescueTest-1745944862-project-member] Not writing zero-length chunk. {{(pid=102927) add /opt/stack/data/venv/lib/python3.12/site-packages/glance_store/_drivers/swift/store.py:1028}}
Jul 22 06:26:25.148162 np0000005630 devstack@g-api.service[102927]: DEBUG swiftclient [None req-dc0cd4c3-971d-4b95-9a56-ea996b7ddb53 tempest-ServerBootFromVolumeStableRescueTest-1745944862 tempest-ServerBootFromVolumeStableRescueTest-1745944862-project-member] REQ: curl -i https://10.4.3.153:8080/v1/AUTH_3dd0689a42f14fb8b436cbe0a6a5fa0e/glance/5b08a9d1-f3fe-4827-85bb-3779f573f782 -X PUT -H "X-Object-Manifest: glance/5b08a9d1-f3fe-4827-85bb-3779f573f782-" -H "X-Auth-Token: gAAAAABqYGKQdDL_..." -H "Content-Length: 0" {{(pid=102927) http_log /opt/stack/data/venv/lib/python3.12/site-packages/swiftclient/client.py:160}}
Jul 22 06:26:25.148252 np0000005630 devstack@g-api.service[102927]: DEBUG swiftclient [None req-dc0cd4c3-971d-4b95-9a56-ea996b7ddb53 tempest-ServerBootFromVolumeStableRescueTest-1745944862 tempest-ServerBootFromVolumeStableRescueTest-1745944862-project-member] RESP STATUS: 201 Created {{(pid=102927) http_log /opt/stack/data/venv/lib/python3.12/site-packages/swiftclient/client.py:161}}
Jul 22 06:26:25.148420 np0000005630 devstack@g-api.service[102927]: DEBUG swiftclient [None req-dc0cd4c3-971d-4b95-9a56-ea996b7ddb53 tempest-ServerBootFromVolumeStableRescueTest-1745944862 tempest-ServerBootFromVolumeStableRescueTest-1745944862-project-member] RESP HEADERS: {'Date': 'Wed, 22 Jul 2026 06:26:25 GMT', 'Server': 'Apache/2.4.58 (Ubuntu)', 'Content-Type': 'text/html; charset=UTF-8', 'Content-Length': '0', 'Etag': 'd41d8cd98f00b204e9800998ecf8427e', 'Last-Modified': 'Wed, 22 Jul 2026 06:26:26 GMT', 'X-Trans-Id': 'txc2f934d5b1b84355bebe9-006a606291', 'X-Openstack-Request-Id': 'txc2f934d5b1b84355bebe9-006a606291', 'Connection': 'close'} {{(pid=102927) http_log /opt/stack/data/venv/lib/python3.12/site-packages/swiftclient/client.py:162}}
Jul 22 06:26:25.148866 np0000005630 devstack@g-api.service[102927]: INFO glance.location [None req-dc0cd4c3-971d-4b95-9a56-ea996b7ddb53 tempest-ServerBootFromVolumeStableRescueTest-1745944862 tempest-ServerBootFromVolumeStableRescueTest-1745944862-project-member] Image format matched and virtual size computed: 1073741824
Jul 22 06:26:25.190627 np0000005630 devstack@g-api.service[102927]: DEBUG glance_store.backend [None req-dc0cd4c3-971d-4b95-9a56-ea996b7ddb53 tempest-ServerBootFromVolumeStableRescueTest-1745944862 tempest-ServerBootFromVolumeStableRescueTest-1745944862-project-member] Attempting to import store swift {{(pid=102927) _load_store /opt/stack/data/venv/lib/python3.12/site-packages/glance_store/backend.py:215}}
Jul 22 06:26:25.192148 np0000005630 devstack@g-api.service[102927]: DEBUG glance_store.capabilities [None req-dc0cd4c3-971d-4b95-9a56-ea996b7ddb53 tempest-ServerBootFromVolumeStableRescueTest-1745944862 tempest-ServerBootFromVolumeStableRescueTest-1745944862-project-member] Store glance_store._drivers.swift.store.SingleTenantStore doesn't support updating dynamic storage capabilities. Please overwrite 'update_capabilities' method of the store to implement updating logics if needed. {{(pid=102927) update_capabilities /opt/stack/data/venv/lib/python3.12/site-packages/glance_store/capabilities.py:91}}
Jul 22 06:26:25.192306 np0000005630 devstack@g-api.service[102927]: DEBUG glance_store.driver [None req-dc0cd4c3-971d-4b95-9a56-ea996b7ddb53 tempest-ServerBootFromVolumeStableRescueTest-1745944862 tempest-ServerBootFromVolumeStableRescueTest-1745944862-project-member] Late loading location class glance_store._drivers.swift.store.StoreLocation {{(pid=102927) get_store_location_class /opt/stack/data/venv/lib/python3.12/site-packages/glance_store/driver.py:134}}
Jul 22 06:26:25.192483 np0000005630 devstack@g-api.service[102927]: DEBUG glance_store.location [None req-dc0cd4c3-971d-4b95-9a56-ea996b7ddb53 tempest-ServerBootFromVolumeStableRescueTest-1745944862 tempest-ServerBootFromVolumeStableRescueTest-1745944862-project-member] Registering scheme swift+https with {'store': , 'location_class': , 'store_entry': 'swift'} {{(pid=102927) register_scheme_map /opt/stack/data/venv/lib/python3.12/site-packages/glance_store/location.py:146}}
