Jul 22 06:25:23.301903 np0000005630 devstack@n-api.service[87392]: DEBUG oslo_concurrency.lockutils [None req-7269408d-4a24-4473-ae9a-928dbe543969 tempest-ServersNegativeTestJSON-370157565 tempest-ServersNegativeTestJSON-370157565-project-member] Lock "dbb4d757-e30c-417b-9d9d-e51e5be268e5" acquired by "nova.context.set_target_cell..get_or_set_cached_cell_and_set_connections" :: waited 0.000s {{(pid=87392) inner /opt/stack/data/venv/lib/python3.12/site-packages/oslo_concurrency/lockutils.py:525}}
Jul 22 06:25:23.301903 np0000005630 devstack@n-api.service[87392]: DEBUG oslo_concurrency.lockutils [None req-7269408d-4a24-4473-ae9a-928dbe543969 tempest-ServersNegativeTestJSON-370157565 tempest-ServersNegativeTestJSON-370157565-project-member] Lock "dbb4d757-e30c-417b-9d9d-e51e5be268e5" "released" by "nova.context.set_target_cell..get_or_set_cached_cell_and_set_connections" :: held 0.000s {{(pid=87392) inner /opt/stack/data/venv/lib/python3.12/site-packages/oslo_concurrency/lockutils.py:544}}
Jul 22 06:25:23.301903 np0000005630 devstack@n-api.service[87392]: DEBUG oslo_concurrency.lockutils [None req-7269408d-4a24-4473-ae9a-928dbe543969 tempest-ServersNegativeTestJSON-370157565 tempest-ServersNegativeTestJSON-370157565-project-member] Acquiring lock "dbb4d757-e30c-417b-9d9d-e51e5be268e5" by "nova.context.set_target_cell..get_or_set_cached_cell_and_set_connections" {{(pid=87392) inner /opt/stack/data/venv/lib/python3.12/site-packages/oslo_concurrency/lockutils.py:512}}
Jul 22 06:25:23.302150 np0000005630 devstack@n-api.service[87392]: DEBUG oslo_concurrency.lockutils [None req-7269408d-4a24-4473-ae9a-928dbe543969 tempest-ServersNegativeTestJSON-370157565 tempest-ServersNegativeTestJSON-370157565-project-member] Lock "dbb4d757-e30c-417b-9d9d-e51e5be268e5" acquired by "nova.context.set_target_cell..get_or_set_cached_cell_and_set_connections" :: waited 0.000s {{(pid=87392) inner /opt/stack/data/venv/lib/python3.12/site-packages/oslo_concurrency/lockutils.py:525}}
Jul 22 06:25:23.302511 np0000005630 devstack@n-api.service[87392]: DEBUG oslo_concurrency.lockutils [None req-7269408d-4a24-4473-ae9a-928dbe543969 tempest-ServersNegativeTestJSON-370157565 tempest-ServersNegativeTestJSON-370157565-project-member] Lock "dbb4d757-e30c-417b-9d9d-e51e5be268e5" "released" by "nova.context.set_target_cell..get_or_set_cached_cell_and_set_connections" :: held 0.000s {{(pid=87392) inner /opt/stack/data/venv/lib/python3.12/site-packages/oslo_concurrency/lockutils.py:544}}
Jul 22 06:25:23.321481 np0000005630 devstack@n-api.service[87393]: DEBUG nova.api.openstack.wsgi [req-19fefff9-7d60-41c3-a5c1-b3a934c79777 req-6491649a-0ce6-4d4b-9ab5-317db7565289 service nova] Action: 'create', calling method: >, body: {"events": [{"server_uuid": "f22135a8-e032-40ea-8083-952505ccb9e0", "name": "network-vif-plugged", "status": "completed", "tag": "d3b6b88d-f30c-4511-9339-487d91bc2bd6"}, {"server_uuid": "f22135a8-e032-40ea-8083-952505ccb9e0", "name": "network-vif-plugged", "status": "completed", "tag": "d3b6b88d-f30c-4511-9339-487d91bc2bd6"}]} {{(pid=87393) _process_stack /opt/stack/nova/nova/api/openstack/wsgi.py:549}}
Jul 22 06:25:23.334023 np0000005630 devstack@n-api.service[87393]: DEBUG oslo_concurrency.lockutils [req-19fefff9-7d60-41c3-a5c1-b3a934c79777 req-6491649a-0ce6-4d4b-9ab5-317db7565289 service nova] Acquiring lock "dbb4d757-e30c-417b-9d9d-e51e5be268e5" by "nova.context.set_target_cell..get_or_set_cached_cell_and_set_connections" {{(pid=87393) inner /opt/stack/data/venv/lib/python3.12/site-packages/oslo_concurrency/lockutils.py:512}}
Jul 22 06:25:23.334362 np0000005630 devstack@n-api.service[87393]: DEBUG oslo_concurrency.lockutils [req-19fefff9-7d60-41c3-a5c1-b3a934c79777 req-6491649a-0ce6-4d4b-9ab5-317db7565289 service nova] Lock "dbb4d757-e30c-417b-9d9d-e51e5be268e5" acquired by "nova.context.set_target_cell..get_or_set_cached_cell_and_set_connections" :: waited 0.000s {{(pid=87393) inner /opt/stack/data/venv/lib/python3.12/site-packages/oslo_concurrency/lockutils.py:525}}
Jul 22 06:25:23.334430 np0000005630 devstack@n-api.service[87393]: DEBUG oslo_concurrency.lockutils [req-19fefff9-7d60-41c3-a5c1-b3a934c79777 req-6491649a-0ce6-4d4b-9ab5-317db7565289 service nova] Lock "dbb4d757-e30c-417b-9d9d-e51e5be268e5" "released" by "nova.context.set_target_cell..get_or_set_cached_cell_and_set_connections" :: held 0.000s {{(pid=87393) inner /opt/stack/data/venv/lib/python3.12/site-packages/oslo_concurrency/lockutils.py:544}}
Jul 22 06:25:23.336405 np0000005630 devstack@n-api.service[87392]: WARNING neutronclient.v2_0.client [None req-7269408d-4a24-4473-ae9a-928dbe543969 tempest-ServersNegativeTestJSON-370157565 tempest-ServersNegativeTestJSON-370157565-project-member] The python binding code in neutronclient is deprecated in favor of OpenstackSDK, please use that as this will be removed in a future release.
Jul 22 06:25:23.341407 np0000005630 devstack@n-api.service[87393]: INFO nova.api.openstack.compute.server_external_events [req-19fefff9-7d60-41c3-a5c1-b3a934c79777 req-6491649a-0ce6-4d4b-9ab5-317db7565289 service nova] Creating event network-vif-plugged:d3b6b88d-f30c-4511-9339-487d91bc2bd6 for instance f22135a8-e032-40ea-8083-952505ccb9e0 on np0000005630
Jul 22 06:25:23.341682 np0000005630 devstack@n-api.service[87393]: INFO nova.api.openstack.compute.server_external_events [req-19fefff9-7d60-41c3-a5c1-b3a934c79777 req-6491649a-0ce6-4d4b-9ab5-317db7565289 service nova] Creating event network-vif-plugged:d3b6b88d-f30c-4511-9339-487d91bc2bd6 for instance f22135a8-e032-40ea-8083-952505ccb9e0 on np0000005630
Jul 22 06:25:23.342140 np0000005630 devstack@n-api.service[87393]: DEBUG nova.compute.rpcapi [req-19fefff9-7d60-41c3-a5c1-b3a934c79777 req-6491649a-0ce6-4d4b-9ab5-317db7565289 service nova] RPC: Sending the message to topic: compute-alt {{(pid=87393) prepare_for_alt_rpcserver /opt/stack/nova/nova/compute/rpcapi.py:595}}
Jul 22 06:25:23.346933 np0000005630 devstack@n-api.service[87393]: INFO nova.api.openstack.requestlog [req-19fefff9-7d60-41c3-a5c1-b3a934c79777 req-6491649a-0ce6-4d4b-9ab5-317db7565289 service nova] 10.4.3.153 "POST /compute/v2.1/os-server-external-events" status: 200 len: 354 microversion: 2.1 time: 0.028216
Jul 22 06:25:23.347254 np0000005630 devstack@n-api.service[87393]: [pid: 87393|app: 0|req: 30/107] 10.4.3.153 () {72 vars in 1432 bytes} [Wed Jul 22 06:25:23 2026] POST /compute/v2.1/os-server-external-events => generated 354 bytes in 29 msecs (HTTP/1.1 200) 9 headers in 357 bytes (1 switches on core 0)
Jul 22 06:25:23.960480 np0000005630 devstack@n-api.service[87391]: DEBUG nova.policy [None req-ae1aa1eb-cbe2-43de-bbd2-221657f0eba3 tempest-TestMultiAttachVolumeSwap-574738981 tempest-TestMultiAttachVolumeSwap-574738981-project-member] Policy check for os_compute_api:os-extended-server-attributes failed with credentials {'is_admin': False, 'user_id': '75c7ee752c2148e9bf51afd038864fa7', 'user_domain_id': 'default', 'system_scope': None, 'domain_id': None, 'project_id': 'cab58a47641c45f3978440c52115c12e', 'project_domain_id': 'default', 'roles': ['member', 'reader'], 'is_admin_project': True, 'service_user_id': None, 'service_user_domain_id': None, 'service_project_id': None, 'service_project_domain_id': None, 'service_roles': []} {{(pid=87391) authorize /opt/stack/nova/nova/policy.py:192}}
Jul 22 06:25:23.966678 np0000005630 devstack@n-api.service[87391]: DEBUG nova.policy [None req-ae1aa1eb-cbe2-43de-bbd2-221657f0eba3 tempest-TestMultiAttachVolumeSwap-574738981 tempest-TestMultiAttachVolumeSwap-574738981-project-member] Policy check for os_compute_api:servers:show:host_status failed with credentials {'is_admin': False, 'user_id': '75c7ee752c2148e9bf51afd038864fa7', 'user_domain_id': 'default', 'system_scope': None, 'domain_id': None, 'project_id': 'cab58a47641c45f3978440c52115c12e', 'project_domain_id': 'default', 'roles': ['member', 'reader'], 'is_admin_project': True, 'service_user_id': None, 'service_user_domain_id': None, 'service_project_id': None, 'service_project_domain_id': None, 'service_roles': []} {{(pid=87391) authorize /opt/stack/nova/nova/policy.py:192}}
Jul 22 06:25:23.968876 np0000005630 devstack@n-api.service[87391]: DEBUG nova.policy [None req-ae1aa1eb-cbe2-43de-bbd2-221657f0eba3 tempest-TestMultiAttachVolumeSwap-574738981 tempest-TestMultiAttachVolumeSwap-574738981-project-member] Policy check for os_compute_api:servers:show:host_status:unknown-only failed with credentials {'is_admin': False, 'user_id': '75c7ee752c2148e9bf51afd038864fa7', 'user_domain_id': 'default', 'system_scope': None, 'domain_id': None, 'project_id': 'cab58a47641c45f3978440c52115c12e', 'project_domain_id': 'default', 'roles': ['member', 'reader'], 'is_admin_project': True, 'service_user_id': None, 'service_user_domain_id': None, 'service_project_id': None, 'service_project_domain_id': None, 'service_roles': []} {{(pid=87391) authorize /opt/stack/nova/nova/policy.py:192}}
Jul 22 06:25:23.977057 np0000005630 devstack@n-api.service[87391]: INFO nova.api.openstack.requestlog [None req-ae1aa1eb-cbe2-43de-bbd2-221657f0eba3 tempest-TestMultiAttachVolumeSwap-574738981 tempest-TestMultiAttachVolumeSwap-574738981-project-member] 10.4.3.153 "GET /compute/v2.1/servers/efbdc76a-4893-43e7-9594-4d107c7b95b3" status: 200 len: 1458 microversion: 2.60 time: 0.749115
Jul 22 06:25:23.977510 np0000005630 devstack@n-api.service[87391]: [pid: 87391|app: 0|req: 26/108] 10.4.3.153 () {68 vars in 1395 bytes} [Wed Jul 22 06:25:23 2026] GET /compute/v2.1/servers/efbdc76a-4893-43e7-9594-4d107c7b95b3 => generated 1458 bytes in 750 msecs (HTTP/1.1 200) 9 headers in 360 bytes (1 switches on core 0)
Jul 22 06:25:23.992931 np0000005630 devstack@n-api.service[87392]: DEBUG nova.policy [None req-7269408d-4a24-4473-ae9a-928dbe543969 tempest-ServersNegativeTestJSON-370157565 tempest-ServersNegativeTestJSON-370157565-project-member] Policy check for os_compute_api:os-extended-server-attributes failed with credentials {'is_admin': False, 'user_id': '6e95c47c99f24d44a3e5c0e084d3133b', 'user_domain_id': 'default', 'system_scope': None, 'domain_id': None, 'project_id': '602342fb137f47078a6690113eae058b', 'project_domain_id': 'default', 'roles': ['member', 'reader'], 'is_admin_project': True, 'service_user_id': None, 'service_user_domain_id': None, 'service_project_id': None, 'service_project_domain_id': None, 'service_roles': []} {{(pid=87392) authorize /opt/stack/nova/nova/policy.py:192}}
Jul 22 06:25:24.002507 np0000005630 devstack@n-api.service[87392]: INFO nova.api.openstack.requestlog [None req-7269408d-4a24-4473-ae9a-928dbe543969 tempest-ServersNegativeTestJSON-370157565 tempest-ServersNegativeTestJSON-370157565-project-member] 10.4.3.153 "GET /compute/v2.1/servers/86a078ac-4648-476b-8cf7-00d4f8880561" status: 200 len: 1508 microversion: 2.1 time: 0.713124
Jul 22 06:25:24.002507 np0000005630 devstack@n-api.service[87392]: [pid: 87392|app: 0|req: 31/109] 10.4.3.153 () {66 vars in 1354 bytes} [Wed Jul 22 06:25:23 2026] GET /compute/v2.1/servers/86a078ac-4648-476b-8cf7-00d4f8880561 => generated 1508 bytes in 714 msecs (HTTP/1.1 200) 9 headers in 358 bytes (2 switches on core 0)
Jul 22 06:25:24.083061 np0000005630 devstack@n-api.service[87392]: DEBUG dbcounter [-] [87392] Writing DB stats nova_cell0:SELECT=4 {{(pid=87392) stat_writer /opt/stack/data/venv/lib/python3.12/site-packages/dbcounter.py:115}}
Jul 22 06:25:24.426768 np0000005630 devstack@n-api.service[87393]: DEBUG nova.api.openstack.wsgi [req-8ceca34b-74b3-4241-a427-7a5364867d24 req-d2a9680e-addc-4824-a0d5-d77124748fea service nova] Action: 'create', calling method: >, body: {"events": [{"server_uuid": "efbdc76a-4893-43e7-9594-4d107c7b95b3", "name": "network-vif-plugged", "status": "completed", "tag": "c604f451-8643-4b2b-9141-c90c3833efbc"}, {"server_uuid": "86a078ac-4648-476b-8cf7-00d4f8880561", "name": "network-vif-unplugged", "status": "completed", "tag": "d8fe096a-1e84-4dc3-8e46-08be61c803fa"}]} {{(pid=87393) _process_stack /opt/stack/nova/nova/api/openstack/wsgi.py:549}}
Jul 22 06:25:24.434874 np0000005630 devstack@n-api.service[87393]: DEBUG oslo_concurrency.lockutils [req-8ceca34b-74b3-4241-a427-7a5364867d24 req-d2a9680e-addc-4824-a0d5-d77124748fea service nova] Acquiring lock "dbb4d757-e30c-417b-9d9d-e51e5be268e5" by "nova.context.set_target_cell..get_or_set_cached_cell_and_set_connections" {{(pid=87393) inner /opt/stack/data/venv/lib/python3.12/site-packages/oslo_concurrency/lockutils.py:512}}
Jul 22 06:25:24.438335 np0000005630 devstack@n-api.service[87393]: DEBUG oslo_concurrency.lockutils [req-8ceca34b-74b3-4241-a427-7a5364867d24 req-d2a9680e-addc-4824-a0d5-d77124748fea service nova] Lock "dbb4d757-e30c-417b-9d9d-e51e5be268e5" acquired by "nova.context.set_target_cell..get_or_set_cached_cell_and_set_connections" :: waited 0.000s {{(pid=87393) inner /opt/stack/data/venv/lib/python3.12/site-packages/oslo_concurrency/lockutils.py:525}}
Jul 22 06:25:24.438335 np0000005630 devstack@n-api.service[87393]: DEBUG oslo_concurrency.lockutils [req-8ceca34b-74b3-4241-a427-7a5364867d24 req-d2a9680e-addc-4824-a0d5-d77124748fea service nova] Lock "dbb4d757-e30c-417b-9d9d-e51e5be268e5" "released" by "nova.context.set_target_cell..get_or_set_cached_cell_and_set_connections" :: held 0.000s {{(pid=87393) inner /opt/stack/data/venv/lib/python3.12/site-packages/oslo_concurrency/lockutils.py:544}}
Jul 22 06:25:24.447913 np0000005630 devstack@n-api.service[87393]: INFO nova.api.openstack.compute.server_external_events [req-8ceca34b-74b3-4241-a427-7a5364867d24 req-d2a9680e-addc-4824-a0d5-d77124748fea service nova] Creating event network-vif-plugged:c604f451-8643-4b2b-9141-c90c3833efbc for instance efbdc76a-4893-43e7-9594-4d107c7b95b3 on np0000005630
Jul 22 06:25:24.447913 np0000005630 devstack@n-api.service[87393]: INFO nova.api.openstack.compute.server_external_events [req-8ceca34b-74b3-4241-a427-7a5364867d24 req-d2a9680e-addc-4824-a0d5-d77124748fea service nova] Creating event network-vif-unplugged:d8fe096a-1e84-4dc3-8e46-08be61c803fa for instance 86a078ac-4648-476b-8cf7-00d4f8880561 on np0000005630
Jul 22 06:25:24.447913 np0000005630 devstack@n-api.service[87393]: DEBUG nova.compute.rpcapi [req-8ceca34b-74b3-4241-a427-7a5364867d24 req-d2a9680e-addc-4824-a0d5-d77124748fea service nova] RPC: Sending the message to topic: compute-alt {{(pid=87393) prepare_for_alt_rpcserver /opt/stack/nova/nova/compute/rpcapi.py:595}}
Jul 22 06:25:24.455632 np0000005630 devstack@n-api.service[87393]: INFO nova.api.openstack.requestlog [req-8ceca34b-74b3-4241-a427-7a5364867d24 req-d2a9680e-addc-4824-a0d5-d77124748fea service nova] 10.4.3.153 "POST /compute/v2.1/os-server-external-events" status: 200 len: 356 microversion: 2.1 time: 0.034823
Jul 22 06:25:24.456206 np0000005630 devstack@n-api.service[87393]: [pid: 87393|app: 0|req: 31/110] 10.4.3.153 () {72 vars in 1432 bytes} [Wed Jul 22 06:25:24 2026] POST /compute/v2.1/os-server-external-events => generated 356 bytes in 36 msecs (HTTP/1.1 200) 9 headers in 357 bytes (1 switches on core 0)
Jul 22 06:25:24.595442 np0000005630 devstack@n-api.service[87394]: WARNING neutronclient.v2_0.client [None req-9a9db768-e734-4086-9ad1-32a9e3379029 tempest-TaggedBootDevicesTest_v242-573339047 tempest-TaggedBootDevicesTest_v242-573339047-project-member] The python binding code in neutronclient is deprecated in favor of OpenstackSDK, please use that as this will be removed in a future release.
Jul 22 06:25:24.841595 np0000005630 devstack@n-api.service[87394]: WARNING neutronclient.v2_0.client [None req-9a9db768-e734-4086-9ad1-32a9e3379029 tempest-TaggedBootDevicesTest_v242-573339047 tempest-TaggedBootDevicesTest_v242-573339047-project-member] The python binding code in neutronclient is deprecated in favor of OpenstackSDK, please use that as this will be removed in a future release.
Jul 22 06:25:24.936148 np0000005630 devstack@n-api.service[87394]: DEBUG nova.virt.hardware [None req-9a9db768-e734-4086-9ad1-32a9e3379029 tempest-TaggedBootDevicesTest_v242-573339047 tempest-TaggedBootDevicesTest_v242-573339047-project-member] Flavor limits 0:0:0 {{(pid=87394) get_cpu_topology_constraints /opt/stack/nova/nova/virt/hardware.py:516}}
Jul 22 06:25:24.936392 np0000005630 devstack@n-api.service[87394]: DEBUG nova.virt.hardware [None req-9a9db768-e734-4086-9ad1-32a9e3379029 tempest-TaggedBootDevicesTest_v242-573339047 tempest-TaggedBootDevicesTest_v242-573339047-project-member] Image limits 0:0:0 {{(pid=87394) get_cpu_topology_constraints /opt/stack/nova/nova/virt/hardware.py:520}}
Jul 22 06:25:24.936608 np0000005630 devstack@n-api.service[87394]: DEBUG nova.virt.hardware [None req-9a9db768-e734-4086-9ad1-32a9e3379029 tempest-TaggedBootDevicesTest_v242-573339047 tempest-TaggedBootDevicesTest_v242-573339047-project-member] Flavor pref 0:0:0 {{(pid=87394) get_cpu_topology_constraints /opt/stack/nova/nova/virt/hardware.py:556}}
Jul 22 06:25:24.936766 np0000005630 devstack@n-api.service[87394]: DEBUG nova.virt.hardware [None req-9a9db768-e734-4086-9ad1-32a9e3379029 tempest-TaggedBootDevicesTest_v242-573339047 tempest-TaggedBootDevicesTest_v242-573339047-project-member] Image pref 0:0:0 {{(pid=87394) get_cpu_topology_constraints /opt/stack/nova/nova/virt/hardware.py:560}}
Jul 22 06:25:24.936944 np0000005630 devstack@n-api.service[87394]: DEBUG nova.virt.hardware [None req-9a9db768-e734-4086-9ad1-32a9e3379029 tempest-TaggedBootDevicesTest_v242-573339047 tempest-TaggedBootDevicesTest_v242-573339047-project-member] Chose sockets=0, cores=0, threads=0; limits were sockets=65536, cores=65536, threads=65536 {{(pid=87394) get_cpu_topology_constraints /opt/stack/nova/nova/virt/hardware.py:598}}
Jul 22 06:25:24.950616 np0000005630 devstack@n-api.service[87394]: DEBUG oslo_concurrency.lockutils [None req-9a9db768-e734-4086-9ad1-32a9e3379029 tempest-TaggedBootDevicesTest_v242-573339047 tempest-TaggedBootDevicesTest_v242-573339047-project-member] Acquiring lock "00000000-0000-0000-0000-000000000000" by "nova.context.set_target_cell..get_or_set_cached_cell_and_set_connections" {{(pid=87394) inner /opt/stack/data/venv/lib/python3.12/site-packages/oslo_concurrency/lockutils.py:512}}
Jul 22 06:25:24.950821 np0000005630 devstack@n-api.service[87394]: DEBUG oslo_concurrency.lockutils [None req-9a9db768-e734-4086-9ad1-32a9e3379029 tempest-TaggedBootDevicesTest_v242-573339047 tempest-TaggedBootDevicesTest_v242-573339047-project-member] Lock "00000000-0000-0000-0000-000000000000" acquired by "nova.context.set_target_cell..get_or_set_cached_cell_and_set_connections" :: waited 0.000s {{(pid=87394) inner /opt/stack/data/venv/lib/python3.12/site-packages/oslo_concurrency/lockutils.py:525}}
Jul 22 06:25:24.950993 np0000005630 devstack@n-api.service[87394]: DEBUG oslo_concurrency.lockutils [None req-9a9db768-e734-4086-9ad1-32a9e3379029 tempest-TaggedBootDevicesTest_v242-573339047 tempest-TaggedBootDevicesTest_v242-573339047-project-member] Lock "00000000-0000-0000-0000-000000000000" "released" by "nova.context.set_target_cell..get_or_set_cached_cell_and_set_connections" :: held 0.000s {{(pid=87394) inner /opt/stack/data/venv/lib/python3.12/site-packages/oslo_concurrency/lockutils.py:544}}
Jul 22 06:25:24.952056 np0000005630 devstack@n-api.service[87394]: DEBUG oslo_concurrency.lockutils [None req-9a9db768-e734-4086-9ad1-32a9e3379029 tempest-TaggedBootDevicesTest_v242-573339047 tempest-TaggedBootDevicesTest_v242-573339047-project-member] Acquiring lock "dbb4d757-e30c-417b-9d9d-e51e5be268e5" by "nova.context.set_target_cell..get_or_set_cached_cell_and_set_connections" {{(pid=87394) inner /opt/stack/data/venv/lib/python3.12/site-packages/oslo_concurrency/lockutils.py:512}}
Jul 22 06:25:24.952056 np0000005630 devstack@n-api.service[87394]: DEBUG oslo_concurrency.lockutils [None req-9a9db768-e734-4086-9ad1-32a9e3379029 tempest-TaggedBootDevicesTest_v242-573339047 tempest-TaggedBootDevicesTest_v242-573339047-project-member] Lock "dbb4d757-e30c-417b-9d9d-e51e5be268e5" acquired by "nova.context.set_target_cell..get_or_set_cached_cell_and_set_connections" :: waited 0.000s {{(pid=87394) inner /opt/stack/data/venv/lib/python3.12/site-packages/oslo_concurrency/lockutils.py:525}}
Jul 22 06:25:24.952056 np0000005630 devstack@n-api.service[87394]: DEBUG oslo_concurrency.lockutils [None req-9a9db768-e734-4086-9ad1-32a9e3379029 tempest-TaggedBootDevicesTest_v242-573339047 tempest-TaggedBootDevicesTest_v242-573339047-project-member] Lock "dbb4d757-e30c-417b-9d9d-e51e5be268e5" "released" by "nova.context.set_target_cell..get_or_set_cached_cell_and_set_connections" :: held 0.000s {{(pid=87394) inner /opt/stack/data/venv/lib/python3.12/site-packages/oslo_concurrency/lockutils.py:544}}
Jul 22 06:25:24.968170 np0000005630 devstack@n-api.service[87394]: DEBUG nova.quota [None req-9a9db768-e734-4086-9ad1-32a9e3379029 tempest-TaggedBootDevicesTest_v242-573339047 tempest-TaggedBootDevicesTest_v242-573339047-project-member] Getting quotas for project 8fd4f85c4c204f6fbe7d677851278d50. Resources: {'cores', 'instances', 'ram'} {{(pid=87394) _get_quotas /opt/stack/nova/nova/quota.py:389}}
Jul 22 06:25:24.971492 np0000005630 devstack@n-api.service[87394]: DEBUG nova.quota [None req-9a9db768-e734-4086-9ad1-32a9e3379029 tempest-TaggedBootDevicesTest_v242-573339047 tempest-TaggedBootDevicesTest_v242-573339047-project-member] Getting quotas for user 50272545945f4106ac99b37c6ef9d592 and project 8fd4f85c4c204f6fbe7d677851278d50. Resources: {'cores', 'instances', 'ram'} {{(pid=87394) _get_quotas /opt/stack/nova/nova/quota.py:379}}
Jul 22 06:25:25.003175 np0000005630 devstack@n-api.service[87391]: DEBUG nova.api.openstack.wsgi [None req-e028f7a1-d6b7-4a93-8199-2d9af838f9e9 tempest-TestMultiAttachVolumeSwap-574738981 tempest-TestMultiAttachVolumeSwap-574738981-project-member] Calling method '>' {{(pid=87391) _process_stack /opt/stack/nova/nova/api/openstack/wsgi.py:551}}
Jul 22 06:25:25.008918 np0000005630 devstack@n-api.service[87391]: DEBUG nova.compute.api [None req-e028f7a1-d6b7-4a93-8199-2d9af838f9e9 tempest-TestMultiAttachVolumeSwap-574738981 tempest-TestMultiAttachVolumeSwap-574738981-project-member] [instance: efbdc76a-4893-43e7-9594-4d107c7b95b3] Fetching instance by UUID {{(pid=87391) get /opt/stack/nova/nova/compute/api.py:3068}}
Jul 22 06:25:25.020722 np0000005630 devstack@n-api.service[87391]: DEBUG oslo_concurrency.lockutils [None req-e028f7a1-d6b7-4a93-8199-2d9af838f9e9 tempest-TestMultiAttachVolumeSwap-574738981 tempest-TestMultiAttachVolumeSwap-574738981-project-member] Acquiring lock "dbb4d757-e30c-417b-9d9d-e51e5be268e5" by "nova.context.set_target_cell..get_or_set_cached_cell_and_set_connections" {{(pid=87391) inner /opt/stack/data/venv/lib/python3.12/site-packages/oslo_concurrency/lockutils.py:512}}
Jul 22 06:25:25.021181 np0000005630 devstack@n-api.service[87391]: DEBUG oslo_concurrency.lockutils [None req-e028f7a1-d6b7-4a93-8199-2d9af838f9e9 tempest-TestMultiAttachVolumeSwap-574738981 tempest-TestMultiAttachVolumeSwap-574738981-project-member] Lock "dbb4d757-e30c-417b-9d9d-e51e5be268e5" acquired by "nova.context.set_target_cell..get_or_set_cached_cell_and_set_connections" :: waited 0.000s {{(pid=87391) inner /opt/stack/data/venv/lib/python3.12/site-packages/oslo_concurrency/lockutils.py:525}}
Jul 22 06:25:25.023063 np0000005630 devstack@n-api.service[87391]: DEBUG oslo_concurrency.lockutils [None req-e028f7a1-d6b7-4a93-8199-2d9af838f9e9 tempest-TestMultiAttachVolumeSwap-574738981 tempest-TestMultiAttachVolumeSwap-574738981-project-member] Lock "dbb4d757-e30c-417b-9d9d-e51e5be268e5" "released" by "nova.context.set_target_cell..get_or_set_cached_cell_and_set_connections" :: held 0.000s {{(pid=87391) inner /opt/stack/data/venv/lib/python3.12/site-packages/oslo_concurrency/lockutils.py:544}}
Jul 22 06:25:25.023063 np0000005630 devstack@n-api.service[87391]: DEBUG oslo_concurrency.lockutils [None req-e028f7a1-d6b7-4a93-8199-2d9af838f9e9 tempest-TestMultiAttachVolumeSwap-574738981 tempest-TestMultiAttachVolumeSwap-574738981-project-member] Acquiring lock "dbb4d757-e30c-417b-9d9d-e51e5be268e5" by "nova.context.set_target_cell..get_or_set_cached_cell_and_set_connections" {{(pid=87391) inner /opt/stack/data/venv/lib/python3.12/site-packages/oslo_concurrency/lockutils.py:512}}
Jul 22 06:25:25.023063 np0000005630 devstack@n-api.service[87391]: DEBUG oslo_concurrency.lockutils [None req-e028f7a1-d6b7-4a93-8199-2d9af838f9e9 tempest-TestMultiAttachVolumeSwap-574738981 tempest-TestMultiAttachVolumeSwap-574738981-project-member] Lock "dbb4d757-e30c-417b-9d9d-e51e5be268e5" acquired by "nova.context.set_target_cell..get_or_set_cached_cell_and_set_connections" :: waited 0.000s {{(pid=87391) inner /opt/stack/data/venv/lib/python3.12/site-packages/oslo_concurrency/lockutils.py:525}}
Jul 22 06:25:25.023063 np0000005630 devstack@n-api.service[87391]: DEBUG oslo_concurrency.lockutils [None req-e028f7a1-d6b7-4a93-8199-2d9af838f9e9 tempest-TestMultiAttachVolumeSwap-574738981 tempest-TestMultiAttachVolumeSwap-574738981-project-member] Lock "dbb4d757-e30c-417b-9d9d-e51e5be268e5" "released" by "nova.context.set_target_cell..get_or_set_cached_cell_and_set_connections" :: held 0.000s {{(pid=87391) inner /opt/stack/data/venv/lib/python3.12/site-packages/oslo_concurrency/lockutils.py:544}}
Jul 22 06:25:25.024611 np0000005630 devstack@n-api.service[87392]: DEBUG nova.api.openstack.wsgi [None req-6d90416f-8598-4364-9dd2-b130c1bb15c1 tempest-ServersNegativeTestJSON-370157565 tempest-ServersNegativeTestJSON-370157565-project-member] Calling method '>' {{(pid=87392) _process_stack /opt/stack/nova/nova/api/openstack/wsgi.py:551}}
Jul 22 06:25:25.026609 np0000005630 devstack@n-api.service[87392]: DEBUG nova.compute.api [None req-6d90416f-8598-4364-9dd2-b130c1bb15c1 tempest-ServersNegativeTestJSON-370157565 tempest-ServersNegativeTestJSON-370157565-project-member] [instance: 86a078ac-4648-476b-8cf7-00d4f8880561] Fetching instance by UUID {{(pid=87392) get /opt/stack/nova/nova/compute/api.py:3068}}
Jul 22 06:25:25.037904 np0000005630 devstack@n-api.service[87392]: DEBUG oslo_concurrency.lockutils [None req-6d90416f-8598-4364-9dd2-b130c1bb15c1 tempest-ServersNegativeTestJSON-370157565 tempest-ServersNegativeTestJSON-370157565-project-member] Acquiring lock "dbb4d757-e30c-417b-9d9d-e51e5be268e5" by "nova.context.set_target_cell..get_or_set_cached_cell_and_set_connections" {{(pid=87392) inner /opt/stack/data/venv/lib/python3.12/site-packages/oslo_concurrency/lockutils.py:512}}
Jul 22 06:25:25.038149 np0000005630 devstack@n-api.service[87392]: DEBUG oslo_concurrency.lockutils [None req-6d90416f-8598-4364-9dd2-b130c1bb15c1 tempest-ServersNegativeTestJSON-370157565 tempest-ServersNegativeTestJSON-370157565-project-member] Lock "dbb4d757-e30c-417b-9d9d-e51e5be268e5" acquired by "nova.context.set_target_cell..get_or_set_cached_cell_and_set_connections" :: waited 0.000s {{(pid=87392) inner /opt/stack/data/venv/lib/python3.12/site-packages/oslo_concurrency/lockutils.py:525}}
Jul 22 06:25:25.039000 np0000005630 devstack@n-api.service[87392]: DEBUG oslo_concurrency.lockutils [None req-6d90416f-8598-4364-9dd2-b130c1bb15c1 tempest-ServersNegativeTestJSON-370157565 tempest-ServersNegativeTestJSON-370157565-project-member] Lock "dbb4d757-e30c-417b-9d9d-e51e5be268e5" "released" by "nova.context.set_target_cell..get_or_set_cached_cell_and_set_connections" :: held 0.000s {{(pid=87392) inner /opt/stack/data/venv/lib/python3.12/site-packages/oslo_concurrency/lockutils.py:544}}
Jul 22 06:25:25.039124 np0000005630 devstack@n-api.service[87392]: DEBUG oslo_concurrency.lockutils [None req-6d90416f-8598-4364-9dd2-b130c1bb15c1 tempest-ServersNegativeTestJSON-370157565 tempest-ServersNegativeTestJSON-370157565-project-member] Acquiring lock "dbb4d757-e30c-417b-9d9d-e51e5be268e5" by "nova.context.set_target_cell..get_or_set_cached_cell_and_set_connections" {{(pid=87392) inner /opt/stack/data/venv/lib/python3.12/site-packages/oslo_concurrency/lockutils.py:512}}
Jul 22 06:25:25.039597 np0000005630 devstack@n-api.service[87392]: DEBUG oslo_concurrency.lockutils [None req-6d90416f-8598-4364-9dd2-b130c1bb15c1 tempest-ServersNegativeTestJSON-370157565 tempest-ServersNegativeTestJSON-370157565-project-member] Lock "dbb4d757-e30c-417b-9d9d-e51e5be268e5" acquired by "nova.context.set_target_cell..get_or_set_cached_cell_and_set_connections" :: waited 0.000s {{(pid=87392) inner /opt/stack/data/venv/lib/python3.12/site-packages/oslo_concurrency/lockutils.py:525}}
Jul 22 06:25:25.040048 np0000005630 devstack@n-api.service[87392]: DEBUG oslo_concurrency.lockutils [None req-6d90416f-8598-4364-9dd2-b130c1bb15c1 tempest-ServersNegativeTestJSON-370157565 tempest-ServersNegativeTestJSON-370157565-project-member] Lock "dbb4d757-e30c-417b-9d9d-e51e5be268e5" "released" by "nova.context.set_target_cell..get_or_set_cached_cell_and_set_connections" :: held 0.000s {{(pid=87392) inner /opt/stack/data/venv/lib/python3.12/site-packages/oslo_concurrency/lockutils.py:544}}
Jul 22 06:25:25.049196 np0000005630 devstack@n-api.service[87391]: WARNING neutronclient.v2_0.client [None req-e028f7a1-d6b7-4a93-8199-2d9af838f9e9 tempest-TestMultiAttachVolumeSwap-574738981 tempest-TestMultiAttachVolumeSwap-574738981-project-member] The python binding code in neutronclient is deprecated in favor of OpenstackSDK, please use that as this will be removed in a future release.
Jul 22 06:25:25.057264 np0000005630 devstack@n-api.service[87392]: INFO nova.api.openstack.wsgi [None req-6d90416f-8598-4364-9dd2-b130c1bb15c1 tempest-ServersNegativeTestJSON-370157565 tempest-ServersNegativeTestJSON-370157565-project-member] HTTP exception thrown: Instance 86a078ac-4648-476b-8cf7-00d4f8880561 could not be found.
Jul 22 06:25:25.057610 np0000005630 devstack@n-api.service[87392]: DEBUG nova.api.openstack.wsgi [None req-6d90416f-8598-4364-9dd2-b130c1bb15c1 tempest-ServersNegativeTestJSON-370157565 tempest-ServersNegativeTestJSON-370157565-project-member] Returning 404 to user: Instance 86a078ac-4648-476b-8cf7-00d4f8880561 could not be found. {{(pid=87392) __call__ /opt/stack/nova/nova/api/openstack/wsgi.py:908}}
Jul 22 06:25:25.058129 np0000005630 devstack@n-api.service[87392]: INFO nova.api.openstack.requestlog [None req-6d90416f-8598-4364-9dd2-b130c1bb15c1 tempest-ServersNegativeTestJSON-370157565 tempest-ServersNegativeTestJSON-370157565-project-member] 10.4.3.153 "GET /compute/v2.1/servers/86a078ac-4648-476b-8cf7-00d4f8880561" status: 404 len: 111 microversion: 2.1 time: 0.039431
Jul 22 06:25:25.058541 np0000005630 devstack@n-api.service[87392]: [pid: 87392|app: 0|req: 32/111] 10.4.3.153 () {66 vars in 1354 bytes} [Wed Jul 22 06:25:25 2026] GET /compute/v2.1/servers/86a078ac-4648-476b-8cf7-00d4f8880561 => generated 111 bytes in 40 msecs (HTTP/1.1 404) 9 headers in 379 bytes (1 switches on core 0)
Jul 22 06:25:25.070036 np0000005630 devstack@n-api.service[87393]: DEBUG nova.api.openstack.wsgi [None req-2720fe4d-80b2-4316-a07b-bb9e6260761f tempest-ServersNegativeTestJSON-370157565 tempest-ServersNegativeTestJSON-370157565-project-member] Calling method '>' {{(pid=87393) _process_stack /opt/stack/nova/nova/api/openstack/wsgi.py:551}}
Jul 22 06:25:25.072556 np0000005630 devstack@n-api.service[87393]: DEBUG nova.compute.api [None req-2720fe4d-80b2-4316-a07b-bb9e6260761f tempest-ServersNegativeTestJSON-370157565 tempest-ServersNegativeTestJSON-370157565-project-member] [instance: 304cc548-1a66-411b-81ce-f89f5bd76cb0] Fetching instance by UUID {{(pid=87393) get /opt/stack/nova/nova/compute/api.py:3068}}
Jul 22 06:25:25.080669 np0000005630 devstack@n-api.service[87393]: DEBUG oslo_concurrency.lockutils [None req-2720fe4d-80b2-4316-a07b-bb9e6260761f tempest-ServersNegativeTestJSON-370157565 tempest-ServersNegativeTestJSON-370157565-project-member] Acquiring lock "dbb4d757-e30c-417b-9d9d-e51e5be268e5" by "nova.context.set_target_cell..get_or_set_cached_cell_and_set_connections" {{(pid=87393) inner /opt/stack/data/venv/lib/python3.12/site-packages/oslo_concurrency/lockutils.py:512}}
Jul 22 06:25:25.081013 np0000005630 devstack@n-api.service[87393]: DEBUG oslo_concurrency.lockutils [None req-2720fe4d-80b2-4316-a07b-bb9e6260761f tempest-ServersNegativeTestJSON-370157565 tempest-ServersNegativeTestJSON-370157565-project-member] Lock "dbb4d757-e30c-417b-9d9d-e51e5be268e5" acquired by "nova.context.set_target_cell..get_or_set_cached_cell_and_set_connections" :: waited 0.001s {{(pid=87393) inner /opt/stack/data/venv/lib/python3.12/site-packages/oslo_concurrency/lockutils.py:525}}
Jul 22 06:25:25.081841 np0000005630 devstack@n-api.service[87393]: DEBUG oslo_concurrency.lockutils [None req-2720fe4d-80b2-4316-a07b-bb9e6260761f tempest-ServersNegativeTestJSON-370157565 tempest-ServersNegativeTestJSON-370157565-project-member] Lock "dbb4d757-e30c-417b-9d9d-e51e5be268e5" "released" by "nova.context.set_target_cell..get_or_set_cached_cell_and_set_connections" :: held 0.000s {{(pid=87393) inner /opt/stack/data/venv/lib/python3.12/site-packages/oslo_concurrency/lockutils.py:544}}
Jul 22 06:25:25.082911 np0000005630 devstack@n-api.service[87393]: DEBUG oslo_concurrency.lockutils [None req-2720fe4d-80b2-4316-a07b-bb9e6260761f tempest-ServersNegativeTestJSON-370157565 tempest-ServersNegativeTestJSON-370157565-project-member] Acquiring lock "dbb4d757-e30c-417b-9d9d-e51e5be268e5" by "nova.context.set_target_cell..get_or_set_cached_cell_and_set_connections" {{(pid=87393) inner /opt/stack/data/venv/lib/python3.12/site-packages/oslo_concurrency/lockutils.py:512}}
Jul 22 06:25:25.083635 np0000005630 devstack@n-api.service[87393]: DEBUG oslo_concurrency.lockutils [None req-2720fe4d-80b2-4316-a07b-bb9e6260761f tempest-ServersNegativeTestJSON-370157565 tempest-ServersNegativeTestJSON-370157565-project-member] Lock "dbb4d757-e30c-417b-9d9d-e51e5be268e5" acquired by "nova.context.set_target_cell..get_or_set_cached_cell_and_set_connections" :: waited 0.001s {{(pid=87393) inner /opt/stack/data/venv/lib/python3.12/site-packages/oslo_concurrency/lockutils.py:525}}
Jul 22 06:25:25.084234 np0000005630 devstack@n-api.service[87393]: DEBUG oslo_concurrency.lockutils [None req-2720fe4d-80b2-4316-a07b-bb9e6260761f tempest-ServersNegativeTestJSON-370157565 tempest-ServersNegativeTestJSON-370157565-project-member] Lock "dbb4d757-e30c-417b-9d9d-e51e5be268e5" "released" by "nova.context.set_target_cell..get_or_set_cached_cell_and_set_connections" :: held 0.001s {{(pid=87393) inner /opt/stack/data/venv/lib/python3.12/site-packages/oslo_concurrency/lockutils.py:544}}
Jul 22 06:25:25.106016 np0000005630 devstack@n-api.service[87393]: WARNING neutronclient.v2_0.client [None req-2720fe4d-80b2-4316-a07b-bb9e6260761f tempest-ServersNegativeTestJSON-370157565 tempest-ServersNegativeTestJSON-370157565-project-member] The python binding code in neutronclient is deprecated in favor of OpenstackSDK, please use that as this will be removed in a future release.
Jul 22 06:25:25.153759 np0000005630 devstack@n-api.service[87394]: DEBUG nova.compute.api [None req-9a9db768-e734-4086-9ad1-32a9e3379029 tempest-TaggedBootDevicesTest_v242-573339047 tempest-TaggedBootDevicesTest_v242-573339047-project-member] Going to run 1 instances... {{(pid=87394) _provision_instances /opt/stack/nova/nova/compute/api.py:1480}}
Jul 22 06:25:25.155920 np0000005630 devstack@n-api.service[87394]: DEBUG nova.compute.api [None req-9a9db768-e734-4086-9ad1-32a9e3379029 tempest-TaggedBootDevicesTest_v242-573339047 tempest-TaggedBootDevicesTest_v242-573339047-project-member] [instance: a44c91fb-c114-489b-8c11-7df4f8f3cc66] block_device_mapping [BlockDeviceMapping(attachment_id=,boot_index=0,connection_info=None,created_at=,delete_on_termination=False,deleted=,deleted_at=,destination_type='volume',device_name=None,device_type=None,disk_bus=None,encrypted=False,encryption_format=None,encryption_options=None,encryption_secret_uuid=None,guest_format=None,id=,image_id=None,instance=,instance_uuid=,no_device=False,snapshot_id=None,source_type='volume',tag='boot',updated_at=,uuid=,volume_id='c4d2c3e8-30f3-4324-84f6-e2ed17408eca',volume_size=None,volume_type=None), BlockDeviceMapping(attachment_id=,boot_index=1,connection_info=None,created_at=,delete_on_termination=False,deleted=,deleted_at=,destination_type='volume',device_name=None,device_type=None,disk_bus=None,encrypted=False,encryption_format=None,encryption_options=None,encryption_secret_uuid=None,guest_format=None,id=,image_id=None,instance=,instance_uuid=,no_device=False,snapshot_id=None,source_type='volume',tag='other',updated_at=,uuid=,volume_id='97e1bfdc-3eee-4f56-a7bf-9351fbd81a00',volume_size=None,volume_type=None), BlockDeviceMapping(attachment_id=,boot_index=2,connection_info=None,created_at=,delete_on_termination=False,deleted=,deleted_at=,destination_type='volume',device_name=None,device_type=None,disk_bus=None,encrypted=False,encryption_format=None,encryption_options=None,encryption_secret_uuid=None,guest_format=None,id=,image_id=None,instance=,instance_uuid=,no_device=False,snapshot_id=None,source_type='volume',tag=None,updated_at=,uuid=,volume_id='b23876f7-9c8a-4d63-8d23-8d9ed17a81cf',volume_size=None,volume_type=None)] {{(pid=87394) _bdm_validate_set_size_and_instance /opt/stack/nova/nova/compute/api.py:1942}}
Jul 22 06:25:25.279879 np0000005630 devstack@n-api.service[87393]: DEBUG nova.policy [None req-2720fe4d-80b2-4316-a07b-bb9e6260761f tempest-ServersNegativeTestJSON-370157565 tempest-ServersNegativeTestJSON-370157565-project-member] Policy check for os_compute_api:os-extended-server-attributes failed with credentials {'is_admin': False, 'user_id': '6e95c47c99f24d44a3e5c0e084d3133b', 'user_domain_id': 'default', 'system_scope': None, 'domain_id': None, 'project_id': '602342fb137f47078a6690113eae058b', 'project_domain_id': 'default', 'roles': ['member', 'reader'], 'is_admin_project': True, 'service_user_id': None, 'service_user_domain_id': None, 'service_project_id': None, 'service_project_domain_id': None, 'service_roles': []} {{(pid=87393) authorize /opt/stack/nova/nova/policy.py:192}}
Jul 22 06:25:25.283693 np0000005630 devstack@n-api.service[87391]: DEBUG nova.policy [None req-e028f7a1-d6b7-4a93-8199-2d9af838f9e9 tempest-TestMultiAttachVolumeSwap-574738981 tempest-TestMultiAttachVolumeSwap-574738981-project-member] Policy check for os_compute_api:os-extended-server-attributes failed with credentials {'is_admin': False, 'user_id': '75c7ee752c2148e9bf51afd038864fa7', 'user_domain_id': 'default', 'system_scope': None, 'domain_id': None, 'project_id': 'cab58a47641c45f3978440c52115c12e', 'project_domain_id': 'default', 'roles': ['member', 'reader'], 'is_admin_project': True, 'service_user_id': None, 'service_user_domain_id': None, 'service_project_id': None, 'service_project_domain_id': None, 'service_roles': []} {{(pid=87391) authorize /opt/stack/nova/nova/policy.py:192}}
Jul 22 06:25:25.289878 np0000005630 devstack@n-api.service[87391]: DEBUG nova.policy [None req-e028f7a1-d6b7-4a93-8199-2d9af838f9e9 tempest-TestMultiAttachVolumeSwap-574738981 tempest-TestMultiAttachVolumeSwap-574738981-project-member] Policy check for os_compute_api:servers:show:host_status failed with credentials {'is_admin': False, 'user_id': '75c7ee752c2148e9bf51afd038864fa7', 'user_domain_id': 'default', 'system_scope': None, 'domain_id': None, 'project_id': 'cab58a47641c45f3978440c52115c12e', 'project_domain_id': 'default', 'roles': ['member', 'reader'], 'is_admin_project': True, 'service_user_id': None, 'service_user_domain_id': None, 'service_project_id': None, 'service_project_domain_id': None, 'service_roles': []} {{(pid=87391) authorize /opt/stack/nova/nova/policy.py:192}}
Jul 22 06:25:25.290450 np0000005630 devstack@n-api.service[87391]: DEBUG nova.policy [None req-e028f7a1-d6b7-4a93-8199-2d9af838f9e9 tempest-TestMultiAttachVolumeSwap-574738981 tempest-TestMultiAttachVolumeSwap-574738981-project-member] Policy check for os_compute_api:servers:show:host_status:unknown-only failed with credentials {'is_admin': False, 'user_id': '75c7ee752c2148e9bf51afd038864fa7', 'user_domain_id': 'default', 'system_scope': None, 'domain_id': None, 'project_id': 'cab58a47641c45f3978440c52115c12e', 'project_domain_id': 'default', 'roles': ['member', 'reader'], 'is_admin_project': True, 'service_user_id': None, 'service_user_domain_id': None, 'service_project_id': None, 'service_project_domain_id': None, 'service_roles': []} {{(pid=87391) authorize /opt/stack/nova/nova/policy.py:192}}
Jul 22 06:25:25.295510 np0000005630 devstack@n-api.service[87393]: INFO nova.api.openstack.requestlog [None req-2720fe4d-80b2-4316-a07b-bb9e6260761f tempest-ServersNegativeTestJSON-370157565 tempest-ServersNegativeTestJSON-370157565-project-member] 10.4.3.153 "GET /compute/v2.1/servers/304cc548-1a66-411b-81ce-f89f5bd76cb0" status: 200 len: 1502 microversion: 2.1 time: 0.227869
Jul 22 06:25:25.295652 np0000005630 devstack@n-api.service[87391]: INFO nova.api.openstack.requestlog [None req-e028f7a1-d6b7-4a93-8199-2d9af838f9e9 tempest-TestMultiAttachVolumeSwap-574738981 tempest-TestMultiAttachVolumeSwap-574738981-project-member] 10.4.3.153 "GET /compute/v2.1/servers/efbdc76a-4893-43e7-9594-4d107c7b95b3" status: 200 len: 1647 microversion: 2.60 time: 0.296243
Jul 22 06:25:25.295832 np0000005630 devstack@n-api.service[87393]: [pid: 87393|app: 0|req: 32/112] 10.4.3.153 () {66 vars in 1354 bytes} [Wed Jul 22 06:25:25 2026] GET /compute/v2.1/servers/304cc548-1a66-411b-81ce-f89f5bd76cb0 => generated 1502 bytes in 229 msecs (HTTP/1.1 200) 9 headers in 358 bytes (1 switches on core 0)
Jul 22 06:25:25.296704 np0000005630 devstack@n-api.service[87391]: [pid: 87391|app: 0|req: 27/113] 10.4.3.153 () {68 vars in 1395 bytes} [Wed Jul 22 06:25:24 2026] GET /compute/v2.1/servers/efbdc76a-4893-43e7-9594-4d107c7b95b3 => generated 1647 bytes in 298 msecs (HTTP/1.1 200) 9 headers in 360 bytes (1 switches on core 0)
Jul 22 06:25:25.321338 np0000005630 devstack@n-api.service[87392]: DEBUG nova.api.openstack.wsgi [None req-f86d690d-fbc7-4e59-999c-52d307c126ae tempest-TestMultiAttachVolumeSwap-574738981 tempest-TestMultiAttachVolumeSwap-574738981-project-member] Calling method '>' {{(pid=87392) _process_stack /opt/stack/nova/nova/api/openstack/wsgi.py:551}}
Jul 22 06:25:25.321338 np0000005630 devstack@n-api.service[87392]: DEBUG nova.compute.api [None req-f86d690d-fbc7-4e59-999c-52d307c126ae tempest-TestMultiAttachVolumeSwap-574738981 tempest-TestMultiAttachVolumeSwap-574738981-project-member] [instance: f22135a8-e032-40ea-8083-952505ccb9e0] Fetching instance by UUID {{(pid=87392) get /opt/stack/nova/nova/compute/api.py:3068}}
Jul 22 06:25:25.325790 np0000005630 devstack@n-api.service[87392]: DEBUG oslo_concurrency.lockutils [None req-f86d690d-fbc7-4e59-999c-52d307c126ae tempest-TestMultiAttachVolumeSwap-574738981 tempest-TestMultiAttachVolumeSwap-574738981-project-member] Acquiring lock "dbb4d757-e30c-417b-9d9d-e51e5be268e5" by "nova.context.set_target_cell..get_or_set_cached_cell_and_set_connections" {{(pid=87392) inner /opt/stack/data/venv/lib/python3.12/site-packages/oslo_concurrency/lockutils.py:512}}
Jul 22 06:25:25.326166 np0000005630 devstack@n-api.service[87392]: DEBUG oslo_concurrency.lockutils [None req-f86d690d-fbc7-4e59-999c-52d307c126ae tempest-TestMultiAttachVolumeSwap-574738981 tempest-TestMultiAttachVolumeSwap-574738981-project-member] Lock "dbb4d757-e30c-417b-9d9d-e51e5be268e5" acquired by "nova.context.set_target_cell..get_or_set_cached_cell_and_set_connections" :: waited 0.000s {{(pid=87392) inner /opt/stack/data/venv/lib/python3.12/site-packages/oslo_concurrency/lockutils.py:525}}
Jul 22 06:25:25.326620 np0000005630 devstack@n-api.service[87392]: DEBUG oslo_concurrency.lockutils [None req-f86d690d-fbc7-4e59-999c-52d307c126ae tempest-TestMultiAttachVolumeSwap-574738981 tempest-TestMultiAttachVolumeSwap-574738981-project-member] Lock "dbb4d757-e30c-417b-9d9d-e51e5be268e5" "released" by "nova.context.set_target_cell..get_or_set_cached_cell_and_set_connections" :: held 0.000s {{(pid=87392) inner /opt/stack/data/venv/lib/python3.12/site-packages/oslo_concurrency/lockutils.py:544}}
Jul 22 06:25:25.327179 np0000005630 devstack@n-api.service[87392]: DEBUG oslo_concurrency.lockutils [None req-f86d690d-fbc7-4e59-999c-52d307c126ae tempest-TestMultiAttachVolumeSwap-574738981 tempest-TestMultiAttachVolumeSwap-574738981-project-member] Acquiring lock "dbb4d757-e30c-417b-9d9d-e51e5be268e5" by "nova.context.set_target_cell..get_or_set_cached_cell_and_set_connections" {{(pid=87392) inner /opt/stack/data/venv/lib/python3.12/site-packages/oslo_concurrency/lockutils.py:512}}
Jul 22 06:25:25.327835 np0000005630 devstack@n-api.service[87392]: DEBUG oslo_concurrency.lockutils [None req-f86d690d-fbc7-4e59-999c-52d307c126ae tempest-TestMultiAttachVolumeSwap-574738981 tempest-TestMultiAttachVolumeSwap-574738981-project-member] Lock "dbb4d757-e30c-417b-9d9d-e51e5be268e5" acquired by "nova.context.set_target_cell..get_or_set_cached_cell_and_set_connections" :: waited 0.000s {{(pid=87392) inner /opt/stack/data/venv/lib/python3.12/site-packages/oslo_concurrency/lockutils.py:525}}
Jul 22 06:25:25.328287 np0000005630 devstack@n-api.service[87392]: DEBUG oslo_concurrency.lockutils [None req-f86d690d-fbc7-4e59-999c-52d307c126ae tempest-TestMultiAttachVolumeSwap-574738981 tempest-TestMultiAttachVolumeSwap-574738981-project-member] Lock "dbb4d757-e30c-417b-9d9d-e51e5be268e5" "released" by "nova.context.set_target_cell..get_or_set_cached_cell_and_set_connections" :: held 0.001s {{(pid=87392) inner /opt/stack/data/venv/lib/python3.12/site-packages/oslo_concurrency/lockutils.py:544}}
Jul 22 06:25:25.363339 np0000005630 devstack@n-api.service[87392]: WARNING neutronclient.v2_0.client [None req-f86d690d-fbc7-4e59-999c-52d307c126ae tempest-TestMultiAttachVolumeSwap-574738981 tempest-TestMultiAttachVolumeSwap-574738981-project-member] The python binding code in neutronclient is deprecated in favor of OpenstackSDK, please use that as this will be removed in a future release.
Jul 22 06:25:25.429751 np0000005630 devstack@n-api.service[87393]: DEBUG nova.api.openstack.wsgi [req-15d9f61f-5897-4c60-a400-2fb2acef1db8 req-315c34b2-5d6e-452e-80b2-6d8b1a3a1a20 service nova] Action: 'create', calling method: >, body: {"events": [{"server_uuid": "86a078ac-4648-476b-8cf7-00d4f8880561", "name": "network-vif-deleted", "tag": "d8fe096a-1e84-4dc3-8e46-08be61c803fa"}]} {{(pid=87393) _process_stack /opt/stack/nova/nova/api/openstack/wsgi.py:549}}
Jul 22 06:25:25.440992 np0000005630 devstack@n-api.service[87393]: DEBUG oslo_concurrency.lockutils [req-15d9f61f-5897-4c60-a400-2fb2acef1db8 req-315c34b2-5d6e-452e-80b2-6d8b1a3a1a20 service nova] Acquiring lock "dbb4d757-e30c-417b-9d9d-e51e5be268e5" by "nova.context.set_target_cell..get_or_set_cached_cell_and_set_connections" {{(pid=87393) inner /opt/stack/data/venv/lib/python3.12/site-packages/oslo_concurrency/lockutils.py:512}}
Jul 22 06:25:25.441231 np0000005630 devstack@n-api.service[87393]: DEBUG oslo_concurrency.lockutils [req-15d9f61f-5897-4c60-a400-2fb2acef1db8 req-315c34b2-5d6e-452e-80b2-6d8b1a3a1a20 service nova] Lock "dbb4d757-e30c-417b-9d9d-e51e5be268e5" acquired by "nova.context.set_target_cell..get_or_set_cached_cell_and_set_connections" :: waited 0.000s {{(pid=87393) inner /opt/stack/data/venv/lib/python3.12/site-packages/oslo_concurrency/lockutils.py:525}}
Jul 22 06:25:25.441445 np0000005630 devstack@n-api.service[87393]: DEBUG oslo_concurrency.lockutils [req-15d9f61f-5897-4c60-a400-2fb2acef1db8 req-315c34b2-5d6e-452e-80b2-6d8b1a3a1a20 service nova] Lock "dbb4d757-e30c-417b-9d9d-e51e5be268e5" "released" by "nova.context.set_target_cell..get_or_set_cached_cell_and_set_connections" :: held 0.000s {{(pid=87393) inner /opt/stack/data/venv/lib/python3.12/site-packages/oslo_concurrency/lockutils.py:544}}
Jul 22 06:25:25.452989 np0000005630 devstack@n-api.service[87393]: INFO nova.api.openstack.compute.server_external_events [req-15d9f61f-5897-4c60-a400-2fb2acef1db8 req-315c34b2-5d6e-452e-80b2-6d8b1a3a1a20 service nova] Creating event network-vif-deleted:d8fe096a-1e84-4dc3-8e46-08be61c803fa for instance 86a078ac-4648-476b-8cf7-00d4f8880561 on np0000005630
Jul 22 06:25:25.453271 np0000005630 devstack@n-api.service[87393]: DEBUG nova.compute.rpcapi [req-15d9f61f-5897-4c60-a400-2fb2acef1db8 req-315c34b2-5d6e-452e-80b2-6d8b1a3a1a20 service nova] RPC: Sending the message to topic: compute-alt {{(pid=87393) prepare_for_alt_rpcserver /opt/stack/nova/nova/compute/rpcapi.py:595}}
Jul 22 06:25:25.463065 np0000005630 devstack@n-api.service[87393]: INFO nova.api.openstack.requestlog [req-15d9f61f-5897-4c60-a400-2fb2acef1db8 req-315c34b2-5d6e-452e-80b2-6d8b1a3a1a20 service nova] 10.4.3.153 "POST /compute/v2.1/os-server-external-events" status: 200 len: 183 microversion: 2.1 time: 0.037680
Jul 22 06:25:25.466562 np0000005630 devstack@n-api.service[87393]: [pid: 87393|app: 0|req: 33/114] 10.4.3.153 () {72 vars in 1432 bytes} [Wed Jul 22 06:25:25 2026] POST /compute/v2.1/os-server-external-events => generated 183 bytes in 41 msecs (HTTP/1.1 200) 9 headers in 357 bytes (1 switches on core 0)
Jul 22 06:25:25.547805 np0000005630 devstack@n-api.service[87392]: DEBUG nova.policy [None req-f86d690d-fbc7-4e59-999c-52d307c126ae tempest-TestMultiAttachVolumeSwap-574738981 tempest-TestMultiAttachVolumeSwap-574738981-project-member] Policy check for os_compute_api:os-extended-server-attributes failed with credentials {'is_admin': False, 'user_id': '75c7ee752c2148e9bf51afd038864fa7', 'user_domain_id': 'default', 'system_scope': None, 'domain_id': None, 'project_id': 'cab58a47641c45f3978440c52115c12e', 'project_domain_id': 'default', 'roles': ['member', 'reader'], 'is_admin_project': True, 'service_user_id': None, 'service_user_domain_id': None, 'service_project_id': None, 'service_project_domain_id': None, 'service_roles': []} {{(pid=87392) authorize /opt/stack/nova/nova/policy.py:192}}
