Aug 13 19:53:08.452512 np0000007256 devstack@placement-api.service[89986]: [pid: 89986|app: 0|req: 204/613] 10.4.3.170 () {66 vars in 1474 bytes} [Thu Aug 13 19:53:08 2026] GET /placement/resource_providers/2e9cb568-c17a-4f4b-9cef-8daf5a6f9670/aggregates => generated 235 bytes in 8 msecs (HTTP/1.1 404) 5 headers in 202 bytes (1 switches on core 0)
Aug 13 19:53:08.503096 np0000007256 devstack@placement-api.service[89984]: DEBUG placement.requestlog [None req-95d3ea72-7fbb-43b0-a276-3c0776c578df None None] Starting request: 10.4.3.170 "DELETE /placement/resource_providers/2e9cb568-c17a-4f4b-9cef-8daf5a6f9670" {{(pid=89984) __call__ /opt/stack/placement/placement/requestlog.py:55}}
Aug 13 19:53:08.508679 np0000007256 devstack@placement-api.service[89984]: DEBUG placement.wsgi_wrapper [None req-95d3ea72-7fbb-43b0-a276-3c0776c578df service placement] Placement API returning an error response: No resource provider with uuid 2e9cb568-c17a-4f4b-9cef-8daf5a6f9670 found for delete {{(pid=89984) call_func /opt/stack/placement/placement/wsgi_wrapper.py:31}}
Aug 13 19:53:08.508997 np0000007256 devstack@placement-api.service[89984]: INFO placement.requestlog [None req-95d3ea72-7fbb-43b0-a276-3c0776c578df service placement] 10.4.3.170 "DELETE /placement/resource_providers/2e9cb568-c17a-4f4b-9cef-8daf5a6f9670" status: 404 len: 246 microversion: 1.1
Aug 13 19:53:08.509172 np0000007256 devstack@placement-api.service[89984]: [pid: 89984|app: 0|req: 206/614] 10.4.3.170 () {68 vars in 1463 bytes} [Thu Aug 13 19:53:08 2026] DELETE /placement/resource_providers/2e9cb568-c17a-4f4b-9cef-8daf5a6f9670 => generated 246 bytes in 6 msecs (HTTP/1.1 404) 6 headers in 231 bytes (1 switches on core 0)
Aug 13 19:53:10.316617 np0000007256 devstack@placement-api.service[89985]: DEBUG placement.requestlog [req-ee0d5550-047b-4662-8a6c-add26ca7309a req-1822f13e-f317-4b72-91ef-51854cfa29cd None None] Starting request: 10.4.3.170 "GET /placement/allocation_candidates?limit=1000&resources=DISK_GB%3A1%2CMEMORY_MB%3A192%2CVCPU%3A1&root_required=%21COMPUTE_STATUS_DISABLED" {{(pid=89985) __call__ /opt/stack/placement/placement/requestlog.py:55}}
Aug 13 19:53:10.346184 np0000007256 devstack@placement-api.service[89985]: DEBUG placement.objects.research_context [req-ee0d5550-047b-4662-8a6c-add26ca7309a req-1822f13e-f317-4b72-91ef-51854cfa29cd service nova] getting providers with 1 DISK_GB {{(pid=89985) __init__ /opt/stack/placement/placement/objects/research_context.py:137}}
Aug 13 19:53:10.349330 np0000007256 devstack@placement-api.service[89985]: DEBUG placement.objects.research_context [req-ee0d5550-047b-4662-8a6c-add26ca7309a req-1822f13e-f317-4b72-91ef-51854cfa29cd service nova] getting providers with 192 MEMORY_MB {{(pid=89985) __init__ /opt/stack/placement/placement/objects/research_context.py:137}}
Aug 13 19:53:10.354422 np0000007256 devstack@placement-api.service[89985]: DEBUG placement.objects.research_context [req-ee0d5550-047b-4662-8a6c-add26ca7309a req-1822f13e-f317-4b72-91ef-51854cfa29cd service nova] getting providers with 1 VCPU {{(pid=89985) __init__ /opt/stack/placement/placement/objects/research_context.py:137}}
Aug 13 19:53:10.357460 np0000007256 devstack@placement-api.service[89985]: DEBUG placement.objects.research_context [req-ee0d5550-047b-4662-8a6c-add26ca7309a req-1822f13e-f317-4b72-91ef-51854cfa29cd service nova] found 1 providers with available 1 DISK_GB {{(pid=89985) get_provider_ids_matching /opt/stack/placement/placement/objects/research_context.py:566}}
Aug 13 19:53:10.357594 np0000007256 devstack@placement-api.service[89985]: DEBUG placement.objects.research_context [req-ee0d5550-047b-4662-8a6c-add26ca7309a req-1822f13e-f317-4b72-91ef-51854cfa29cd service nova] found 1 providers with available 192 MEMORY_MB {{(pid=89985) get_provider_ids_matching /opt/stack/placement/placement/objects/research_context.py:566}}
Aug 13 19:53:10.357736 np0000007256 devstack@placement-api.service[89985]: DEBUG placement.objects.research_context [req-ee0d5550-047b-4662-8a6c-add26ca7309a req-1822f13e-f317-4b72-91ef-51854cfa29cd service nova] found 1 providers after filtering by previous result {{(pid=89985) get_provider_ids_matching /opt/stack/placement/placement/objects/research_context.py:597}}
Aug 13 19:53:10.357869 np0000007256 devstack@placement-api.service[89985]: DEBUG placement.objects.research_context [req-ee0d5550-047b-4662-8a6c-add26ca7309a req-1822f13e-f317-4b72-91ef-51854cfa29cd service nova] found 1 providers with available 1 VCPU {{(pid=89985) get_provider_ids_matching /opt/stack/placement/placement/objects/research_context.py:566}}
Aug 13 19:53:10.357983 np0000007256 devstack@placement-api.service[89985]: DEBUG placement.objects.research_context [req-ee0d5550-047b-4662-8a6c-add26ca7309a req-1822f13e-f317-4b72-91ef-51854cfa29cd service nova] found 1 providers after filtering by previous result {{(pid=89985) get_provider_ids_matching /opt/stack/placement/placement/objects/research_context.py:597}}
Aug 13 19:53:10.365593 np0000007256 devstack@placement-api.service[89985]: DEBUG placement.objects.allocation_candidate [req-ee0d5550-047b-4662-8a6c-add26ca7309a req-1822f13e-f317-4b72-91ef-51854cfa29cd service nova] RequestGroup(use_same_provider=False, resources={DISK_GB:1, MEMORY_MB:192, VCPU:1}, traits=(), aggregates=[]) (suffix '') returned 1 matches {{(pid=89985) _get_by_requests /opt/stack/placement/placement/objects/allocation_candidate.py:158}}
Aug 13 19:53:10.365789 np0000007256 devstack@placement-api.service[89985]: DEBUG placement.objects.allocation_candidate [req-ee0d5550-047b-4662-8a6c-add26ca7309a req-1822f13e-f317-4b72-91ef-51854cfa29cd service nova] Merging candidates yields 1 allocation requests and 1 provider summaries {{(pid=89985) _merge_candidates /opt/stack/placement/placement/objects/allocation_candidate.py:973}}
Aug 13 19:53:10.367596 np0000007256 devstack@placement-api.service[89985]: INFO placement.requestlog [req-ee0d5550-047b-4662-8a6c-add26ca7309a req-1822f13e-f317-4b72-91ef-51854cfa29cd service nova] 10.4.3.170 "GET /placement/allocation_candidates?limit=1000&resources=DISK_GB%3A1%2CMEMORY_MB%3A192%2CVCPU%3A1&root_required=%21COMPUTE_STATUS_DISABLED" status: 200 len: 2493 microversion: 1.36
Aug 13 19:53:10.367835 np0000007256 devstack@placement-api.service[89985]: [pid: 89985|app: 0|req: 205/615] 10.4.3.170 () {68 vars in 1625 bytes} [Thu Aug 13 19:53:10 2026] GET /placement/allocation_candidates?limit=1000&resources=DISK_GB%3A1%2CMEMORY_MB%3A192%2CVCPU%3A1&root_required=%21COMPUTE_STATUS_DISABLED => generated 2493 bytes in 51 msecs (HTTP/1.1 200) 8 headers in 297 bytes (1 switches on core 0)
Aug 13 19:53:10.431259 np0000007256 devstack@placement-api.service[89986]: DEBUG placement.requestlog [req-ee0d5550-047b-4662-8a6c-add26ca7309a req-de0690f9-5627-45ab-b516-59553daa3c0c None None] Starting request: 10.4.3.170 "GET /placement/allocations/2dcd7f97-914a-4d5b-907a-4de72dcbfe8e" {{(pid=89986) __call__ /opt/stack/placement/placement/requestlog.py:55}}
Aug 13 19:53:10.437354 np0000007256 devstack@placement-api.service[89984]: DEBUG placement.requestlog [req-b842f531-d2ec-42cb-aa7c-63ef61468821 req-744a87b2-b734-4396-9d64-3038821cb65e None None] Starting request: 10.4.3.170 "GET /placement/allocation_candidates?limit=1000&resources=MEMORY_MB%3A192%2CVCPU%3A1&root_required=%21COMPUTE_STATUS_DISABLED" {{(pid=89984) __call__ /opt/stack/placement/placement/requestlog.py:55}}
Aug 13 19:53:10.441378 np0000007256 devstack@placement-api.service[89986]: INFO placement.requestlog [req-ee0d5550-047b-4662-8a6c-add26ca7309a req-de0690f9-5627-45ab-b516-59553daa3c0c service nova] 10.4.3.170 "GET /placement/allocations/2dcd7f97-914a-4d5b-907a-4de72dcbfe8e" status: 200 len: 19 microversion: 1.28
Aug 13 19:53:10.441712 np0000007256 devstack@placement-api.service[89986]: [pid: 89986|app: 0|req: 205/616] 10.4.3.170 () {68 vars in 1501 bytes} [Thu Aug 13 19:53:10 2026] GET /placement/allocations/2dcd7f97-914a-4d5b-907a-4de72dcbfe8e => generated 19 bytes in 11 msecs (HTTP/1.1 200) 8 headers in 295 bytes (1 switches on core 0)
Aug 13 19:53:10.480651 np0000007256 devstack@placement-api.service[89984]: DEBUG placement.objects.research_context [req-b842f531-d2ec-42cb-aa7c-63ef61468821 req-744a87b2-b734-4396-9d64-3038821cb65e service nova] getting providers with 192 MEMORY_MB {{(pid=89984) __init__ /opt/stack/placement/placement/objects/research_context.py:137}}
Aug 13 19:53:10.483522 np0000007256 devstack@placement-api.service[89985]: DEBUG placement.requestlog [req-ee0d5550-047b-4662-8a6c-add26ca7309a req-e8bcb11f-13e6-44d5-96b9-09cb68b00091 None None] Starting request: 10.4.3.170 "PUT /placement/allocations/2dcd7f97-914a-4d5b-907a-4de72dcbfe8e" {{(pid=89985) __call__ /opt/stack/placement/placement/requestlog.py:55}}
Aug 13 19:53:10.485108 np0000007256 devstack@placement-api.service[89984]: DEBUG placement.objects.research_context [req-b842f531-d2ec-42cb-aa7c-63ef61468821 req-744a87b2-b734-4396-9d64-3038821cb65e service nova] getting providers with 1 VCPU {{(pid=89984) __init__ /opt/stack/placement/placement/objects/research_context.py:137}}
Aug 13 19:53:10.491104 np0000007256 devstack@placement-api.service[89984]: DEBUG placement.objects.research_context [req-b842f531-d2ec-42cb-aa7c-63ef61468821 req-744a87b2-b734-4396-9d64-3038821cb65e service nova] found 1 providers with available 192 MEMORY_MB {{(pid=89984) get_provider_ids_matching /opt/stack/placement/placement/objects/research_context.py:566}}
Aug 13 19:53:10.491266 np0000007256 devstack@placement-api.service[89984]: DEBUG placement.objects.research_context [req-b842f531-d2ec-42cb-aa7c-63ef61468821 req-744a87b2-b734-4396-9d64-3038821cb65e service nova] found 1 providers with available 1 VCPU {{(pid=89984) get_provider_ids_matching /opt/stack/placement/placement/objects/research_context.py:566}}
Aug 13 19:53:10.491525 np0000007256 devstack@placement-api.service[89984]: DEBUG placement.objects.research_context [req-b842f531-d2ec-42cb-aa7c-63ef61468821 req-744a87b2-b734-4396-9d64-3038821cb65e service nova] found 1 providers after filtering by previous result {{(pid=89984) get_provider_ids_matching /opt/stack/placement/placement/objects/research_context.py:597}}
Aug 13 19:53:10.500517 np0000007256 devstack@placement-api.service[89984]: DEBUG placement.objects.allocation_candidate [req-b842f531-d2ec-42cb-aa7c-63ef61468821 req-744a87b2-b734-4396-9d64-3038821cb65e service nova] RequestGroup(use_same_provider=False, resources={MEMORY_MB:192, VCPU:1}, traits=(), aggregates=[]) (suffix '') returned 1 matches {{(pid=89984) _get_by_requests /opt/stack/placement/placement/objects/allocation_candidate.py:158}}
Aug 13 19:53:10.500705 np0000007256 devstack@placement-api.service[89984]: DEBUG placement.objects.allocation_candidate [req-b842f531-d2ec-42cb-aa7c-63ef61468821 req-744a87b2-b734-4396-9d64-3038821cb65e service nova] Merging candidates yields 1 allocation requests and 1 provider summaries {{(pid=89984) _merge_candidates /opt/stack/placement/placement/objects/allocation_candidate.py:973}}
Aug 13 19:53:10.501818 np0000007256 devstack@placement-api.service[89984]: INFO placement.requestlog [req-b842f531-d2ec-42cb-aa7c-63ef61468821 req-744a87b2-b734-4396-9d64-3038821cb65e service nova] 10.4.3.170 "GET /placement/allocation_candidates?limit=1000&resources=MEMORY_MB%3A192%2CVCPU%3A1&root_required=%21COMPUTE_STATUS_DISABLED" status: 200 len: 2479 microversion: 1.36
Aug 13 19:53:10.502105 np0000007256 devstack@placement-api.service[89984]: [pid: 89984|app: 0|req: 207/617] 10.4.3.170 () {68 vars in 1597 bytes} [Thu Aug 13 19:53:10 2026] GET /placement/allocation_candidates?limit=1000&resources=MEMORY_MB%3A192%2CVCPU%3A1&root_required=%21COMPUTE_STATUS_DISABLED => generated 2479 bytes in 65 msecs (HTTP/1.1 200) 8 headers in 297 bytes (1 switches on core 0)
Aug 13 19:53:10.531237 np0000007256 devstack@placement-api.service[89985]: DEBUG placement.handlers.allocation [req-ee0d5550-047b-4662-8a6c-add26ca7309a req-e8bcb11f-13e6-44d5-96b9-09cb68b00091 service nova] Successfully wrote allocations [, , ] {{(pid=89985) _update_consumers_and_create_allocations /opt/stack/placement/placement/handlers/allocation.py:462}}
Aug 13 19:53:10.533808 np0000007256 devstack@placement-api.service[89985]: INFO placement.requestlog [req-ee0d5550-047b-4662-8a6c-add26ca7309a req-e8bcb11f-13e6-44d5-96b9-09cb68b00091 service nova] 10.4.3.170 "PUT /placement/allocations/2dcd7f97-914a-4d5b-907a-4de72dcbfe8e" status: 204 len: 0 microversion: 1.36
Aug 13 19:53:10.535483 np0000007256 devstack@placement-api.service[89985]: [pid: 89985|app: 0|req: 206/618] 10.4.3.170 () {72 vars in 1554 bytes} [Thu Aug 13 19:53:10 2026] PUT /placement/allocations/2dcd7f97-914a-4d5b-907a-4de72dcbfe8e => generated 0 bytes in 51 msecs (HTTP/1.1 204) 5 headers in 199 bytes (1 switches on core 0)
Aug 13 19:53:10.561875 np0000007256 devstack@placement-api.service[89986]: DEBUG placement.requestlog [req-b842f531-d2ec-42cb-aa7c-63ef61468821 req-a79573a4-0657-4ce2-894a-e7a701381aa0 None None] Starting request: 10.4.3.170 "GET /placement/allocations/66286b85-c094-42be-a03c-a3767e3bc4e4" {{(pid=89986) __call__ /opt/stack/placement/placement/requestlog.py:55}}
Aug 13 19:53:10.568325 np0000007256 devstack@placement-api.service[89986]: INFO placement.requestlog [req-b842f531-d2ec-42cb-aa7c-63ef61468821 req-a79573a4-0657-4ce2-894a-e7a701381aa0 service nova] 10.4.3.170 "GET /placement/allocations/66286b85-c094-42be-a03c-a3767e3bc4e4" status: 200 len: 19 microversion: 1.28
Aug 13 19:53:10.568325 np0000007256 devstack@placement-api.service[89986]: [pid: 89986|app: 0|req: 206/619] 10.4.3.170 () {68 vars in 1501 bytes} [Thu Aug 13 19:53:10 2026] GET /placement/allocations/66286b85-c094-42be-a03c-a3767e3bc4e4 => generated 19 bytes in 8 msecs (HTTP/1.1 200) 8 headers in 295 bytes (1 switches on core 0)
Aug 13 19:53:10.606169 np0000007256 devstack@placement-api.service[89984]: DEBUG placement.requestlog [req-b842f531-d2ec-42cb-aa7c-63ef61468821 req-825e8045-787f-47bc-9145-fcc1d7a9c27f None None] Starting request: 10.4.3.170 "PUT /placement/allocations/66286b85-c094-42be-a03c-a3767e3bc4e4" {{(pid=89984) __call__ /opt/stack/placement/placement/requestlog.py:55}}
Aug 13 19:53:10.654343 np0000007256 devstack@placement-api.service[89984]: DEBUG placement.handlers.allocation [req-b842f531-d2ec-42cb-aa7c-63ef61468821 req-825e8045-787f-47bc-9145-fcc1d7a9c27f service nova] Successfully wrote allocations [, ] {{(pid=89984) _update_consumers_and_create_allocations /opt/stack/placement/placement/handlers/allocation.py:462}}
Aug 13 19:53:10.655676 np0000007256 devstack@placement-api.service[89984]: INFO placement.requestlog [req-b842f531-d2ec-42cb-aa7c-63ef61468821 req-825e8045-787f-47bc-9145-fcc1d7a9c27f service nova] 10.4.3.170 "PUT /placement/allocations/66286b85-c094-42be-a03c-a3767e3bc4e4" status: 204 len: 0 microversion: 1.36
Aug 13 19:53:10.655960 np0000007256 devstack@placement-api.service[89984]: [pid: 89984|app: 0|req: 208/620] 10.4.3.170 () {72 vars in 1554 bytes} [Thu Aug 13 19:53:10 2026] PUT /placement/allocations/66286b85-c094-42be-a03c-a3767e3bc4e4 => generated 0 bytes in 50 msecs (HTTP/1.1 204) 5 headers in 199 bytes (1 switches on core 0)
Aug 13 19:53:10.937604 np0000007256 devstack@placement-api.service[89985]: DEBUG placement.requestlog [req-b842f531-d2ec-42cb-aa7c-63ef61468821 req-08250c44-00f8-4c73-a14b-31348aeaa847 None None] Starting request: 10.4.3.170 "GET /placement/allocations/66286b85-c094-42be-a03c-a3767e3bc4e4" {{(pid=89985) __call__ /opt/stack/placement/placement/requestlog.py:55}}
Aug 13 19:53:10.948316 np0000007256 devstack@placement-api.service[89985]: INFO placement.requestlog [req-b842f531-d2ec-42cb-aa7c-63ef61468821 req-08250c44-00f8-4c73-a14b-31348aeaa847 service nova] 10.4.3.170 "GET /placement/allocations/66286b85-c094-42be-a03c-a3767e3bc4e4" status: 200 len: 244 microversion: 1.28
Aug 13 19:53:10.948420 np0000007256 devstack@placement-api.service[89985]: [pid: 89985|app: 0|req: 207/621] 10.4.3.170 () {68 vars in 1499 bytes} [Thu Aug 13 19:53:10 2026] GET /placement/allocations/66286b85-c094-42be-a03c-a3767e3bc4e4 => generated 244 bytes in 11 msecs (HTTP/1.1 200) 8 headers in 296 bytes (1 switches on core 0)
Aug 13 19:53:11.067510 np0000007256 devstack@placement-api.service[89986]: DEBUG placement.requestlog [req-b842f531-d2ec-42cb-aa7c-63ef61468821 req-db64c215-e2b8-4256-81bd-17a0817c445a None None] Starting request: 10.4.3.170 "GET /placement/resource_providers/2684fa47-b40e-4ec9-aaf5-225ea21b7f55/allocations" {{(pid=89986) __call__ /opt/stack/placement/placement/requestlog.py:55}}
Aug 13 19:53:11.087488 np0000007256 devstack@placement-api.service[89986]: INFO placement.requestlog [req-b842f531-d2ec-42cb-aa7c-63ef61468821 req-db64c215-e2b8-4256-81bd-17a0817c445a service nova] 10.4.3.170 "GET /placement/resource_providers/2684fa47-b40e-4ec9-aaf5-225ea21b7f55/allocations" status: 200 len: 711 microversion: 1.0
Aug 13 19:53:11.087781 np0000007256 devstack@placement-api.service[89986]: [pid: 89986|app: 0|req: 207/622] 10.4.3.170 () {66 vars in 1512 bytes} [Thu Aug 13 19:53:11 2026] GET /placement/resource_providers/2684fa47-b40e-4ec9-aaf5-225ea21b7f55/allocations => generated 711 bytes in 20 msecs (HTTP/1.1 200) 6 headers in 224 bytes (1 switches on core 0)
Aug 13 19:53:11.151205 np0000007256 devstack@placement-api.service[89984]: DEBUG placement.requestlog [req-b842f531-d2ec-42cb-aa7c-63ef61468821 req-da14622e-1780-49ae-91c3-7a62dc170595 None None] Starting request: 10.4.3.170 "GET /placement/allocations/7bbd047d-3e32-4d8c-9351-3651d167c8e4" {{(pid=89984) __call__ /opt/stack/placement/placement/requestlog.py:55}}
Aug 13 19:53:11.160323 np0000007256 devstack@placement-api.service[89984]: INFO placement.requestlog [req-b842f531-d2ec-42cb-aa7c-63ef61468821 req-da14622e-1780-49ae-91c3-7a62dc170595 service nova] 10.4.3.170 "GET /placement/allocations/7bbd047d-3e32-4d8c-9351-3651d167c8e4" status: 200 len: 244 microversion: 1.28
Aug 13 19:53:11.160564 np0000007256 devstack@placement-api.service[89984]: [pid: 89984|app: 0|req: 209/623] 10.4.3.170 () {68 vars in 1499 bytes} [Thu Aug 13 19:53:11 2026] GET /placement/allocations/7bbd047d-3e32-4d8c-9351-3651d167c8e4 => generated 244 bytes in 9 msecs (HTTP/1.1 200) 8 headers in 296 bytes (1 switches on core 0)
Aug 13 19:53:11.204803 np0000007256 devstack@placement-api.service[89985]: DEBUG placement.requestlog [req-b842f531-d2ec-42cb-aa7c-63ef61468821 req-32d875ab-29f8-43b3-86e3-821f2a0afe2a None None] Starting request: 10.4.3.170 "GET /placement/allocations/853993a4-338a-48a7-a7c6-7e1593bb7419" {{(pid=89985) __call__ /opt/stack/placement/placement/requestlog.py:55}}
Aug 13 19:53:11.221575 np0000007256 devstack@placement-api.service[89985]: INFO placement.requestlog [req-b842f531-d2ec-42cb-aa7c-63ef61468821 req-32d875ab-29f8-43b3-86e3-821f2a0afe2a service nova] 10.4.3.170 "GET /placement/allocations/853993a4-338a-48a7-a7c6-7e1593bb7419" status: 200 len: 258 microversion: 1.28
Aug 13 19:53:11.221826 np0000007256 devstack@placement-api.service[89985]: [pid: 89985|app: 0|req: 208/624] 10.4.3.170 () {68 vars in 1499 bytes} [Thu Aug 13 19:53:11 2026] GET /placement/allocations/853993a4-338a-48a7-a7c6-7e1593bb7419 => generated 258 bytes in 17 msecs (HTTP/1.1 200) 8 headers in 296 bytes (1 switches on core 0)
Aug 13 19:53:11.278022 np0000007256 devstack@placement-api.service[89986]: DEBUG placement.requestlog [req-b842f531-d2ec-42cb-aa7c-63ef61468821 req-5361bed4-f13f-4e56-a9bf-b969ad6ebe5d None None] Starting request: 10.4.3.170 "GET /placement/allocations/66286b85-c094-42be-a03c-a3767e3bc4e4" {{(pid=89986) __call__ /opt/stack/placement/placement/requestlog.py:55}}
Aug 13 19:53:11.286787 np0000007256 devstack@placement-api.service[89986]: INFO placement.requestlog [req-b842f531-d2ec-42cb-aa7c-63ef61468821 req-5361bed4-f13f-4e56-a9bf-b969ad6ebe5d service nova] 10.4.3.170 "GET /placement/allocations/66286b85-c094-42be-a03c-a3767e3bc4e4" status: 200 len: 244 microversion: 1.28
Aug 13 19:53:11.286981 np0000007256 devstack@placement-api.service[89986]: [pid: 89986|app: 0|req: 208/625] 10.4.3.170 () {68 vars in 1499 bytes} [Thu Aug 13 19:53:11 2026] GET /placement/allocations/66286b85-c094-42be-a03c-a3767e3bc4e4 => generated 244 bytes in 9 msecs (HTTP/1.1 200) 8 headers in 296 bytes (1 switches on core 0)
Aug 13 19:53:11.287637 np0000007256 devstack@placement-api.service[89984]: DEBUG placement.requestlog [req-ee0d5550-047b-4662-8a6c-add26ca7309a req-bc7e106a-6198-48d9-b872-6790247b93d1 None None] Starting request: 10.4.3.170 "GET /placement/allocations/2dcd7f97-914a-4d5b-907a-4de72dcbfe8e" {{(pid=89984) __call__ /opt/stack/placement/placement/requestlog.py:55}}
Aug 13 19:53:11.298151 np0000007256 devstack@placement-api.service[89984]: INFO placement.requestlog [req-ee0d5550-047b-4662-8a6c-add26ca7309a req-bc7e106a-6198-48d9-b872-6790247b93d1 service nova] 10.4.3.170 "GET /placement/allocations/2dcd7f97-914a-4d5b-907a-4de72dcbfe8e" status: 200 len: 258 microversion: 1.28
Aug 13 19:53:11.298491 np0000007256 devstack@placement-api.service[89984]: [pid: 89984|app: 0|req: 210/626] 10.4.3.170 () {68 vars in 1499 bytes} [Thu Aug 13 19:53:11 2026] GET /placement/allocations/2dcd7f97-914a-4d5b-907a-4de72dcbfe8e => generated 258 bytes in 11 msecs (HTTP/1.1 200) 8 headers in 296 bytes (1 switches on core 0)
Aug 13 19:53:11.321258 np0000007256 devstack@placement-api.service[89985]: DEBUG placement.requestlog [req-b842f531-d2ec-42cb-aa7c-63ef61468821 req-1b0e0fe6-7f53-4fcd-82f8-5afd1397d501 None None] Starting request: 10.4.3.170 "GET /placement/allocations/69a0755b-65fa-4769-a639-41c5127f479b" {{(pid=89985) __call__ /opt/stack/placement/placement/requestlog.py:55}}
Aug 13 19:53:11.332466 np0000007256 devstack@placement-api.service[89985]: INFO placement.requestlog [req-b842f531-d2ec-42cb-aa7c-63ef61468821 req-1b0e0fe6-7f53-4fcd-82f8-5afd1397d501 service nova] 10.4.3.170 "GET /placement/allocations/69a0755b-65fa-4769-a639-41c5127f479b" status: 200 len: 258 microversion: 1.28
Aug 13 19:53:11.332701 np0000007256 devstack@placement-api.service[89985]: [pid: 89985|app: 0|req: 209/627] 10.4.3.170 () {68 vars in 1499 bytes} [Thu Aug 13 19:53:11 2026] GET /placement/allocations/69a0755b-65fa-4769-a639-41c5127f479b => generated 258 bytes in 12 msecs (HTTP/1.1 200) 8 headers in 296 bytes (1 switches on core 0)
Aug 13 19:53:11.361126 np0000007256 devstack@placement-api.service[89986]: DEBUG placement.requestlog [req-b842f531-d2ec-42cb-aa7c-63ef61468821 req-01ed4177-57df-4bac-8f69-8bd00b806bc6 None None] Starting request: 10.4.3.170 "GET /placement/allocations/2dcd7f97-914a-4d5b-907a-4de72dcbfe8e" {{(pid=89986) __call__ /opt/stack/placement/placement/requestlog.py:55}}
Aug 13 19:53:11.371862 np0000007256 devstack@placement-api.service[89986]: INFO placement.requestlog [req-b842f531-d2ec-42cb-aa7c-63ef61468821 req-01ed4177-57df-4bac-8f69-8bd00b806bc6 service nova] 10.4.3.170 "GET /placement/allocations/2dcd7f97-914a-4d5b-907a-4de72dcbfe8e" status: 200 len: 258 microversion: 1.28
Aug 13 19:53:11.372149 np0000007256 devstack@placement-api.service[89986]: [pid: 89986|app: 0|req: 209/628] 10.4.3.170 () {68 vars in 1499 bytes} [Thu Aug 13 19:53:11 2026] GET /placement/allocations/2dcd7f97-914a-4d5b-907a-4de72dcbfe8e => generated 258 bytes in 11 msecs (HTTP/1.1 200) 8 headers in 296 bytes (1 switches on core 0)
Aug 13 19:53:11.400260 np0000007256 devstack@placement-api.service[89984]: DEBUG placement.requestlog [req-b842f531-d2ec-42cb-aa7c-63ef61468821 req-cf9ce968-9fb6-4d1c-8456-45fb36100ee9 None None] Starting request: 10.4.3.170 "GET /placement/allocations/1e76de30-19e4-4ce5-97c7-a17944f12ecd" {{(pid=89984) __call__ /opt/stack/placement/placement/requestlog.py:55}}
Aug 13 19:53:11.412784 np0000007256 devstack@placement-api.service[89984]: INFO placement.requestlog [req-b842f531-d2ec-42cb-aa7c-63ef61468821 req-cf9ce968-9fb6-4d1c-8456-45fb36100ee9 service nova] 10.4.3.170 "GET /placement/allocations/1e76de30-19e4-4ce5-97c7-a17944f12ecd" status: 200 len: 258 microversion: 1.28
Aug 13 19:53:11.413126 np0000007256 devstack@placement-api.service[89984]: [pid: 89984|app: 0|req: 211/629] 10.4.3.170 () {68 vars in 1499 bytes} [Thu Aug 13 19:53:11 2026] GET /placement/allocations/1e76de30-19e4-4ce5-97c7-a17944f12ecd => generated 258 bytes in 13 msecs (HTTP/1.1 200) 8 headers in 296 bytes (1 switches on core 0)
Aug 13 19:53:11.453116 np0000007256 devstack@placement-api.service[89985]: DEBUG placement.requestlog [req-b842f531-d2ec-42cb-aa7c-63ef61468821 req-d4db10b8-41c9-499a-82da-7e7e4298841e None None] Starting request: 10.4.3.170 "GET /placement/allocations/d5446a62-62dc-4e83-ae4d-255b0ea8ab34" {{(pid=89985) __call__ /opt/stack/placement/placement/requestlog.py:55}}
Aug 13 19:53:11.461830 np0000007256 devstack@placement-api.service[89985]: INFO placement.requestlog [req-b842f531-d2ec-42cb-aa7c-63ef61468821 req-d4db10b8-41c9-499a-82da-7e7e4298841e service nova] 10.4.3.170 "GET /placement/allocations/d5446a62-62dc-4e83-ae4d-255b0ea8ab34" status: 200 len: 244 microversion: 1.28
Aug 13 19:53:11.462046 np0000007256 devstack@placement-api.service[89985]: [pid: 89985|app: 0|req: 210/630] 10.4.3.170 () {68 vars in 1499 bytes} [Thu Aug 13 19:53:11 2026] GET /placement/allocations/d5446a62-62dc-4e83-ae4d-255b0ea8ab34 => generated 244 bytes in 9 msecs (HTTP/1.1 200) 8 headers in 296 bytes (1 switches on core 0)
Aug 13 19:53:11.778906 np0000007256 devstack@placement-api.service[89986]: DEBUG placement.requestlog [req-ee0d5550-047b-4662-8a6c-add26ca7309a req-db803f67-30a0-4b93-9ca1-4b0f4521c8f3 None None] Starting request: 10.4.3.170 "GET /placement/resource_providers/2684fa47-b40e-4ec9-aaf5-225ea21b7f55/allocations" {{(pid=89986) __call__ /opt/stack/placement/placement/requestlog.py:55}}
Aug 13 19:53:11.794229 np0000007256 devstack@placement-api.service[89986]: INFO placement.requestlog [req-ee0d5550-047b-4662-8a6c-add26ca7309a req-db803f67-30a0-4b93-9ca1-4b0f4521c8f3 service nova] 10.4.3.170 "GET /placement/resource_providers/2684fa47-b40e-4ec9-aaf5-225ea21b7f55/allocations" status: 200 len: 711 microversion: 1.0
Aug 13 19:53:11.794460 np0000007256 devstack@placement-api.service[89986]: [pid: 89986|app: 0|req: 210/631] 10.4.3.170 () {66 vars in 1512 bytes} [Thu Aug 13 19:53:11 2026] GET /placement/resource_providers/2684fa47-b40e-4ec9-aaf5-225ea21b7f55/allocations => generated 711 bytes in 16 msecs (HTTP/1.1 200) 6 headers in 224 bytes (1 switches on core 0)
Aug 13 19:53:11.870925 np0000007256 devstack@placement-api.service[89984]: DEBUG placement.requestlog [req-ee0d5550-047b-4662-8a6c-add26ca7309a req-603e0b7f-9684-4899-98d5-f887a805984c None None] Starting request: 10.4.3.170 "GET /placement/allocations/7bbd047d-3e32-4d8c-9351-3651d167c8e4" {{(pid=89984) __call__ /opt/stack/placement/placement/requestlog.py:55}}
Aug 13 19:53:11.888361 np0000007256 devstack@placement-api.service[89984]: INFO placement.requestlog [req-ee0d5550-047b-4662-8a6c-add26ca7309a req-603e0b7f-9684-4899-98d5-f887a805984c service nova] 10.4.3.170 "GET /placement/allocations/7bbd047d-3e32-4d8c-9351-3651d167c8e4" status: 200 len: 244 microversion: 1.28
Aug 13 19:53:11.888995 np0000007256 devstack@placement-api.service[89984]: [pid: 89984|app: 0|req: 212/632] 10.4.3.170 () {68 vars in 1499 bytes} [Thu Aug 13 19:53:11 2026] GET /placement/allocations/7bbd047d-3e32-4d8c-9351-3651d167c8e4 => generated 244 bytes in 18 msecs (HTTP/1.1 200) 8 headers in 296 bytes (1 switches on core 0)
Aug 13 19:53:11.940415 np0000007256 devstack@placement-api.service[89985]: DEBUG placement.requestlog [req-ee0d5550-047b-4662-8a6c-add26ca7309a req-24b0fc07-7ad9-40dc-8d23-91bf66c36242 None None] Starting request: 10.4.3.170 "GET /placement/allocations/853993a4-338a-48a7-a7c6-7e1593bb7419" {{(pid=89985) __call__ /opt/stack/placement/placement/requestlog.py:55}}
Aug 13 19:53:11.951263 np0000007256 devstack@placement-api.service[89985]: INFO placement.requestlog [req-ee0d5550-047b-4662-8a6c-add26ca7309a req-24b0fc07-7ad9-40dc-8d23-91bf66c36242 service nova] 10.4.3.170 "GET /placement/allocations/853993a4-338a-48a7-a7c6-7e1593bb7419" status: 200 len: 258 microversion: 1.28
Aug 13 19:53:11.951503 np0000007256 devstack@placement-api.service[89985]: [pid: 89985|app: 0|req: 211/633] 10.4.3.170 () {68 vars in 1499 bytes} [Thu Aug 13 19:53:11 2026] GET /placement/allocations/853993a4-338a-48a7-a7c6-7e1593bb7419 => generated 258 bytes in 11 msecs (HTTP/1.1 200) 8 headers in 296 bytes (1 switches on core 0)
Aug 13 19:53:12.000628 np0000007256 devstack@placement-api.service[89986]: DEBUG placement.requestlog [req-ee0d5550-047b-4662-8a6c-add26ca7309a req-0464200a-2bde-4752-9686-d7884baab253 None None] Starting request: 10.4.3.170 "GET /placement/allocations/66286b85-c094-42be-a03c-a3767e3bc4e4" {{(pid=89986) __call__ /opt/stack/placement/placement/requestlog.py:55}}
Aug 13 19:53:12.013948 np0000007256 devstack@placement-api.service[89986]: INFO placement.requestlog [req-ee0d5550-047b-4662-8a6c-add26ca7309a req-0464200a-2bde-4752-9686-d7884baab253 service nova] 10.4.3.170 "GET /placement/allocations/66286b85-c094-42be-a03c-a3767e3bc4e4" status: 200 len: 244 microversion: 1.28
Aug 13 19:53:12.014260 np0000007256 devstack@placement-api.service[89986]: [pid: 89986|app: 0|req: 211/634] 10.4.3.170 () {68 vars in 1499 bytes} [Thu Aug 13 19:53:12 2026] GET /placement/allocations/66286b85-c094-42be-a03c-a3767e3bc4e4 => generated 244 bytes in 14 msecs (HTTP/1.1 200) 8 headers in 296 bytes (1 switches on core 0)
Aug 13 19:53:12.069530 np0000007256 devstack@placement-api.service[89984]: DEBUG placement.requestlog [req-ee0d5550-047b-4662-8a6c-add26ca7309a req-0045764d-9ab4-4608-b338-96d029aa15cc None None] Starting request: 10.4.3.170 "GET /placement/allocations/69a0755b-65fa-4769-a639-41c5127f479b" {{(pid=89984) __call__ /opt/stack/placement/placement/requestlog.py:55}}
Aug 13 19:53:12.096502 np0000007256 devstack@placement-api.service[89984]: INFO placement.requestlog [req-ee0d5550-047b-4662-8a6c-add26ca7309a req-0045764d-9ab4-4608-b338-96d029aa15cc service nova] 10.4.3.170 "GET /placement/allocations/69a0755b-65fa-4769-a639-41c5127f479b" status: 200 len: 258 microversion: 1.28
Aug 13 19:53:12.097507 np0000007256 devstack@placement-api.service[89984]: [pid: 89984|app: 0|req: 213/635] 10.4.3.170 () {68 vars in 1499 bytes} [Thu Aug 13 19:53:12 2026] GET /placement/allocations/69a0755b-65fa-4769-a639-41c5127f479b => generated 258 bytes in 28 msecs (HTTP/1.1 200) 8 headers in 296 bytes (1 switches on core 0)
Aug 13 19:53:12.142776 np0000007256 devstack@placement-api.service[89985]: DEBUG placement.requestlog [req-ee0d5550-047b-4662-8a6c-add26ca7309a req-9ead9341-3ce7-4ca7-8c38-b0aabb1d17de None None] Starting request: 10.4.3.170 "GET /placement/allocations/2dcd7f97-914a-4d5b-907a-4de72dcbfe8e" {{(pid=89985) __call__ /opt/stack/placement/placement/requestlog.py:55}}
Aug 13 19:53:12.158113 np0000007256 devstack@placement-api.service[89985]: INFO placement.requestlog [req-ee0d5550-047b-4662-8a6c-add26ca7309a req-9ead9341-3ce7-4ca7-8c38-b0aabb1d17de service nova] 10.4.3.170 "GET /placement/allocations/2dcd7f97-914a-4d5b-907a-4de72dcbfe8e" status: 200 len: 258 microversion: 1.28
Aug 13 19:53:12.158239 np0000007256 devstack@placement-api.service[89985]: [pid: 89985|app: 0|req: 212/636] 10.4.3.170 () {68 vars in 1499 bytes} [Thu Aug 13 19:53:12 2026] GET /placement/allocations/2dcd7f97-914a-4d5b-907a-4de72dcbfe8e => generated 258 bytes in 15 msecs (HTTP/1.1 200) 8 headers in 296 bytes (1 switches on core 0)
Aug 13 19:53:12.202497 np0000007256 devstack@placement-api.service[89986]: DEBUG placement.requestlog [req-ee0d5550-047b-4662-8a6c-add26ca7309a req-34843ab1-6e57-46ed-8722-48c32ac305ed None None] Starting request: 10.4.3.170 "GET /placement/allocations/1e76de30-19e4-4ce5-97c7-a17944f12ecd" {{(pid=89986) __call__ /opt/stack/placement/placement/requestlog.py:55}}
Aug 13 19:53:12.206999 np0000007256 devstack@placement-api.service[89984]: DEBUG placement.requestlog [None req-2ea11e56-6749-4d11-85c6-983e33d08a22 None None] Starting request: 10.4.3.170 "GET /placement/resource_providers/fc0bae56-566a-4407-88ed-833c711652c6/aggregates" {{(pid=89984) __call__ /opt/stack/placement/placement/requestlog.py:55}}
Aug 13 19:53:12.219266 np0000007256 devstack@placement-api.service[89984]: INFO placement.requestlog [None req-2ea11e56-6749-4d11-85c6-983e33d08a22 service placement] 10.4.3.170 "GET /placement/resource_providers/fc0bae56-566a-4407-88ed-833c711652c6/aggregates" status: 404 len: 235 microversion: 1.1
Aug 13 19:53:12.219542 np0000007256 devstack@placement-api.service[89986]: INFO placement.requestlog [req-ee0d5550-047b-4662-8a6c-add26ca7309a req-34843ab1-6e57-46ed-8722-48c32ac305ed service nova] 10.4.3.170 "GET /placement/allocations/1e76de30-19e4-4ce5-97c7-a17944f12ecd" status: 200 len: 258 microversion: 1.28
Aug 13 19:53:12.219838 np0000007256 devstack@placement-api.service[89986]: [pid: 89986|app: 0|req: 212/637] 10.4.3.170 () {68 vars in 1499 bytes} [Thu Aug 13 19:53:12 2026] GET /placement/allocations/1e76de30-19e4-4ce5-97c7-a17944f12ecd => generated 258 bytes in 18 msecs (HTTP/1.1 200) 8 headers in 296 bytes (1 switches on core 0)
Aug 13 19:53:12.220342 np0000007256 devstack@placement-api.service[89984]: [pid: 89984|app: 0|req: 214/638] 10.4.3.170 () {66 vars in 1474 bytes} [Thu Aug 13 19:53:12 2026] GET /placement/resource_providers/fc0bae56-566a-4407-88ed-833c711652c6/aggregates => generated 235 bytes in 14 msecs (HTTP/1.1 404) 5 headers in 202 bytes (1 switches on core 0)
Aug 13 19:53:12.282459 np0000007256 devstack@placement-api.service[89985]: DEBUG placement.requestlog [req-ee0d5550-047b-4662-8a6c-add26ca7309a req-4915dc71-989d-4a74-a2e0-18f5dc9b03ac None None] Starting request: 10.4.3.170 "GET /placement/allocations/d5446a62-62dc-4e83-ae4d-255b0ea8ab34" {{(pid=89985) __call__ /opt/stack/placement/placement/requestlog.py:55}}
Aug 13 19:53:12.299194 np0000007256 devstack@placement-api.service[89986]: DEBUG placement.requestlog [None req-a28544bd-32a4-4a61-8867-16285f5ce7c6 None None] Starting request: 10.4.3.170 "DELETE /placement/resource_providers/fc0bae56-566a-4407-88ed-833c711652c6" {{(pid=89986) __call__ /opt/stack/placement/placement/requestlog.py:55}}
Aug 13 19:53:12.300613 np0000007256 devstack@placement-api.service[89985]: INFO placement.requestlog [req-ee0d5550-047b-4662-8a6c-add26ca7309a req-4915dc71-989d-4a74-a2e0-18f5dc9b03ac service nova] 10.4.3.170 "GET /placement/allocations/d5446a62-62dc-4e83-ae4d-255b0ea8ab34" status: 200 len: 244 microversion: 1.28
Aug 13 19:53:12.300932 np0000007256 devstack@placement-api.service[89985]: [pid: 89985|app: 0|req: 213/639] 10.4.3.170 () {68 vars in 1499 bytes} [Thu Aug 13 19:53:12 2026] GET /placement/allocations/d5446a62-62dc-4e83-ae4d-255b0ea8ab34 => generated 244 bytes in 19 msecs (HTTP/1.1 200) 8 headers in 296 bytes (1 switches on core 0)
Aug 13 19:53:12.313871 np0000007256 devstack@placement-api.service[89986]: DEBUG placement.wsgi_wrapper [None req-a28544bd-32a4-4a61-8867-16285f5ce7c6 service placement] Placement API returning an error response: No resource provider with uuid fc0bae56-566a-4407-88ed-833c711652c6 found for delete {{(pid=89986) call_func /opt/stack/placement/placement/wsgi_wrapper.py:31}}
Aug 13 19:53:12.318436 np0000007256 devstack@placement-api.service[89986]: INFO placement.requestlog [None req-a28544bd-32a4-4a61-8867-16285f5ce7c6 service placement] 10.4.3.170 "DELETE /placement/resource_providers/fc0bae56-566a-4407-88ed-833c711652c6" status: 404 len: 246 microversion: 1.1
Aug 13 19:53:12.320694 np0000007256 devstack@placement-api.service[89986]: [pid: 89986|app: 0|req: 213/640] 10.4.3.170 () {68 vars in 1463 bytes} [Thu Aug 13 19:53:12 2026] DELETE /placement/resource_providers/fc0bae56-566a-4407-88ed-833c711652c6 => generated 246 bytes in 21 msecs (HTTP/1.1 404) 6 headers in 231 bytes (1 switches on core 0)
Aug 13 19:53:22.220424 np0000007256 devstack@placement-api.service[89984]: DEBUG dbcounter [-] [89984] Writing DB stats placement:SELECT=196,placement:INSERT=15,placement:DELETE=13,placement:UPDATE=9 {{(pid=89984) stat_writer /opt/stack/data/venv/lib/python3.12/site-packages/dbcounter.py:115}}
Aug 13 19:53:22.300027 np0000007256 devstack@placement-api.service[89985]: DEBUG dbcounter [-] [89985] Writing DB stats placement:SELECT=195,placement:DELETE=12,placement:INSERT=9,placement:UPDATE=6 {{(pid=89985) stat_writer /opt/stack/data/venv/lib/python3.12/site-packages/dbcounter.py:115}}
Aug 13 19:53:22.309791 np0000007256 devstack@placement-api.service[89986]: DEBUG dbcounter [-] [89986] Writing DB stats placement:SELECT=161,placement:DELETE=10,placement:INSERT=13,placement:UPDATE=6 {{(pid=89986) stat_writer /opt/stack/data/venv/lib/python3.12/site-packages/dbcounter.py:115}}
Aug 13 19:53:22.789365 np0000007256 devstack@placement-api.service[89984]: DEBUG placement.requestlog [req-4cd3c6d6-921e-4b7b-ae54-5f3b7fa1aae8 req-a22df992-9d1e-42de-b566-ae338c521075 None None] Starting request: 10.4.3.170 "GET /placement/allocation_candidates?limit=1000&resources=DISK_GB%3A1%2CMEMORY_MB%3A192%2CVCPU%3A1&root_required=%21COMPUTE_STATUS_DISABLED" {{(pid=89984) __call__ /opt/stack/placement/placement/requestlog.py:55}}
Aug 13 19:53:22.810602 np0000007256 devstack@placement-api.service[89984]: DEBUG placement.objects.research_context [req-4cd3c6d6-921e-4b7b-ae54-5f3b7fa1aae8 req-a22df992-9d1e-42de-b566-ae338c521075 service nova] getting providers with 1 DISK_GB {{(pid=89984) __init__ /opt/stack/placement/placement/objects/research_context.py:137}}
Aug 13 19:53:22.813789 np0000007256 devstack@placement-api.service[89984]: DEBUG placement.objects.research_context [req-4cd3c6d6-921e-4b7b-ae54-5f3b7fa1aae8 req-a22df992-9d1e-42de-b566-ae338c521075 service nova] getting providers with 192 MEMORY_MB {{(pid=89984) __init__ /opt/stack/placement/placement/objects/research_context.py:137}}
Aug 13 19:53:22.816768 np0000007256 devstack@placement-api.service[89984]: DEBUG placement.objects.research_context [req-4cd3c6d6-921e-4b7b-ae54-5f3b7fa1aae8 req-a22df992-9d1e-42de-b566-ae338c521075 service nova] getting providers with 1 VCPU {{(pid=89984) __init__ /opt/stack/placement/placement/objects/research_context.py:137}}
Aug 13 19:53:22.821361 np0000007256 devstack@placement-api.service[89984]: DEBUG placement.objects.research_context [req-4cd3c6d6-921e-4b7b-ae54-5f3b7fa1aae8 req-a22df992-9d1e-42de-b566-ae338c521075 service nova] found 1 providers with available 1 DISK_GB {{(pid=89984) get_provider_ids_matching /opt/stack/placement/placement/objects/research_context.py:566}}
Aug 13 19:53:22.821525 np0000007256 devstack@placement-api.service[89984]: DEBUG placement.objects.research_context [req-4cd3c6d6-921e-4b7b-ae54-5f3b7fa1aae8 req-a22df992-9d1e-42de-b566-ae338c521075 service nova] found 1 providers with available 192 MEMORY_MB {{(pid=89984) get_provider_ids_matching /opt/stack/placement/placement/objects/research_context.py:566}}
Aug 13 19:53:22.821677 np0000007256 devstack@placement-api.service[89984]: DEBUG placement.objects.research_context [req-4cd3c6d6-921e-4b7b-ae54-5f3b7fa1aae8 req-a22df992-9d1e-42de-b566-ae338c521075 service nova] found 1 providers after filtering by previous result {{(pid=89984) get_provider_ids_matching /opt/stack/placement/placement/objects/research_context.py:597}}
Aug 13 19:53:22.821806 np0000007256 devstack@placement-api.service[89984]: DEBUG placement.objects.research_context [req-4cd3c6d6-921e-4b7b-ae54-5f3b7fa1aae8 req-a22df992-9d1e-42de-b566-ae338c521075 service nova] found 1 providers with available 1 VCPU {{(pid=89984) get_provider_ids_matching /opt/stack/placement/placement/objects/research_context.py:566}}
Aug 13 19:53:22.821934 np0000007256 devstack@placement-api.service[89984]: DEBUG placement.objects.research_context [req-4cd3c6d6-921e-4b7b-ae54-5f3b7fa1aae8 req-a22df992-9d1e-42de-b566-ae338c521075 service nova] found 1 providers after filtering by previous result {{(pid=89984) get_provider_ids_matching /opt/stack/placement/placement/objects/research_context.py:597}}
Aug 13 19:53:22.830536 np0000007256 devstack@placement-api.service[89984]: DEBUG placement.objects.allocation_candidate [req-4cd3c6d6-921e-4b7b-ae54-5f3b7fa1aae8 req-a22df992-9d1e-42de-b566-ae338c521075 service nova] RequestGroup(use_same_provider=False, resources={DISK_GB:1, MEMORY_MB:192, VCPU:1}, traits=(), aggregates=[]) (suffix '') returned 1 matches {{(pid=89984) _get_by_requests /opt/stack/placement/placement/objects/allocation_candidate.py:158}}
Aug 13 19:53:22.831240 np0000007256 devstack@placement-api.service[89984]: DEBUG placement.objects.allocation_candidate [req-4cd3c6d6-921e-4b7b-ae54-5f3b7fa1aae8 req-a22df992-9d1e-42de-b566-ae338c521075 service nova] Merging candidates yields 1 allocation requests and 1 provider summaries {{(pid=89984) _merge_candidates /opt/stack/placement/placement/objects/allocation_candidate.py:973}}
Aug 13 19:53:22.831940 np0000007256 devstack@placement-api.service[89984]: INFO placement.requestlog [req-4cd3c6d6-921e-4b7b-ae54-5f3b7fa1aae8 req-a22df992-9d1e-42de-b566-ae338c521075 service nova] 10.4.3.170 "GET /placement/allocation_candidates?limit=1000&resources=DISK_GB%3A1%2CMEMORY_MB%3A192%2CVCPU%3A1&root_required=%21COMPUTE_STATUS_DISABLED" status: 200 len: 2493 microversion: 1.36
Aug 13 19:53:22.832214 np0000007256 devstack@placement-api.service[89984]: [pid: 89984|app: 0|req: 215/641] 10.4.3.170 () {68 vars in 1625 bytes} [Thu Aug 13 19:53:22 2026] GET /placement/allocation_candidates?limit=1000&resources=DISK_GB%3A1%2CMEMORY_MB%3A192%2CVCPU%3A1&root_required=%21COMPUTE_STATUS_DISABLED => generated 2493 bytes in 43 msecs (HTTP/1.1 200) 8 headers in 297 bytes (1 switches on core 0)
Aug 13 19:53:22.882385 np0000007256 devstack@placement-api.service[89985]: DEBUG placement.requestlog [req-4cd3c6d6-921e-4b7b-ae54-5f3b7fa1aae8 req-f12a7477-5205-4820-9420-808213a7538c None None] Starting request: 10.4.3.170 "GET /placement/allocations/cd8409c9-bef3-47ae-ba4f-09d0c680136f" {{(pid=89985) __call__ /opt/stack/placement/placement/requestlog.py:55}}
Aug 13 19:53:22.889867 np0000007256 devstack@placement-api.service[89985]: INFO placement.requestlog [req-4cd3c6d6-921e-4b7b-ae54-5f3b7fa1aae8 req-f12a7477-5205-4820-9420-808213a7538c service nova] 10.4.3.170 "GET /placement/allocations/cd8409c9-bef3-47ae-ba4f-09d0c680136f" status: 200 len: 19 microversion: 1.28
Aug 13 19:53:22.890176 np0000007256 devstack@placement-api.service[89985]: [pid: 89985|app: 0|req: 214/642] 10.4.3.170 () {68 vars in 1501 bytes} [Thu Aug 13 19:53:22 2026] GET /placement/allocations/cd8409c9-bef3-47ae-ba4f-09d0c680136f => generated 19 bytes in 8 msecs (HTTP/1.1 200) 8 headers in 295 bytes (1 switches on core 0)
Aug 13 19:53:22.929501 np0000007256 devstack@placement-api.service[89986]: DEBUG placement.requestlog [req-4cd3c6d6-921e-4b7b-ae54-5f3b7fa1aae8 req-a3d38537-786d-4032-89c4-afc423c4e891 None None] Starting request: 10.4.3.170 "PUT /placement/allocations/cd8409c9-bef3-47ae-ba4f-09d0c680136f" {{(pid=89986) __call__ /opt/stack/placement/placement/requestlog.py:55}}
Aug 13 19:53:22.992566 np0000007256 devstack@placement-api.service[89986]: DEBUG placement.handlers.allocation [req-4cd3c6d6-921e-4b7b-ae54-5f3b7fa1aae8 req-a3d38537-786d-4032-89c4-afc423c4e891 service nova] Successfully wrote allocations [, , ] {{(pid=89986) _update_consumers_and_create_allocations /opt/stack/placement/placement/handlers/allocation.py:462}}
Aug 13 19:53:22.994972 np0000007256 devstack@placement-api.service[89986]: INFO placement.requestlog [req-4cd3c6d6-921e-4b7b-ae54-5f3b7fa1aae8 req-a3d38537-786d-4032-89c4-afc423c4e891 service nova] 10.4.3.170 "PUT /placement/allocations/cd8409c9-bef3-47ae-ba4f-09d0c680136f" status: 204 len: 0 microversion: 1.36
Aug 13 19:53:22.995214 np0000007256 devstack@placement-api.service[89986]: [pid: 89986|app: 0|req: 214/643] 10.4.3.170 () {72 vars in 1554 bytes} [Thu Aug 13 19:53:22 2026] PUT /placement/allocations/cd8409c9-bef3-47ae-ba4f-09d0c680136f => generated 0 bytes in 66 msecs (HTTP/1.1 204) 5 headers in 199 bytes (1 switches on core 0)
Aug 13 19:53:23.220167 np0000007256 devstack@placement-api.service[89984]: DEBUG placement.requestlog [req-4cd3c6d6-921e-4b7b-ae54-5f3b7fa1aae8 req-df3599f1-854f-4205-8671-e96bc2f79ffd None None] Starting request: 10.4.3.170 "GET /placement/allocations/cd8409c9-bef3-47ae-ba4f-09d0c680136f" {{(pid=89984) __call__ /opt/stack/placement/placement/requestlog.py:55}}
Aug 13 19:53:23.233932 np0000007256 devstack@placement-api.service[89984]: INFO placement.requestlog [req-4cd3c6d6-921e-4b7b-ae54-5f3b7fa1aae8 req-df3599f1-854f-4205-8671-e96bc2f79ffd service nova] 10.4.3.170 "GET /placement/allocations/cd8409c9-bef3-47ae-ba4f-09d0c680136f" status: 200 len: 258 microversion: 1.28
Aug 13 19:53:23.234678 np0000007256 devstack@placement-api.service[89984]: [pid: 89984|app: 0|req: 216/644] 10.4.3.170 () {68 vars in 1499 bytes} [Thu Aug 13 19:53:23 2026] GET /placement/allocations/cd8409c9-bef3-47ae-ba4f-09d0c680136f => generated 258 bytes in 14 msecs (HTTP/1.1 200) 8 headers in 296 bytes (1 switches on core 0)
Aug 13 19:53:23.355430 np0000007256 devstack@placement-api.service[89985]: DEBUG placement.requestlog [req-4cd3c6d6-921e-4b7b-ae54-5f3b7fa1aae8 req-b5de7313-9f10-4053-bc4c-e25896bed740 None None] Starting request: 10.4.3.170 "GET /placement/resource_providers/2684fa47-b40e-4ec9-aaf5-225ea21b7f55/allocations" {{(pid=89985) __call__ /opt/stack/placement/placement/requestlog.py:55}}
Aug 13 19:53:23.369223 np0000007256 devstack@placement-api.service[89985]: INFO placement.requestlog [req-4cd3c6d6-921e-4b7b-ae54-5f3b7fa1aae8 req-b5de7313-9f10-4053-bc4c-e25896bed740 service nova] 10.4.3.170 "GET /placement/resource_providers/2684fa47-b40e-4ec9-aaf5-225ea21b7f55/allocations" status: 200 len: 811 microversion: 1.0
Aug 13 19:53:23.369891 np0000007256 devstack@placement-api.service[89985]: [pid: 89985|app: 0|req: 215/645] 10.4.3.170 () {66 vars in 1512 bytes} [Thu Aug 13 19:53:23 2026] GET /placement/resource_providers/2684fa47-b40e-4ec9-aaf5-225ea21b7f55/allocations => generated 811 bytes in 14 msecs (HTTP/1.1 200) 6 headers in 224 bytes (1 switches on core 0)
Aug 13 19:53:23.401051 np0000007256 devstack@placement-api.service[89986]: DEBUG placement.requestlog [req-4cd3c6d6-921e-4b7b-ae54-5f3b7fa1aae8 req-5c3ca207-cb24-45a7-b1bb-9a4a7a42712f None None] Starting request: 10.4.3.170 "GET /placement/allocations/cd8409c9-bef3-47ae-ba4f-09d0c680136f" {{(pid=89986) __call__ /opt/stack/placement/placement/requestlog.py:55}}
Aug 13 19:53:23.409948 np0000007256 devstack@placement-api.service[89986]: INFO placement.requestlog [req-4cd3c6d6-921e-4b7b-ae54-5f3b7fa1aae8 req-5c3ca207-cb24-45a7-b1bb-9a4a7a42712f service nova] 10.4.3.170 "GET /placement/allocations/cd8409c9-bef3-47ae-ba4f-09d0c680136f" status: 200 len: 258 microversion: 1.28
Aug 13 19:53:23.410184 np0000007256 devstack@placement-api.service[89986]: [pid: 89986|app: 0|req: 215/646] 10.4.3.170 () {68 vars in 1499 bytes} [Thu Aug 13 19:53:23 2026] GET /placement/allocations/cd8409c9-bef3-47ae-ba4f-09d0c680136f => generated 258 bytes in 9 msecs (HTTP/1.1 200) 8 headers in 296 bytes (1 switches on core 0)
Aug 13 19:53:23.446251 np0000007256 devstack@placement-api.service[89984]: DEBUG placement.requestlog [req-4cd3c6d6-921e-4b7b-ae54-5f3b7fa1aae8 req-350e38e0-a186-44c3-be59-d090f4ff5c6e None None] Starting request: 10.4.3.170 "GET /placement/allocations/69a0755b-65fa-4769-a639-41c5127f479b" {{(pid=89984) __call__ /opt/stack/placement/placement/requestlog.py:55}}
Aug 13 19:53:23.456889 np0000007256 devstack@placement-api.service[89984]: INFO placement.requestlog [req-4cd3c6d6-921e-4b7b-ae54-5f3b7fa1aae8 req-350e38e0-a186-44c3-be59-d090f4ff5c6e service nova] 10.4.3.170 "GET /placement/allocations/69a0755b-65fa-4769-a639-41c5127f479b" status: 200 len: 258 microversion: 1.28
Aug 13 19:53:23.457238 np0000007256 devstack@placement-api.service[89984]: [pid: 89984|app: 0|req: 217/647] 10.4.3.170 () {68 vars in 1499 bytes} [Thu Aug 13 19:53:23 2026] GET /placement/allocations/69a0755b-65fa-4769-a639-41c5127f479b => generated 258 bytes in 11 msecs (HTTP/1.1 200) 8 headers in 296 bytes (1 switches on core 0)
Aug 13 19:53:23.493135 np0000007256 devstack@placement-api.service[89985]: DEBUG placement.requestlog [req-4cd3c6d6-921e-4b7b-ae54-5f3b7fa1aae8 req-6d00cdcd-c019-421c-aafc-858a7195b403 None None] Starting request: 10.4.3.170 "GET /placement/allocations/d5446a62-62dc-4e83-ae4d-255b0ea8ab34" {{(pid=89985) __call__ /opt/stack/placement/placement/requestlog.py:55}}
Aug 13 19:53:23.501754 np0000007256 devstack@placement-api.service[89985]: INFO placement.requestlog [req-4cd3c6d6-921e-4b7b-ae54-5f3b7fa1aae8 req-6d00cdcd-c019-421c-aafc-858a7195b403 service nova] 10.4.3.170 "GET /placement/allocations/d5446a62-62dc-4e83-ae4d-255b0ea8ab34" status: 200 len: 244 microversion: 1.28
Aug 13 19:53:23.502190 np0000007256 devstack@placement-api.service[89985]: [pid: 89985|app: 0|req: 216/648] 10.4.3.170 () {68 vars in 1499 bytes} [Thu Aug 13 19:53:23 2026] GET /placement/allocations/d5446a62-62dc-4e83-ae4d-255b0ea8ab34 => generated 244 bytes in 9 msecs (HTTP/1.1 200) 8 headers in 296 bytes (1 switches on core 0)
Aug 13 19:53:23.529632 np0000007256 devstack@placement-api.service[89986]: DEBUG placement.requestlog [req-4cd3c6d6-921e-4b7b-ae54-5f3b7fa1aae8 req-05a2ef5f-366a-4916-b78d-df0cbf62685d None None] Starting request: 10.4.3.170 "GET /placement/allocations/2dcd7f97-914a-4d5b-907a-4de72dcbfe8e" {{(pid=89986) __call__ /opt/stack/placement/placement/requestlog.py:55}}
Aug 13 19:53:23.552764 np0000007256 devstack@placement-api.service[89986]: INFO placement.requestlog [req-4cd3c6d6-921e-4b7b-ae54-5f3b7fa1aae8 req-05a2ef5f-366a-4916-b78d-df0cbf62685d service nova] 10.4.3.170 "GET /placement/allocations/2dcd7f97-914a-4d5b-907a-4de72dcbfe8e" status: 200 len: 258 microversion: 1.28
