May 14 03:29:25.815416 np0000000738 neutron-periodic-workers[88599]: DEBUG cotyledon.oslo_config_glue [-] ovn.dhcp_default_lease_time = 43200 {{(pid=88599) log_opt_values /opt/stack/data/venv/lib/python3.12/site-packages/oslo_config/cfg.py:3006}}
May 14 03:29:25.815505 np0000000738 neutron-periodic-workers[88589]: DEBUG cotyledon._service_worker [-] Run service ServiceWrapper(0) [88589] {{(pid=88589) wait_forever /opt/stack/data/venv/lib/python3.12/site-packages/cotyledon/_service_worker.py:218}}
May 14 03:29:25.815530 np0000000738 neutron-periodic-workers[88599]: DEBUG cotyledon.oslo_config_glue [-] ovn.disable_ovn_dhcp_for_baremetal_ports = False {{(pid=88599) log_opt_values /opt/stack/data/venv/lib/python3.12/site-packages/oslo_config/cfg.py:3006}}
May 14 03:29:25.815530 np0000000738 neutron-periodic-workers[88599]: DEBUG cotyledon.oslo_config_glue [-] ovn.dns_records_ovn_owned = False {{(pid=88599) log_opt_values /opt/stack/data/venv/lib/python3.12/site-packages/oslo_config/cfg.py:3006}}
May 14 03:29:25.815530 np0000000738 neutron-periodic-workers[88599]: DEBUG cotyledon.oslo_config_glue [-] ovn.dns_servers = [] {{(pid=88599) log_opt_values /opt/stack/data/venv/lib/python3.12/site-packages/oslo_config/cfg.py:3006}}
May 14 03:29:25.815530 np0000000738 neutron-periodic-workers[88599]: DEBUG cotyledon.oslo_config_glue [-] ovn.enable_distributed_floating_ip = False {{(pid=88599) log_opt_values /opt/stack/data/venv/lib/python3.12/site-packages/oslo_config/cfg.py:3006}}
May 14 03:29:25.815530 np0000000738 neutron-periodic-workers[88599]: DEBUG cotyledon.oslo_config_glue [-] ovn.fdb_age_threshold = 300 {{(pid=88599) log_opt_values /opt/stack/data/venv/lib/python3.12/site-packages/oslo_config/cfg.py:3006}}
May 14 03:29:25.815530 np0000000738 neutron-periodic-workers[88599]: DEBUG cotyledon.oslo_config_glue [-] ovn.ha_failover_strategy = normal {{(pid=88599) log_opt_values /opt/stack/data/venv/lib/python3.12/site-packages/oslo_config/cfg.py:3006}}
May 14 03:29:25.815530 np0000000738 neutron-periodic-workers[88599]: DEBUG cotyledon.oslo_config_glue [-] ovn.live_migration_activation_strategy = rarp {{(pid=88599) log_opt_values /opt/stack/data/venv/lib/python3.12/site-packages/oslo_config/cfg.py:3006}}
May 14 03:29:25.815530 np0000000738 neutron-periodic-workers[88599]: DEBUG cotyledon.oslo_config_glue [-] ovn.localnet_learn_fdb = False {{(pid=88599) log_opt_values /opt/stack/data/venv/lib/python3.12/site-packages/oslo_config/cfg.py:3006}}
May 14 03:29:25.815530 np0000000738 neutron-periodic-workers[88599]: DEBUG cotyledon.oslo_config_glue [-] ovn.mac_binding_age_threshold = 300 {{(pid=88599) log_opt_values /opt/stack/data/venv/lib/python3.12/site-packages/oslo_config/cfg.py:3006}}
May 14 03:29:25.815704 np0000000738 neutron-periodic-workers[88599]: DEBUG cotyledon.oslo_config_glue [-] ovn.neutron_sync_mode = log {{(pid=88599) log_opt_values /opt/stack/data/venv/lib/python3.12/site-packages/oslo_config/cfg.py:3006}}
May 14 03:29:25.815704 np0000000738 neutron-periodic-workers[88599]: DEBUG cotyledon.oslo_config_glue [-] ovn.ovn_dhcp4_global_options = {} {{(pid=88599) log_opt_values /opt/stack/data/venv/lib/python3.12/site-packages/oslo_config/cfg.py:3006}}
May 14 03:29:25.815704 np0000000738 neutron-periodic-workers[88599]: DEBUG cotyledon.oslo_config_glue [-] ovn.ovn_dhcp6_global_options = {} {{(pid=88599) log_opt_values /opt/stack/data/venv/lib/python3.12/site-packages/oslo_config/cfg.py:3006}}
May 14 03:29:25.815704 np0000000738 neutron-periodic-workers[88599]: DEBUG cotyledon.oslo_config_glue [-] ovn.ovn_l3_scheduler = leastloaded {{(pid=88599) log_opt_values /opt/stack/data/venv/lib/python3.12/site-packages/oslo_config/cfg.py:3006}}
May 14 03:29:25.815704 np0000000738 neutron-periodic-workers[88599]: DEBUG cotyledon.oslo_config_glue [-] ovn.ovn_metadata_enabled = True {{(pid=88599) log_opt_values /opt/stack/data/venv/lib/python3.12/site-packages/oslo_config/cfg.py:3006}}
May 14 03:29:25.815704 np0000000738 neutron-periodic-workers[88599]: DEBUG cotyledon.oslo_config_glue [-] ovn.ovn_nb_ca_cert = /opt/stack/data/CA/int-ca/ca-chain.pem {{(pid=88599) log_opt_values /opt/stack/data/venv/lib/python3.12/site-packages/oslo_config/cfg.py:3006}}
May 14 03:29:25.815704 np0000000738 neutron-periodic-workers[88599]: DEBUG cotyledon.oslo_config_glue [-] ovn.ovn_nb_certificate = /opt/stack/data/CA/int-ca/devstack-cert.crt {{(pid=88599) log_opt_values /opt/stack/data/venv/lib/python3.12/site-packages/oslo_config/cfg.py:3006}}
May 14 03:29:25.815704 np0000000738 neutron-periodic-workers[88599]: DEBUG cotyledon.oslo_config_glue [-] ovn.ovn_nb_connection = ['ssl:10.4.3.166:6641'] {{(pid=88599) log_opt_values /opt/stack/data/venv/lib/python3.12/site-packages/oslo_config/cfg.py:3006}}
May 14 03:29:25.815879 np0000000738 neutron-periodic-workers[88599]: DEBUG cotyledon.oslo_config_glue [-] ovn.ovn_nb_private_key = /opt/stack/data/CA/int-ca/private/devstack-cert.key {{(pid=88599) log_opt_values /opt/stack/data/venv/lib/python3.12/site-packages/oslo_config/cfg.py:3006}}
May 14 03:29:25.815879 np0000000738 neutron-periodic-workers[88599]: DEBUG cotyledon.oslo_config_glue [-] ovn.ovn_router_indirect_snat = False {{(pid=88599) log_opt_values /opt/stack/data/venv/lib/python3.12/site-packages/oslo_config/cfg.py:3006}}
May 14 03:29:25.815879 np0000000738 neutron-periodic-workers[88599]: DEBUG cotyledon.oslo_config_glue [-] ovn.ovn_sb_ca_cert = /opt/stack/data/CA/int-ca/ca-chain.pem {{(pid=88599) log_opt_values /opt/stack/data/venv/lib/python3.12/site-packages/oslo_config/cfg.py:3006}}
May 14 03:29:25.815879 np0000000738 neutron-periodic-workers[88599]: DEBUG cotyledon.oslo_config_glue [-] ovn.ovn_sb_certificate = /opt/stack/data/CA/int-ca/devstack-cert.crt {{(pid=88599) log_opt_values /opt/stack/data/venv/lib/python3.12/site-packages/oslo_config/cfg.py:3006}}
May 14 03:29:25.815879 np0000000738 neutron-periodic-workers[88599]: DEBUG cotyledon.oslo_config_glue [-] ovn.ovn_sb_connection = ['ssl:10.4.3.166:6642'] {{(pid=88599) log_opt_values /opt/stack/data/venv/lib/python3.12/site-packages/oslo_config/cfg.py:3006}}
May 14 03:29:25.815879 np0000000738 neutron-periodic-workers[88599]: DEBUG cotyledon.oslo_config_glue [-] ovn.ovn_sb_private_key = /opt/stack/data/CA/int-ca/private/devstack-cert.key {{(pid=88599) log_opt_values /opt/stack/data/venv/lib/python3.12/site-packages/oslo_config/cfg.py:3006}}
May 14 03:29:25.815879 np0000000738 neutron-periodic-workers[88599]: DEBUG cotyledon.oslo_config_glue [-] ovn.ovs_create_tap = False {{(pid=88599) log_opt_values /opt/stack/data/venv/lib/python3.12/site-packages/oslo_config/cfg.py:3006}}
May 14 03:29:25.815879 np0000000738 neutron-periodic-workers[88599]: DEBUG cotyledon.oslo_config_glue [-] ovn.ovsdb_connection_timeout = 180 {{(pid=88599) log_opt_values /opt/stack/data/venv/lib/python3.12/site-packages/oslo_config/cfg.py:3006}}
May 14 03:29:25.816051 np0000000738 neutron-periodic-workers[88599]: DEBUG cotyledon.oslo_config_glue [-] ovn.ovsdb_log_level = INFO {{(pid=88599) log_opt_values /opt/stack/data/venv/lib/python3.12/site-packages/oslo_config/cfg.py:3006}}
May 14 03:29:25.816051 np0000000738 neutron-periodic-workers[88599]: DEBUG cotyledon.oslo_config_glue [-] ovn.ovsdb_probe_interval = 60000 {{(pid=88599) log_opt_values /opt/stack/data/venv/lib/python3.12/site-packages/oslo_config/cfg.py:3006}}
May 14 03:29:25.816051 np0000000738 neutron-periodic-workers[88599]: DEBUG cotyledon.oslo_config_glue [-] ovn.ovsdb_retry_max_interval = 180 {{(pid=88599) log_opt_values /opt/stack/data/venv/lib/python3.12/site-packages/oslo_config/cfg.py:3006}}
May 14 03:29:25.816051 np0000000738 neutron-periodic-workers[88599]: DEBUG cotyledon.oslo_config_glue [-] ovn.stateless_nat_enabled = False {{(pid=88599) log_opt_values /opt/stack/data/venv/lib/python3.12/site-packages/oslo_config/cfg.py:3006}}
May 14 03:29:25.816051 np0000000738 neutron-periodic-workers[88599]: DEBUG cotyledon.oslo_config_glue [-] ovn.vhost_sock_dir = /var/run/openvswitch {{(pid=88599) log_opt_values /opt/stack/data/venv/lib/python3.12/site-packages/oslo_config/cfg.py:3006}}
May 14 03:29:25.816051 np0000000738 neutron-periodic-workers[88599]: DEBUG cotyledon.oslo_config_glue [-] OVS.bridge_mac_table_size = 50000 {{(pid=88599) log_opt_values /opt/stack/data/venv/lib/python3.12/site-packages/oslo_config/cfg.py:3006}}
May 14 03:29:25.816051 np0000000738 neutron-periodic-workers[88599]: DEBUG cotyledon.oslo_config_glue [-] OVS.igmp_flood = False {{(pid=88599) log_opt_values /opt/stack/data/venv/lib/python3.12/site-packages/oslo_config/cfg.py:3006}}
May 14 03:29:25.816051 np0000000738 neutron-periodic-workers[88599]: DEBUG cotyledon.oslo_config_glue [-] OVS.igmp_flood_reports = True {{(pid=88599) log_opt_values /opt/stack/data/venv/lib/python3.12/site-packages/oslo_config/cfg.py:3006}}
May 14 03:29:25.816051 np0000000738 neutron-periodic-workers[88599]: DEBUG cotyledon.oslo_config_glue [-] OVS.igmp_flood_unregistered = False {{(pid=88599) log_opt_values /opt/stack/data/venv/lib/python3.12/site-packages/oslo_config/cfg.py:3006}}
May 14 03:29:25.816257 np0000000738 neutron-periodic-workers[88599]: DEBUG cotyledon.oslo_config_glue [-] OVS.igmp_snooping_enable = False {{(pid=88599) log_opt_values /opt/stack/data/venv/lib/python3.12/site-packages/oslo_config/cfg.py:3006}}
May 14 03:29:25.816257 np0000000738 neutron-periodic-workers[88599]: DEBUG cotyledon.oslo_config_glue [-] OVS.ovsdb_timeout = 10 {{(pid=88599) log_opt_values /opt/stack/data/venv/lib/python3.12/site-packages/oslo_config/cfg.py:3006}}
May 14 03:29:25.816257 np0000000738 neutron-periodic-workers[88599]: DEBUG cotyledon.oslo_config_glue [-] ovn_nb_global.fdb_removal_limit = 0 {{(pid=88599) log_opt_values /opt/stack/data/venv/lib/python3.12/site-packages/oslo_config/cfg.py:3006}}
May 14 03:29:25.816257 np0000000738 neutron-periodic-workers[88599]: DEBUG cotyledon.oslo_config_glue [-] ovn_nb_global.ignore_lsp_down = False {{(pid=88599) log_opt_values /opt/stack/data/venv/lib/python3.12/site-packages/oslo_config/cfg.py:3006}}
May 14 03:29:25.816257 np0000000738 neutron-periodic-workers[88599]: DEBUG cotyledon.oslo_config_glue [-] ovn_nb_global.mac_binding_removal_limit = 0 {{(pid=88599) log_opt_values /opt/stack/data/venv/lib/python3.12/site-packages/oslo_config/cfg.py:3006}}
May 14 03:29:25.816257 np0000000738 neutron-periodic-workers[88599]: DEBUG cotyledon.oslo_config_glue [-] ******************************************************************************** {{(pid=88599) log_opt_values /opt/stack/data/venv/lib/python3.12/site-packages/oslo_config/cfg.py:3013}}
May 14 03:29:25.816257 np0000000738 neutron-periodic-workers[88599]: DEBUG cotyledon._service_worker [-] Run service ServiceWrapper(0) [88599] {{(pid=88599) wait_forever /opt/stack/data/venv/lib/python3.12/site-packages/cotyledon/_service_worker.py:218}}
May 14 03:29:35.464057 np0000000738 neutron-periodic-workers[87671]: DEBUG dbcounter [-] [87671] Writing DB stats neutron:SELECT=4 {{(pid=87671) stat_writer /opt/stack/data/venv/lib/python3.12/site-packages/dbcounter.py:115}}
May 14 03:30:02.760230 np0000000738 neutron-periodic-workers[88579]: DEBUG oslo_db.sqlalchemy.engines [None req-22c2b6b0-44b7-48a8-97b0-3bd626566edf None None] Parent process 87671 forked (88579) with an open database connection, which is being discarded and recreated. {{(pid=88579) checkout /opt/stack/data/venv/lib/python3.12/site-packages/oslo_db/sqlalchemy/engines.py:402}}
May 14 03:30:02.765472 np0000000738 neutron-periodic-workers[88579]: DEBUG dbcounter [-] [88579] Writer thread running {{(pid=88579) stat_writer /opt/stack/data/venv/lib/python3.12/site-packages/dbcounter.py:102}}
May 14 03:30:02.769790 np0000000738 neutron-periodic-workers[88579]: DEBUG neutron.db.agents_db [None req-22c2b6b0-44b7-48a8-97b0-3bd626566edf None None] Agent healthcheck: found 0 active agents {{(pid=88579) agent_health_check /opt/stack/neutron/neutron/db/agents_db.py:322}}
May 14 03:30:02.770005 np0000000738 neutron-periodic-workers[88579]: DEBUG oslo.service.backend._threading.loopingcall [None req-22c2b6b0-44b7-48a8-97b0-3bd626566edf None None] Fixed interval looping call 'neutron.plugins.ml2.plugin.AgentDbMixin.agent_health_check' sleeping for 36.98 seconds {{(pid=88579) _run_loop /opt/stack/data/venv/lib/python3.12/site-packages/oslo_service/backend/_threading/loopingcall.py:125}}
May 14 03:30:22.766140 np0000000738 neutron-periodic-workers[88579]: DEBUG dbcounter [-] [88579] Writing DB stats neutron:SELECT=1 {{(pid=88579) stat_writer /opt/stack/data/venv/lib/python3.12/site-packages/dbcounter.py:115}}
May 14 03:30:28.748436 np0000000738 neutron-periodic-workers[88563]: DEBUG dbcounter [-] [88563] Writer thread running {{(pid=88563) stat_writer /opt/stack/data/venv/lib/python3.12/site-packages/dbcounter.py:102}}
May 14 03:30:28.756514 np0000000738 neutron-periodic-workers[88563]: DEBUG oslo.service.backend._threading.loopingcall [None req-5226de07-a633-4140-84c7-6dd3d95aa2e8 None None] Fixed interval looping call 'neutron.plugins.ml2.plugin.DhcpAgentSchedulerDbMixin.remove_networks_from_down_agents' sleeping for 36.98 seconds {{(pid=88563) _run_loop /opt/stack/data/venv/lib/python3.12/site-packages/oslo_service/backend/_threading/loopingcall.py:125}}
May 14 03:30:38.755494 np0000000738 neutron-periodic-workers[88563]: DEBUG dbcounter [-] [88563] Writing DB stats neutron:SELECT=3 {{(pid=88563) stat_writer /opt/stack/data/venv/lib/python3.12/site-packages/dbcounter.py:115}}
May 14 03:30:39.753020 np0000000738 neutron-periodic-workers[88579]: DEBUG neutron.db.agents_db [None req-22c2b6b0-44b7-48a8-97b0-3bd626566edf None None] Agent healthcheck: found 0 active agents {{(pid=88579) agent_health_check /opt/stack/neutron/neutron/db/agents_db.py:322}}
May 14 03:30:39.753415 np0000000738 neutron-periodic-workers[88579]: DEBUG oslo.service.backend._threading.loopingcall [None req-22c2b6b0-44b7-48a8-97b0-3bd626566edf None None] Fixed interval looping call 'neutron.plugins.ml2.plugin.AgentDbMixin.agent_health_check' sleeping for 37.00 seconds {{(pid=88579) _run_loop /opt/stack/data/venv/lib/python3.12/site-packages/oslo_service/backend/_threading/loopingcall.py:125}}
May 14 03:30:49.752321 np0000000738 neutron-periodic-workers[88579]: DEBUG dbcounter [-] [88579] Writing DB stats neutron:SELECT=1 {{(pid=88579) stat_writer /opt/stack/data/venv/lib/python3.12/site-packages/dbcounter.py:115}}
May 14 03:31:05.744331 np0000000738 neutron-periodic-workers[88563]: DEBUG oslo.service.backend._threading.loopingcall [None req-5226de07-a633-4140-84c7-6dd3d95aa2e8 None None] Fixed interval looping call 'neutron.plugins.ml2.plugin.DhcpAgentSchedulerDbMixin.remove_networks_from_down_agents' sleeping for 36.99 seconds {{(pid=88563) _run_loop /opt/stack/data/venv/lib/python3.12/site-packages/oslo_service/backend/_threading/loopingcall.py:125}}
May 14 03:31:15.744086 np0000000738 neutron-periodic-workers[88563]: DEBUG dbcounter [-] [88563] Writing DB stats neutron:SELECT=3 {{(pid=88563) stat_writer /opt/stack/data/venv/lib/python3.12/site-packages/dbcounter.py:115}}
May 14 03:31:16.756368 np0000000738 neutron-periodic-workers[88579]: DEBUG neutron.db.agents_db [None req-22c2b6b0-44b7-48a8-97b0-3bd626566edf None None] Agent healthcheck: found 0 active agents {{(pid=88579) agent_health_check /opt/stack/neutron/neutron/db/agents_db.py:322}}
May 14 03:31:16.756836 np0000000738 neutron-periodic-workers[88579]: DEBUG oslo.service.backend._threading.loopingcall [None req-22c2b6b0-44b7-48a8-97b0-3bd626566edf None None] Fixed interval looping call 'neutron.plugins.ml2.plugin.AgentDbMixin.agent_health_check' sleeping for 37.00 seconds {{(pid=88579) _run_loop /opt/stack/data/venv/lib/python3.12/site-packages/oslo_service/backend/_threading/loopingcall.py:125}}
May 14 03:31:25.814094 np0000000738 neutron-periodic-workers[88589]: DEBUG dbcounter [-] [88589] Writer thread running {{(pid=88589) stat_writer /opt/stack/data/venv/lib/python3.12/site-packages/dbcounter.py:102}}
May 14 03:31:25.815765 np0000000738 neutron-periodic-workers[88589]: DEBUG oslo.service.backend._threading.loopingcall [None req-dbbd72c8-0016-4cb2-88b4-05cb78b31fb6 None None] Fixed interval looping call 'neutron.db.quota.driver_nolock.DbQuotaNoLockDriver._remove_expired_reservations' sleeping for 119.99 seconds {{(pid=88589) _run_loop /opt/stack/data/venv/lib/python3.12/site-packages/oslo_service/backend/_threading/loopingcall.py:125}}
May 14 03:31:26.755342 np0000000738 neutron-periodic-workers[88579]: DEBUG dbcounter [-] [88579] Writing DB stats neutron:SELECT=1 {{(pid=88579) stat_writer /opt/stack/data/venv/lib/python3.12/site-packages/dbcounter.py:115}}
May 14 03:31:35.815182 np0000000738 neutron-periodic-workers[88589]: DEBUG dbcounter [-] [88589] Writing DB stats neutron:DELETE=1 {{(pid=88589) stat_writer /opt/stack/data/venv/lib/python3.12/site-packages/dbcounter.py:115}}
May 14 03:31:42.739975 np0000000738 neutron-periodic-workers[88563]: DEBUG oslo.service.backend._threading.loopingcall [None req-5226de07-a633-4140-84c7-6dd3d95aa2e8 None None] Fixed interval looping call 'neutron.plugins.ml2.plugin.DhcpAgentSchedulerDbMixin.remove_networks_from_down_agents' sleeping for 36.99 seconds {{(pid=88563) _run_loop /opt/stack/data/venv/lib/python3.12/site-packages/oslo_service/backend/_threading/loopingcall.py:125}}
May 14 03:31:52.739437 np0000000738 neutron-periodic-workers[88563]: DEBUG dbcounter [-] [88563] Writing DB stats neutron:SELECT=3 {{(pid=88563) stat_writer /opt/stack/data/venv/lib/python3.12/site-packages/dbcounter.py:115}}
May 14 03:31:53.762671 np0000000738 neutron-periodic-workers[88579]: DEBUG neutron.db.agents_db [None req-22c2b6b0-44b7-48a8-97b0-3bd626566edf None None] Agent healthcheck: found 0 active agents {{(pid=88579) agent_health_check /opt/stack/neutron/neutron/db/agents_db.py:322}}
May 14 03:31:53.763054 np0000000738 neutron-periodic-workers[88579]: DEBUG oslo.service.backend._threading.loopingcall [None req-22c2b6b0-44b7-48a8-97b0-3bd626566edf None None] Fixed interval looping call 'neutron.plugins.ml2.plugin.AgentDbMixin.agent_health_check' sleeping for 36.99 seconds {{(pid=88579) _run_loop /opt/stack/data/venv/lib/python3.12/site-packages/oslo_service/backend/_threading/loopingcall.py:125}}
May 14 03:32:03.759237 np0000000738 neutron-periodic-workers[88579]: DEBUG dbcounter [-] [88579] Writing DB stats neutron:SELECT=1 {{(pid=88579) stat_writer /opt/stack/data/venv/lib/python3.12/site-packages/dbcounter.py:115}}
May 14 03:32:19.736087 np0000000738 neutron-periodic-workers[88563]: DEBUG oslo.service.backend._threading.loopingcall [None req-5226de07-a633-4140-84c7-6dd3d95aa2e8 None None] Fixed interval looping call 'neutron.plugins.ml2.plugin.DhcpAgentSchedulerDbMixin.remove_networks_from_down_agents' sleeping for 36.99 seconds {{(pid=88563) _run_loop /opt/stack/data/venv/lib/python3.12/site-packages/oslo_service/backend/_threading/loopingcall.py:125}}
May 14 03:32:29.735492 np0000000738 neutron-periodic-workers[88563]: DEBUG dbcounter [-] [88563] Writing DB stats neutron:SELECT=3 {{(pid=88563) stat_writer /opt/stack/data/venv/lib/python3.12/site-packages/dbcounter.py:115}}
May 14 03:32:30.756273 np0000000738 neutron-periodic-workers[88579]: DEBUG neutron.db.agents_db [None req-22c2b6b0-44b7-48a8-97b0-3bd626566edf None None] Agent healthcheck: found 0 active agents {{(pid=88579) agent_health_check /opt/stack/neutron/neutron/db/agents_db.py:322}}
May 14 03:32:30.756640 np0000000738 neutron-periodic-workers[88579]: DEBUG oslo.service.backend._threading.loopingcall [None req-22c2b6b0-44b7-48a8-97b0-3bd626566edf None None] Fixed interval looping call 'neutron.plugins.ml2.plugin.AgentDbMixin.agent_health_check' sleeping for 37.00 seconds {{(pid=88579) _run_loop /opt/stack/data/venv/lib/python3.12/site-packages/oslo_service/backend/_threading/loopingcall.py:125}}
May 14 03:32:40.757380 np0000000738 neutron-periodic-workers[88579]: DEBUG dbcounter [-] [88579] Writing DB stats neutron:SELECT=1 {{(pid=88579) stat_writer /opt/stack/data/venv/lib/python3.12/site-packages/dbcounter.py:115}}
May 14 03:32:56.736608 np0000000738 neutron-periodic-workers[88563]: DEBUG oslo.service.backend._threading.loopingcall [None req-5226de07-a633-4140-84c7-6dd3d95aa2e8 None None] Fixed interval looping call 'neutron.plugins.ml2.plugin.DhcpAgentSchedulerDbMixin.remove_networks_from_down_agents' sleeping for 36.99 seconds {{(pid=88563) _run_loop /opt/stack/data/venv/lib/python3.12/site-packages/oslo_service/backend/_threading/loopingcall.py:125}}
May 14 03:33:06.735135 np0000000738 neutron-periodic-workers[88563]: DEBUG dbcounter [-] [88563] Writing DB stats neutron:SELECT=3 {{(pid=88563) stat_writer /opt/stack/data/venv/lib/python3.12/site-packages/dbcounter.py:115}}
May 14 03:33:07.762522 np0000000738 neutron-periodic-workers[88579]: DEBUG neutron.db.agents_db [None req-22c2b6b0-44b7-48a8-97b0-3bd626566edf None None] Agent healthcheck: found 0 active agents {{(pid=88579) agent_health_check /opt/stack/neutron/neutron/db/agents_db.py:322}}
May 14 03:33:07.762522 np0000000738 neutron-periodic-workers[88579]: DEBUG oslo.service.backend._threading.loopingcall [None req-22c2b6b0-44b7-48a8-97b0-3bd626566edf None None] Fixed interval looping call 'neutron.plugins.ml2.plugin.AgentDbMixin.agent_health_check' sleeping for 37.00 seconds {{(pid=88579) _run_loop /opt/stack/data/venv/lib/python3.12/site-packages/oslo_service/backend/_threading/loopingcall.py:125}}
May 14 03:33:17.760297 np0000000738 neutron-periodic-workers[88579]: DEBUG dbcounter [-] [88579] Writing DB stats neutron:SELECT=1 {{(pid=88579) stat_writer /opt/stack/data/venv/lib/python3.12/site-packages/dbcounter.py:115}}
May 14 03:33:25.812264 np0000000738 neutron-periodic-workers[88589]: DEBUG oslo.service.backend._threading.loopingcall [None req-dbbd72c8-0016-4cb2-88b4-05cb78b31fb6 None None] Fixed interval looping call 'neutron.db.quota.driver_nolock.DbQuotaNoLockDriver._remove_expired_reservations' sleeping for 120.00 seconds {{(pid=88589) _run_loop /opt/stack/data/venv/lib/python3.12/site-packages/oslo_service/backend/_threading/loopingcall.py:125}}
May 14 03:33:33.736091 np0000000738 neutron-periodic-workers[88563]: DEBUG oslo.service.backend._threading.loopingcall [None req-5226de07-a633-4140-84c7-6dd3d95aa2e8 None None] Fixed interval looping call 'neutron.plugins.ml2.plugin.DhcpAgentSchedulerDbMixin.remove_networks_from_down_agents' sleeping for 36.99 seconds {{(pid=88563) _run_loop /opt/stack/data/venv/lib/python3.12/site-packages/oslo_service/backend/_threading/loopingcall.py:125}}
May 14 03:33:35.809898 np0000000738 neutron-periodic-workers[88589]: DEBUG dbcounter [-] [88589] Writing DB stats neutron:DELETE=1 {{(pid=88589) stat_writer /opt/stack/data/venv/lib/python3.12/site-packages/dbcounter.py:115}}
May 14 03:33:43.735082 np0000000738 neutron-periodic-workers[88563]: DEBUG dbcounter [-] [88563] Writing DB stats neutron:SELECT=3 {{(pid=88563) stat_writer /opt/stack/data/venv/lib/python3.12/site-packages/dbcounter.py:115}}
May 14 03:33:44.771200 np0000000738 neutron-periodic-workers[88579]: DEBUG neutron.db.agents_db [None req-22c2b6b0-44b7-48a8-97b0-3bd626566edf None None] Agent healthcheck: found 0 active agents {{(pid=88579) agent_health_check /opt/stack/neutron/neutron/db/agents_db.py:322}}
May 14 03:33:44.771200 np0000000738 neutron-periodic-workers[88579]: DEBUG oslo.service.backend._threading.loopingcall [None req-22c2b6b0-44b7-48a8-97b0-3bd626566edf None None] Fixed interval looping call 'neutron.plugins.ml2.plugin.AgentDbMixin.agent_health_check' sleeping for 36.99 seconds {{(pid=88579) _run_loop /opt/stack/data/venv/lib/python3.12/site-packages/oslo_service/backend/_threading/loopingcall.py:125}}
May 14 03:33:54.768122 np0000000738 neutron-periodic-workers[88579]: DEBUG dbcounter [-] [88579] Writing DB stats neutron:SELECT=1 {{(pid=88579) stat_writer /opt/stack/data/venv/lib/python3.12/site-packages/dbcounter.py:115}}
May 14 03:34:07.857182 np0000000738 neutron-periodic-workers[88599]: DEBUG dbcounter [-] [88599] Writer thread running {{(pid=88599) stat_writer /opt/stack/data/venv/lib/python3.12/site-packages/dbcounter.py:102}}
May 14 03:34:07.873234 np0000000738 neutron-periodic-workers[88599]: DEBUG oslo.service.backend._threading.loopingcall [None req-68cf389a-f169-47a3-84ea-311d107981d0 None None] Fixed interval looping call 'neutron.services.ovn_l3.plugin.L3_NAT_dbonly_mixin._clean_garbage' sleeping for 299.93 seconds {{(pid=88599) _run_loop /opt/stack/data/venv/lib/python3.12/site-packages/oslo_service/backend/_threading/loopingcall.py:125}}
May 14 03:34:10.731935 np0000000738 neutron-periodic-workers[88563]: DEBUG oslo.service.backend._threading.loopingcall [None req-5226de07-a633-4140-84c7-6dd3d95aa2e8 None None] Fixed interval looping call 'neutron.plugins.ml2.plugin.DhcpAgentSchedulerDbMixin.remove_networks_from_down_agents' sleeping for 36.99 seconds {{(pid=88563) _run_loop /opt/stack/data/venv/lib/python3.12/site-packages/oslo_service/backend/_threading/loopingcall.py:125}}
May 14 03:34:17.861086 np0000000738 neutron-periodic-workers[88599]: DEBUG dbcounter [-] [88599] Writing DB stats neutron:SELECT=1 {{(pid=88599) stat_writer /opt/stack/data/venv/lib/python3.12/site-packages/dbcounter.py:115}}
May 14 03:34:20.731334 np0000000738 neutron-periodic-workers[88563]: DEBUG dbcounter [-] [88563] Writing DB stats neutron:SELECT=3 {{(pid=88563) stat_writer /opt/stack/data/venv/lib/python3.12/site-packages/dbcounter.py:115}}
May 14 03:34:21.767746 np0000000738 neutron-periodic-workers[88579]: DEBUG neutron.db.agents_db [None req-22c2b6b0-44b7-48a8-97b0-3bd626566edf None None] Agent healthcheck: found 0 active agents {{(pid=88579) agent_health_check /opt/stack/neutron/neutron/db/agents_db.py:322}}
May 14 03:34:21.768299 np0000000738 neutron-periodic-workers[88579]: DEBUG oslo.service.backend._threading.loopingcall [None req-22c2b6b0-44b7-48a8-97b0-3bd626566edf None None] Fixed interval looping call 'neutron.plugins.ml2.plugin.AgentDbMixin.agent_health_check' sleeping for 36.99 seconds {{(pid=88579) _run_loop /opt/stack/data/venv/lib/python3.12/site-packages/oslo_service/backend/_threading/loopingcall.py:125}}
May 14 03:34:31.767187 np0000000738 neutron-periodic-workers[88579]: DEBUG dbcounter [-] [88579] Writing DB stats neutron:SELECT=1 {{(pid=88579) stat_writer /opt/stack/data/venv/lib/python3.12/site-packages/dbcounter.py:115}}
May 14 03:34:47.739382 np0000000738 neutron-periodic-workers[88563]: DEBUG oslo.service.backend._threading.loopingcall [None req-5226de07-a633-4140-84c7-6dd3d95aa2e8 None None] Fixed interval looping call 'neutron.plugins.ml2.plugin.DhcpAgentSchedulerDbMixin.remove_networks_from_down_agents' sleeping for 36.99 seconds {{(pid=88563) _run_loop /opt/stack/data/venv/lib/python3.12/site-packages/oslo_service/backend/_threading/loopingcall.py:125}}
May 14 03:34:57.737309 np0000000738 neutron-periodic-workers[88563]: DEBUG dbcounter [-] [88563] Writing DB stats neutron:SELECT=3 {{(pid=88563) stat_writer /opt/stack/data/venv/lib/python3.12/site-packages/dbcounter.py:115}}
May 14 03:34:58.764108 np0000000738 neutron-periodic-workers[88579]: DEBUG neutron.db.agents_db [None req-22c2b6b0-44b7-48a8-97b0-3bd626566edf None None] Agent healthcheck: found 0 active agents {{(pid=88579) agent_health_check /opt/stack/neutron/neutron/db/agents_db.py:322}}
May 14 03:34:58.764665 np0000000738 neutron-periodic-workers[88579]: DEBUG oslo.service.backend._threading.loopingcall [None req-22c2b6b0-44b7-48a8-97b0-3bd626566edf None None] Fixed interval looping call 'neutron.plugins.ml2.plugin.AgentDbMixin.agent_health_check' sleeping for 36.99 seconds {{(pid=88579) _run_loop /opt/stack/data/venv/lib/python3.12/site-packages/oslo_service/backend/_threading/loopingcall.py:125}}
May 14 03:35:08.762947 np0000000738 neutron-periodic-workers[88579]: DEBUG dbcounter [-] [88579] Writing DB stats neutron:SELECT=1 {{(pid=88579) stat_writer /opt/stack/data/venv/lib/python3.12/site-packages/dbcounter.py:115}}
May 14 03:35:24.743563 np0000000738 neutron-periodic-workers[88563]: DEBUG oslo.service.backend._threading.loopingcall [None req-5226de07-a633-4140-84c7-6dd3d95aa2e8 None None] Fixed interval looping call 'neutron.plugins.ml2.plugin.DhcpAgentSchedulerDbMixin.remove_networks_from_down_agents' sleeping for 36.99 seconds {{(pid=88563) _run_loop /opt/stack/data/venv/lib/python3.12/site-packages/oslo_service/backend/_threading/loopingcall.py:125}}
May 14 03:35:25.816053 np0000000738 neutron-periodic-workers[88589]: DEBUG oslo.service.backend._threading.loopingcall [None req-dbbd72c8-0016-4cb2-88b4-05cb78b31fb6 None None] Fixed interval looping call 'neutron.db.quota.driver_nolock.DbQuotaNoLockDriver._remove_expired_reservations' sleeping for 120.00 seconds {{(pid=88589) _run_loop /opt/stack/data/venv/lib/python3.12/site-packages/oslo_service/backend/_threading/loopingcall.py:125}}
May 14 03:35:34.742377 np0000000738 neutron-periodic-workers[88563]: DEBUG dbcounter [-] [88563] Writing DB stats neutron:SELECT=3 {{(pid=88563) stat_writer /opt/stack/data/venv/lib/python3.12/site-packages/dbcounter.py:115}}
May 14 03:35:35.760286 np0000000738 neutron-periodic-workers[88579]: DEBUG neutron.db.agents_db [None req-22c2b6b0-44b7-48a8-97b0-3bd626566edf None None] Agent healthcheck: found 0 active agents {{(pid=88579) agent_health_check /opt/stack/neutron/neutron/db/agents_db.py:322}}
May 14 03:35:35.761507 np0000000738 neutron-periodic-workers[88579]: DEBUG oslo.service.backend._threading.loopingcall [None req-22c2b6b0-44b7-48a8-97b0-3bd626566edf None None] Fixed interval looping call 'neutron.plugins.ml2.plugin.AgentDbMixin.agent_health_check' sleeping for 36.99 seconds {{(pid=88579) _run_loop /opt/stack/data/venv/lib/python3.12/site-packages/oslo_service/backend/_threading/loopingcall.py:125}}
May 14 03:35:35.814681 np0000000738 neutron-periodic-workers[88589]: DEBUG dbcounter [-] [88589] Writing DB stats neutron:DELETE=1 {{(pid=88589) stat_writer /opt/stack/data/venv/lib/python3.12/site-packages/dbcounter.py:115}}
May 14 03:35:45.759248 np0000000738 neutron-periodic-workers[88579]: DEBUG dbcounter [-] [88579] Writing DB stats neutron:SELECT=1 {{(pid=88579) stat_writer /opt/stack/data/venv/lib/python3.12/site-packages/dbcounter.py:115}}
May 14 03:36:01.751914 np0000000738 neutron-periodic-workers[88563]: DEBUG oslo.service.backend._threading.loopingcall [None req-5226de07-a633-4140-84c7-6dd3d95aa2e8 None None] Fixed interval looping call 'neutron.plugins.ml2.plugin.DhcpAgentSchedulerDbMixin.remove_networks_from_down_agents' sleeping for 36.98 seconds {{(pid=88563) _run_loop /opt/stack/data/venv/lib/python3.12/site-packages/oslo_service/backend/_threading/loopingcall.py:125}}
May 14 03:36:11.746348 np0000000738 neutron-periodic-workers[88563]: DEBUG dbcounter [-] [88563] Writing DB stats neutron:SELECT=3 {{(pid=88563) stat_writer /opt/stack/data/venv/lib/python3.12/site-packages/dbcounter.py:115}}
May 14 03:36:12.757200 np0000000738 neutron-periodic-workers[88579]: DEBUG neutron.db.agents_db [None req-22c2b6b0-44b7-48a8-97b0-3bd626566edf None None] Agent healthcheck: found 0 active agents {{(pid=88579) agent_health_check /opt/stack/neutron/neutron/db/agents_db.py:322}}
May 14 03:36:12.757656 np0000000738 neutron-periodic-workers[88579]: DEBUG oslo.service.backend._threading.loopingcall [None req-22c2b6b0-44b7-48a8-97b0-3bd626566edf None None] Fixed interval looping call 'neutron.plugins.ml2.plugin.AgentDbMixin.agent_health_check' sleeping for 36.99 seconds {{(pid=88579) _run_loop /opt/stack/data/venv/lib/python3.12/site-packages/oslo_service/backend/_threading/loopingcall.py:125}}
May 14 03:36:22.753745 np0000000738 neutron-periodic-workers[88579]: DEBUG dbcounter [-] [88579] Writing DB stats neutron:SELECT=1 {{(pid=88579) stat_writer /opt/stack/data/venv/lib/python3.12/site-packages/dbcounter.py:115}}
May 14 03:36:38.769902 np0000000738 neutron-periodic-workers[88563]: DEBUG oslo.service.backend._threading.loopingcall [None req-5226de07-a633-4140-84c7-6dd3d95aa2e8 None None] Fixed interval looping call 'neutron.plugins.ml2.plugin.DhcpAgentSchedulerDbMixin.remove_networks_from_down_agents' sleeping for 36.96 seconds {{(pid=88563) _run_loop /opt/stack/data/venv/lib/python3.12/site-packages/oslo_service/backend/_threading/loopingcall.py:125}}
May 14 03:36:48.763741 np0000000738 neutron-periodic-workers[88563]: DEBUG dbcounter [-] [88563] Writing DB stats neutron:SELECT=3 {{(pid=88563) stat_writer /opt/stack/data/venv/lib/python3.12/site-packages/dbcounter.py:115}}
May 14 03:36:49.750946 np0000000738 neutron-periodic-workers[88579]: DEBUG neutron.db.agents_db [None req-22c2b6b0-44b7-48a8-97b0-3bd626566edf None None] Agent healthcheck: found 0 active agents {{(pid=88579) agent_health_check /opt/stack/neutron/neutron/db/agents_db.py:322}}
May 14 03:36:49.751379 np0000000738 neutron-periodic-workers[88579]: DEBUG oslo.service.backend._threading.loopingcall [None req-22c2b6b0-44b7-48a8-97b0-3bd626566edf None None] Fixed interval looping call 'neutron.plugins.ml2.plugin.AgentDbMixin.agent_health_check' sleeping for 37.00 seconds {{(pid=88579) _run_loop /opt/stack/data/venv/lib/python3.12/site-packages/oslo_service/backend/_threading/loopingcall.py:125}}
May 14 03:36:59.750357 np0000000738 neutron-periodic-workers[88579]: DEBUG dbcounter [-] [88579] Writing DB stats neutron:SELECT=1 {{(pid=88579) stat_writer /opt/stack/data/venv/lib/python3.12/site-packages/dbcounter.py:115}}
May 14 03:37:15.739681 np0000000738 neutron-periodic-workers[88563]: DEBUG oslo.service.backend._threading.loopingcall [None req-5226de07-a633-4140-84c7-6dd3d95aa2e8 None None] Fixed interval looping call 'neutron.plugins.ml2.plugin.DhcpAgentSchedulerDbMixin.remove_networks_from_down_agents' sleeping for 36.99 seconds {{(pid=88563) _run_loop /opt/stack/data/venv/lib/python3.12/site-packages/oslo_service/backend/_threading/loopingcall.py:125}}
May 14 03:37:25.737261 np0000000738 neutron-periodic-workers[88563]: DEBUG dbcounter [-] [88563] Writing DB stats neutron:SELECT=3 {{(pid=88563) stat_writer /opt/stack/data/venv/lib/python3.12/site-packages/dbcounter.py:115}}
May 14 03:37:25.819603 np0000000738 neutron-periodic-workers[88589]: DEBUG oslo.service.backend._threading.loopingcall [None req-dbbd72c8-0016-4cb2-88b4-05cb78b31fb6 None None] Fixed interval looping call 'neutron.db.quota.driver_nolock.DbQuotaNoLockDriver._remove_expired_reservations' sleeping for 120.00 seconds {{(pid=88589) _run_loop /opt/stack/data/venv/lib/python3.12/site-packages/oslo_service/backend/_threading/loopingcall.py:125}}
May 14 03:37:26.755322 np0000000738 neutron-periodic-workers[88579]: DEBUG neutron.db.agents_db [None req-22c2b6b0-44b7-48a8-97b0-3bd626566edf None None] Agent healthcheck: found 0 active agents {{(pid=88579) agent_health_check /opt/stack/neutron/neutron/db/agents_db.py:322}}
May 14 03:37:26.755900 np0000000738 neutron-periodic-workers[88579]: DEBUG oslo.service.backend._threading.loopingcall [None req-22c2b6b0-44b7-48a8-97b0-3bd626566edf None None] Fixed interval looping call 'neutron.plugins.ml2.plugin.AgentDbMixin.agent_health_check' sleeping for 37.00 seconds {{(pid=88579) _run_loop /opt/stack/data/venv/lib/python3.12/site-packages/oslo_service/backend/_threading/loopingcall.py:125}}
May 14 03:37:35.818688 np0000000738 neutron-periodic-workers[88589]: DEBUG dbcounter [-] [88589] Writing DB stats neutron:DELETE=1 {{(pid=88589) stat_writer /opt/stack/data/venv/lib/python3.12/site-packages/dbcounter.py:115}}
May 14 03:37:36.756473 np0000000738 neutron-periodic-workers[88579]: DEBUG dbcounter [-] [88579] Writing DB stats neutron:SELECT=1 {{(pid=88579) stat_writer /opt/stack/data/venv/lib/python3.12/site-packages/dbcounter.py:115}}
May 14 03:37:52.736806 np0000000738 neutron-periodic-workers[88563]: DEBUG oslo.service.backend._threading.loopingcall [None req-5226de07-a633-4140-84c7-6dd3d95aa2e8 None None] Fixed interval looping call 'neutron.plugins.ml2.plugin.DhcpAgentSchedulerDbMixin.remove_networks_from_down_agents' sleeping for 36.99 seconds {{(pid=88563) _run_loop /opt/stack/data/venv/lib/python3.12/site-packages/oslo_service/backend/_threading/loopingcall.py:125}}
May 14 03:38:02.735876 np0000000738 neutron-periodic-workers[88563]: DEBUG dbcounter [-] [88563] Writing DB stats neutron:SELECT=3 {{(pid=88563) stat_writer /opt/stack/data/venv/lib/python3.12/site-packages/dbcounter.py:115}}
May 14 03:38:03.759712 np0000000738 neutron-periodic-workers[88579]: DEBUG neutron.db.agents_db [None req-22c2b6b0-44b7-48a8-97b0-3bd626566edf None None] Agent healthcheck: found 0 active agents {{(pid=88579) agent_health_check /opt/stack/neutron/neutron/db/agents_db.py:322}}
May 14 03:38:03.759712 np0000000738 neutron-periodic-workers[88579]: DEBUG oslo.service.backend._threading.loopingcall [None req-22c2b6b0-44b7-48a8-97b0-3bd626566edf None None] Fixed interval looping call 'neutron.plugins.ml2.plugin.AgentDbMixin.agent_health_check' sleeping for 37.00 seconds {{(pid=88579) _run_loop /opt/stack/data/venv/lib/python3.12/site-packages/oslo_service/backend/_threading/loopingcall.py:125}}
May 14 03:38:13.761412 np0000000738 neutron-periodic-workers[88579]: DEBUG dbcounter [-] [88579] Writing DB stats neutron:SELECT=1 {{(pid=88579) stat_writer /opt/stack/data/venv/lib/python3.12/site-packages/dbcounter.py:115}}
May 14 03:38:29.733603 np0000000738 neutron-periodic-workers[88563]: DEBUG oslo.service.backend._threading.loopingcall [None req-5226de07-a633-4140-84c7-6dd3d95aa2e8 None None] Fixed interval looping call 'neutron.plugins.ml2.plugin.DhcpAgentSchedulerDbMixin.remove_networks_from_down_agents' sleeping for 36.99 seconds {{(pid=88563) _run_loop /opt/stack/data/venv/lib/python3.12/site-packages/oslo_service/backend/_threading/loopingcall.py:125}}
May 14 03:38:39.732801 np0000000738 neutron-periodic-workers[88563]: DEBUG dbcounter [-] [88563] Writing DB stats neutron:SELECT=3 {{(pid=88563) stat_writer /opt/stack/data/venv/lib/python3.12/site-packages/dbcounter.py:115}}
May 14 03:38:40.762820 np0000000738 neutron-periodic-workers[88579]: DEBUG neutron.db.agents_db [None req-22c2b6b0-44b7-48a8-97b0-3bd626566edf None None] Agent healthcheck: found 0 active agents {{(pid=88579) agent_health_check /opt/stack/neutron/neutron/db/agents_db.py:322}}
May 14 03:38:40.763366 np0000000738 neutron-periodic-workers[88579]: DEBUG oslo.service.backend._threading.loopingcall [None req-22c2b6b0-44b7-48a8-97b0-3bd626566edf None None] Fixed interval looping call 'neutron.plugins.ml2.plugin.AgentDbMixin.agent_health_check' sleeping for 37.00 seconds {{(pid=88579) _run_loop /opt/stack/data/venv/lib/python3.12/site-packages/oslo_service/backend/_threading/loopingcall.py:125}}
May 14 03:38:50.761775 np0000000738 neutron-periodic-workers[88579]: DEBUG dbcounter [-] [88579] Writing DB stats neutron:SELECT=1 {{(pid=88579) stat_writer /opt/stack/data/venv/lib/python3.12/site-packages/dbcounter.py:115}}
May 14 03:39:06.729327 np0000000738 neutron-periodic-workers[88563]: DEBUG oslo.service.backend._threading.loopingcall [None req-5226de07-a633-4140-84c7-6dd3d95aa2e8 None None] Fixed interval looping call 'neutron.plugins.ml2.plugin.DhcpAgentSchedulerDbMixin.remove_networks_from_down_agents' sleeping for 36.99 seconds {{(pid=88563) _run_loop /opt/stack/data/venv/lib/python3.12/site-packages/oslo_service/backend/_threading/loopingcall.py:125}}
May 14 03:39:07.829259 np0000000738 neutron-periodic-workers[88599]: DEBUG oslo.service.backend._threading.loopingcall [None req-68cf389a-f169-47a3-84ea-311d107981d0 None None] Fixed interval looping call 'neutron.services.ovn_l3.plugin.L3_NAT_dbonly_mixin._clean_garbage' sleeping for 299.98 seconds {{(pid=88599) _run_loop /opt/stack/data/venv/lib/python3.12/site-packages/oslo_service/backend/_threading/loopingcall.py:125}}
May 14 03:39:16.728505 np0000000738 neutron-periodic-workers[88563]: DEBUG dbcounter [-] [88563] Writing DB stats neutron:SELECT=3 {{(pid=88563) stat_writer /opt/stack/data/venv/lib/python3.12/site-packages/dbcounter.py:115}}
May 14 03:39:17.766694 np0000000738 neutron-periodic-workers[88579]: DEBUG neutron.db.agents_db [None req-22c2b6b0-44b7-48a8-97b0-3bd626566edf None None] Agent healthcheck: found 0 active agents {{(pid=88579) agent_health_check /opt/stack/neutron/neutron/db/agents_db.py:322}}
May 14 03:39:17.767320 np0000000738 neutron-periodic-workers[88579]: DEBUG oslo.service.backend._threading.loopingcall [None req-22c2b6b0-44b7-48a8-97b0-3bd626566edf None None] Fixed interval looping call 'neutron.plugins.ml2.plugin.AgentDbMixin.agent_health_check' sleeping for 37.00 seconds {{(pid=88579) _run_loop /opt/stack/data/venv/lib/python3.12/site-packages/oslo_service/backend/_threading/loopingcall.py:125}}
May 14 03:39:17.807296 np0000000738 neutron-periodic-workers[88599]: DEBUG dbcounter [-] [88599] Writing DB stats neutron:SELECT=1 {{(pid=88599) stat_writer /opt/stack/data/venv/lib/python3.12/site-packages/dbcounter.py:115}}
May 14 03:39:25.822294 np0000000738 neutron-periodic-workers[88589]: DEBUG oslo.service.backend._threading.loopingcall [None req-dbbd72c8-0016-4cb2-88b4-05cb78b31fb6 None None] Fixed interval looping call 'neutron.db.quota.driver_nolock.DbQuotaNoLockDriver._remove_expired_reservations' sleeping for 120.00 seconds {{(pid=88589) _run_loop /opt/stack/data/venv/lib/python3.12/site-packages/oslo_service/backend/_threading/loopingcall.py:125}}
May 14 03:39:27.765531 np0000000738 neutron-periodic-workers[88579]: DEBUG dbcounter [-] [88579] Writing DB stats neutron:SELECT=1 {{(pid=88579) stat_writer /opt/stack/data/venv/lib/python3.12/site-packages/dbcounter.py:115}}
May 14 03:39:35.822040 np0000000738 neutron-periodic-workers[88589]: DEBUG dbcounter [-] [88589] Writing DB stats neutron:DELETE=1 {{(pid=88589) stat_writer /opt/stack/data/venv/lib/python3.12/site-packages/dbcounter.py:115}}
May 14 03:39:43.728755 np0000000738 neutron-periodic-workers[88563]: DEBUG oslo.service.backend._threading.loopingcall [None req-5226de07-a633-4140-84c7-6dd3d95aa2e8 None None] Fixed interval looping call 'neutron.plugins.ml2.plugin.DhcpAgentSchedulerDbMixin.remove_networks_from_down_agents' sleeping for 36.99 seconds {{(pid=88563) _run_loop /opt/stack/data/venv/lib/python3.12/site-packages/oslo_service/backend/_threading/loopingcall.py:125}}
May 14 03:39:53.728253 np0000000738 neutron-periodic-workers[88563]: DEBUG dbcounter [-] [88563] Writing DB stats neutron:SELECT=3 {{(pid=88563) stat_writer /opt/stack/data/venv/lib/python3.12/site-packages/dbcounter.py:115}}
May 14 03:39:54.769899 np0000000738 neutron-periodic-workers[88579]: DEBUG neutron.db.agents_db [None req-22c2b6b0-44b7-48a8-97b0-3bd626566edf None None] Agent healthcheck: found 0 active agents {{(pid=88579) agent_health_check /opt/stack/neutron/neutron/db/agents_db.py:322}}
May 14 03:39:54.770378 np0000000738 neutron-periodic-workers[88579]: DEBUG oslo.service.backend._threading.loopingcall [None req-22c2b6b0-44b7-48a8-97b0-3bd626566edf None None] Fixed interval looping call 'neutron.plugins.ml2.plugin.AgentDbMixin.agent_health_check' sleeping for 37.00 seconds {{(pid=88579) _run_loop /opt/stack/data/venv/lib/python3.12/site-packages/oslo_service/backend/_threading/loopingcall.py:125}}
May 14 03:40:04.768922 np0000000738 neutron-periodic-workers[88579]: DEBUG dbcounter [-] [88579] Writing DB stats neutron:SELECT=1 {{(pid=88579) stat_writer /opt/stack/data/venv/lib/python3.12/site-packages/dbcounter.py:115}}
May 14 03:40:20.724030 np0000000738 neutron-periodic-workers[88563]: DEBUG oslo.service.backend._threading.loopingcall [None req-5226de07-a633-4140-84c7-6dd3d95aa2e8 None None] Fixed interval looping call 'neutron.plugins.ml2.plugin.DhcpAgentSchedulerDbMixin.remove_networks_from_down_agents' sleeping for 36.99 seconds {{(pid=88563) _run_loop /opt/stack/data/venv/lib/python3.12/site-packages/oslo_service/backend/_threading/loopingcall.py:125}}
May 14 03:40:30.723160 np0000000738 neutron-periodic-workers[88563]: DEBUG dbcounter [-] [88563] Writing DB stats neutron:SELECT=3 {{(pid=88563) stat_writer /opt/stack/data/venv/lib/python3.12/site-packages/dbcounter.py:115}}
May 14 03:40:31.777019 np0000000738 neutron-periodic-workers[88579]: DEBUG neutron.db.agents_db [None req-22c2b6b0-44b7-48a8-97b0-3bd626566edf None None] Agent healthcheck: found 0 active agents {{(pid=88579) agent_health_check /opt/stack/neutron/neutron/db/agents_db.py:322}}
May 14 03:40:31.777470 np0000000738 neutron-periodic-workers[88579]: DEBUG oslo.service.backend._threading.loopingcall [None req-22c2b6b0-44b7-48a8-97b0-3bd626566edf None None] Fixed interval looping call 'neutron.plugins.ml2.plugin.AgentDbMixin.agent_health_check' sleeping for 36.99 seconds {{(pid=88579) _run_loop /opt/stack/data/venv/lib/python3.12/site-packages/oslo_service/backend/_threading/loopingcall.py:125}}
May 14 03:40:41.776653 np0000000738 neutron-periodic-workers[88579]: DEBUG dbcounter [-] [88579] Writing DB stats neutron:SELECT=1 {{(pid=88579) stat_writer /opt/stack/data/venv/lib/python3.12/site-packages/dbcounter.py:115}}
May 14 03:40:57.721248 np0000000738 neutron-periodic-workers[88563]: DEBUG oslo.service.backend._threading.loopingcall [None req-5226de07-a633-4140-84c7-6dd3d95aa2e8 None None] Fixed interval looping call 'neutron.plugins.ml2.plugin.DhcpAgentSchedulerDbMixin.remove_networks_from_down_agents' sleeping for 36.99 seconds {{(pid=88563) _run_loop /opt/stack/data/venv/lib/python3.12/site-packages/oslo_service/backend/_threading/loopingcall.py:125}}
May 14 03:41:07.720999 np0000000738 neutron-periodic-workers[88563]: DEBUG dbcounter [-] [88563] Writing DB stats neutron:SELECT=3 {{(pid=88563) stat_writer /opt/stack/data/venv/lib/python3.12/site-packages/dbcounter.py:115}}
May 14 03:41:08.770798 np0000000738 neutron-periodic-workers[88579]: DEBUG neutron.db.agents_db [None req-22c2b6b0-44b7-48a8-97b0-3bd626566edf None None] Agent healthcheck: found 0 active agents {{(pid=88579) agent_health_check /opt/stack/neutron/neutron/db/agents_db.py:322}}
May 14 03:41:08.771119 np0000000738 neutron-periodic-workers[88579]: DEBUG oslo.service.backend._threading.loopingcall [None req-22c2b6b0-44b7-48a8-97b0-3bd626566edf None None] Fixed interval looping call 'neutron.plugins.ml2.plugin.AgentDbMixin.agent_health_check' sleeping for 37.00 seconds {{(pid=88579) _run_loop /opt/stack/data/venv/lib/python3.12/site-packages/oslo_service/backend/_threading/loopingcall.py:125}}
May 14 03:41:18.771458 np0000000738 neutron-periodic-workers[88579]: DEBUG dbcounter [-] [88579] Writing DB stats neutron:SELECT=1 {{(pid=88579) stat_writer /opt/stack/data/venv/lib/python3.12/site-packages/dbcounter.py:115}}
May 14 03:41:25.828189 np0000000738 neutron-periodic-workers[88589]: DEBUG oslo.service.backend._threading.loopingcall [None req-dbbd72c8-0016-4cb2-88b4-05cb78b31fb6 None None] Fixed interval looping call 'neutron.db.quota.driver_nolock.DbQuotaNoLockDriver._remove_expired_reservations' sleeping for 119.99 seconds {{(pid=88589) _run_loop /opt/stack/data/venv/lib/python3.12/site-packages/oslo_service/backend/_threading/loopingcall.py:125}}
May 14 03:41:34.718219 np0000000738 neutron-periodic-workers[88563]: DEBUG oslo.service.backend._threading.loopingcall [None req-5226de07-a633-4140-84c7-6dd3d95aa2e8 None None] Fixed interval looping call 'neutron.plugins.ml2.plugin.DhcpAgentSchedulerDbMixin.remove_networks_from_down_agents' sleeping for 36.99 seconds {{(pid=88563) _run_loop /opt/stack/data/venv/lib/python3.12/site-packages/oslo_service/backend/_threading/loopingcall.py:125}}
May 14 03:41:35.830675 np0000000738 neutron-periodic-workers[88589]: DEBUG dbcounter [-] [88589] Writing DB stats neutron:DELETE=1 {{(pid=88589) stat_writer /opt/stack/data/venv/lib/python3.12/site-packages/dbcounter.py:115}}
May 14 03:41:44.718721 np0000000738 neutron-periodic-workers[88563]: DEBUG dbcounter [-] [88563] Writing DB stats neutron:SELECT=3 {{(pid=88563) stat_writer /opt/stack/data/venv/lib/python3.12/site-packages/dbcounter.py:115}}
May 14 03:41:45.774349 np0000000738 neutron-periodic-workers[88579]: DEBUG neutron.db.agents_db [None req-22c2b6b0-44b7-48a8-97b0-3bd626566edf None None] Agent healthcheck: found 0 active agents {{(pid=88579) agent_health_check /opt/stack/neutron/neutron/db/agents_db.py:322}}
May 14 03:41:45.775307 np0000000738 neutron-periodic-workers[88579]: DEBUG oslo.service.backend._threading.loopingcall [None req-22c2b6b0-44b7-48a8-97b0-3bd626566edf None None] Fixed interval looping call 'neutron.plugins.ml2.plugin.AgentDbMixin.agent_health_check' sleeping for 37.00 seconds {{(pid=88579) _run_loop /opt/stack/data/venv/lib/python3.12/site-packages/oslo_service/backend/_threading/loopingcall.py:125}}
May 14 03:41:55.773356 np0000000738 neutron-periodic-workers[88579]: DEBUG dbcounter [-] [88579] Writing DB stats neutron:SELECT=1 {{(pid=88579) stat_writer /opt/stack/data/venv/lib/python3.12/site-packages/dbcounter.py:115}}
May 14 03:42:11.715413 np0000000738 neutron-periodic-workers[88563]: DEBUG oslo.service.backend._threading.loopingcall [None req-5226de07-a633-4140-84c7-6dd3d95aa2e8 None None] Fixed interval looping call 'neutron.plugins.ml2.plugin.DhcpAgentSchedulerDbMixin.remove_networks_from_down_agents' sleeping for 36.99 seconds {{(pid=88563) _run_loop /opt/stack/data/venv/lib/python3.12/site-packages/oslo_service/backend/_threading/loopingcall.py:125}}
May 14 03:42:21.714456 np0000000738 neutron-periodic-workers[88563]: DEBUG dbcounter [-] [88563] Writing DB stats neutron:SELECT=3 {{(pid=88563) stat_writer /opt/stack/data/venv/lib/python3.12/site-packages/dbcounter.py:115}}
May 14 03:42:22.787304 np0000000738 neutron-periodic-workers[88579]: DEBUG neutron.db.agents_db [None req-22c2b6b0-44b7-48a8-97b0-3bd626566edf None None] Agent healthcheck: found 0 active agents {{(pid=88579) agent_health_check /opt/stack/neutron/neutron/db/agents_db.py:322}}
