Jul 24 13:34:09.419934 np0000005834 devstack@g-api.service[103120]: DEBUG glance.api.middleware.version_negotiation [None req-ab60b8d1-f900-45d8-bfe5-624c794253ba tempest-VolumesCloneTest-134425533 tempest-VolumesCloneTest-134425533-project-member] Determining version of request: GET /v2/images/bcbe2cbb-c6d4-4926-832f-7b43e0a046aa Accept: application/json {{(pid=103120) process_request /opt/stack/glance/glance/api/middleware/version_negotiation.py:44}}
Jul 24 13:34:09.420593 np0000005834 devstack@g-api.service[103120]: DEBUG glance.api.middleware.version_negotiation [None req-ab60b8d1-f900-45d8-bfe5-624c794253ba tempest-VolumesCloneTest-134425533 tempest-VolumesCloneTest-134425533-project-member] Using url versioning {{(pid=103120) process_request /opt/stack/glance/glance/api/middleware/version_negotiation.py:57}}
Jul 24 13:34:09.420593 np0000005834 devstack@g-api.service[103120]: DEBUG glance.api.middleware.version_negotiation [None req-ab60b8d1-f900-45d8-bfe5-624c794253ba tempest-VolumesCloneTest-134425533 tempest-VolumesCloneTest-134425533-project-member] Matched version: v2 {{(pid=103120) process_request /opt/stack/glance/glance/api/middleware/version_negotiation.py:69}}
Jul 24 13:34:09.420593 np0000005834 devstack@g-api.service[103120]: DEBUG glance.api.middleware.version_negotiation [None req-ab60b8d1-f900-45d8-bfe5-624c794253ba tempest-VolumesCloneTest-134425533 tempest-VolumesCloneTest-134425533-project-member] new path /v2/images/bcbe2cbb-c6d4-4926-832f-7b43e0a046aa {{(pid=103120) process_request /opt/stack/glance/glance/api/middleware/version_negotiation.py:70}}
Jul 24 13:34:09.438484 np0000005834 devstack@g-api.service[103120]: [pid: 103120|app: 0|req: 39/154] 127.0.0.1 () {40 vars in 834 bytes} [Fri Jul 24 13:34:09 2026] GET /v2/images/bcbe2cbb-c6d4-4926-832f-7b43e0a046aa => generated 1471 bytes in 19 msecs (HTTP/1.1 200) 4 headers in 158 bytes (1 switches on core 0)
Jul 24 13:34:09.483092 np0000005834 devstack@g-api.service[103119]: DEBUG glance.api.middleware.version_negotiation [None req-ab60b8d1-f900-45d8-bfe5-624c794253ba tempest-VolumesCloneTest-134425533 tempest-VolumesCloneTest-134425533-project-member] Determining version of request: GET /v2/images/824f2ce9-6b98-4e38-b7ed-67e4c1e6c459 Accept: application/json {{(pid=103119) process_request /opt/stack/glance/glance/api/middleware/version_negotiation.py:44}}
Jul 24 13:34:09.483092 np0000005834 devstack@g-api.service[103119]: DEBUG glance.api.middleware.version_negotiation [None req-ab60b8d1-f900-45d8-bfe5-624c794253ba tempest-VolumesCloneTest-134425533 tempest-VolumesCloneTest-134425533-project-member] Using url versioning {{(pid=103119) process_request /opt/stack/glance/glance/api/middleware/version_negotiation.py:57}}
Jul 24 13:34:09.483092 np0000005834 devstack@g-api.service[103119]: DEBUG glance.api.middleware.version_negotiation [None req-ab60b8d1-f900-45d8-bfe5-624c794253ba tempest-VolumesCloneTest-134425533 tempest-VolumesCloneTest-134425533-project-member] Matched version: v2 {{(pid=103119) process_request /opt/stack/glance/glance/api/middleware/version_negotiation.py:69}}
Jul 24 13:34:09.483092 np0000005834 devstack@g-api.service[103119]: DEBUG glance.api.middleware.version_negotiation [None req-ab60b8d1-f900-45d8-bfe5-624c794253ba tempest-VolumesCloneTest-134425533 tempest-VolumesCloneTest-134425533-project-member] new path /v2/images/824f2ce9-6b98-4e38-b7ed-67e4c1e6c459 {{(pid=103119) process_request /opt/stack/glance/glance/api/middleware/version_negotiation.py:70}}
Jul 24 13:34:09.497707 np0000005834 devstack@g-api.service[103119]: [pid: 103119|app: 0|req: 41/155] 127.0.0.1 () {40 vars in 834 bytes} [Fri Jul 24 13:34:09 2026] GET /v2/images/824f2ce9-6b98-4e38-b7ed-67e4c1e6c459 => generated 1044 bytes in 15 msecs (HTTP/1.1 200) 4 headers in 158 bytes (1 switches on core 0)
Jul 24 13:34:09.687527 np0000005834 devstack@g-api.service[103117]: DEBUG glance.api.middleware.version_negotiation [None req-ab60b8d1-f900-45d8-bfe5-624c794253ba tempest-VolumesCloneTest-134425533 tempest-VolumesCloneTest-134425533-project-member] Determining version of request: GET /v2/images/824f2ce9-6b98-4e38-b7ed-67e4c1e6c459 Accept: */* {{(pid=103117) process_request /opt/stack/glance/glance/api/middleware/version_negotiation.py:44}}
Jul 24 13:34:09.687980 np0000005834 devstack@g-api.service[103117]: DEBUG glance.api.middleware.version_negotiation [None req-ab60b8d1-f900-45d8-bfe5-624c794253ba tempest-VolumesCloneTest-134425533 tempest-VolumesCloneTest-134425533-project-member] Using url versioning {{(pid=103117) process_request /opt/stack/glance/glance/api/middleware/version_negotiation.py:57}}
Jul 24 13:34:09.687980 np0000005834 devstack@g-api.service[103117]: DEBUG glance.api.middleware.version_negotiation [None req-ab60b8d1-f900-45d8-bfe5-624c794253ba tempest-VolumesCloneTest-134425533 tempest-VolumesCloneTest-134425533-project-member] Matched version: v2 {{(pid=103117) process_request /opt/stack/glance/glance/api/middleware/version_negotiation.py:69}}
Jul 24 13:34:09.687980 np0000005834 devstack@g-api.service[103117]: DEBUG glance.api.middleware.version_negotiation [None req-ab60b8d1-f900-45d8-bfe5-624c794253ba tempest-VolumesCloneTest-134425533 tempest-VolumesCloneTest-134425533-project-member] new path /v2/images/824f2ce9-6b98-4e38-b7ed-67e4c1e6c459 {{(pid=103117) process_request /opt/stack/glance/glance/api/middleware/version_negotiation.py:70}}
Jul 24 13:34:09.842447 np0000005834 devstack@g-api.service[103117]: [pid: 103117|app: 0|req: 39/156] 127.0.0.1 () {44 vars in 1111 bytes} [Fri Jul 24 13:34:09 2026] GET /v2/images/824f2ce9-6b98-4e38-b7ed-67e4c1e6c459 => generated 1044 bytes in 155 msecs (HTTP/1.1 200) 4 headers in 158 bytes (1 switches on core 0)
Jul 24 13:34:09.853440 np0000005834 devstack@g-api.service[103120]: DEBUG glance.api.middleware.version_negotiation [None req-e3098852-374f-48f8-9797-f6c412f8337d tempest-ServerBootFromVolumeStableRescueTest-2046318613 tempest-ServerBootFromVolumeStableRescueTest-2046318613-project-member] Determining version of request: GET /v2/schemas/image Accept: */* {{(pid=103120) process_request /opt/stack/glance/glance/api/middleware/version_negotiation.py:44}}
Jul 24 13:34:09.853581 np0000005834 devstack@g-api.service[103120]: DEBUG glance.api.middleware.version_negotiation [None req-e3098852-374f-48f8-9797-f6c412f8337d tempest-ServerBootFromVolumeStableRescueTest-2046318613 tempest-ServerBootFromVolumeStableRescueTest-2046318613-project-member] Using url versioning {{(pid=103120) process_request /opt/stack/glance/glance/api/middleware/version_negotiation.py:57}}
Jul 24 13:34:09.853738 np0000005834 devstack@g-api.service[103120]: DEBUG glance.api.middleware.version_negotiation [None req-e3098852-374f-48f8-9797-f6c412f8337d tempest-ServerBootFromVolumeStableRescueTest-2046318613 tempest-ServerBootFromVolumeStableRescueTest-2046318613-project-member] Matched version: v2 {{(pid=103120) process_request /opt/stack/glance/glance/api/middleware/version_negotiation.py:69}}
Jul 24 13:34:09.853959 np0000005834 devstack@g-api.service[103120]: DEBUG glance.api.middleware.version_negotiation [None req-e3098852-374f-48f8-9797-f6c412f8337d tempest-ServerBootFromVolumeStableRescueTest-2046318613 tempest-ServerBootFromVolumeStableRescueTest-2046318613-project-member] new path /v2/schemas/image {{(pid=103120) process_request /opt/stack/glance/glance/api/middleware/version_negotiation.py:70}}
Jul 24 13:34:09.860406 np0000005834 devstack@g-api.service[103120]: [pid: 103120|app: 0|req: 40/157] 127.0.0.1 () {44 vars in 1051 bytes} [Fri Jul 24 13:34:09 2026] GET /v2/schemas/image => generated 6083 bytes in 7 msecs (HTTP/1.1 200) 4 headers in 158 bytes (1 switches on core 0)
Jul 24 13:34:09.862142 np0000005834 devstack@g-api.service[103118]: DEBUG glance.location [None req-9707fbc1-a47e-461d-8733-fbd3ab43a01c tempest-ServerBootFromVolumeStableRescueTest-2046318613 tempest-ServerBootFromVolumeStableRescueTest-2046318613-project-member] Enabling in-flight format inspection for qcow2 {{(pid=103118) set_data /opt/stack/glance/glance/location.py:596}}
Jul 24 13:34:09.862680 np0000005834 devstack@g-api.service[103118]: DEBUG glance_store.backend [None req-9707fbc1-a47e-461d-8733-fbd3ab43a01c tempest-ServerBootFromVolumeStableRescueTest-2046318613 tempest-ServerBootFromVolumeStableRescueTest-2046318613-project-member] Attempting to import store swift {{(pid=103118) _load_store /opt/stack/data/venv/lib/python3.12/site-packages/glance_store/backend.py:215}}
Jul 24 13:34:09.864944 np0000005834 devstack@g-api.service[103118]: DEBUG glance_store.capabilities [None req-9707fbc1-a47e-461d-8733-fbd3ab43a01c tempest-ServerBootFromVolumeStableRescueTest-2046318613 tempest-ServerBootFromVolumeStableRescueTest-2046318613-project-member] Store glance_store._drivers.swift.store.SingleTenantStore doesn't support updating dynamic storage capabilities. Please overwrite 'update_capabilities' method of the store to implement updating logics if needed. {{(pid=103118) update_capabilities /opt/stack/data/venv/lib/python3.12/site-packages/glance_store/capabilities.py:91}}
Jul 24 13:34:09.864944 np0000005834 devstack@g-api.service[103118]: DEBUG glance_store.driver [None req-9707fbc1-a47e-461d-8733-fbd3ab43a01c tempest-ServerBootFromVolumeStableRescueTest-2046318613 tempest-ServerBootFromVolumeStableRescueTest-2046318613-project-member] Late loading location class glance_store._drivers.swift.store.StoreLocation {{(pid=103118) get_store_location_class /opt/stack/data/venv/lib/python3.12/site-packages/glance_store/driver.py:134}}
Jul 24 13:34:09.865132 np0000005834 devstack@g-api.service[103118]: DEBUG glance_store.location [None req-9707fbc1-a47e-461d-8733-fbd3ab43a01c tempest-ServerBootFromVolumeStableRescueTest-2046318613 tempest-ServerBootFromVolumeStableRescueTest-2046318613-project-member] Registering scheme swift+https with {'store': , 'location_class': , 'store_entry': 'swift'} {{(pid=103118) register_scheme_map /opt/stack/data/venv/lib/python3.12/site-packages/glance_store/location.py:146}}
Jul 24 13:34:09.865132 np0000005834 devstack@g-api.service[103118]: DEBUG glance_store.location [None req-9707fbc1-a47e-461d-8733-fbd3ab43a01c tempest-ServerBootFromVolumeStableRescueTest-2046318613 tempest-ServerBootFromVolumeStableRescueTest-2046318613-project-member] Registering scheme swift+https with {'store': , 'location_class': , 'store_entry': 'swift'} {{(pid=103118) register_scheme_map /opt/stack/data/venv/lib/python3.12/site-packages/glance_store/location.py:146}}
Jul 24 13:34:09.865278 np0000005834 devstack@g-api.service[103118]: DEBUG glance_store.location [None req-9707fbc1-a47e-461d-8733-fbd3ab43a01c tempest-ServerBootFromVolumeStableRescueTest-2046318613 tempest-ServerBootFromVolumeStableRescueTest-2046318613-project-member] Registering scheme swift with {'store': , 'location_class': , 'store_entry': 'swift'} {{(pid=103118) register_scheme_map /opt/stack/data/venv/lib/python3.12/site-packages/glance_store/location.py:146}}
Jul 24 13:34:09.865356 np0000005834 devstack@g-api.service[103118]: DEBUG glance_store.location [None req-9707fbc1-a47e-461d-8733-fbd3ab43a01c tempest-ServerBootFromVolumeStableRescueTest-2046318613 tempest-ServerBootFromVolumeStableRescueTest-2046318613-project-member] Registering scheme swift+https with {'store': , 'location_class': , 'store_entry': 'swift'} {{(pid=103118) register_scheme_map /opt/stack/data/venv/lib/python3.12/site-packages/glance_store/location.py:146}}
Jul 24 13:34:09.865462 np0000005834 devstack@g-api.service[103118]: DEBUG glance_store.location [None req-9707fbc1-a47e-461d-8733-fbd3ab43a01c tempest-ServerBootFromVolumeStableRescueTest-2046318613 tempest-ServerBootFromVolumeStableRescueTest-2046318613-project-member] Registering scheme swift with {'store': , 'location_class': , 'store_entry': 'swift'} {{(pid=103118) register_scheme_map /opt/stack/data/venv/lib/python3.12/site-packages/glance_store/location.py:146}}
Jul 24 13:34:09.865609 np0000005834 devstack@g-api.service[103118]: DEBUG glance_store.location [None req-9707fbc1-a47e-461d-8733-fbd3ab43a01c tempest-ServerBootFromVolumeStableRescueTest-2046318613 tempest-ServerBootFromVolumeStableRescueTest-2046318613-project-member] Registering scheme swift+http with {'store': , 'location_class': , 'store_entry': 'swift'} {{(pid=103118) register_scheme_map /opt/stack/data/venv/lib/python3.12/site-packages/glance_store/location.py:146}}
Jul 24 13:34:09.867805 np0000005834 devstack@g-api.service[103118]: DEBUG glance_store.location [None req-9707fbc1-a47e-461d-8733-fbd3ab43a01c tempest-ServerBootFromVolumeStableRescueTest-2046318613 tempest-ServerBootFromVolumeStableRescueTest-2046318613-project-member] Registering scheme swift+https with {'store': , 'location_class': , 'store_entry': 'swift'} {{(pid=103118) register_scheme_map /opt/stack/data/venv/lib/python3.12/site-packages/glance_store/location.py:146}}
Jul 24 13:34:09.867805 np0000005834 devstack@g-api.service[103118]: DEBUG glance_store.location [None req-9707fbc1-a47e-461d-8733-fbd3ab43a01c tempest-ServerBootFromVolumeStableRescueTest-2046318613 tempest-ServerBootFromVolumeStableRescueTest-2046318613-project-member] Registering scheme swift with {'store': , 'location_class': , 'store_entry': 'swift'} {{(pid=103118) register_scheme_map /opt/stack/data/venv/lib/python3.12/site-packages/glance_store/location.py:146}}
Jul 24 13:34:09.867805 np0000005834 devstack@g-api.service[103118]: DEBUG glance_store.location [None req-9707fbc1-a47e-461d-8733-fbd3ab43a01c tempest-ServerBootFromVolumeStableRescueTest-2046318613 tempest-ServerBootFromVolumeStableRescueTest-2046318613-project-member] Registering scheme swift+http with {'store': , 'location_class': , 'store_entry': 'swift'} {{(pid=103118) register_scheme_map /opt/stack/data/venv/lib/python3.12/site-packages/glance_store/location.py:146}}
Jul 24 13:34:09.867805 np0000005834 devstack@g-api.service[103118]: DEBUG glance_store.location [None req-9707fbc1-a47e-461d-8733-fbd3ab43a01c tempest-ServerBootFromVolumeStableRescueTest-2046318613 tempest-ServerBootFromVolumeStableRescueTest-2046318613-project-member] Registering scheme swift+config with {'store': , 'location_class': , 'store_entry': 'swift'} {{(pid=103118) register_scheme_map /opt/stack/data/venv/lib/python3.12/site-packages/glance_store/location.py:146}}
Jul 24 13:34:09.875293 np0000005834 devstack@g-api.service[103119]: DEBUG glance.api.middleware.version_negotiation [None req-22a16400-c0ea-4c3b-aa25-8ef251c77179 tempest-VolumesSnapshotTestJSON-699610982 tempest-VolumesSnapshotTestJSON-699610982-project-member] Determining version of request: GET /v2/schemas/image Accept: */* {{(pid=103119) process_request /opt/stack/glance/glance/api/middleware/version_negotiation.py:44}}
Jul 24 13:34:09.875489 np0000005834 devstack@g-api.service[103119]: DEBUG glance.api.middleware.version_negotiation [None req-22a16400-c0ea-4c3b-aa25-8ef251c77179 tempest-VolumesSnapshotTestJSON-699610982 tempest-VolumesSnapshotTestJSON-699610982-project-member] Using url versioning {{(pid=103119) process_request /opt/stack/glance/glance/api/middleware/version_negotiation.py:57}}
Jul 24 13:34:09.875704 np0000005834 devstack@g-api.service[103119]: DEBUG glance.api.middleware.version_negotiation [None req-22a16400-c0ea-4c3b-aa25-8ef251c77179 tempest-VolumesSnapshotTestJSON-699610982 tempest-VolumesSnapshotTestJSON-699610982-project-member] Matched version: v2 {{(pid=103119) process_request /opt/stack/glance/glance/api/middleware/version_negotiation.py:69}}
Jul 24 13:34:09.876140 np0000005834 devstack@g-api.service[103119]: DEBUG glance.api.middleware.version_negotiation [None req-22a16400-c0ea-4c3b-aa25-8ef251c77179 tempest-VolumesSnapshotTestJSON-699610982 tempest-VolumesSnapshotTestJSON-699610982-project-member] new path /v2/schemas/image {{(pid=103119) process_request /opt/stack/glance/glance/api/middleware/version_negotiation.py:70}}
Jul 24 13:34:09.880794 np0000005834 devstack@g-api.service[103119]: [pid: 103119|app: 0|req: 42/158] 127.0.0.1 () {44 vars in 1051 bytes} [Fri Jul 24 13:34:09 2026] GET /v2/schemas/image => generated 6083 bytes in 5 msecs (HTTP/1.1 200) 4 headers in 158 bytes (1 switches on core 0)
Jul 24 13:34:09.894596 np0000005834 devstack@g-api.service[103117]: DEBUG glance.api.middleware.version_negotiation [None req-5d18de1a-eed4-4bed-812a-35de51dce0f4 tempest-VolumesSnapshotTestJSON-699610982 tempest-VolumesSnapshotTestJSON-699610982-project-member] Determining version of request: GET /v2/images/824f2ce9-6b98-4e38-b7ed-67e4c1e6c459 Accept: */* {{(pid=103117) process_request /opt/stack/glance/glance/api/middleware/version_negotiation.py:44}}
Jul 24 13:34:09.894596 np0000005834 devstack@g-api.service[103117]: DEBUG glance.api.middleware.version_negotiation [None req-5d18de1a-eed4-4bed-812a-35de51dce0f4 tempest-VolumesSnapshotTestJSON-699610982 tempest-VolumesSnapshotTestJSON-699610982-project-member] Using url versioning {{(pid=103117) process_request /opt/stack/glance/glance/api/middleware/version_negotiation.py:57}}
Jul 24 13:34:09.894596 np0000005834 devstack@g-api.service[103117]: DEBUG glance.api.middleware.version_negotiation [None req-5d18de1a-eed4-4bed-812a-35de51dce0f4 tempest-VolumesSnapshotTestJSON-699610982 tempest-VolumesSnapshotTestJSON-699610982-project-member] Matched version: v2 {{(pid=103117) process_request /opt/stack/glance/glance/api/middleware/version_negotiation.py:69}}
Jul 24 13:34:09.894596 np0000005834 devstack@g-api.service[103117]: DEBUG glance.api.middleware.version_negotiation [None req-5d18de1a-eed4-4bed-812a-35de51dce0f4 tempest-VolumesSnapshotTestJSON-699610982 tempest-VolumesSnapshotTestJSON-699610982-project-member] new path /v2/images/824f2ce9-6b98-4e38-b7ed-67e4c1e6c459 {{(pid=103117) process_request /opt/stack/glance/glance/api/middleware/version_negotiation.py:70}}
Jul 24 13:34:09.906294 np0000005834 devstack@g-api.service[103117]: [pid: 103117|app: 0|req: 40/159] 127.0.0.1 () {44 vars in 1111 bytes} [Fri Jul 24 13:34:09 2026] GET /v2/images/824f2ce9-6b98-4e38-b7ed-67e4c1e6c459 => generated 1044 bytes in 12 msecs (HTTP/1.1 200) 4 headers in 158 bytes (1 switches on core 0)
Jul 24 13:34:09.918070 np0000005834 devstack@g-api.service[103120]: DEBUG glance.api.middleware.version_negotiation [None req-5d18de1a-eed4-4bed-812a-35de51dce0f4 tempest-VolumesSnapshotTestJSON-699610982 tempest-VolumesSnapshotTestJSON-699610982-project-member] Determining version of request: GET /v2/schemas/image Accept: */* {{(pid=103120) process_request /opt/stack/glance/glance/api/middleware/version_negotiation.py:44}}
Jul 24 13:34:09.918070 np0000005834 devstack@g-api.service[103120]: DEBUG glance.api.middleware.version_negotiation [None req-5d18de1a-eed4-4bed-812a-35de51dce0f4 tempest-VolumesSnapshotTestJSON-699610982 tempest-VolumesSnapshotTestJSON-699610982-project-member] Using url versioning {{(pid=103120) process_request /opt/stack/glance/glance/api/middleware/version_negotiation.py:57}}
Jul 24 13:34:09.918070 np0000005834 devstack@g-api.service[103120]: DEBUG glance.api.middleware.version_negotiation [None req-5d18de1a-eed4-4bed-812a-35de51dce0f4 tempest-VolumesSnapshotTestJSON-699610982 tempest-VolumesSnapshotTestJSON-699610982-project-member] Matched version: v2 {{(pid=103120) process_request /opt/stack/glance/glance/api/middleware/version_negotiation.py:69}}
Jul 24 13:34:09.918070 np0000005834 devstack@g-api.service[103120]: DEBUG glance.api.middleware.version_negotiation [None req-5d18de1a-eed4-4bed-812a-35de51dce0f4 tempest-VolumesSnapshotTestJSON-699610982 tempest-VolumesSnapshotTestJSON-699610982-project-member] new path /v2/schemas/image {{(pid=103120) process_request /opt/stack/glance/glance/api/middleware/version_negotiation.py:70}}
Jul 24 13:34:09.921288 np0000005834 devstack@g-api.service[103120]: [pid: 103120|app: 0|req: 41/160] 127.0.0.1 () {44 vars in 1051 bytes} [Fri Jul 24 13:34:09 2026] GET /v2/schemas/image => generated 6083 bytes in 4 msecs (HTTP/1.1 200) 4 headers in 158 bytes (1 switches on core 0)
Jul 24 13:34:09.939573 np0000005834 devstack@g-api.service[103119]: DEBUG glance.api.middleware.version_negotiation [None req-5d18de1a-eed4-4bed-812a-35de51dce0f4 tempest-VolumesSnapshotTestJSON-699610982 tempest-VolumesSnapshotTestJSON-699610982-project-member] Determining version of request: GET /v2/schemas/image Accept: */* {{(pid=103119) process_request /opt/stack/glance/glance/api/middleware/version_negotiation.py:44}}
Jul 24 13:34:09.939810 np0000005834 devstack@g-api.service[103119]: DEBUG glance.api.middleware.version_negotiation [None req-5d18de1a-eed4-4bed-812a-35de51dce0f4 tempest-VolumesSnapshotTestJSON-699610982 tempest-VolumesSnapshotTestJSON-699610982-project-member] Using url versioning {{(pid=103119) process_request /opt/stack/glance/glance/api/middleware/version_negotiation.py:57}}
Jul 24 13:34:09.939984 np0000005834 devstack@g-api.service[103119]: DEBUG glance.api.middleware.version_negotiation [None req-5d18de1a-eed4-4bed-812a-35de51dce0f4 tempest-VolumesSnapshotTestJSON-699610982 tempest-VolumesSnapshotTestJSON-699610982-project-member] Matched version: v2 {{(pid=103119) process_request /opt/stack/glance/glance/api/middleware/version_negotiation.py:69}}
Jul 24 13:34:09.940113 np0000005834 devstack@g-api.service[103119]: DEBUG glance.api.middleware.version_negotiation [None req-5d18de1a-eed4-4bed-812a-35de51dce0f4 tempest-VolumesSnapshotTestJSON-699610982 tempest-VolumesSnapshotTestJSON-699610982-project-member] new path /v2/schemas/image {{(pid=103119) process_request /opt/stack/glance/glance/api/middleware/version_negotiation.py:70}}
Jul 24 13:34:09.942837 np0000005834 devstack@g-api.service[103119]: [pid: 103119|app: 0|req: 43/161] 127.0.0.1 () {44 vars in 1051 bytes} [Fri Jul 24 13:34:09 2026] GET /v2/schemas/image => generated 6083 bytes in 3 msecs (HTTP/1.1 200) 4 headers in 158 bytes (1 switches on core 0)
Jul 24 13:34:09.973263 np0000005834 devstack@g-api.service[103117]: DEBUG glance.api.middleware.version_negotiation [None req-5d18de1a-eed4-4bed-812a-35de51dce0f4 tempest-VolumesSnapshotTestJSON-699610982 tempest-VolumesSnapshotTestJSON-699610982-project-member] Determining version of request: GET /v2/images/824f2ce9-6b98-4e38-b7ed-67e4c1e6c459 Accept: */* {{(pid=103117) process_request /opt/stack/glance/glance/api/middleware/version_negotiation.py:44}}
Jul 24 13:34:09.973539 np0000005834 devstack@g-api.service[103117]: DEBUG glance.api.middleware.version_negotiation [None req-5d18de1a-eed4-4bed-812a-35de51dce0f4 tempest-VolumesSnapshotTestJSON-699610982 tempest-VolumesSnapshotTestJSON-699610982-project-member] Using url versioning {{(pid=103117) process_request /opt/stack/glance/glance/api/middleware/version_negotiation.py:57}}
Jul 24 13:34:09.973595 np0000005834 devstack@g-api.service[103117]: DEBUG glance.api.middleware.version_negotiation [None req-5d18de1a-eed4-4bed-812a-35de51dce0f4 tempest-VolumesSnapshotTestJSON-699610982 tempest-VolumesSnapshotTestJSON-699610982-project-member] Matched version: v2 {{(pid=103117) process_request /opt/stack/glance/glance/api/middleware/version_negotiation.py:69}}
Jul 24 13:34:09.973680 np0000005834 devstack@g-api.service[103117]: DEBUG glance.api.middleware.version_negotiation [None req-5d18de1a-eed4-4bed-812a-35de51dce0f4 tempest-VolumesSnapshotTestJSON-699610982 tempest-VolumesSnapshotTestJSON-699610982-project-member] new path /v2/images/824f2ce9-6b98-4e38-b7ed-67e4c1e6c459 {{(pid=103117) process_request /opt/stack/glance/glance/api/middleware/version_negotiation.py:70}}
Jul 24 13:34:09.998482 np0000005834 devstack@g-api.service[103117]: [pid: 103117|app: 0|req: 41/162] 127.0.0.1 () {44 vars in 1111 bytes} [Fri Jul 24 13:34:09 2026] GET /v2/images/824f2ce9-6b98-4e38-b7ed-67e4c1e6c459 => generated 1044 bytes in 25 msecs (HTTP/1.1 200) 4 headers in 158 bytes (1 switches on core 0)
Jul 24 13:34:10.011053 np0000005834 devstack@g-api.service[103120]: DEBUG glance.api.middleware.version_negotiation [None req-5d18de1a-eed4-4bed-812a-35de51dce0f4 tempest-VolumesSnapshotTestJSON-699610982 tempest-VolumesSnapshotTestJSON-699610982-project-member] Determining version of request: GET /v2/schemas/image Accept: */* {{(pid=103120) process_request /opt/stack/glance/glance/api/middleware/version_negotiation.py:44}}
Jul 24 13:34:10.011266 np0000005834 devstack@g-api.service[103120]: DEBUG glance.api.middleware.version_negotiation [None req-5d18de1a-eed4-4bed-812a-35de51dce0f4 tempest-VolumesSnapshotTestJSON-699610982 tempest-VolumesSnapshotTestJSON-699610982-project-member] Using url versioning {{(pid=103120) process_request /opt/stack/glance/glance/api/middleware/version_negotiation.py:57}}
Jul 24 13:34:10.011523 np0000005834 devstack@g-api.service[103120]: DEBUG glance.api.middleware.version_negotiation [None req-5d18de1a-eed4-4bed-812a-35de51dce0f4 tempest-VolumesSnapshotTestJSON-699610982 tempest-VolumesSnapshotTestJSON-699610982-project-member] Matched version: v2 {{(pid=103120) process_request /opt/stack/glance/glance/api/middleware/version_negotiation.py:69}}
Jul 24 13:34:10.011633 np0000005834 devstack@g-api.service[103120]: DEBUG glance.api.middleware.version_negotiation [None req-5d18de1a-eed4-4bed-812a-35de51dce0f4 tempest-VolumesSnapshotTestJSON-699610982 tempest-VolumesSnapshotTestJSON-699610982-project-member] new path /v2/schemas/image {{(pid=103120) process_request /opt/stack/glance/glance/api/middleware/version_negotiation.py:70}}
Jul 24 13:34:10.014567 np0000005834 devstack@g-api.service[103120]: [pid: 103120|app: 0|req: 42/163] 127.0.0.1 () {44 vars in 1051 bytes} [Fri Jul 24 13:34:10 2026] GET /v2/schemas/image => generated 6083 bytes in 4 msecs (HTTP/1.1 200) 4 headers in 158 bytes (1 switches on core 0)
Jul 24 13:34:10.025972 np0000005834 devstack@g-api.service[103119]: DEBUG glance.api.middleware.version_negotiation [None req-5d18de1a-eed4-4bed-812a-35de51dce0f4 tempest-VolumesSnapshotTestJSON-699610982 tempest-VolumesSnapshotTestJSON-699610982-project-member] Determining version of request: GET /v2/schemas/image Accept: */* {{(pid=103119) process_request /opt/stack/glance/glance/api/middleware/version_negotiation.py:44}}
Jul 24 13:34:10.026096 np0000005834 devstack@g-api.service[103119]: DEBUG glance.api.middleware.version_negotiation [None req-5d18de1a-eed4-4bed-812a-35de51dce0f4 tempest-VolumesSnapshotTestJSON-699610982 tempest-VolumesSnapshotTestJSON-699610982-project-member] Using url versioning {{(pid=103119) process_request /opt/stack/glance/glance/api/middleware/version_negotiation.py:57}}
Jul 24 13:34:10.026366 np0000005834 devstack@g-api.service[103119]: DEBUG glance.api.middleware.version_negotiation [None req-5d18de1a-eed4-4bed-812a-35de51dce0f4 tempest-VolumesSnapshotTestJSON-699610982 tempest-VolumesSnapshotTestJSON-699610982-project-member] Matched version: v2 {{(pid=103119) process_request /opt/stack/glance/glance/api/middleware/version_negotiation.py:69}}
Jul 24 13:34:10.026366 np0000005834 devstack@g-api.service[103119]: DEBUG glance.api.middleware.version_negotiation [None req-5d18de1a-eed4-4bed-812a-35de51dce0f4 tempest-VolumesSnapshotTestJSON-699610982 tempest-VolumesSnapshotTestJSON-699610982-project-member] new path /v2/schemas/image {{(pid=103119) process_request /opt/stack/glance/glance/api/middleware/version_negotiation.py:70}}
Jul 24 13:34:10.029895 np0000005834 devstack@g-api.service[103119]: [pid: 103119|app: 0|req: 44/164] 127.0.0.1 () {44 vars in 1051 bytes} [Fri Jul 24 13:34:10 2026] GET /v2/schemas/image => generated 6083 bytes in 4 msecs (HTTP/1.1 200) 4 headers in 158 bytes (1 switches on core 0)
Jul 24 13:34:10.358284 np0000005834 devstack@g-api.service[103118]: DEBUG swiftclient [None req-9707fbc1-a47e-461d-8733-fbd3ab43a01c tempest-ServerBootFromVolumeStableRescueTest-2046318613 tempest-ServerBootFromVolumeStableRescueTest-2046318613-project-member] REQ: curl -i https://10.4.3.14:8080/v1/AUTH_f2ebedfd6144432681c60c8878626a38/glance -I -H "X-Auth-Token: gAAAAABqY2nRDJ9X..." {{(pid=103118) http_log /opt/stack/data/venv/lib/python3.12/site-packages/swiftclient/client.py:160}}
Jul 24 13:34:10.358456 np0000005834 devstack@g-api.service[103118]: DEBUG swiftclient [None req-9707fbc1-a47e-461d-8733-fbd3ab43a01c tempest-ServerBootFromVolumeStableRescueTest-2046318613 tempest-ServerBootFromVolumeStableRescueTest-2046318613-project-member] RESP STATUS: 204 No Content {{(pid=103118) http_log /opt/stack/data/venv/lib/python3.12/site-packages/swiftclient/client.py:161}}
Jul 24 13:34:10.361682 np0000005834 devstack@g-api.service[103118]: DEBUG swiftclient [None req-9707fbc1-a47e-461d-8733-fbd3ab43a01c tempest-ServerBootFromVolumeStableRescueTest-2046318613 tempest-ServerBootFromVolumeStableRescueTest-2046318613-project-member] RESP HEADERS: {'Date': 'Fri, 24 Jul 2026 13:34:10 GMT', 'Server': 'Apache/2.4.58 (Ubuntu)', 'Content-Type': 'text/plain; charset=utf-8', 'X-Container-Object-Count': '3', 'X-Container-Bytes-Used': '64356352', 'X-Timestamp': '1784899783.86118', 'Last-Modified': 'Fri, 24 Jul 2026 13:29:44 GMT', 'Accept-Ranges': 'bytes', 'X-Storage-Policy': 'Policy-0', 'X-Container-Sharding': 'False', 'Vary': 'Accept', 'X-Trans-Id': 'tx3910b77bc8654866a1b8b-006a6369d2', 'X-Openstack-Request-Id': 'tx3910b77bc8654866a1b8b-006a6369d2', 'Connection': 'close'} {{(pid=103118) http_log /opt/stack/data/venv/lib/python3.12/site-packages/swiftclient/client.py:162}}
Jul 24 13:34:10.361682 np0000005834 devstack@g-api.service[103118]: DEBUG glance_store._drivers.swift.store [None req-9707fbc1-a47e-461d-8733-fbd3ab43a01c tempest-ServerBootFromVolumeStableRescueTest-2046318613 tempest-ServerBootFromVolumeStableRescueTest-2046318613-project-member] Adding image object 'bcbe2cbb-c6d4-4926-832f-7b43e0a046aa' to Swift {{(pid=103118) add /opt/stack/data/venv/lib/python3.12/site-packages/glance_store/_drivers/swift/store.py:970}}
Jul 24 13:34:10.361682 np0000005834 devstack@g-api.service[103118]: DEBUG glance_store._drivers.swift.store [None req-9707fbc1-a47e-461d-8733-fbd3ab43a01c tempest-ServerBootFromVolumeStableRescueTest-2046318613 tempest-ServerBootFromVolumeStableRescueTest-2046318613-project-member] Cannot determine image size because it is either not provided in the request or chunked-transfer encoding is used. Adding image as a segmented object to Swift. {{(pid=103118) add /opt/stack/data/venv/lib/python3.12/site-packages/glance_store/_drivers/swift/store.py:994}}
Jul 24 13:34:10.368096 np0000005834 devstack@g-api.service[103118]: DEBUG oslo_utils.imageutils.format_inspector [None req-9707fbc1-a47e-461d-8733-fbd3ab43a01c tempest-ServerBootFromVolumeStableRescueTest-2046318613 tempest-ServerBootFromVolumeStableRescueTest-2046318613-project-member] Format inspector for vmdk does not match, excluding from consideration (Signature KDMV not found: b'QFI\xfb') {{(pid=103118) _process_chunk /opt/stack/data/venv/lib/python3.12/site-packages/oslo_utils/imageutils/format_inspector.py:1758}}
Jul 24 13:34:10.370612 np0000005834 devstack@g-api.service[103118]: DEBUG oslo_utils.imageutils.format_inspector [None req-9707fbc1-a47e-461d-8733-fbd3ab43a01c tempest-ServerBootFromVolumeStableRescueTest-2046318613 tempest-ServerBootFromVolumeStableRescueTest-2046318613-project-member] Format inspector for vhdx does not match, excluding from consideration (Region signature not found at 30000) {{(pid=103118) _process_chunk /opt/stack/data/venv/lib/python3.12/site-packages/oslo_utils/imageutils/format_inspector.py:1758}}
Jul 24 13:34:10.446911 np0000005834 devstack@g-api.service[103117]: DEBUG glance.api.middleware.version_negotiation [None req-5d18de1a-eed4-4bed-812a-35de51dce0f4 tempest-VolumesSnapshotTestJSON-699610982 tempest-VolumesSnapshotTestJSON-699610982-project-member] Determining version of request: GET /v2/images/bcbe2cbb-c6d4-4926-832f-7b43e0a046aa Accept: application/json {{(pid=103117) process_request /opt/stack/glance/glance/api/middleware/version_negotiation.py:44}}
Jul 24 13:34:10.447084 np0000005834 devstack@g-api.service[103117]: DEBUG glance.api.middleware.version_negotiation [None req-5d18de1a-eed4-4bed-812a-35de51dce0f4 tempest-VolumesSnapshotTestJSON-699610982 tempest-VolumesSnapshotTestJSON-699610982-project-member] Using url versioning {{(pid=103117) process_request /opt/stack/glance/glance/api/middleware/version_negotiation.py:57}}
Jul 24 13:34:10.447528 np0000005834 devstack@g-api.service[103117]: DEBUG glance.api.middleware.version_negotiation [None req-5d18de1a-eed4-4bed-812a-35de51dce0f4 tempest-VolumesSnapshotTestJSON-699610982 tempest-VolumesSnapshotTestJSON-699610982-project-member] Matched version: v2 {{(pid=103117) process_request /opt/stack/glance/glance/api/middleware/version_negotiation.py:69}}
Jul 24 13:34:10.447528 np0000005834 devstack@g-api.service[103117]: DEBUG glance.api.middleware.version_negotiation [None req-5d18de1a-eed4-4bed-812a-35de51dce0f4 tempest-VolumesSnapshotTestJSON-699610982 tempest-VolumesSnapshotTestJSON-699610982-project-member] new path /v2/images/bcbe2cbb-c6d4-4926-832f-7b43e0a046aa {{(pid=103117) process_request /opt/stack/glance/glance/api/middleware/version_negotiation.py:70}}
Jul 24 13:34:10.458992 np0000005834 devstack@g-api.service[103117]: [pid: 103117|app: 0|req: 42/165] 127.0.0.1 () {40 vars in 834 bytes} [Fri Jul 24 13:34:10 2026] GET /v2/images/bcbe2cbb-c6d4-4926-832f-7b43e0a046aa => generated 1471 bytes in 12 msecs (HTTP/1.1 200) 4 headers in 158 bytes (1 switches on core 0)
Jul 24 13:34:10.605058 np0000005834 devstack@g-api.service[103120]: DEBUG glance.api.middleware.version_negotiation [None req-5d18de1a-eed4-4bed-812a-35de51dce0f4 tempest-VolumesSnapshotTestJSON-699610982 tempest-VolumesSnapshotTestJSON-699610982-project-member] Determining version of request: GET /versions Accept: */* {{(pid=103120) process_request /opt/stack/glance/glance/api/middleware/version_negotiation.py:44}}
Jul 24 13:34:10.606583 np0000005834 devstack@g-api.service[103120]: [pid: 103120|app: 0|req: 43/166] 127.0.0.1 () {44 vars in 1035 bytes} [Fri Jul 24 13:34:10 2026] GET /versions => generated 1501 bytes in 2 msecs (HTTP/1.1 200) 3 headers in 92 bytes (1 switches on core 0)
Jul 24 13:34:10.617445 np0000005834 devstack@g-api.service[103119]: DEBUG glance.api.middleware.version_negotiation [None req-5d18de1a-eed4-4bed-812a-35de51dce0f4 tempest-VolumesSnapshotTestJSON-699610982 tempest-VolumesSnapshotTestJSON-699610982-project-member] Determining version of request: GET /v2/images/824f2ce9-6b98-4e38-b7ed-67e4c1e6c459/locations Accept: */* {{(pid=103119) process_request /opt/stack/glance/glance/api/middleware/version_negotiation.py:44}}
Jul 24 13:34:10.617888 np0000005834 devstack@g-api.service[103119]: DEBUG glance.api.middleware.version_negotiation [None req-5d18de1a-eed4-4bed-812a-35de51dce0f4 tempest-VolumesSnapshotTestJSON-699610982 tempest-VolumesSnapshotTestJSON-699610982-project-member] Using url versioning {{(pid=103119) process_request /opt/stack/glance/glance/api/middleware/version_negotiation.py:57}}
Jul 24 13:34:10.617888 np0000005834 devstack@g-api.service[103119]: DEBUG glance.api.middleware.version_negotiation [None req-5d18de1a-eed4-4bed-812a-35de51dce0f4 tempest-VolumesSnapshotTestJSON-699610982 tempest-VolumesSnapshotTestJSON-699610982-project-member] Matched version: v2 {{(pid=103119) process_request /opt/stack/glance/glance/api/middleware/version_negotiation.py:69}}
Jul 24 13:34:10.617959 np0000005834 devstack@g-api.service[103119]: DEBUG glance.api.middleware.version_negotiation [None req-5d18de1a-eed4-4bed-812a-35de51dce0f4 tempest-VolumesSnapshotTestJSON-699610982 tempest-VolumesSnapshotTestJSON-699610982-project-member] new path /v2/images/824f2ce9-6b98-4e38-b7ed-67e4c1e6c459/locations {{(pid=103119) process_request /opt/stack/glance/glance/api/middleware/version_negotiation.py:70}}
Jul 24 13:34:10.751712 np0000005834 devstack@g-api.service[103118]: DEBUG swiftclient [None req-9707fbc1-a47e-461d-8733-fbd3ab43a01c tempest-ServerBootFromVolumeStableRescueTest-2046318613 tempest-ServerBootFromVolumeStableRescueTest-2046318613-project-member] REQ: curl -i https://10.4.3.14:8080/v1/AUTH_f2ebedfd6144432681c60c8878626a38/glance/bcbe2cbb-c6d4-4926-832f-7b43e0a046aa-00001 -X PUT -H "X-Auth-Token: gAAAAABqY2nRDJ9X..." {{(pid=103118) http_log /opt/stack/data/venv/lib/python3.12/site-packages/swiftclient/client.py:160}}
Jul 24 13:34:10.751712 np0000005834 devstack@g-api.service[103118]: DEBUG swiftclient [None req-9707fbc1-a47e-461d-8733-fbd3ab43a01c tempest-ServerBootFromVolumeStableRescueTest-2046318613 tempest-ServerBootFromVolumeStableRescueTest-2046318613-project-member] RESP STATUS: 201 Created {{(pid=103118) http_log /opt/stack/data/venv/lib/python3.12/site-packages/swiftclient/client.py:161}}
Jul 24 13:34:10.751712 np0000005834 devstack@g-api.service[103118]: DEBUG swiftclient [None req-9707fbc1-a47e-461d-8733-fbd3ab43a01c tempest-ServerBootFromVolumeStableRescueTest-2046318613 tempest-ServerBootFromVolumeStableRescueTest-2046318613-project-member] RESP HEADERS: {'Date': 'Fri, 24 Jul 2026 13:34:10 GMT', 'Server': 'Apache/2.4.58 (Ubuntu)', 'Content-Type': 'text/html; charset=UTF-8', 'Content-Length': '0', 'Etag': '4fa343ee581d8d2e78533191fd1ac3e1', 'Last-Modified': 'Fri, 24 Jul 2026 13:34:11 GMT', 'X-Trans-Id': 'tx23c65d9fdf43497098adb-006a6369d2', 'X-Openstack-Request-Id': 'tx23c65d9fdf43497098adb-006a6369d2', 'Connection': 'close'} {{(pid=103118) http_log /opt/stack/data/venv/lib/python3.12/site-packages/swiftclient/client.py:162}}
Jul 24 13:34:10.751712 np0000005834 devstack@g-api.service[103118]: DEBUG glance_store._drivers.swift.store [None req-9707fbc1-a47e-461d-8733-fbd3ab43a01c tempest-ServerBootFromVolumeStableRescueTest-2046318613 tempest-ServerBootFromVolumeStableRescueTest-2046318613-project-member] Wrote chunk bcbe2cbb-c6d4-4926-832f-7b43e0a046aa-00001 (1/?) of length 23527424 to Swift returning MD5 of content: 4fa343ee581d8d2e78533191fd1ac3e1 {{(pid=103118) add /opt/stack/data/venv/lib/python3.12/site-packages/glance_store/_drivers/swift/store.py:1059}}
Jul 24 13:34:10.752685 np0000005834 devstack@g-api.service[103118]: DEBUG glance_store._drivers.swift.store [None req-9707fbc1-a47e-461d-8733-fbd3ab43a01c tempest-ServerBootFromVolumeStableRescueTest-2046318613 tempest-ServerBootFromVolumeStableRescueTest-2046318613-project-member] Not writing zero-length chunk. {{(pid=103118) add /opt/stack/data/venv/lib/python3.12/site-packages/glance_store/_drivers/swift/store.py:1028}}
Jul 24 13:34:10.759425 np0000005834 devstack@g-api.service[103119]: [pid: 103119|app: 0|req: 45/167] 127.0.0.1 () {44 vars in 1131 bytes} [Fri Jul 24 13:34:10 2026] GET /v2/images/824f2ce9-6b98-4e38-b7ed-67e4c1e6c459/locations => generated 92 bytes in 142 msecs (HTTP/1.1 200) 4 headers in 156 bytes (1 switches on core 0)
Jul 24 13:34:10.776113 np0000005834 devstack@g-api.service[103117]: DEBUG glance.api.middleware.version_negotiation [None req-e46b4feb-bc4a-4f69-a00c-9246b556a2e4 tempest-ServerBootFromVolumeStableRescueTest-2046318613 tempest-ServerBootFromVolumeStableRescueTest-2046318613-project-member] Determining version of request: GET /v2/images/824f2ce9-6b98-4e38-b7ed-67e4c1e6c459 Accept: */* {{(pid=103117) process_request /opt/stack/glance/glance/api/middleware/version_negotiation.py:44}}
Jul 24 13:34:10.776113 np0000005834 devstack@g-api.service[103117]: DEBUG glance.api.middleware.version_negotiation [None req-e46b4feb-bc4a-4f69-a00c-9246b556a2e4 tempest-ServerBootFromVolumeStableRescueTest-2046318613 tempest-ServerBootFromVolumeStableRescueTest-2046318613-project-member] Using url versioning {{(pid=103117) process_request /opt/stack/glance/glance/api/middleware/version_negotiation.py:57}}
Jul 24 13:34:10.776113 np0000005834 devstack@g-api.service[103117]: DEBUG glance.api.middleware.version_negotiation [None req-e46b4feb-bc4a-4f69-a00c-9246b556a2e4 tempest-ServerBootFromVolumeStableRescueTest-2046318613 tempest-ServerBootFromVolumeStableRescueTest-2046318613-project-member] Matched version: v2 {{(pid=103117) process_request /opt/stack/glance/glance/api/middleware/version_negotiation.py:69}}
Jul 24 13:34:10.776113 np0000005834 devstack@g-api.service[103117]: DEBUG glance.api.middleware.version_negotiation [None req-e46b4feb-bc4a-4f69-a00c-9246b556a2e4 tempest-ServerBootFromVolumeStableRescueTest-2046318613 tempest-ServerBootFromVolumeStableRescueTest-2046318613-project-member] new path /v2/images/824f2ce9-6b98-4e38-b7ed-67e4c1e6c459 {{(pid=103117) process_request /opt/stack/glance/glance/api/middleware/version_negotiation.py:70}}
Jul 24 13:34:10.785031 np0000005834 devstack@g-api.service[103118]: DEBUG swiftclient [None req-9707fbc1-a47e-461d-8733-fbd3ab43a01c tempest-ServerBootFromVolumeStableRescueTest-2046318613 tempest-ServerBootFromVolumeStableRescueTest-2046318613-project-member] REQ: curl -i https://10.4.3.14:8080/v1/AUTH_f2ebedfd6144432681c60c8878626a38/glance/bcbe2cbb-c6d4-4926-832f-7b43e0a046aa -X PUT -H "X-Object-Manifest: glance/bcbe2cbb-c6d4-4926-832f-7b43e0a046aa-" -H "X-Auth-Token: gAAAAABqY2nRDJ9X..." -H "Content-Length: 0" {{(pid=103118) http_log /opt/stack/data/venv/lib/python3.12/site-packages/swiftclient/client.py:160}}
Jul 24 13:34:10.785031 np0000005834 devstack@g-api.service[103118]: DEBUG swiftclient [None req-9707fbc1-a47e-461d-8733-fbd3ab43a01c tempest-ServerBootFromVolumeStableRescueTest-2046318613 tempest-ServerBootFromVolumeStableRescueTest-2046318613-project-member] RESP STATUS: 201 Created {{(pid=103118) http_log /opt/stack/data/venv/lib/python3.12/site-packages/swiftclient/client.py:161}}
Jul 24 13:34:10.785031 np0000005834 devstack@g-api.service[103118]: DEBUG swiftclient [None req-9707fbc1-a47e-461d-8733-fbd3ab43a01c tempest-ServerBootFromVolumeStableRescueTest-2046318613 tempest-ServerBootFromVolumeStableRescueTest-2046318613-project-member] RESP HEADERS: {'Date': 'Fri, 24 Jul 2026 13:34:10 GMT', 'Server': 'Apache/2.4.58 (Ubuntu)', 'Content-Type': 'text/html; charset=UTF-8', 'Content-Length': '0', 'Etag': 'd41d8cd98f00b204e9800998ecf8427e', 'Last-Modified': 'Fri, 24 Jul 2026 13:34:11 GMT', 'X-Trans-Id': 'txda1881cf82dd4f3db0025-006a6369d2', 'X-Openstack-Request-Id': 'txda1881cf82dd4f3db0025-006a6369d2', 'Connection': 'close'} {{(pid=103118) http_log /opt/stack/data/venv/lib/python3.12/site-packages/swiftclient/client.py:162}}
Jul 24 13:34:10.786697 np0000005834 devstack@g-api.service[103118]: INFO glance.location [None req-9707fbc1-a47e-461d-8733-fbd3ab43a01c tempest-ServerBootFromVolumeStableRescueTest-2046318613 tempest-ServerBootFromVolumeStableRescueTest-2046318613-project-member] Image format matched and virtual size computed: 1073741824
Jul 24 13:34:10.789881 np0000005834 devstack@g-api.service[103117]: [pid: 103117|app: 0|req: 43/168] 127.0.0.1 () {44 vars in 1111 bytes} [Fri Jul 24 13:34:10 2026] GET /v2/images/824f2ce9-6b98-4e38-b7ed-67e4c1e6c459 => generated 1044 bytes in 14 msecs (HTTP/1.1 200) 4 headers in 158 bytes (1 switches on core 0)
Jul 24 13:34:10.797479 np0000005834 devstack@g-api.service[103120]: DEBUG glance.api.middleware.version_negotiation [None req-5d18de1a-eed4-4bed-812a-35de51dce0f4 tempest-VolumesSnapshotTestJSON-699610982 tempest-VolumesSnapshotTestJSON-699610982-project-member] Determining version of request: GET /v2/schemas/image Accept: */* {{(pid=103120) process_request /opt/stack/glance/glance/api/middleware/version_negotiation.py:44}}
Jul 24 13:34:10.797758 np0000005834 devstack@g-api.service[103120]: DEBUG glance.api.middleware.version_negotiation [None req-5d18de1a-eed4-4bed-812a-35de51dce0f4 tempest-VolumesSnapshotTestJSON-699610982 tempest-VolumesSnapshotTestJSON-699610982-project-member] Using url versioning {{(pid=103120) process_request /opt/stack/glance/glance/api/middleware/version_negotiation.py:57}}
Jul 24 13:34:10.797929 np0000005834 devstack@g-api.service[103120]: DEBUG glance.api.middleware.version_negotiation [None req-5d18de1a-eed4-4bed-812a-35de51dce0f4 tempest-VolumesSnapshotTestJSON-699610982 tempest-VolumesSnapshotTestJSON-699610982-project-member] Matched version: v2 {{(pid=103120) process_request /opt/stack/glance/glance/api/middleware/version_negotiation.py:69}}
Jul 24 13:34:10.798017 np0000005834 devstack@g-api.service[103120]: DEBUG glance.api.middleware.version_negotiation [None req-5d18de1a-eed4-4bed-812a-35de51dce0f4 tempest-VolumesSnapshotTestJSON-699610982 tempest-VolumesSnapshotTestJSON-699610982-project-member] new path /v2/schemas/image {{(pid=103120) process_request /opt/stack/glance/glance/api/middleware/version_negotiation.py:70}}
Jul 24 13:34:10.802916 np0000005834 devstack@g-api.service[103120]: [pid: 103120|app: 0|req: 44/169] 127.0.0.1 () {44 vars in 1051 bytes} [Fri Jul 24 13:34:10 2026] GET /v2/schemas/image => generated 6083 bytes in 5 msecs (HTTP/1.1 200) 4 headers in 158 bytes (1 switches on core 0)
Jul 24 13:34:10.812893 np0000005834 devstack@g-api.service[103119]: DEBUG glance.api.middleware.version_negotiation [None req-5d18de1a-eed4-4bed-812a-35de51dce0f4 service glance] Determining version of request: GET /v2/schemas/image Accept: */* {{(pid=103119) process_request /opt/stack/glance/glance/api/middleware/version_negotiation.py:44}}
Jul 24 13:34:10.812893 np0000005834 devstack@g-api.service[103119]: DEBUG glance.api.middleware.version_negotiation [None req-5d18de1a-eed4-4bed-812a-35de51dce0f4 service glance] Using url versioning {{(pid=103119) process_request /opt/stack/glance/glance/api/middleware/version_negotiation.py:57}}
Jul 24 13:34:10.813068 np0000005834 devstack@g-api.service[103119]: DEBUG glance.api.middleware.version_negotiation [None req-5d18de1a-eed4-4bed-812a-35de51dce0f4 service glance] Matched version: v2 {{(pid=103119) process_request /opt/stack/glance/glance/api/middleware/version_negotiation.py:69}}
Jul 24 13:34:10.813232 np0000005834 devstack@g-api.service[103119]: DEBUG glance.api.middleware.version_negotiation [None req-5d18de1a-eed4-4bed-812a-35de51dce0f4 service glance] new path /v2/schemas/image {{(pid=103119) process_request /opt/stack/glance/glance/api/middleware/version_negotiation.py:70}}
Jul 24 13:34:10.818035 np0000005834 devstack@g-api.service[103119]: [pid: 103119|app: 0|req: 46/170] 127.0.0.1 () {44 vars in 1051 bytes} [Fri Jul 24 13:34:10 2026] GET /v2/schemas/image => generated 6083 bytes in 6 msecs (HTTP/1.1 200) 4 headers in 158 bytes (1 switches on core 0)
Jul 24 13:34:10.840974 np0000005834 devstack@g-api.service[103118]: DEBUG glance_store.backend [None req-9707fbc1-a47e-461d-8733-fbd3ab43a01c tempest-ServerBootFromVolumeStableRescueTest-2046318613 tempest-ServerBootFromVolumeStableRescueTest-2046318613-project-member] Attempting to import store swift {{(pid=103118) _load_store /opt/stack/data/venv/lib/python3.12/site-packages/glance_store/backend.py:215}}
Jul 24 13:34:10.843176 np0000005834 devstack@g-api.service[103118]: DEBUG glance_store.capabilities [None req-9707fbc1-a47e-461d-8733-fbd3ab43a01c tempest-ServerBootFromVolumeStableRescueTest-2046318613 tempest-ServerBootFromVolumeStableRescueTest-2046318613-project-member] Store glance_store._drivers.swift.store.SingleTenantStore doesn't support updating dynamic storage capabilities. Please overwrite 'update_capabilities' method of the store to implement updating logics if needed. {{(pid=103118) update_capabilities /opt/stack/data/venv/lib/python3.12/site-packages/glance_store/capabilities.py:91}}
Jul 24 13:34:10.843176 np0000005834 devstack@g-api.service[103118]: DEBUG glance_store.driver [None req-9707fbc1-a47e-461d-8733-fbd3ab43a01c tempest-ServerBootFromVolumeStableRescueTest-2046318613 tempest-ServerBootFromVolumeStableRescueTest-2046318613-project-member] Late loading location class glance_store._drivers.swift.store.StoreLocation {{(pid=103118) get_store_location_class /opt/stack/data/venv/lib/python3.12/site-packages/glance_store/driver.py:134}}
Jul 24 13:34:10.843299 np0000005834 devstack@g-api.service[103118]: DEBUG glance_store.location [None req-9707fbc1-a47e-461d-8733-fbd3ab43a01c tempest-ServerBootFromVolumeStableRescueTest-2046318613 tempest-ServerBootFromVolumeStableRescueTest-2046318613-project-member] Registering scheme swift+https with {'store': , 'location_class': , 'store_entry': 'swift'} {{(pid=103118) register_scheme_map /opt/stack/data/venv/lib/python3.12/site-packages/glance_store/location.py:146}}
Jul 24 13:34:10.843299 np0000005834 devstack@g-api.service[103118]: DEBUG glance_store.location [None req-9707fbc1-a47e-461d-8733-fbd3ab43a01c tempest-ServerBootFromVolumeStableRescueTest-2046318613 tempest-ServerBootFromVolumeStableRescueTest-2046318613-project-member] Registering scheme swift+https with {'store': , 'location_class': , 'store_entry': 'swift'} {{(pid=103118) register_scheme_map /opt/stack/data/venv/lib/python3.12/site-packages/glance_store/location.py:146}}
Jul 24 13:34:10.843435 np0000005834 devstack@g-api.service[103118]: DEBUG glance_store.location [None req-9707fbc1-a47e-461d-8733-fbd3ab43a01c tempest-ServerBootFromVolumeStableRescueTest-2046318613 tempest-ServerBootFromVolumeStableRescueTest-2046318613-project-member] Registering scheme swift with {'store': , 'location_class': , 'store_entry': 'swift'} {{(pid=103118) register_scheme_map /opt/stack/data/venv/lib/python3.12/site-packages/glance_store/location.py:146}}
Jul 24 13:34:10.843881 np0000005834 devstack@g-api.service[103118]: DEBUG glance_store.location [None req-9707fbc1-a47e-461d-8733-fbd3ab43a01c tempest-ServerBootFromVolumeStableRescueTest-2046318613 tempest-ServerBootFromVolumeStableRescueTest-2046318613-project-member] Registering scheme swift+https with {'store': , 'location_class': , 'store_entry': 'swift'} {{(pid=103118) register_scheme_map /opt/stack/data/venv/lib/python3.12/site-packages/glance_store/location.py:146}}
