Jul 24 13:32:02.714386 np0000005834 devstack@n-api.service[87585]: DEBUG nova.policy [None req-7b4894b3-2587-4eb7-abc8-14d94c75d825 tempest-TaggedAttachmentsTest-511360999 tempest-TaggedAttachmentsTest-511360999-project-member] Policy check for os_compute_api:servers:show:host_status:unknown-only failed with credentials {'is_admin': False, 'user_id': '6f96fe0465f942cc810703bfd80187b5', 'user_domain_id': 'default', 'system_scope': None, 'domain_id': None, 'project_id': '0ea79b67e53e45be9804bd98a9024598', 'project_domain_id': 'default', 'roles': ['reader', 'member'], 'is_admin_project': True, 'service_user_id': None, 'service_user_domain_id': None, 'service_project_id': None, 'service_project_domain_id': None, 'service_roles': []} {{(pid=87585) authorize /opt/stack/nova/nova/policy.py:192}}
Jul 24 13:32:02.719347 np0000005834 devstack@n-api.service[87585]: INFO nova.api.openstack.requestlog [None req-7b4894b3-2587-4eb7-abc8-14d94c75d825 tempest-TaggedAttachmentsTest-511360999 tempest-TaggedAttachmentsTest-511360999-project-member] 10.4.3.14 "GET /compute/v2.1/servers/1808451a-125a-46bf-aa8e-86a6af13fc9d" status: 200 len: 1444 microversion: 2.49 time: 0.287200
Jul 24 13:32:02.719678 np0000005834 devstack@n-api.service[87585]: [pid: 87585|app: 0|req: 17/71] 10.4.3.14 () {68 vars in 1388 bytes} [Fri Jul 24 13:32:02 2026] GET /compute/v2.1/servers/1808451a-125a-46bf-aa8e-86a6af13fc9d => generated 1444 bytes in 288 msecs (HTTP/1.1 200) 9 headers in 360 bytes (1 switches on core 0)
Jul 24 13:32:02.849757 np0000005834 devstack@n-api.service[87587]: DEBUG nova.policy [None req-edbe3a8c-f5f9-4ce0-bbd4-70a4d14bec46 tempest-AttachSCSIVolumeTestJSON-357891508 tempest-AttachSCSIVolumeTestJSON-357891508-project-member] Policy check for os_compute_api:os-extended-server-attributes failed with credentials {'is_admin': False, 'user_id': 'ea1e6116ee914b08981acb77f4c04432', 'user_domain_id': 'default', 'system_scope': None, 'domain_id': None, 'project_id': '4207fb57e9b7486f9b94a2b3fe6c600a', 'project_domain_id': 'default', 'roles': ['reader', 'member'], 'is_admin_project': True, 'service_user_id': None, 'service_user_domain_id': None, 'service_project_id': None, 'service_project_domain_id': None, 'service_roles': []} {{(pid=87587) authorize /opt/stack/nova/nova/policy.py:192}}
Jul 24 13:32:02.861918 np0000005834 devstack@n-api.service[87587]: INFO nova.api.openstack.requestlog [None req-edbe3a8c-f5f9-4ce0-bbd4-70a4d14bec46 tempest-AttachSCSIVolumeTestJSON-357891508 tempest-AttachSCSIVolumeTestJSON-357891508-project-member] 10.4.3.14 "GET /compute/v2.1/servers/3a4b45b9-2cda-4956-a61c-48e7cc0df410" status: 200 len: 1364 microversion: 2.1 time: 0.262511
Jul 24 13:32:02.862243 np0000005834 devstack@n-api.service[87587]: [pid: 87587|app: 0|req: 20/72] 10.4.3.14 () {66 vars in 1347 bytes} [Fri Jul 24 13:32:02 2026] GET /compute/v2.1/servers/3a4b45b9-2cda-4956-a61c-48e7cc0df410 => generated 1364 bytes in 263 msecs (HTTP/1.1 200) 9 headers in 358 bytes (1 switches on core 0)
Jul 24 13:32:03.258506 np0000005834 devstack@n-api.service[87588]: DEBUG nova.api.openstack.wsgi [None req-37f651f2-1c46-44d9-a5c1-7b49267a23c0 tempest-VolumesAssistedSnapshotsTest-286677109 tempest-VolumesAssistedSnapshotsTest-286677109-project-member] Action: 'create', calling method: >, body: {"server": {"name": "tempest-VolumesAssistedSnapshotsTest-server-2073204958", "imageRef": "824f2ce9-6b98-4e38-b7ed-67e4c1e6c459", "flavorRef": "42", "networks": [{"uuid": "8e920035-40a7-4a40-be8b-37e6311fac2c"}], "security_groups": [{"name": "tempest-securitygroup--2009877045"}], "key_name": "tempest-keypair-1841270969", "user_data": "IyEvYmluL3NoCmVjaG8gIlByaW50aW5nIGNpcnJvcyB1c2VyIGF1dGhvcml6ZWQga2V5cyIKY2F0IH5jaXJyb3MvLnNzaC9hdXRob3JpemVkX2tleXMgfHwgdHJ1ZQo="}} {{(pid=87588) _process_stack /opt/stack/nova/nova/api/openstack/wsgi.py:549}}
Jul 24 13:32:03.418213 np0000005834 devstack@n-api.service[87588]: DEBUG oslo_concurrency.lockutils [None req-37f651f2-1c46-44d9-a5c1-7b49267a23c0 tempest-VolumesAssistedSnapshotsTest-286677109 tempest-VolumesAssistedSnapshotsTest-286677109-project-member] Acquiring lock "00000000-0000-0000-0000-000000000000" by "nova.context.set_target_cell..get_or_set_cached_cell_and_set_connections" {{(pid=87588) inner /opt/stack/data/venv/lib/python3.12/site-packages/oslo_concurrency/lockutils.py:512}}
Jul 24 13:32:03.418570 np0000005834 devstack@n-api.service[87588]: DEBUG oslo_concurrency.lockutils [None req-37f651f2-1c46-44d9-a5c1-7b49267a23c0 tempest-VolumesAssistedSnapshotsTest-286677109 tempest-VolumesAssistedSnapshotsTest-286677109-project-member] Lock "00000000-0000-0000-0000-000000000000" acquired by "nova.context.set_target_cell..get_or_set_cached_cell_and_set_connections" :: waited 0.001s {{(pid=87588) inner /opt/stack/data/venv/lib/python3.12/site-packages/oslo_concurrency/lockutils.py:525}}
Jul 24 13:32:03.420742 np0000005834 devstack@n-api.service[87588]: DEBUG oslo_concurrency.lockutils [None req-37f651f2-1c46-44d9-a5c1-7b49267a23c0 tempest-VolumesAssistedSnapshotsTest-286677109 tempest-VolumesAssistedSnapshotsTest-286677109-project-member] Lock "00000000-0000-0000-0000-000000000000" "released" by "nova.context.set_target_cell..get_or_set_cached_cell_and_set_connections" :: held 0.000s {{(pid=87588) inner /opt/stack/data/venv/lib/python3.12/site-packages/oslo_concurrency/lockutils.py:544}}
Jul 24 13:32:03.422003 np0000005834 devstack@n-api.service[87588]: DEBUG oslo_concurrency.lockutils [None req-37f651f2-1c46-44d9-a5c1-7b49267a23c0 tempest-VolumesAssistedSnapshotsTest-286677109 tempest-VolumesAssistedSnapshotsTest-286677109-project-member] Acquiring lock "4756e758-d15f-417b-b8e8-1c41e08e8907" by "nova.context.set_target_cell..get_or_set_cached_cell_and_set_connections" {{(pid=87588) inner /opt/stack/data/venv/lib/python3.12/site-packages/oslo_concurrency/lockutils.py:512}}
Jul 24 13:32:03.424635 np0000005834 devstack@n-api.service[87588]: DEBUG oslo_concurrency.lockutils [None req-37f651f2-1c46-44d9-a5c1-7b49267a23c0 tempest-VolumesAssistedSnapshotsTest-286677109 tempest-VolumesAssistedSnapshotsTest-286677109-project-member] Lock "4756e758-d15f-417b-b8e8-1c41e08e8907" acquired by "nova.context.set_target_cell..get_or_set_cached_cell_and_set_connections" :: waited 0.003s {{(pid=87588) inner /opt/stack/data/venv/lib/python3.12/site-packages/oslo_concurrency/lockutils.py:525}}
Jul 24 13:32:03.425086 np0000005834 devstack@n-api.service[87588]: DEBUG oslo_concurrency.lockutils [None req-37f651f2-1c46-44d9-a5c1-7b49267a23c0 tempest-VolumesAssistedSnapshotsTest-286677109 tempest-VolumesAssistedSnapshotsTest-286677109-project-member] Lock "4756e758-d15f-417b-b8e8-1c41e08e8907" "released" by "nova.context.set_target_cell..get_or_set_cached_cell_and_set_connections" :: held 0.000s {{(pid=87588) inner /opt/stack/data/venv/lib/python3.12/site-packages/oslo_concurrency/lockutils.py:544}}
Jul 24 13:32:03.434910 np0000005834 devstack@n-api.service[87588]: WARNING neutronclient.v2_0.client [None req-37f651f2-1c46-44d9-a5c1-7b49267a23c0 tempest-VolumesAssistedSnapshotsTest-286677109 tempest-VolumesAssistedSnapshotsTest-286677109-project-member] The python binding code in neutronclient is deprecated in favor of OpenstackSDK, please use that as this will be removed in a future release.
Jul 24 13:32:03.554649 np0000005834 devstack@n-api.service[87588]: DEBUG nova.network.neutron [None req-37f651f2-1c46-44d9-a5c1-7b49267a23c0 tempest-VolumesAssistedSnapshotsTest-286677109 tempest-VolumesAssistedSnapshotsTest-286677109-project-member] validate_networks() for [('8e920035-40a7-4a40-be8b-37e6311fac2c', None, None, None, None, None)] {{(pid=87588) validate_networks /opt/stack/nova/nova/network/neutron.py:2686}}
Jul 24 13:32:03.555402 np0000005834 devstack@n-api.service[87588]: WARNING neutronclient.v2_0.client [None req-37f651f2-1c46-44d9-a5c1-7b49267a23c0 tempest-VolumesAssistedSnapshotsTest-286677109 tempest-VolumesAssistedSnapshotsTest-286677109-project-member] The python binding code in neutronclient is deprecated in favor of OpenstackSDK, please use that as this will be removed in a future release.
Jul 24 13:32:03.745542 np0000005834 devstack@n-api.service[87586]: DEBUG nova.api.openstack.wsgi [None req-db87f0d8-6286-4627-81da-3ef1a1d79245 tempest-TaggedAttachmentsTest-511360999 tempest-TaggedAttachmentsTest-511360999-project-member] Calling method '>' {{(pid=87586) _process_stack /opt/stack/nova/nova/api/openstack/wsgi.py:551}}
Jul 24 13:32:03.749131 np0000005834 devstack@n-api.service[87586]: DEBUG nova.compute.api [None req-db87f0d8-6286-4627-81da-3ef1a1d79245 tempest-TaggedAttachmentsTest-511360999 tempest-TaggedAttachmentsTest-511360999-project-member] [instance: 1808451a-125a-46bf-aa8e-86a6af13fc9d] Fetching instance by UUID {{(pid=87586) get /opt/stack/nova/nova/compute/api.py:3068}}
Jul 24 13:32:03.760159 np0000005834 devstack@n-api.service[87586]: DEBUG oslo_concurrency.lockutils [None req-db87f0d8-6286-4627-81da-3ef1a1d79245 tempest-TaggedAttachmentsTest-511360999 tempest-TaggedAttachmentsTest-511360999-project-member] Acquiring lock "4756e758-d15f-417b-b8e8-1c41e08e8907" by "nova.context.set_target_cell..get_or_set_cached_cell_and_set_connections" {{(pid=87586) inner /opt/stack/data/venv/lib/python3.12/site-packages/oslo_concurrency/lockutils.py:512}}
Jul 24 13:32:03.760159 np0000005834 devstack@n-api.service[87586]: DEBUG oslo_concurrency.lockutils [None req-db87f0d8-6286-4627-81da-3ef1a1d79245 tempest-TaggedAttachmentsTest-511360999 tempest-TaggedAttachmentsTest-511360999-project-member] Lock "4756e758-d15f-417b-b8e8-1c41e08e8907" acquired by "nova.context.set_target_cell..get_or_set_cached_cell_and_set_connections" :: waited 0.000s {{(pid=87586) inner /opt/stack/data/venv/lib/python3.12/site-packages/oslo_concurrency/lockutils.py:525}}
Jul 24 13:32:03.760159 np0000005834 devstack@n-api.service[87586]: DEBUG oslo_concurrency.lockutils [None req-db87f0d8-6286-4627-81da-3ef1a1d79245 tempest-TaggedAttachmentsTest-511360999 tempest-TaggedAttachmentsTest-511360999-project-member] Lock "4756e758-d15f-417b-b8e8-1c41e08e8907" "released" by "nova.context.set_target_cell..get_or_set_cached_cell_and_set_connections" :: held 0.000s {{(pid=87586) inner /opt/stack/data/venv/lib/python3.12/site-packages/oslo_concurrency/lockutils.py:544}}
Jul 24 13:32:03.760159 np0000005834 devstack@n-api.service[87586]: DEBUG oslo_concurrency.lockutils [None req-db87f0d8-6286-4627-81da-3ef1a1d79245 tempest-TaggedAttachmentsTest-511360999 tempest-TaggedAttachmentsTest-511360999-project-member] Acquiring lock "4756e758-d15f-417b-b8e8-1c41e08e8907" by "nova.context.set_target_cell..get_or_set_cached_cell_and_set_connections" {{(pid=87586) inner /opt/stack/data/venv/lib/python3.12/site-packages/oslo_concurrency/lockutils.py:512}}
Jul 24 13:32:03.761018 np0000005834 devstack@n-api.service[87586]: DEBUG oslo_concurrency.lockutils [None req-db87f0d8-6286-4627-81da-3ef1a1d79245 tempest-TaggedAttachmentsTest-511360999 tempest-TaggedAttachmentsTest-511360999-project-member] Lock "4756e758-d15f-417b-b8e8-1c41e08e8907" acquired by "nova.context.set_target_cell..get_or_set_cached_cell_and_set_connections" :: waited 0.000s {{(pid=87586) inner /opt/stack/data/venv/lib/python3.12/site-packages/oslo_concurrency/lockutils.py:525}}
Jul 24 13:32:03.761018 np0000005834 devstack@n-api.service[87586]: DEBUG oslo_concurrency.lockutils [None req-db87f0d8-6286-4627-81da-3ef1a1d79245 tempest-TaggedAttachmentsTest-511360999 tempest-TaggedAttachmentsTest-511360999-project-member] Lock "4756e758-d15f-417b-b8e8-1c41e08e8907" "released" by "nova.context.set_target_cell..get_or_set_cached_cell_and_set_connections" :: held 0.000s {{(pid=87586) inner /opt/stack/data/venv/lib/python3.12/site-packages/oslo_concurrency/lockutils.py:544}}
Jul 24 13:32:03.796605 np0000005834 devstack@n-api.service[87586]: WARNING neutronclient.v2_0.client [None req-db87f0d8-6286-4627-81da-3ef1a1d79245 tempest-TaggedAttachmentsTest-511360999 tempest-TaggedAttachmentsTest-511360999-project-member] The python binding code in neutronclient is deprecated in favor of OpenstackSDK, please use that as this will be removed in a future release.
Jul 24 13:32:03.886454 np0000005834 devstack@n-api.service[87585]: DEBUG nova.api.openstack.wsgi [None req-f3dfc4f7-17a3-436b-9186-4e298b04687f tempest-AttachSCSIVolumeTestJSON-357891508 tempest-AttachSCSIVolumeTestJSON-357891508-project-member] Calling method '>' {{(pid=87585) _process_stack /opt/stack/nova/nova/api/openstack/wsgi.py:551}}
Jul 24 13:32:03.889247 np0000005834 devstack@n-api.service[87585]: DEBUG nova.compute.api [None req-f3dfc4f7-17a3-436b-9186-4e298b04687f tempest-AttachSCSIVolumeTestJSON-357891508 tempest-AttachSCSIVolumeTestJSON-357891508-project-member] [instance: 3a4b45b9-2cda-4956-a61c-48e7cc0df410] Fetching instance by UUID {{(pid=87585) get /opt/stack/nova/nova/compute/api.py:3068}}
Jul 24 13:32:03.897585 np0000005834 devstack@n-api.service[87585]: DEBUG oslo_concurrency.lockutils [None req-f3dfc4f7-17a3-436b-9186-4e298b04687f tempest-AttachSCSIVolumeTestJSON-357891508 tempest-AttachSCSIVolumeTestJSON-357891508-project-member] Acquiring lock "4756e758-d15f-417b-b8e8-1c41e08e8907" by "nova.context.set_target_cell..get_or_set_cached_cell_and_set_connections" {{(pid=87585) inner /opt/stack/data/venv/lib/python3.12/site-packages/oslo_concurrency/lockutils.py:512}}
Jul 24 13:32:03.897733 np0000005834 devstack@n-api.service[87585]: DEBUG oslo_concurrency.lockutils [None req-f3dfc4f7-17a3-436b-9186-4e298b04687f tempest-AttachSCSIVolumeTestJSON-357891508 tempest-AttachSCSIVolumeTestJSON-357891508-project-member] Lock "4756e758-d15f-417b-b8e8-1c41e08e8907" acquired by "nova.context.set_target_cell..get_or_set_cached_cell_and_set_connections" :: waited 0.000s {{(pid=87585) inner /opt/stack/data/venv/lib/python3.12/site-packages/oslo_concurrency/lockutils.py:525}}
Jul 24 13:32:03.898138 np0000005834 devstack@n-api.service[87585]: DEBUG oslo_concurrency.lockutils [None req-f3dfc4f7-17a3-436b-9186-4e298b04687f tempest-AttachSCSIVolumeTestJSON-357891508 tempest-AttachSCSIVolumeTestJSON-357891508-project-member] Lock "4756e758-d15f-417b-b8e8-1c41e08e8907" "released" by "nova.context.set_target_cell..get_or_set_cached_cell_and_set_connections" :: held 0.000s {{(pid=87585) inner /opt/stack/data/venv/lib/python3.12/site-packages/oslo_concurrency/lockutils.py:544}}
Jul 24 13:32:03.898724 np0000005834 devstack@n-api.service[87585]: DEBUG oslo_concurrency.lockutils [None req-f3dfc4f7-17a3-436b-9186-4e298b04687f tempest-AttachSCSIVolumeTestJSON-357891508 tempest-AttachSCSIVolumeTestJSON-357891508-project-member] Acquiring lock "4756e758-d15f-417b-b8e8-1c41e08e8907" by "nova.context.set_target_cell..get_or_set_cached_cell_and_set_connections" {{(pid=87585) inner /opt/stack/data/venv/lib/python3.12/site-packages/oslo_concurrency/lockutils.py:512}}
Jul 24 13:32:03.899896 np0000005834 devstack@n-api.service[87585]: DEBUG oslo_concurrency.lockutils [None req-f3dfc4f7-17a3-436b-9186-4e298b04687f tempest-AttachSCSIVolumeTestJSON-357891508 tempest-AttachSCSIVolumeTestJSON-357891508-project-member] Lock "4756e758-d15f-417b-b8e8-1c41e08e8907" acquired by "nova.context.set_target_cell..get_or_set_cached_cell_and_set_connections" :: waited 0.000s {{(pid=87585) inner /opt/stack/data/venv/lib/python3.12/site-packages/oslo_concurrency/lockutils.py:525}}
Jul 24 13:32:03.899896 np0000005834 devstack@n-api.service[87585]: DEBUG oslo_concurrency.lockutils [None req-f3dfc4f7-17a3-436b-9186-4e298b04687f tempest-AttachSCSIVolumeTestJSON-357891508 tempest-AttachSCSIVolumeTestJSON-357891508-project-member] Lock "4756e758-d15f-417b-b8e8-1c41e08e8907" "released" by "nova.context.set_target_cell..get_or_set_cached_cell_and_set_connections" :: held 0.000s {{(pid=87585) inner /opt/stack/data/venv/lib/python3.12/site-packages/oslo_concurrency/lockutils.py:544}}
Jul 24 13:32:03.950312 np0000005834 devstack@n-api.service[87585]: WARNING neutronclient.v2_0.client [None req-f3dfc4f7-17a3-436b-9186-4e298b04687f tempest-AttachSCSIVolumeTestJSON-357891508 tempest-AttachSCSIVolumeTestJSON-357891508-project-member] The python binding code in neutronclient is deprecated in favor of OpenstackSDK, please use that as this will be removed in a future release.
Jul 24 13:32:03.969484 np0000005834 devstack@n-api.service[87586]: DEBUG nova.policy [None req-db87f0d8-6286-4627-81da-3ef1a1d79245 tempest-TaggedAttachmentsTest-511360999 tempest-TaggedAttachmentsTest-511360999-project-member] Policy check for os_compute_api:os-extended-server-attributes failed with credentials {'is_admin': False, 'user_id': '6f96fe0465f942cc810703bfd80187b5', 'user_domain_id': 'default', 'system_scope': None, 'domain_id': None, 'project_id': '0ea79b67e53e45be9804bd98a9024598', 'project_domain_id': 'default', 'roles': ['reader', 'member'], 'is_admin_project': True, 'service_user_id': None, 'service_user_domain_id': None, 'service_project_id': None, 'service_project_domain_id': None, 'service_roles': []} {{(pid=87586) authorize /opt/stack/nova/nova/policy.py:192}}
Jul 24 13:32:03.973333 np0000005834 devstack@n-api.service[87587]: DEBUG nova.api.openstack.wsgi [None req-a977763d-9846-4e2e-928f-77b90b827e8a tempest-TestMultiAttachVolumeSwap-294871055 tempest-TestMultiAttachVolumeSwap-294871055-project-member] Action: 'create', calling method: >, body: {"keypair": {"name": "tempest-keypair-1916686707", "public_key": "ecdsa-sha2-nistp384 AAAAE2VjZHNhLXNoYTItbmlzdHAzODQAAAAIbmlzdHAzODQAAABhBBZORwxjfZ9X1VXUKeWudmL2e27fAyh1yZlcQYuc2AjvPmmfwPgw94RAHGNHcdEmnFzIu157dtrMRT8D8lmpB/OZC81DZUkXqtb6LnfLnG6icYwy2QYOxwM8uwQz5Zz31w=="}} {{(pid=87587) _process_stack /opt/stack/nova/nova/api/openstack/wsgi.py:549}}
Jul 24 13:32:03.976990 np0000005834 devstack@n-api.service[87586]: DEBUG nova.policy [None req-db87f0d8-6286-4627-81da-3ef1a1d79245 tempest-TaggedAttachmentsTest-511360999 tempest-TaggedAttachmentsTest-511360999-project-member] Policy check for os_compute_api:servers:show:host_status failed with credentials {'is_admin': False, 'user_id': '6f96fe0465f942cc810703bfd80187b5', 'user_domain_id': 'default', 'system_scope': None, 'domain_id': None, 'project_id': '0ea79b67e53e45be9804bd98a9024598', 'project_domain_id': 'default', 'roles': ['reader', 'member'], 'is_admin_project': True, 'service_user_id': None, 'service_user_domain_id': None, 'service_project_id': None, 'service_project_domain_id': None, 'service_roles': []} {{(pid=87586) authorize /opt/stack/nova/nova/policy.py:192}}
Jul 24 13:32:03.977131 np0000005834 devstack@n-api.service[87586]: DEBUG nova.policy [None req-db87f0d8-6286-4627-81da-3ef1a1d79245 tempest-TaggedAttachmentsTest-511360999 tempest-TaggedAttachmentsTest-511360999-project-member] Policy check for os_compute_api:servers:show:host_status:unknown-only failed with credentials {'is_admin': False, 'user_id': '6f96fe0465f942cc810703bfd80187b5', 'user_domain_id': 'default', 'system_scope': None, 'domain_id': None, 'project_id': '0ea79b67e53e45be9804bd98a9024598', 'project_domain_id': 'default', 'roles': ['reader', 'member'], 'is_admin_project': True, 'service_user_id': None, 'service_user_domain_id': None, 'service_project_id': None, 'service_project_domain_id': None, 'service_roles': []} {{(pid=87586) authorize /opt/stack/nova/nova/policy.py:192}}
Jul 24 13:32:03.978738 np0000005834 devstack@n-api.service[87588]: WARNING neutronclient.v2_0.client [None req-37f651f2-1c46-44d9-a5c1-7b49267a23c0 tempest-VolumesAssistedSnapshotsTest-286677109 tempest-VolumesAssistedSnapshotsTest-286677109-project-member] The python binding code in neutronclient is deprecated in favor of OpenstackSDK, please use that as this will be removed in a future release.
Jul 24 13:32:03.980973 np0000005834 devstack@n-api.service[87586]: INFO nova.api.openstack.requestlog [None req-db87f0d8-6286-4627-81da-3ef1a1d79245 tempest-TaggedAttachmentsTest-511360999 tempest-TaggedAttachmentsTest-511360999-project-member] 10.4.3.14 "GET /compute/v2.1/servers/1808451a-125a-46bf-aa8e-86a6af13fc9d" status: 200 len: 1444 microversion: 2.49 time: 0.238842
Jul 24 13:32:03.984719 np0000005834 devstack@n-api.service[87586]: [pid: 87586|app: 0|req: 19/73] 10.4.3.14 () {68 vars in 1388 bytes} [Fri Jul 24 13:32:03 2026] GET /compute/v2.1/servers/1808451a-125a-46bf-aa8e-86a6af13fc9d => generated 1444 bytes in 239 msecs (HTTP/1.1 200) 9 headers in 360 bytes (1 switches on core 0)
Jul 24 13:32:04.010321 np0000005834 devstack@n-api.service[87587]: DEBUG nova.quota [None req-a977763d-9846-4e2e-928f-77b90b827e8a tempest-TestMultiAttachVolumeSwap-294871055 tempest-TestMultiAttachVolumeSwap-294871055-project-member] Getting quotas for project 6e110f7f18ac43caa7bdfd8237df0379. Resources: {'key_pairs'} {{(pid=87587) _get_quotas /opt/stack/nova/nova/quota.py:389}}
Jul 24 13:32:04.014246 np0000005834 devstack@n-api.service[87587]: DEBUG nova.quota [None req-a977763d-9846-4e2e-928f-77b90b827e8a tempest-TestMultiAttachVolumeSwap-294871055 tempest-TestMultiAttachVolumeSwap-294871055-project-member] Getting quotas for user decad88dde1343468e39962d63cf0852 and project 6e110f7f18ac43caa7bdfd8237df0379. Resources: {'key_pairs'} {{(pid=87587) _get_quotas /opt/stack/nova/nova/quota.py:379}}
Jul 24 13:32:04.053699 np0000005834 devstack@n-api.service[87587]: INFO nova.api.openstack.requestlog [None req-a977763d-9846-4e2e-928f-77b90b827e8a tempest-TestMultiAttachVolumeSwap-294871055 tempest-TestMultiAttachVolumeSwap-294871055-project-member] 10.4.3.14 "POST /compute/v2.1/os-keypairs" status: 201 len: 401 microversion: 2.60 time: 0.088182
Jul 24 13:32:04.054253 np0000005834 devstack@n-api.service[87587]: [pid: 87587|app: 0|req: 21/74] 10.4.3.14 () {70 vars in 1311 bytes} [Fri Jul 24 13:32:03 2026] POST /compute/v2.1/os-keypairs => generated 401 bytes in 89 msecs (HTTP/1.1 201) 9 headers in 364 bytes (1 switches on core 0)
Jul 24 13:32:04.194593 np0000005834 devstack@n-api.service[87588]: DEBUG nova.virt.hardware [None req-37f651f2-1c46-44d9-a5c1-7b49267a23c0 tempest-VolumesAssistedSnapshotsTest-286677109 tempest-VolumesAssistedSnapshotsTest-286677109-project-member] Flavor limits 0:0:0 {{(pid=87588) get_cpu_topology_constraints /opt/stack/nova/nova/virt/hardware.py:516}}
Jul 24 13:32:04.195426 np0000005834 devstack@n-api.service[87588]: DEBUG nova.virt.hardware [None req-37f651f2-1c46-44d9-a5c1-7b49267a23c0 tempest-VolumesAssistedSnapshotsTest-286677109 tempest-VolumesAssistedSnapshotsTest-286677109-project-member] Image limits 0:0:0 {{(pid=87588) get_cpu_topology_constraints /opt/stack/nova/nova/virt/hardware.py:520}}
Jul 24 13:32:04.195675 np0000005834 devstack@n-api.service[87588]: DEBUG nova.virt.hardware [None req-37f651f2-1c46-44d9-a5c1-7b49267a23c0 tempest-VolumesAssistedSnapshotsTest-286677109 tempest-VolumesAssistedSnapshotsTest-286677109-project-member] Flavor pref 0:0:0 {{(pid=87588) get_cpu_topology_constraints /opt/stack/nova/nova/virt/hardware.py:556}}
Jul 24 13:32:04.195918 np0000005834 devstack@n-api.service[87588]: DEBUG nova.virt.hardware [None req-37f651f2-1c46-44d9-a5c1-7b49267a23c0 tempest-VolumesAssistedSnapshotsTest-286677109 tempest-VolumesAssistedSnapshotsTest-286677109-project-member] Image pref 0:0:0 {{(pid=87588) get_cpu_topology_constraints /opt/stack/nova/nova/virt/hardware.py:560}}
Jul 24 13:32:04.196237 np0000005834 devstack@n-api.service[87588]: DEBUG nova.virt.hardware [None req-37f651f2-1c46-44d9-a5c1-7b49267a23c0 tempest-VolumesAssistedSnapshotsTest-286677109 tempest-VolumesAssistedSnapshotsTest-286677109-project-member] Chose sockets=0, cores=0, threads=0; limits were sockets=65536, cores=65536, threads=65536 {{(pid=87588) get_cpu_topology_constraints /opt/stack/nova/nova/virt/hardware.py:598}}
Jul 24 13:32:04.199966 np0000005834 devstack@n-api.service[87585]: DEBUG nova.policy [None req-f3dfc4f7-17a3-436b-9186-4e298b04687f tempest-AttachSCSIVolumeTestJSON-357891508 tempest-AttachSCSIVolumeTestJSON-357891508-project-member] Policy check for os_compute_api:os-extended-server-attributes failed with credentials {'is_admin': False, 'user_id': 'ea1e6116ee914b08981acb77f4c04432', 'user_domain_id': 'default', 'system_scope': None, 'domain_id': None, 'project_id': '4207fb57e9b7486f9b94a2b3fe6c600a', 'project_domain_id': 'default', 'roles': ['reader', 'member'], 'is_admin_project': True, 'service_user_id': None, 'service_user_domain_id': None, 'service_project_id': None, 'service_project_domain_id': None, 'service_roles': []} {{(pid=87585) authorize /opt/stack/nova/nova/policy.py:192}}
Jul 24 13:32:04.207555 np0000005834 devstack@n-api.service[87588]: DEBUG oslo_concurrency.lockutils [None req-37f651f2-1c46-44d9-a5c1-7b49267a23c0 tempest-VolumesAssistedSnapshotsTest-286677109 tempest-VolumesAssistedSnapshotsTest-286677109-project-member] Acquiring lock "00000000-0000-0000-0000-000000000000" by "nova.context.set_target_cell..get_or_set_cached_cell_and_set_connections" {{(pid=87588) inner /opt/stack/data/venv/lib/python3.12/site-packages/oslo_concurrency/lockutils.py:512}}
Jul 24 13:32:04.207555 np0000005834 devstack@n-api.service[87588]: DEBUG oslo_concurrency.lockutils [None req-37f651f2-1c46-44d9-a5c1-7b49267a23c0 tempest-VolumesAssistedSnapshotsTest-286677109 tempest-VolumesAssistedSnapshotsTest-286677109-project-member] Lock "00000000-0000-0000-0000-000000000000" acquired by "nova.context.set_target_cell..get_or_set_cached_cell_and_set_connections" :: waited 0.000s {{(pid=87588) inner /opt/stack/data/venv/lib/python3.12/site-packages/oslo_concurrency/lockutils.py:525}}
Jul 24 13:32:04.207555 np0000005834 devstack@n-api.service[87588]: DEBUG oslo_concurrency.lockutils [None req-37f651f2-1c46-44d9-a5c1-7b49267a23c0 tempest-VolumesAssistedSnapshotsTest-286677109 tempest-VolumesAssistedSnapshotsTest-286677109-project-member] Lock "00000000-0000-0000-0000-000000000000" "released" by "nova.context.set_target_cell..get_or_set_cached_cell_and_set_connections" :: held 0.000s {{(pid=87588) inner /opt/stack/data/venv/lib/python3.12/site-packages/oslo_concurrency/lockutils.py:544}}
Jul 24 13:32:04.207555 np0000005834 devstack@n-api.service[87588]: DEBUG oslo_concurrency.lockutils [None req-37f651f2-1c46-44d9-a5c1-7b49267a23c0 tempest-VolumesAssistedSnapshotsTest-286677109 tempest-VolumesAssistedSnapshotsTest-286677109-project-member] Acquiring lock "4756e758-d15f-417b-b8e8-1c41e08e8907" by "nova.context.set_target_cell..get_or_set_cached_cell_and_set_connections" {{(pid=87588) inner /opt/stack/data/venv/lib/python3.12/site-packages/oslo_concurrency/lockutils.py:512}}
Jul 24 13:32:04.208032 np0000005834 devstack@n-api.service[87588]: DEBUG oslo_concurrency.lockutils [None req-37f651f2-1c46-44d9-a5c1-7b49267a23c0 tempest-VolumesAssistedSnapshotsTest-286677109 tempest-VolumesAssistedSnapshotsTest-286677109-project-member] Lock "4756e758-d15f-417b-b8e8-1c41e08e8907" acquired by "nova.context.set_target_cell..get_or_set_cached_cell_and_set_connections" :: waited 0.000s {{(pid=87588) inner /opt/stack/data/venv/lib/python3.12/site-packages/oslo_concurrency/lockutils.py:525}}
Jul 24 13:32:04.208032 np0000005834 devstack@n-api.service[87588]: DEBUG oslo_concurrency.lockutils [None req-37f651f2-1c46-44d9-a5c1-7b49267a23c0 tempest-VolumesAssistedSnapshotsTest-286677109 tempest-VolumesAssistedSnapshotsTest-286677109-project-member] Lock "4756e758-d15f-417b-b8e8-1c41e08e8907" "released" by "nova.context.set_target_cell..get_or_set_cached_cell_and_set_connections" :: held 0.000s {{(pid=87588) inner /opt/stack/data/venv/lib/python3.12/site-packages/oslo_concurrency/lockutils.py:544}}
Jul 24 13:32:04.210375 np0000005834 devstack@n-api.service[87585]: INFO nova.api.openstack.requestlog [None req-f3dfc4f7-17a3-436b-9186-4e298b04687f tempest-AttachSCSIVolumeTestJSON-357891508 tempest-AttachSCSIVolumeTestJSON-357891508-project-member] 10.4.3.14 "GET /compute/v2.1/servers/3a4b45b9-2cda-4956-a61c-48e7cc0df410" status: 200 len: 1364 microversion: 2.1 time: 0.325915
Jul 24 13:32:04.210753 np0000005834 devstack@n-api.service[87585]: [pid: 87585|app: 0|req: 18/75] 10.4.3.14 () {66 vars in 1347 bytes} [Fri Jul 24 13:32:03 2026] GET /compute/v2.1/servers/3a4b45b9-2cda-4956-a61c-48e7cc0df410 => generated 1364 bytes in 327 msecs (HTTP/1.1 200) 9 headers in 358 bytes (1 switches on core 0)
Jul 24 13:32:04.236697 np0000005834 devstack@n-api.service[87588]: DEBUG nova.quota [None req-37f651f2-1c46-44d9-a5c1-7b49267a23c0 tempest-VolumesAssistedSnapshotsTest-286677109 tempest-VolumesAssistedSnapshotsTest-286677109-project-member] Getting quotas for project aea05dc08511465ead5fe97444f26871. Resources: {'instances', 'ram', 'cores'} {{(pid=87588) _get_quotas /opt/stack/nova/nova/quota.py:389}}
Jul 24 13:32:04.241865 np0000005834 devstack@n-api.service[87588]: DEBUG nova.quota [None req-37f651f2-1c46-44d9-a5c1-7b49267a23c0 tempest-VolumesAssistedSnapshotsTest-286677109 tempest-VolumesAssistedSnapshotsTest-286677109-project-member] Getting quotas for user 0d525a1e244b4a5ea6a363bc2454caa4 and project aea05dc08511465ead5fe97444f26871. Resources: {'instances', 'ram', 'cores'} {{(pid=87588) _get_quotas /opt/stack/nova/nova/quota.py:379}}
Jul 24 13:32:04.262419 np0000005834 devstack@n-api.service[87588]: DEBUG nova.compute.api [None req-37f651f2-1c46-44d9-a5c1-7b49267a23c0 tempest-VolumesAssistedSnapshotsTest-286677109 tempest-VolumesAssistedSnapshotsTest-286677109-project-member] Going to run 1 instances... {{(pid=87588) _provision_instances /opt/stack/nova/nova/compute/api.py:1480}}
Jul 24 13:32:04.263677 np0000005834 devstack@n-api.service[87588]: DEBUG nova.compute.api [None req-37f651f2-1c46-44d9-a5c1-7b49267a23c0 tempest-VolumesAssistedSnapshotsTest-286677109 tempest-VolumesAssistedSnapshotsTest-286677109-project-member] [instance: 97465300-7dec-4469-b789-a2772568e42f] block_device_mapping [BlockDeviceMapping(attachment_id=,boot_index=0,connection_info=None,created_at=,delete_on_termination=True,deleted=,deleted_at=,destination_type='local',device_name=None,device_type='disk',disk_bus=None,encrypted=False,encryption_format=None,encryption_options=None,encryption_secret_uuid=None,guest_format=None,id=,image_id='824f2ce9-6b98-4e38-b7ed-67e4c1e6c459',instance=,instance_uuid=,no_device=False,snapshot_id=None,source_type='image',tag=None,updated_at=,uuid=,volume_id=None,volume_size=None,volume_type=None)] {{(pid=87588) _bdm_validate_set_size_and_instance /opt/stack/nova/nova/compute/api.py:1942}}
Jul 24 13:32:04.363884 np0000005834 devstack@n-api.service[87588]: INFO nova.api.openstack.requestlog [None req-37f651f2-1c46-44d9-a5c1-7b49267a23c0 tempest-VolumesAssistedSnapshotsTest-286677109 tempest-VolumesAssistedSnapshotsTest-286677109-project-member] 10.4.3.14 "POST /compute/v2.1/servers" status: 202 len: 404 microversion: 2.1 time: 1.108306
Jul 24 13:32:04.363884 np0000005834 devstack@n-api.service[87588]: [pid: 87588|app: 0|req: 18/76] 10.4.3.14 () {68 vars in 1258 bytes} [Fri Jul 24 13:32:03 2026] POST /compute/v2.1/servers => generated 404 bytes in 1109 msecs (HTTP/1.1 202) 10 headers in 450 bytes (1 switches on core 0)
Jul 24 13:32:04.372031 np0000005834 devstack@n-api.service[87586]: DEBUG nova.api.openstack.wsgi [req-88fb1fdb-dccc-4393-9047-ee3874a3b50e req-8efb2ba4-d7e5-4da3-a4d7-60971a9cf9c2 service nova] Action: 'create', calling method: >, body: {"events": [{"server_uuid": "3a4b45b9-2cda-4956-a61c-48e7cc0df410", "name": "network-vif-plugged", "status": "completed", "tag": "4199d715-fe6a-49d0-9de1-80a6dbea03a3"}, {"server_uuid": "1808451a-125a-46bf-aa8e-86a6af13fc9d", "name": "network-vif-plugged", "status": "completed", "tag": "26c0f83a-d165-4935-a5b3-1bb571892b7b"}, {"server_uuid": "1808451a-125a-46bf-aa8e-86a6af13fc9d", "name": "network-vif-plugged", "status": "completed", "tag": "26c0f83a-d165-4935-a5b3-1bb571892b7b"}]} {{(pid=87586) _process_stack /opt/stack/nova/nova/api/openstack/wsgi.py:549}}
Jul 24 13:32:04.381188 np0000005834 devstack@n-api.service[87587]: DEBUG nova.api.openstack.wsgi [None req-062d507a-dcf7-48a7-9482-c0e14848eb98 tempest-VolumesAssistedSnapshotsTest-286677109 tempest-VolumesAssistedSnapshotsTest-286677109-project-member] Calling method '>' {{(pid=87587) _process_stack /opt/stack/nova/nova/api/openstack/wsgi.py:551}}
Jul 24 13:32:04.383232 np0000005834 devstack@n-api.service[87587]: DEBUG nova.compute.api [None req-062d507a-dcf7-48a7-9482-c0e14848eb98 tempest-VolumesAssistedSnapshotsTest-286677109 tempest-VolumesAssistedSnapshotsTest-286677109-project-member] [instance: 97465300-7dec-4469-b789-a2772568e42f] Fetching instance by UUID {{(pid=87587) get /opt/stack/nova/nova/compute/api.py:3068}}
Jul 24 13:32:04.391784 np0000005834 devstack@n-api.service[87586]: DEBUG oslo_concurrency.lockutils [req-88fb1fdb-dccc-4393-9047-ee3874a3b50e req-8efb2ba4-d7e5-4da3-a4d7-60971a9cf9c2 service nova] Acquiring lock "4756e758-d15f-417b-b8e8-1c41e08e8907" by "nova.context.set_target_cell..get_or_set_cached_cell_and_set_connections" {{(pid=87586) inner /opt/stack/data/venv/lib/python3.12/site-packages/oslo_concurrency/lockutils.py:512}}
Jul 24 13:32:04.391925 np0000005834 devstack@n-api.service[87586]: DEBUG oslo_concurrency.lockutils [req-88fb1fdb-dccc-4393-9047-ee3874a3b50e req-8efb2ba4-d7e5-4da3-a4d7-60971a9cf9c2 service nova] Lock "4756e758-d15f-417b-b8e8-1c41e08e8907" acquired by "nova.context.set_target_cell..get_or_set_cached_cell_and_set_connections" :: waited 0.000s {{(pid=87586) inner /opt/stack/data/venv/lib/python3.12/site-packages/oslo_concurrency/lockutils.py:525}}
Jul 24 13:32:04.392508 np0000005834 devstack@n-api.service[87586]: DEBUG oslo_concurrency.lockutils [req-88fb1fdb-dccc-4393-9047-ee3874a3b50e req-8efb2ba4-d7e5-4da3-a4d7-60971a9cf9c2 service nova] Lock "4756e758-d15f-417b-b8e8-1c41e08e8907" "released" by "nova.context.set_target_cell..get_or_set_cached_cell_and_set_connections" :: held 0.000s {{(pid=87586) inner /opt/stack/data/venv/lib/python3.12/site-packages/oslo_concurrency/lockutils.py:544}}
Jul 24 13:32:04.399499 np0000005834 devstack@n-api.service[87585]: DEBUG nova.api.openstack.wsgi [None req-867dd3fd-280d-433f-ab9f-9c068fcaa7f4 tempest-DeleteServersTestJSON-1154018493 tempest-DeleteServersTestJSON-1154018493-project-member] Calling method '>' {{(pid=87585) _process_stack /opt/stack/nova/nova/api/openstack/wsgi.py:551}}
Jul 24 13:32:04.399499 np0000005834 devstack@n-api.service[87585]: DEBUG nova.compute.api [None req-867dd3fd-280d-433f-ab9f-9c068fcaa7f4 tempest-DeleteServersTestJSON-1154018493 tempest-DeleteServersTestJSON-1154018493-project-member] [instance: 096924f7-cb49-4be3-8af1-0234e0d8900d] Fetching instance by UUID {{(pid=87585) get /opt/stack/nova/nova/compute/api.py:3068}}
Jul 24 13:32:04.401847 np0000005834 devstack@n-api.service[87587]: WARNING neutronclient.v2_0.client [None req-062d507a-dcf7-48a7-9482-c0e14848eb98 tempest-VolumesAssistedSnapshotsTest-286677109 tempest-VolumesAssistedSnapshotsTest-286677109-project-member] The python binding code in neutronclient is deprecated in favor of OpenstackSDK, please use that as this will be removed in a future release.
Jul 24 13:32:04.403692 np0000005834 devstack@n-api.service[87586]: INFO nova.api.openstack.compute.server_external_events [req-88fb1fdb-dccc-4393-9047-ee3874a3b50e req-8efb2ba4-d7e5-4da3-a4d7-60971a9cf9c2 service nova] Creating event network-vif-plugged:4199d715-fe6a-49d0-9de1-80a6dbea03a3 for instance 3a4b45b9-2cda-4956-a61c-48e7cc0df410 on np0000005834
Jul 24 13:32:04.403692 np0000005834 devstack@n-api.service[87586]: INFO nova.api.openstack.compute.server_external_events [req-88fb1fdb-dccc-4393-9047-ee3874a3b50e req-8efb2ba4-d7e5-4da3-a4d7-60971a9cf9c2 service nova] Creating event network-vif-plugged:26c0f83a-d165-4935-a5b3-1bb571892b7b for instance 1808451a-125a-46bf-aa8e-86a6af13fc9d on np0000005834
Jul 24 13:32:04.403692 np0000005834 devstack@n-api.service[87586]: INFO nova.api.openstack.compute.server_external_events [req-88fb1fdb-dccc-4393-9047-ee3874a3b50e req-8efb2ba4-d7e5-4da3-a4d7-60971a9cf9c2 service nova] Creating event network-vif-plugged:26c0f83a-d165-4935-a5b3-1bb571892b7b for instance 1808451a-125a-46bf-aa8e-86a6af13fc9d on np0000005834
Jul 24 13:32:04.403882 np0000005834 devstack@n-api.service[87586]: DEBUG nova.compute.rpcapi [req-88fb1fdb-dccc-4393-9047-ee3874a3b50e req-8efb2ba4-d7e5-4da3-a4d7-60971a9cf9c2 service nova] RPC: Sending the message to topic: compute-alt {{(pid=87586) prepare_for_alt_rpcserver /opt/stack/nova/nova/compute/rpcapi.py:595}}
Jul 24 13:32:04.405578 np0000005834 devstack@n-api.service[87585]: DEBUG oslo_concurrency.lockutils [None req-867dd3fd-280d-433f-ab9f-9c068fcaa7f4 tempest-DeleteServersTestJSON-1154018493 tempest-DeleteServersTestJSON-1154018493-project-member] Acquiring lock "4756e758-d15f-417b-b8e8-1c41e08e8907" by "nova.context.set_target_cell..get_or_set_cached_cell_and_set_connections" {{(pid=87585) inner /opt/stack/data/venv/lib/python3.12/site-packages/oslo_concurrency/lockutils.py:512}}
Jul 24 13:32:04.406181 np0000005834 devstack@n-api.service[87585]: DEBUG oslo_concurrency.lockutils [None req-867dd3fd-280d-433f-ab9f-9c068fcaa7f4 tempest-DeleteServersTestJSON-1154018493 tempest-DeleteServersTestJSON-1154018493-project-member] Lock "4756e758-d15f-417b-b8e8-1c41e08e8907" acquired by "nova.context.set_target_cell..get_or_set_cached_cell_and_set_connections" :: waited 0.001s {{(pid=87585) inner /opt/stack/data/venv/lib/python3.12/site-packages/oslo_concurrency/lockutils.py:525}}
Jul 24 13:32:04.406181 np0000005834 devstack@n-api.service[87585]: DEBUG oslo_concurrency.lockutils [None req-867dd3fd-280d-433f-ab9f-9c068fcaa7f4 tempest-DeleteServersTestJSON-1154018493 tempest-DeleteServersTestJSON-1154018493-project-member] Lock "4756e758-d15f-417b-b8e8-1c41e08e8907" "released" by "nova.context.set_target_cell..get_or_set_cached_cell_and_set_connections" :: held 0.000s {{(pid=87585) inner /opt/stack/data/venv/lib/python3.12/site-packages/oslo_concurrency/lockutils.py:544}}
Jul 24 13:32:04.406181 np0000005834 devstack@n-api.service[87585]: DEBUG oslo_concurrency.lockutils [None req-867dd3fd-280d-433f-ab9f-9c068fcaa7f4 tempest-DeleteServersTestJSON-1154018493 tempest-DeleteServersTestJSON-1154018493-project-member] Acquiring lock "4756e758-d15f-417b-b8e8-1c41e08e8907" by "nova.context.set_target_cell..get_or_set_cached_cell_and_set_connections" {{(pid=87585) inner /opt/stack/data/venv/lib/python3.12/site-packages/oslo_concurrency/lockutils.py:512}}
Jul 24 13:32:04.407828 np0000005834 devstack@n-api.service[87585]: DEBUG oslo_concurrency.lockutils [None req-867dd3fd-280d-433f-ab9f-9c068fcaa7f4 tempest-DeleteServersTestJSON-1154018493 tempest-DeleteServersTestJSON-1154018493-project-member] Lock "4756e758-d15f-417b-b8e8-1c41e08e8907" acquired by "nova.context.set_target_cell..get_or_set_cached_cell_and_set_connections" :: waited 0.000s {{(pid=87585) inner /opt/stack/data/venv/lib/python3.12/site-packages/oslo_concurrency/lockutils.py:525}}
Jul 24 13:32:04.407828 np0000005834 devstack@n-api.service[87585]: DEBUG oslo_concurrency.lockutils [None req-867dd3fd-280d-433f-ab9f-9c068fcaa7f4 tempest-DeleteServersTestJSON-1154018493 tempest-DeleteServersTestJSON-1154018493-project-member] Lock "4756e758-d15f-417b-b8e8-1c41e08e8907" "released" by "nova.context.set_target_cell..get_or_set_cached_cell_and_set_connections" :: held 0.000s {{(pid=87585) inner /opt/stack/data/venv/lib/python3.12/site-packages/oslo_concurrency/lockutils.py:544}}
Jul 24 13:32:04.413152 np0000005834 devstack@n-api.service[87586]: INFO nova.api.openstack.requestlog [req-88fb1fdb-dccc-4393-9047-ee3874a3b50e req-8efb2ba4-d7e5-4da3-a4d7-60971a9cf9c2 service nova] 10.4.3.14 "POST /compute/v2.1/os-server-external-events" status: 200 len: 525 microversion: 2.1 time: 0.045485
Jul 24 13:32:04.413152 np0000005834 devstack@n-api.service[87586]: [pid: 87586|app: 0|req: 20/77] 10.4.3.14 () {72 vars in 1425 bytes} [Fri Jul 24 13:32:04 2026] POST /compute/v2.1/os-server-external-events => generated 525 bytes in 46 msecs (HTTP/1.1 200) 9 headers in 357 bytes (1 switches on core 0)
Jul 24 13:32:04.452780 np0000005834 devstack@n-api.service[87585]: DEBUG nova.compute.api [None req-867dd3fd-280d-433f-ab9f-9c068fcaa7f4 tempest-DeleteServersTestJSON-1154018493 tempest-DeleteServersTestJSON-1154018493-project-member] [instance: 096924f7-cb49-4be3-8af1-0234e0d8900d] Going to try to terminate instance {{(pid=87585) delete /opt/stack/nova/nova/compute/api.py:2811}}
Jul 24 13:32:04.475405 np0000005834 devstack@n-api.service[87587]: DEBUG nova.policy [None req-062d507a-dcf7-48a7-9482-c0e14848eb98 tempest-VolumesAssistedSnapshotsTest-286677109 tempest-VolumesAssistedSnapshotsTest-286677109-project-member] Policy check for os_compute_api:os-extended-server-attributes failed with credentials {'is_admin': False, 'user_id': '0d525a1e244b4a5ea6a363bc2454caa4', 'user_domain_id': 'default', 'system_scope': None, 'domain_id': None, 'project_id': 'aea05dc08511465ead5fe97444f26871', 'project_domain_id': 'default', 'roles': ['reader', 'member'], 'is_admin_project': True, 'service_user_id': None, 'service_user_domain_id': None, 'service_project_id': None, 'service_project_domain_id': None, 'service_roles': []} {{(pid=87587) authorize /opt/stack/nova/nova/policy.py:192}}
Jul 24 13:32:04.486632 np0000005834 devstack@n-api.service[87587]: INFO nova.api.openstack.requestlog [None req-062d507a-dcf7-48a7-9482-c0e14848eb98 tempest-VolumesAssistedSnapshotsTest-286677109 tempest-VolumesAssistedSnapshotsTest-286677109-project-member] 10.4.3.14 "GET /compute/v2.1/servers/97465300-7dec-4469-b789-a2772568e42f" status: 200 len: 1240 microversion: 2.1 time: 0.109928
Jul 24 13:32:04.487166 np0000005834 devstack@n-api.service[87587]: [pid: 87587|app: 0|req: 22/78] 10.4.3.14 () {66 vars in 1347 bytes} [Fri Jul 24 13:32:04 2026] GET /compute/v2.1/servers/97465300-7dec-4469-b789-a2772568e42f => generated 1240 bytes in 111 msecs (HTTP/1.1 200) 9 headers in 358 bytes (1 switches on core 0)
Jul 24 13:32:04.566259 np0000005834 devstack@n-api.service[87585]: DEBUG oslo_concurrency.lockutils [None req-867dd3fd-280d-433f-ab9f-9c068fcaa7f4 tempest-DeleteServersTestJSON-1154018493 tempest-DeleteServersTestJSON-1154018493-project-member] Acquiring lock "compute-rpcapi-router" {{(pid=87585) lock /opt/stack/data/venv/lib/python3.12/site-packages/oslo_concurrency/lockutils.py:396}}
Jul 24 13:32:04.566456 np0000005834 devstack@n-api.service[87585]: DEBUG oslo_concurrency.lockutils [None req-867dd3fd-280d-433f-ab9f-9c068fcaa7f4 tempest-DeleteServersTestJSON-1154018493 tempest-DeleteServersTestJSON-1154018493-project-member] Acquired lock "compute-rpcapi-router" {{(pid=87585) lock /opt/stack/data/venv/lib/python3.12/site-packages/oslo_concurrency/lockutils.py:399}}
Jul 24 13:32:04.566990 np0000005834 devstack@n-api.service[87585]: DEBUG oslo_concurrency.lockutils [None req-61bd29c3-c733-451e-a2a6-a81da6a0a310 None None] Acquiring lock "00000000-0000-0000-0000-000000000000" by "nova.context.set_target_cell..get_or_set_cached_cell_and_set_connections" {{(pid=87585) inner /opt/stack/data/venv/lib/python3.12/site-packages/oslo_concurrency/lockutils.py:512}}
Jul 24 13:32:04.567211 np0000005834 devstack@n-api.service[87585]: DEBUG oslo_concurrency.lockutils [None req-61bd29c3-c733-451e-a2a6-a81da6a0a310 None None] Lock "00000000-0000-0000-0000-000000000000" acquired by "nova.context.set_target_cell..get_or_set_cached_cell_and_set_connections" :: waited 0.000s {{(pid=87585) inner /opt/stack/data/venv/lib/python3.12/site-packages/oslo_concurrency/lockutils.py:525}}
Jul 24 13:32:04.567211 np0000005834 devstack@n-api.service[87585]: DEBUG oslo_concurrency.lockutils [None req-61bd29c3-c733-451e-a2a6-a81da6a0a310 None None] Lock "00000000-0000-0000-0000-000000000000" "released" by "nova.context.set_target_cell..get_or_set_cached_cell_and_set_connections" :: held 0.000s {{(pid=87585) inner /opt/stack/data/venv/lib/python3.12/site-packages/oslo_concurrency/lockutils.py:544}}
Jul 24 13:32:04.568072 np0000005834 devstack@n-api.service[87585]: DEBUG oslo_concurrency.lockutils [None req-61bd29c3-c733-451e-a2a6-a81da6a0a310 None None] Acquiring lock "4756e758-d15f-417b-b8e8-1c41e08e8907" by "nova.context.set_target_cell..get_or_set_cached_cell_and_set_connections" {{(pid=87585) inner /opt/stack/data/venv/lib/python3.12/site-packages/oslo_concurrency/lockutils.py:512}}
Jul 24 13:32:04.568756 np0000005834 devstack@n-api.service[87585]: DEBUG oslo_concurrency.lockutils [None req-61bd29c3-c733-451e-a2a6-a81da6a0a310 None None] Lock "4756e758-d15f-417b-b8e8-1c41e08e8907" acquired by "nova.context.set_target_cell..get_or_set_cached_cell_and_set_connections" :: waited 0.000s {{(pid=87585) inner /opt/stack/data/venv/lib/python3.12/site-packages/oslo_concurrency/lockutils.py:525}}
Jul 24 13:32:04.569735 np0000005834 devstack@n-api.service[87585]: DEBUG oslo_concurrency.lockutils [None req-61bd29c3-c733-451e-a2a6-a81da6a0a310 None None] Lock "4756e758-d15f-417b-b8e8-1c41e08e8907" "released" by "nova.context.set_target_cell..get_or_set_cached_cell_and_set_connections" :: held 0.001s {{(pid=87585) inner /opt/stack/data/venv/lib/python3.12/site-packages/oslo_concurrency/lockutils.py:544}}
Jul 24 13:32:04.583330 np0000005834 devstack@n-api.service[87585]: INFO nova.compute.rpcapi [None req-61bd29c3-c733-451e-a2a6-a81da6a0a310 None None] Automatically selected compute RPC version 6.5 from minimum service version 72
Jul 24 13:32:04.583958 np0000005834 devstack@n-api.service[87585]: DEBUG oslo_concurrency.lockutils [None req-61bd29c3-c733-451e-a2a6-a81da6a0a310 None None] Releasing lock "compute-rpcapi-router" {{(pid=87585) lock /opt/stack/data/venv/lib/python3.12/site-packages/oslo_concurrency/lockutils.py:419}}
Jul 24 13:32:04.632297 np0000005834 devstack@n-api.service[87585]: INFO nova.api.openstack.requestlog [None req-61bd29c3-c733-451e-a2a6-a81da6a0a310 None None] 10.4.3.14 "DELETE /compute/v2.1/servers/096924f7-cb49-4be3-8af1-0234e0d8900d" status: 204 len: 0 microversion: 2.1 time: 0.234179
Jul 24 13:32:04.632297 np0000005834 devstack@n-api.service[87585]: [pid: 87585|app: 0|req: 19/79] 10.4.3.14 () {66 vars in 1350 bytes} [Fri Jul 24 13:32:04 2026] DELETE /compute/v2.1/servers/096924f7-cb49-4be3-8af1-0234e0d8900d => generated 0 bytes in 235 msecs (HTTP/1.1 204) 9 headers in 363 bytes (1 switches on core 0)
Jul 24 13:32:04.648192 np0000005834 devstack@n-api.service[87588]: DEBUG nova.api.openstack.wsgi [None req-6442601f-15f5-4fad-ad9a-6972f448ad4a tempest-DeleteServersTestJSON-1154018493 tempest-DeleteServersTestJSON-1154018493-project-member] Calling method '>' {{(pid=87588) _process_stack /opt/stack/nova/nova/api/openstack/wsgi.py:551}}
Jul 24 13:32:04.656654 np0000005834 devstack@n-api.service[87588]: DEBUG nova.compute.api [None req-6442601f-15f5-4fad-ad9a-6972f448ad4a tempest-DeleteServersTestJSON-1154018493 tempest-DeleteServersTestJSON-1154018493-project-member] [instance: 096924f7-cb49-4be3-8af1-0234e0d8900d] Fetching instance by UUID {{(pid=87588) get /opt/stack/nova/nova/compute/api.py:3068}}
Jul 24 13:32:04.662788 np0000005834 devstack@n-api.service[87588]: DEBUG oslo_concurrency.lockutils [None req-6442601f-15f5-4fad-ad9a-6972f448ad4a tempest-DeleteServersTestJSON-1154018493 tempest-DeleteServersTestJSON-1154018493-project-member] Acquiring lock "4756e758-d15f-417b-b8e8-1c41e08e8907" by "nova.context.set_target_cell..get_or_set_cached_cell_and_set_connections" {{(pid=87588) inner /opt/stack/data/venv/lib/python3.12/site-packages/oslo_concurrency/lockutils.py:512}}
Jul 24 13:32:04.662788 np0000005834 devstack@n-api.service[87588]: DEBUG oslo_concurrency.lockutils [None req-6442601f-15f5-4fad-ad9a-6972f448ad4a tempest-DeleteServersTestJSON-1154018493 tempest-DeleteServersTestJSON-1154018493-project-member] Lock "4756e758-d15f-417b-b8e8-1c41e08e8907" acquired by "nova.context.set_target_cell..get_or_set_cached_cell_and_set_connections" :: waited 0.000s {{(pid=87588) inner /opt/stack/data/venv/lib/python3.12/site-packages/oslo_concurrency/lockutils.py:525}}
Jul 24 13:32:04.662788 np0000005834 devstack@n-api.service[87588]: DEBUG oslo_concurrency.lockutils [None req-6442601f-15f5-4fad-ad9a-6972f448ad4a tempest-DeleteServersTestJSON-1154018493 tempest-DeleteServersTestJSON-1154018493-project-member] Lock "4756e758-d15f-417b-b8e8-1c41e08e8907" "released" by "nova.context.set_target_cell..get_or_set_cached_cell_and_set_connections" :: held 0.000s {{(pid=87588) inner /opt/stack/data/venv/lib/python3.12/site-packages/oslo_concurrency/lockutils.py:544}}
Jul 24 13:32:04.663453 np0000005834 devstack@n-api.service[87588]: DEBUG oslo_concurrency.lockutils [None req-6442601f-15f5-4fad-ad9a-6972f448ad4a tempest-DeleteServersTestJSON-1154018493 tempest-DeleteServersTestJSON-1154018493-project-member] Acquiring lock "4756e758-d15f-417b-b8e8-1c41e08e8907" by "nova.context.set_target_cell..get_or_set_cached_cell_and_set_connections" {{(pid=87588) inner /opt/stack/data/venv/lib/python3.12/site-packages/oslo_concurrency/lockutils.py:512}}
Jul 24 13:32:04.664013 np0000005834 devstack@n-api.service[87588]: DEBUG oslo_concurrency.lockutils [None req-6442601f-15f5-4fad-ad9a-6972f448ad4a tempest-DeleteServersTestJSON-1154018493 tempest-DeleteServersTestJSON-1154018493-project-member] Lock "4756e758-d15f-417b-b8e8-1c41e08e8907" acquired by "nova.context.set_target_cell..get_or_set_cached_cell_and_set_connections" :: waited 0.000s {{(pid=87588) inner /opt/stack/data/venv/lib/python3.12/site-packages/oslo_concurrency/lockutils.py:525}}
Jul 24 13:32:04.664483 np0000005834 devstack@n-api.service[87588]: DEBUG oslo_concurrency.lockutils [None req-6442601f-15f5-4fad-ad9a-6972f448ad4a tempest-DeleteServersTestJSON-1154018493 tempest-DeleteServersTestJSON-1154018493-project-member] Lock "4756e758-d15f-417b-b8e8-1c41e08e8907" "released" by "nova.context.set_target_cell..get_or_set_cached_cell_and_set_connections" :: held 0.001s {{(pid=87588) inner /opt/stack/data/venv/lib/python3.12/site-packages/oslo_concurrency/lockutils.py:544}}
