Jun 02 01:10:11.826781 np0000001910 nova-scheduler[95736]: DEBUG cotyledon.oslo_config_glue [-] oslo_limit.endpoint_id = None {{(pid=95736) log_opt_values /opt/stack/data/venv/lib/python3.12/site-packages/oslo_config/cfg.py:3256}}
Jun 02 01:10:11.826781 np0000001910 nova-scheduler[95736]: DEBUG cotyledon.oslo_config_glue [-] oslo_limit.endpoint_interface = public {{(pid=95736) log_opt_values /opt/stack/data/venv/lib/python3.12/site-packages/oslo_config/cfg.py:3256}}
Jun 02 01:10:11.826781 np0000001910 nova-scheduler[95736]: DEBUG cotyledon.oslo_config_glue [-] oslo_limit.endpoint_override = None {{(pid=95736) log_opt_values /opt/stack/data/venv/lib/python3.12/site-packages/oslo_config/cfg.py:3256}}
Jun 02 01:10:11.826781 np0000001910 nova-scheduler[95736]: DEBUG cotyledon.oslo_config_glue [-] oslo_limit.endpoint_region_name = None {{(pid=95736) log_opt_values /opt/stack/data/venv/lib/python3.12/site-packages/oslo_config/cfg.py:3256}}
Jun 02 01:10:11.826781 np0000001910 nova-scheduler[95736]: DEBUG cotyledon.oslo_config_glue [-] oslo_limit.endpoint_service_name = None {{(pid=95736) log_opt_values /opt/stack/data/venv/lib/python3.12/site-packages/oslo_config/cfg.py:3256}}
Jun 02 01:10:11.826781 np0000001910 nova-scheduler[95736]: DEBUG cotyledon.oslo_config_glue [-] oslo_limit.endpoint_service_type = None {{(pid=95736) log_opt_values /opt/stack/data/venv/lib/python3.12/site-packages/oslo_config/cfg.py:3256}}
Jun 02 01:10:11.826781 np0000001910 nova-scheduler[95736]: DEBUG cotyledon.oslo_config_glue [-] oslo_limit.insecure = False {{(pid=95736) log_opt_values /opt/stack/data/venv/lib/python3.12/site-packages/oslo_config/cfg.py:3256}}
Jun 02 01:10:11.827016 np0000001910 nova-scheduler[95736]: DEBUG cotyledon.oslo_config_glue [-] oslo_limit.keyfile = None {{(pid=95736) log_opt_values /opt/stack/data/venv/lib/python3.12/site-packages/oslo_config/cfg.py:3256}}
Jun 02 01:10:11.827016 np0000001910 nova-scheduler[95736]: DEBUG cotyledon.oslo_config_glue [-] oslo_limit.max_version = None {{(pid=95736) log_opt_values /opt/stack/data/venv/lib/python3.12/site-packages/oslo_config/cfg.py:3256}}
Jun 02 01:10:11.827016 np0000001910 nova-scheduler[95736]: DEBUG cotyledon.oslo_config_glue [-] oslo_limit.min_version = None {{(pid=95736) log_opt_values /opt/stack/data/venv/lib/python3.12/site-packages/oslo_config/cfg.py:3256}}
Jun 02 01:10:11.827016 np0000001910 nova-scheduler[95736]: DEBUG cotyledon.oslo_config_glue [-] oslo_limit.region_name = None {{(pid=95736) log_opt_values /opt/stack/data/venv/lib/python3.12/site-packages/oslo_config/cfg.py:3256}}
Jun 02 01:10:11.827016 np0000001910 nova-scheduler[95736]: DEBUG cotyledon.oslo_config_glue [-] oslo_limit.retriable_status_codes = None {{(pid=95736) log_opt_values /opt/stack/data/venv/lib/python3.12/site-packages/oslo_config/cfg.py:3256}}
Jun 02 01:10:11.827016 np0000001910 nova-scheduler[95736]: DEBUG cotyledon.oslo_config_glue [-] oslo_limit.service_name = None {{(pid=95736) log_opt_values /opt/stack/data/venv/lib/python3.12/site-packages/oslo_config/cfg.py:3256}}
Jun 02 01:10:11.827016 np0000001910 nova-scheduler[95736]: DEBUG cotyledon.oslo_config_glue [-] oslo_limit.service_type = None {{(pid=95736) log_opt_values /opt/stack/data/venv/lib/python3.12/site-packages/oslo_config/cfg.py:3256}}
Jun 02 01:10:11.827016 np0000001910 nova-scheduler[95736]: DEBUG cotyledon.oslo_config_glue [-] oslo_limit.split_loggers = False {{(pid=95736) log_opt_values /opt/stack/data/venv/lib/python3.12/site-packages/oslo_config/cfg.py:3256}}
Jun 02 01:10:11.827016 np0000001910 nova-scheduler[95736]: DEBUG cotyledon.oslo_config_glue [-] oslo_limit.status_code_retries = None {{(pid=95736) log_opt_values /opt/stack/data/venv/lib/python3.12/site-packages/oslo_config/cfg.py:3256}}
Jun 02 01:10:11.827295 np0000001910 nova-scheduler[95736]: DEBUG cotyledon.oslo_config_glue [-] oslo_limit.status_code_retry_delay = None {{(pid=95736) log_opt_values /opt/stack/data/venv/lib/python3.12/site-packages/oslo_config/cfg.py:3256}}
Jun 02 01:10:11.827295 np0000001910 nova-scheduler[95736]: DEBUG cotyledon.oslo_config_glue [-] oslo_limit.timeout = None {{(pid=95736) log_opt_values /opt/stack/data/venv/lib/python3.12/site-packages/oslo_config/cfg.py:3256}}
Jun 02 01:10:11.827295 np0000001910 nova-scheduler[95736]: DEBUG cotyledon.oslo_config_glue [-] oslo_limit.valid_interfaces = None {{(pid=95736) log_opt_values /opt/stack/data/venv/lib/python3.12/site-packages/oslo_config/cfg.py:3256}}
Jun 02 01:10:11.827295 np0000001910 nova-scheduler[95736]: DEBUG cotyledon.oslo_config_glue [-] oslo_limit.version = None {{(pid=95736) log_opt_values /opt/stack/data/venv/lib/python3.12/site-packages/oslo_config/cfg.py:3256}}
Jun 02 01:10:11.827295 np0000001910 nova-scheduler[95736]: DEBUG cotyledon.oslo_config_glue [-] oslo_reports.file_event_handler = None {{(pid=95736) log_opt_values /opt/stack/data/venv/lib/python3.12/site-packages/oslo_config/cfg.py:3256}}
Jun 02 01:10:11.827295 np0000001910 nova-scheduler[95736]: DEBUG cotyledon.oslo_config_glue [-] oslo_reports.file_event_handler_interval = 1 {{(pid=95736) log_opt_values /opt/stack/data/venv/lib/python3.12/site-packages/oslo_config/cfg.py:3256}}
Jun 02 01:10:11.827295 np0000001910 nova-scheduler[95736]: DEBUG cotyledon.oslo_config_glue [-] oslo_reports.log_dir = None {{(pid=95736) log_opt_values /opt/stack/data/venv/lib/python3.12/site-packages/oslo_config/cfg.py:3256}}
Jun 02 01:10:11.827295 np0000001910 nova-scheduler[95736]: DEBUG cotyledon.oslo_config_glue [-] ******************************************************************************** {{(pid=95736) log_opt_values /opt/stack/data/venv/lib/python3.12/site-packages/oslo_config/cfg.py:3263}}
Jun 02 01:10:11.827295 np0000001910 nova-scheduler[95736]: DEBUG cotyledon._service_worker [-] Run service ServiceWrapper(1) [95736] {{(pid=95736) wait_forever /opt/stack/data/venv/lib/python3.12/site-packages/cotyledon/_service_worker.py:218}}
Jun 02 01:10:11.827603 np0000001910 nova-scheduler[95736]: INFO nova.service [-] Starting scheduler node (version 33.1.0)
Jun 02 01:10:11.830699 np0000001910 nova-scheduler[95736]: INFO dbcounter [None req-da6e95ba-53fe-4e57-9667-d5efe91e06c8 None None] Registered counter for database nova_cell0
Jun 02 01:10:11.839083 np0000001910 nova-scheduler[95734]: DEBUG oslo_db.sqlalchemy.engines [None req-368be565-3131-4c63-9efb-8c035f2f98e9 None None] MySQL server mode set to STRICT_TRANS_TABLES,STRICT_ALL_TABLES,NO_ZERO_IN_DATE,NO_ZERO_DATE,ERROR_FOR_DIVISION_BY_ZERO,TRADITIONAL,NO_ENGINE_SUBSTITUTION {{(pid=95734) _check_effective_sql_mode /opt/stack/data/venv/lib/python3.12/site-packages/oslo_db/sqlalchemy/engines.py:325}}
Jun 02 01:10:11.852921 np0000001910 nova-scheduler[95734]: DEBUG dbcounter [-] [95734] Writer thread running {{(pid=95734) stat_writer /opt/stack/data/venv/lib/python3.12/site-packages/dbcounter.py:102}}
Jun 02 01:10:11.858005 np0000001910 nova-scheduler[95738]: DEBUG oslo_db.sqlalchemy.engines [None req-410ca378-80fd-45c2-a50d-66d6596759e3 None None] MySQL server mode set to STRICT_TRANS_TABLES,STRICT_ALL_TABLES,NO_ZERO_IN_DATE,NO_ZERO_DATE,ERROR_FOR_DIVISION_BY_ZERO,TRADITIONAL,NO_ENGINE_SUBSTITUTION {{(pid=95738) _check_effective_sql_mode /opt/stack/data/venv/lib/python3.12/site-packages/oslo_db/sqlalchemy/engines.py:325}}
Jun 02 01:10:11.871691 np0000001910 nova-scheduler[95738]: DEBUG dbcounter [-] [95738] Writer thread running {{(pid=95738) stat_writer /opt/stack/data/venv/lib/python3.12/site-packages/dbcounter.py:102}}
Jun 02 01:10:11.871824 np0000001910 nova-scheduler[95734]: DEBUG nova.service [None req-368be565-3131-4c63-9efb-8c035f2f98e9 None None] Creating RPC server for service: nova-scheduler on topic: scheduler {{(pid=95734) start /opt/stack/nova/nova/service.py:195}}
Jun 02 01:10:11.878408 np0000001910 nova-scheduler[95738]: DEBUG nova.service [None req-410ca378-80fd-45c2-a50d-66d6596759e3 None None] Creating RPC server for service: nova-scheduler on topic: scheduler {{(pid=95738) start /opt/stack/nova/nova/service.py:195}}
Jun 02 01:10:11.880917 np0000001910 nova-scheduler[95736]: DEBUG oslo_db.sqlalchemy.engines [None req-da6e95ba-53fe-4e57-9667-d5efe91e06c8 None None] MySQL server mode set to STRICT_TRANS_TABLES,STRICT_ALL_TABLES,NO_ZERO_IN_DATE,NO_ZERO_DATE,ERROR_FOR_DIVISION_BY_ZERO,TRADITIONAL,NO_ENGINE_SUBSTITUTION {{(pid=95736) _check_effective_sql_mode /opt/stack/data/venv/lib/python3.12/site-packages/oslo_db/sqlalchemy/engines.py:325}}
Jun 02 01:10:11.892127 np0000001910 nova-scheduler[95736]: DEBUG dbcounter [-] [95736] Writer thread running {{(pid=95736) stat_writer /opt/stack/data/venv/lib/python3.12/site-packages/dbcounter.py:102}}
Jun 02 01:10:11.896929 np0000001910 nova-scheduler[95736]: DEBUG nova.service [None req-da6e95ba-53fe-4e57-9667-d5efe91e06c8 None None] Creating RPC server for service: nova-scheduler on topic: scheduler {{(pid=95736) start /opt/stack/nova/nova/service.py:195}}
Jun 02 01:10:11.899669 np0000001910 nova-scheduler[95738]: DEBUG nova.service [None req-410ca378-80fd-45c2-a50d-66d6596759e3 None None] Join ServiceGroup membership for this service scheduler {{(pid=95738) start /opt/stack/nova/nova/service.py:221}}
Jun 02 01:10:11.900024 np0000001910 nova-scheduler[95738]: DEBUG nova.servicegroup.drivers.db [None req-410ca378-80fd-45c2-a50d-66d6596759e3 None None] DB_Driver: join new ServiceGroup member np0000001910 to the scheduler group, service = {{(pid=95738) join /opt/stack/nova/nova/servicegroup/drivers/db.py:44}}
Jun 02 01:10:11.901446 np0000001910 nova-scheduler[95734]: DEBUG nova.service [None req-368be565-3131-4c63-9efb-8c035f2f98e9 None None] Join ServiceGroup membership for this service scheduler {{(pid=95734) start /opt/stack/nova/nova/service.py:221}}
Jun 02 01:10:11.901770 np0000001910 nova-scheduler[95734]: DEBUG nova.servicegroup.drivers.db [None req-368be565-3131-4c63-9efb-8c035f2f98e9 None None] DB_Driver: join new ServiceGroup member np0000001910 to the scheduler group, service = {{(pid=95734) join /opt/stack/nova/nova/servicegroup/drivers/db.py:44}}
Jun 02 01:10:11.912707 np0000001910 nova-scheduler[95736]: DEBUG nova.service [None req-da6e95ba-53fe-4e57-9667-d5efe91e06c8 None None] Join ServiceGroup membership for this service scheduler {{(pid=95736) start /opt/stack/nova/nova/service.py:221}}
Jun 02 01:10:11.912890 np0000001910 nova-scheduler[95736]: DEBUG nova.servicegroup.drivers.db [None req-da6e95ba-53fe-4e57-9667-d5efe91e06c8 None None] DB_Driver: join new ServiceGroup member np0000001910 to the scheduler group, service = {{(pid=95736) join /opt/stack/nova/nova/servicegroup/drivers/db.py:44}}
Jun 02 01:10:16.914226 np0000001910 nova-scheduler[95738]: DEBUG oslo.service.backend._threading.loopingcall [-] Fixed interval looping call 'nova.servicegroup.drivers.db.DbDriver._report_state' sleeping for 119.99 seconds {{(pid=95738) _run_loop /opt/stack/data/venv/lib/python3.12/site-packages/oslo_service/backend/_threading/loopingcall.py:125}}
Jun 02 01:10:16.914745 np0000001910 nova-scheduler[95734]: DEBUG oslo.service.backend._threading.loopingcall [-] Fixed interval looping call 'nova.servicegroup.drivers.db.DbDriver._report_state' sleeping for 119.99 seconds {{(pid=95734) _run_loop /opt/stack/data/venv/lib/python3.12/site-packages/oslo_service/backend/_threading/loopingcall.py:125}}
Jun 02 01:10:16.923868 np0000001910 nova-scheduler[95736]: DEBUG oslo.service.backend._threading.loopingcall [-] Fixed interval looping call 'nova.servicegroup.drivers.db.DbDriver._report_state' sleeping for 119.99 seconds {{(pid=95736) _run_loop /opt/stack/data/venv/lib/python3.12/site-packages/oslo_service/backend/_threading/loopingcall.py:125}}
Jun 02 01:10:20.432434 np0000001910 nova-scheduler[94447]: DEBUG dbcounter [-] [94447] Writing DB stats nova_api:SELECT=3 {{(pid=94447) stat_writer /opt/stack/data/venv/lib/python3.12/site-packages/dbcounter.py:115}}
Jun 02 01:10:20.582980 np0000001910 nova-scheduler[94447]: DEBUG dbcounter [-] [94447] Writing DB stats nova_cell1:SELECT=1 {{(pid=94447) stat_writer /opt/stack/data/venv/lib/python3.12/site-packages/dbcounter.py:115}}
Jun 02 01:10:20.590005 np0000001910 nova-scheduler[94447]: DEBUG dbcounter [-] [94447] Writing DB stats nova_cell0:SELECT=1 {{(pid=94447) stat_writer /opt/stack/data/venv/lib/python3.12/site-packages/dbcounter.py:115}}
Jun 02 01:10:26.910683 np0000001910 nova-scheduler[95738]: DEBUG dbcounter [-] [95738] Writing DB stats nova_cell0:SELECT=3,nova_cell0:UPDATE=1 {{(pid=95738) stat_writer /opt/stack/data/venv/lib/python3.12/site-packages/dbcounter.py:115}}
Jun 02 01:10:26.911184 np0000001910 nova-scheduler[95734]: DEBUG dbcounter [-] [95734] Writing DB stats nova_cell0:SELECT=4,nova_cell0:INSERT=1,nova_cell0:UPDATE=1 {{(pid=95734) stat_writer /opt/stack/data/venv/lib/python3.12/site-packages/dbcounter.py:115}}
Jun 02 01:10:26.922621 np0000001910 nova-scheduler[95736]: DEBUG dbcounter [-] [95736] Writing DB stats nova_cell0:SELECT=3 {{(pid=95736) stat_writer /opt/stack/data/venv/lib/python3.12/site-packages/dbcounter.py:115}}
Jun 02 01:10:56.915331 np0000001910 nova-scheduler[95736]: DEBUG oslo.service.backend._threading.loopingcall [None req-6cf722c7-d74f-4e85-8f5f-bb53a14ae962 None None] Dynamic interval looping call 'nova.service.Service.periodic_tasks' sleeping for 60.00 seconds {{(pid=95736) _run_loop /opt/stack/data/venv/lib/python3.12/site-packages/oslo_service/backend/_threading/loopingcall.py:125}}
Jun 02 01:11:04.902156 np0000001910 nova-scheduler[95738]: DEBUG oslo.service.backend._threading.loopingcall [None req-419119e6-85b2-4795-b72d-6c0453c454a2 None None] Dynamic interval looping call 'nova.service.Service.periodic_tasks' sleeping for 60.00 seconds {{(pid=95738) _run_loop /opt/stack/data/venv/lib/python3.12/site-packages/oslo_service/backend/_threading/loopingcall.py:125}}
Jun 02 01:11:08.903850 np0000001910 nova-scheduler[95734]: DEBUG oslo.service.backend._threading.loopingcall [None req-87320887-9466-46e2-b79c-7795a185a9cf None None] Dynamic interval looping call 'nova.service.Service.periodic_tasks' sleeping for 60.00 seconds {{(pid=95734) _run_loop /opt/stack/data/venv/lib/python3.12/site-packages/oslo_service/backend/_threading/loopingcall.py:125}}
Jun 02 01:11:56.915757 np0000001910 nova-scheduler[95736]: DEBUG oslo.service.backend._threading.loopingcall [None req-6cf722c7-d74f-4e85-8f5f-bb53a14ae962 None None] Dynamic interval looping call 'nova.service.Service.periodic_tasks' sleeping for 60.00 seconds {{(pid=95736) _run_loop /opt/stack/data/venv/lib/python3.12/site-packages/oslo_service/backend/_threading/loopingcall.py:125}}
Jun 02 01:12:04.902695 np0000001910 nova-scheduler[95738]: DEBUG oslo.service.backend._threading.loopingcall [None req-419119e6-85b2-4795-b72d-6c0453c454a2 None None] Dynamic interval looping call 'nova.service.Service.periodic_tasks' sleeping for 60.00 seconds {{(pid=95738) _run_loop /opt/stack/data/venv/lib/python3.12/site-packages/oslo_service/backend/_threading/loopingcall.py:125}}
Jun 02 01:12:08.904377 np0000001910 nova-scheduler[95734]: DEBUG oslo.service.backend._threading.loopingcall [None req-87320887-9466-46e2-b79c-7795a185a9cf None None] Dynamic interval looping call 'nova.service.Service.periodic_tasks' sleeping for 60.00 seconds {{(pid=95734) _run_loop /opt/stack/data/venv/lib/python3.12/site-packages/oslo_service/backend/_threading/loopingcall.py:125}}
Jun 02 01:12:16.911082 np0000001910 nova-scheduler[95738]: DEBUG oslo.service.backend._threading.loopingcall [-] Fixed interval looping call 'nova.servicegroup.drivers.db.DbDriver._report_state' sleeping for 119.99 seconds {{(pid=95738) _run_loop /opt/stack/data/venv/lib/python3.12/site-packages/oslo_service/backend/_threading/loopingcall.py:125}}
Jun 02 01:12:16.911509 np0000001910 nova-scheduler[95734]: DEBUG oslo.service.backend._threading.loopingcall [-] Fixed interval looping call 'nova.servicegroup.drivers.db.DbDriver._report_state' sleeping for 119.99 seconds {{(pid=95734) _run_loop /opt/stack/data/venv/lib/python3.12/site-packages/oslo_service/backend/_threading/loopingcall.py:125}}
Jun 02 01:12:16.919048 np0000001910 nova-scheduler[95736]: DEBUG oslo.service.backend._threading.loopingcall [-] Fixed interval looping call 'nova.servicegroup.drivers.db.DbDriver._report_state' sleeping for 120.00 seconds {{(pid=95736) _run_loop /opt/stack/data/venv/lib/python3.12/site-packages/oslo_service/backend/_threading/loopingcall.py:125}}
Jun 02 01:12:26.907827 np0000001910 nova-scheduler[95738]: DEBUG dbcounter [-] [95738] Writing DB stats nova_cell0:SELECT=1,nova_cell0:UPDATE=1 {{(pid=95738) stat_writer /opt/stack/data/venv/lib/python3.12/site-packages/dbcounter.py:115}}
Jun 02 01:12:26.910116 np0000001910 nova-scheduler[95734]: DEBUG dbcounter [-] [95734] Writing DB stats nova_cell0:SELECT=1,nova_cell0:UPDATE=1 {{(pid=95734) stat_writer /opt/stack/data/venv/lib/python3.12/site-packages/dbcounter.py:115}}
Jun 02 01:12:26.916443 np0000001910 nova-scheduler[95736]: DEBUG dbcounter [-] [95736] Writing DB stats nova_cell0:SELECT=1 {{(pid=95736) stat_writer /opt/stack/data/venv/lib/python3.12/site-packages/dbcounter.py:115}}
Jun 02 01:12:51.828259 np0000001910 nova-scheduler[95738]: DEBUG nova.scheduler.manager [None req-848e2736-a52d-4f9c-ae25-7fa62865ca21 tempest-ServerActionsTestOtherB-509134821 tempest-ServerActionsTestOtherB-509134821-project-member] Starting to schedule for instances: ['0bebbcb8-19f7-40e1-90da-729a929b9420'] {{(pid=95738) select_destinations /opt/stack/nova/nova/scheduler/manager.py:210}}
Jun 02 01:12:51.828259 np0000001910 nova-scheduler[95738]: DEBUG nova.scheduler.request_filter [None req-848e2736-a52d-4f9c-ae25-7fa62865ca21 tempest-ServerActionsTestOtherB-509134821 tempest-ServerActionsTestOtherB-509134821-project-member] compute_status_filter request filter added forbidden trait COMPUTE_STATUS_DISABLED {{(pid=95738) compute_status_filter /opt/stack/nova/nova/scheduler/request_filter.py:253}}
Jun 02 01:12:51.828757 np0000001910 nova-scheduler[95738]: DEBUG nova.scheduler.request_filter [None req-848e2736-a52d-4f9c-ae25-7fa62865ca21 tempest-ServerActionsTestOtherB-509134821 tempest-ServerActionsTestOtherB-509134821-project-member] Request filter 'compute_status_filter' took 0.0 seconds {{(pid=95738) wrapper /opt/stack/nova/nova/scheduler/request_filter.py:46}}
Jun 02 01:12:51.828757 np0000001910 nova-scheduler[95738]: DEBUG nova.scheduler.request_filter [None req-848e2736-a52d-4f9c-ae25-7fa62865ca21 tempest-ServerActionsTestOtherB-509134821 tempest-ServerActionsTestOtherB-509134821-project-member] Request filter 'accelerators_filter' took 0.0 seconds {{(pid=95738) wrapper /opt/stack/nova/nova/scheduler/request_filter.py:46}}
Jun 02 01:12:51.828757 np0000001910 nova-scheduler[95738]: DEBUG nova.scheduler.request_filter [None req-848e2736-a52d-4f9c-ae25-7fa62865ca21 tempest-ServerActionsTestOtherB-509134821 tempest-ServerActionsTestOtherB-509134821-project-member] Request filter 'packed_virtqueue_filter' took 0.0 seconds {{(pid=95738) wrapper /opt/stack/nova/nova/scheduler/request_filter.py:46}}
Jun 02 01:12:51.829312 np0000001910 nova-scheduler[95738]: DEBUG nova.scheduler.request_filter [None req-848e2736-a52d-4f9c-ae25-7fa62865ca21 tempest-ServerActionsTestOtherB-509134821 tempest-ServerActionsTestOtherB-509134821-project-member] Request filter 'remote_managed_ports_filter' took 0.0 seconds {{(pid=95738) wrapper /opt/stack/nova/nova/scheduler/request_filter.py:46}}
Jun 02 01:12:51.829312 np0000001910 nova-scheduler[95738]: DEBUG nova.scheduler.request_filter [None req-848e2736-a52d-4f9c-ae25-7fa62865ca21 tempest-ServerActionsTestOtherB-509134821 tempest-ServerActionsTestOtherB-509134821-project-member] ephemeral_encryption_filter skipped {{(pid=95738) ephemeral_encryption_filter /opt/stack/nova/nova/scheduler/request_filter.py:426}}
Jun 02 01:12:51.829549 np0000001910 nova-scheduler[95738]: DEBUG nova.scheduler.request_filter [None req-848e2736-a52d-4f9c-ae25-7fa62865ca21 tempest-ServerActionsTestOtherB-509134821 tempest-ServerActionsTestOtherB-509134821-project-member] virtio_sound_filter skipped {{(pid=95738) virtio_sound_filter /opt/stack/nova/nova/scheduler/request_filter.py:460}}
Jun 02 01:12:51.830458 np0000001910 nova-scheduler[95738]: DEBUG nova.scheduler.request_filter [None req-848e2736-a52d-4f9c-ae25-7fa62865ca21 tempest-ServerActionsTestOtherB-509134821 tempest-ServerActionsTestOtherB-509134821-project-member] tpm_secret_security_filter skipped {{(pid=95738) tpm_secret_security_filter /opt/stack/nova/nova/scheduler/request_filter.py:477}}
Jun 02 01:12:52.496016 np0000001910 nova-scheduler[95738]: INFO nova.utils [None req-848e2736-a52d-4f9c-ae25-7fa62865ca21 tempest-ServerActionsTestOtherB-509134821 tempest-ServerActionsTestOtherB-509134821-project-member] The cell worker thread pool ForkProcess-3.cell_worker is initialized
Jun 02 01:12:52.496148 np0000001910 nova-scheduler[95738]: DEBUG oslo_concurrency.lockutils [None req-848e2736-a52d-4f9c-ae25-7fa62865ca21 tempest-ServerActionsTestOtherB-509134821 tempest-ServerActionsTestOtherB-509134821-project-member] Acquiring lock "6b2b006b-47dc-495d-9f6f-8fb76e5373c0" by "nova.context.set_target_cell..get_or_set_cached_cell_and_set_connections" {{(pid=95738) inner /opt/stack/data/venv/lib/python3.12/site-packages/oslo_concurrency/lockutils.py:511}}
Jun 02 01:12:52.496305 np0000001910 nova-scheduler[95738]: DEBUG oslo_concurrency.lockutils [None req-848e2736-a52d-4f9c-ae25-7fa62865ca21 tempest-ServerActionsTestOtherB-509134821 tempest-ServerActionsTestOtherB-509134821-project-member] Lock "6b2b006b-47dc-495d-9f6f-8fb76e5373c0" acquired by "nova.context.set_target_cell..get_or_set_cached_cell_and_set_connections" :: waited 0.000s {{(pid=95738) inner /opt/stack/data/venv/lib/python3.12/site-packages/oslo_concurrency/lockutils.py:524}}
Jun 02 01:12:52.498351 np0000001910 nova-scheduler[95738]: DEBUG oslo_concurrency.lockutils [None req-848e2736-a52d-4f9c-ae25-7fa62865ca21 tempest-ServerActionsTestOtherB-509134821 tempest-ServerActionsTestOtherB-509134821-project-member] Lock "6b2b006b-47dc-495d-9f6f-8fb76e5373c0" "released" by "nova.context.set_target_cell..get_or_set_cached_cell_and_set_connections" :: held 0.002s {{(pid=95738) inner /opt/stack/data/venv/lib/python3.12/site-packages/oslo_concurrency/lockutils.py:543}}
Jun 02 01:12:52.500629 np0000001910 nova-scheduler[95738]: INFO dbcounter [None req-848e2736-a52d-4f9c-ae25-7fa62865ca21 tempest-ServerActionsTestOtherB-509134821 tempest-ServerActionsTestOtherB-509134821-project-member] Registered counter for database nova_cell1
Jun 02 01:12:52.544318 np0000001910 nova-scheduler[95738]: DEBUG oslo_db.sqlalchemy.engines [None req-848e2736-a52d-4f9c-ae25-7fa62865ca21 tempest-ServerActionsTestOtherB-509134821 tempest-ServerActionsTestOtherB-509134821-project-member] MySQL server mode set to STRICT_TRANS_TABLES,STRICT_ALL_TABLES,NO_ZERO_IN_DATE,NO_ZERO_DATE,ERROR_FOR_DIVISION_BY_ZERO,TRADITIONAL,NO_ENGINE_SUBSTITUTION {{(pid=95738) _check_effective_sql_mode /opt/stack/data/venv/lib/python3.12/site-packages/oslo_db/sqlalchemy/engines.py:325}}
Jun 02 01:12:52.549556 np0000001910 nova-scheduler[95738]: DEBUG dbcounter [-] [95738] Writer thread running {{(pid=95738) stat_writer /opt/stack/data/venv/lib/python3.12/site-packages/dbcounter.py:102}}
Jun 02 01:12:52.567097 np0000001910 nova-scheduler[95738]: DEBUG oslo_db.sqlalchemy.engines [None req-848e2736-a52d-4f9c-ae25-7fa62865ca21 tempest-ServerActionsTestOtherB-509134821 tempest-ServerActionsTestOtherB-509134821-project-member] Parent process 94447 forked (95738) with an open database connection, which is being discarded and recreated. {{(pid=95738) checkout /opt/stack/data/venv/lib/python3.12/site-packages/oslo_db/sqlalchemy/engines.py:402}}
Jun 02 01:12:52.632274 np0000001910 nova-scheduler[95738]: DEBUG dbcounter [-] [95738] Writer thread running {{(pid=95738) stat_writer /opt/stack/data/venv/lib/python3.12/site-packages/dbcounter.py:102}}
Jun 02 01:12:52.635902 np0000001910 nova-scheduler[95738]: DEBUG oslo_concurrency.lockutils [None req-848e2736-a52d-4f9c-ae25-7fa62865ca21 tempest-ServerActionsTestOtherB-509134821 tempest-ServerActionsTestOtherB-509134821-project-member] Acquiring lock "6b2b006b-47dc-495d-9f6f-8fb76e5373c0" by "nova.context.set_target_cell..get_or_set_cached_cell_and_set_connections" {{(pid=95738) inner /opt/stack/data/venv/lib/python3.12/site-packages/oslo_concurrency/lockutils.py:511}}
Jun 02 01:12:52.636150 np0000001910 nova-scheduler[95738]: DEBUG oslo_concurrency.lockutils [None req-848e2736-a52d-4f9c-ae25-7fa62865ca21 tempest-ServerActionsTestOtherB-509134821 tempest-ServerActionsTestOtherB-509134821-project-member] Lock "6b2b006b-47dc-495d-9f6f-8fb76e5373c0" acquired by "nova.context.set_target_cell..get_or_set_cached_cell_and_set_connections" :: waited 0.000s {{(pid=95738) inner /opt/stack/data/venv/lib/python3.12/site-packages/oslo_concurrency/lockutils.py:524}}
Jun 02 01:12:52.636150 np0000001910 nova-scheduler[95738]: DEBUG oslo_concurrency.lockutils [None req-848e2736-a52d-4f9c-ae25-7fa62865ca21 tempest-ServerActionsTestOtherB-509134821 tempest-ServerActionsTestOtherB-509134821-project-member] Lock "6b2b006b-47dc-495d-9f6f-8fb76e5373c0" "released" by "nova.context.set_target_cell..get_or_set_cached_cell_and_set_connections" :: held 0.000s {{(pid=95738) inner /opt/stack/data/venv/lib/python3.12/site-packages/oslo_concurrency/lockutils.py:543}}
Jun 02 01:12:52.640140 np0000001910 nova-scheduler[95738]: DEBUG oslo_concurrency.lockutils [None req-848e2736-a52d-4f9c-ae25-7fa62865ca21 tempest-ServerActionsTestOtherB-509134821 tempest-ServerActionsTestOtherB-509134821-project-member] Acquiring lock "('np0000001910', 'np0000001910')" by "nova.scheduler.host_manager.HostState.update.._locked_update" {{(pid=95738) inner /opt/stack/data/venv/lib/python3.12/site-packages/oslo_concurrency/lockutils.py:511}}
Jun 02 01:12:52.640307 np0000001910 nova-scheduler[95738]: DEBUG oslo_concurrency.lockutils [None req-848e2736-a52d-4f9c-ae25-7fa62865ca21 tempest-ServerActionsTestOtherB-509134821 tempest-ServerActionsTestOtherB-509134821-project-member] Lock "('np0000001910', 'np0000001910')" acquired by "nova.scheduler.host_manager.HostState.update.._locked_update" :: waited 0.000s {{(pid=95738) inner /opt/stack/data/venv/lib/python3.12/site-packages/oslo_concurrency/lockutils.py:524}}
Jun 02 01:12:52.648385 np0000001910 nova-scheduler[95738]: DEBUG nova.scheduler.host_manager [None req-848e2736-a52d-4f9c-ae25-7fa62865ca21 tempest-ServerActionsTestOtherB-509134821 tempest-ServerActionsTestOtherB-509134821-project-member] Update host state from compute node: ComputeNode(cpu_allocation_ratio=4.0,cpu_info='{"arch": "x86_64", "model": "EPYC-Milan", "vendor": "AMD", "topology": {"cells": 1, "sockets": 12, "cores": 1, "threads": 1}, "maxphysaddr": {"mode": "emulate", "bits": 40}, "features": ["umip", "lahf_lm", "msr", "fma", "npt", "mce", "xgetbv1", "cx8", "sse4a", "svm", "mca", "pfthreshold", "avx", "adx", "3dnowprefetch", "fxsr_opt", "ssse3", "erms", "lm", "abm", "vgif", "pse", "xsave", "stibp", "tsc_adjust", "amd-stibp", "nrip-save", "ibpb", "rdctl-no", "pku", "bmi1", "movbe", "sse", "sha-ni", "smep", "pdpe1gb", "cr8legacy", "f16c", "xsavec", "vmcb-clean", "virt-ssbd", "lfence-always-serializing", "pse36", "xsaves", "sep", "mmxext", "topoext", "sse2", "vme", "stibp-always-on", "clflushopt", "pni", "vpclmulqdq", "vaes", "clflush", "arch-capabilities", "clzero", "ibrs", "pclmuldq", "flushbyasid", "fsrm", "pcid", "bmi2", "rdtscp", "tsc-deadline", "aes", "perfctr_core", "rdrand", "fpu", "tsc", "wbnoinvd", "xsaveerptr", "mtrr", "v-vmsave-vmload", "rdseed", "pat", "fxsr", "clwb", "avx2", "cmp_legacy", "svme-addr-chk", "popcnt", "no-nested-data-bp", "amd-psfd", "cmov", "cx16", "hypervisor", "syscall", "tsc-scale", "mds-no", "sse4.1", "nx", "spec-ctrl", "mmx", "skip-l1dfl-vmentry", "pge", "pschange-mc-no", "ssbd", "pae", "gds-no", "smap", "null-sel-clr-base", "fsgsbase", "osvw", "de", "rdpid", "apic", "sse4.2", "lbrv", "arat", "amd-ssbd", "xsaveopt", "misalignsse", "invpcid", "x2apic", "pause-filter"]}',created_at=2026-06-02T01:10:36Z,current_workload=0,deleted=False,deleted_at=None,disk_allocation_ratio=1.0,disk_available_least=74,free_disk_gb=95,free_ram_mb=23518,host='np0000001910',host_ip=10.4.3.57,hypervisor_hostname='np0000001910',hypervisor_type='QEMU',hypervisor_version=8002002,id=1,local_gb=95,local_gb_used=0,mapped=1,memory_mb=24030,memory_mb_used=512,metrics='[]',numa_topology='{"nova_object.name": "NUMATopology", "nova_object.namespace": "nova", "nova_object.version": "1.2", "nova_object.data": {"cells": [{"nova_object.name": "NUMACell", "nova_object.namespace": "nova", "nova_object.version": "1.5", "nova_object.data": {"id": 0, "cpuset": [0, 1, 2, 3, 4, 5, 6, 7, 8, 9, 10, 11], "pcpuset": [0, 1, 2, 3, 4, 5, 6, 7, 8, 9, 10, 11], "memory": 24030, "cpu_usage": 0, "memory_usage": 0, "pinned_cpus": [], "siblings": [[6], [2], [5], [11], [8], [4], [1], [7], [10], [0], [3], [9]], "mempages": [{"nova_object.name": "NUMAPagesTopology", "nova_object.namespace": "nova", "nova_object.version": "1.1", "nova_object.data": {"size_kb": 4, "total": 6151798, "used": 0, "reserved": 0}, "nova_object.changes": ["size_kb", "total", "used", "reserved"]}, {"nova_object.name": "NUMAPagesTopology", "nova_object.namespace": "nova", "nova_object.version": "1.1", "nova_object.data": {"size_kb": 2048, "total": 0, "used": 0, "reserved": 0}, "nova_object.changes": ["size_kb", "total", "used", "reserved"]}, {"nova_object.name": "NUMAPagesTopology", "nova_object.namespace": "nova", "nova_object.version": "1.1", "nova_object.data": {"size_kb": 1048576, "total": 0, "used": 0, "reserved": 0}, "nova_object.changes": ["size_kb", "total", "used", "reserved"]}], "network_metadata": {"nova_object.name": "NetworkMetadata", "nova_object.namespace": "nova", "nova_object.version": "1.0", "nova_object.data": {"physnets": [], "tunneled": false}, "nova_object.changes": ["physnets", "tunneled"]}, "socket": null}, "nova_object.changes": ["mempages", "cpu_usage", "pcpuset", "pinned_cpus", "socket", "siblings", "network_metadata", "memory", "id", "cpuset", "memory_usage"]}]}, "nova_object.changes": ["cells"]}',pci_device_pools=PciDevicePoolList,ram_allocation_ratio=1.0,running_vms=0,service_id=2,stats={failed_builds='0',uptime=' 01:12:22 up 27 min, 2 users, load average: 1.80, 1.59, 0.89
Jun 02 01:12:52.648385 np0000001910 nova-scheduler[95738]: '},supported_hv_specs=[HVSpec,HVSpec,HVSpec,HVSpec,HVSpec,HVSpec,HVSpec,HVSpec,HVSpec,HVSpec,HVSpec,HVSpec,HVSpec,HVSpec,HVSpec,HVSpec,HVSpec,HVSpec,HVSpec,HVSpec,HVSpec,HVSpec,HVSpec,HVSpec,HVSpec],updated_at=2026-06-02T01:12:24Z,uuid=5eb14525-1f13-4417-ab40-34ab55285fb1,vcpus=12,vcpus_used=0) {{(pid=95738) _locked_update /opt/stack/nova/nova/scheduler/host_manager.py:168}}
Jun 02 01:12:52.649434 np0000001910 nova-scheduler[95738]: DEBUG nova.scheduler.host_manager [None req-848e2736-a52d-4f9c-ae25-7fa62865ca21 tempest-ServerActionsTestOtherB-509134821 tempest-ServerActionsTestOtherB-509134821-project-member] Update host state with aggregates: [] {{(pid=95738) _locked_update /opt/stack/nova/nova/scheduler/host_manager.py:171}}
Jun 02 01:12:52.649609 np0000001910 nova-scheduler[95738]: DEBUG nova.scheduler.host_manager [None req-848e2736-a52d-4f9c-ae25-7fa62865ca21 tempest-ServerActionsTestOtherB-509134821 tempest-ServerActionsTestOtherB-509134821-project-member] Update host state with service dict: {'id': 2, 'uuid': '7e551c12-cd68-462d-be11-28295f5595a2', 'host': 'np0000001910', 'binary': 'nova-compute', 'topic': 'compute', 'report_count': 2, 'disabled': False, 'disabled_reason': None, 'last_seen_up': datetime.datetime(2026, 6, 2, 1, 12, 45, tzinfo=datetime.timezone.utc), 'forced_down': False, 'version': 72, 'created_at': datetime.datetime(2026, 6, 2, 1, 10, 34, tzinfo=datetime.timezone.utc), 'updated_at': datetime.datetime(2026, 6, 2, 1, 12, 45, tzinfo=datetime.timezone.utc), 'deleted_at': None, 'deleted': False} {{(pid=95738) _locked_update /opt/stack/nova/nova/scheduler/host_manager.py:174}}
Jun 02 01:12:52.649748 np0000001910 nova-scheduler[95738]: DEBUG nova.scheduler.host_manager [None req-848e2736-a52d-4f9c-ae25-7fa62865ca21 tempest-ServerActionsTestOtherB-509134821 tempest-ServerActionsTestOtherB-509134821-project-member] Update host state with instances: [] {{(pid=95738) _locked_update /opt/stack/nova/nova/scheduler/host_manager.py:177}}
Jun 02 01:12:52.649904 np0000001910 nova-scheduler[95738]: DEBUG oslo_concurrency.lockutils [None req-848e2736-a52d-4f9c-ae25-7fa62865ca21 tempest-ServerActionsTestOtherB-509134821 tempest-ServerActionsTestOtherB-509134821-project-member] Lock "('np0000001910', 'np0000001910')" "released" by "nova.scheduler.host_manager.HostState.update.._locked_update" :: held 0.010s {{(pid=95738) inner /opt/stack/data/venv/lib/python3.12/site-packages/oslo_concurrency/lockutils.py:543}}
Jun 02 01:12:52.650467 np0000001910 nova-scheduler[95738]: DEBUG nova.filters [None req-848e2736-a52d-4f9c-ae25-7fa62865ca21 tempest-ServerActionsTestOtherB-509134821 tempest-ServerActionsTestOtherB-509134821-project-member] Starting with 1 host(s) {{(pid=95738) get_filtered_objects /opt/stack/nova/nova/filters.py:70}}
Jun 02 01:12:52.650719 np0000001910 nova-scheduler[95738]: DEBUG nova.filters [None req-848e2736-a52d-4f9c-ae25-7fa62865ca21 tempest-ServerActionsTestOtherB-509134821 tempest-ServerActionsTestOtherB-509134821-project-member] Filter ComputeFilter returned 1 host(s) {{(pid=95738) get_filtered_objects /opt/stack/nova/nova/filters.py:102}}
Jun 02 01:12:52.651164 np0000001910 nova-scheduler[95738]: DEBUG nova.filters [None req-848e2736-a52d-4f9c-ae25-7fa62865ca21 tempest-ServerActionsTestOtherB-509134821 tempest-ServerActionsTestOtherB-509134821-project-member] Filter ComputeCapabilitiesFilter returned 1 host(s) {{(pid=95738) get_filtered_objects /opt/stack/nova/nova/filters.py:102}}
Jun 02 01:12:52.651413 np0000001910 nova-scheduler[95738]: DEBUG nova.filters [None req-848e2736-a52d-4f9c-ae25-7fa62865ca21 tempest-ServerActionsTestOtherB-509134821 tempest-ServerActionsTestOtherB-509134821-project-member] Filter ImagePropertiesFilter returned 1 host(s) {{(pid=95738) get_filtered_objects /opt/stack/nova/nova/filters.py:102}}
Jun 02 01:12:52.651584 np0000001910 nova-scheduler[95738]: DEBUG nova.filters [None req-848e2736-a52d-4f9c-ae25-7fa62865ca21 tempest-ServerActionsTestOtherB-509134821 tempest-ServerActionsTestOtherB-509134821-project-member] Filter ServerGroupAntiAffinityFilter returned 1 host(s) {{(pid=95738) get_filtered_objects /opt/stack/nova/nova/filters.py:102}}
Jun 02 01:12:52.651768 np0000001910 nova-scheduler[95738]: DEBUG nova.filters [None req-848e2736-a52d-4f9c-ae25-7fa62865ca21 tempest-ServerActionsTestOtherB-509134821 tempest-ServerActionsTestOtherB-509134821-project-member] Filter ServerGroupAffinityFilter returned 1 host(s) {{(pid=95738) get_filtered_objects /opt/stack/nova/nova/filters.py:102}}
Jun 02 01:12:52.651921 np0000001910 nova-scheduler[95738]: DEBUG nova.filters [None req-848e2736-a52d-4f9c-ae25-7fa62865ca21 tempest-ServerActionsTestOtherB-509134821 tempest-ServerActionsTestOtherB-509134821-project-member] Filter SameHostFilter returned 1 host(s) {{(pid=95738) get_filtered_objects /opt/stack/nova/nova/filters.py:102}}
Jun 02 01:12:52.652074 np0000001910 nova-scheduler[95738]: DEBUG nova.filters [None req-848e2736-a52d-4f9c-ae25-7fa62865ca21 tempest-ServerActionsTestOtherB-509134821 tempest-ServerActionsTestOtherB-509134821-project-member] Filter DifferentHostFilter returned 1 host(s) {{(pid=95738) get_filtered_objects /opt/stack/nova/nova/filters.py:102}}
Jun 02 01:12:52.652199 np0000001910 nova-scheduler[95738]: DEBUG nova.scheduler.manager [None req-848e2736-a52d-4f9c-ae25-7fa62865ca21 tempest-ServerActionsTestOtherB-509134821 tempest-ServerActionsTestOtherB-509134821-project-member] Filtered [(np0000001910, np0000001910) ram: 23518MB disk: 75776MB io_ops: 0 instances: 0, allocation_candidates: 1] {{(pid=95738) _get_sorted_hosts /opt/stack/nova/nova/scheduler/manager.py:743}}
Jun 02 01:12:52.652827 np0000001910 nova-scheduler[95738]: DEBUG nova.scheduler.manager [None req-848e2736-a52d-4f9c-ae25-7fa62865ca21 tempest-ServerActionsTestOtherB-509134821 tempest-ServerActionsTestOtherB-509134821-project-member] Weighed [WeighedHost [host: (np0000001910, np0000001910) ram: 23518MB disk: 75776MB io_ops: 0 instances: 0, allocation_candidates: 1, weight: 0.0]] {{(pid=95738) _get_sorted_hosts /opt/stack/nova/nova/scheduler/manager.py:765}}
Jun 02 01:12:52.653058 np0000001910 nova-scheduler[95738]: DEBUG nova.scheduler.utils [None req-848e2736-a52d-4f9c-ae25-7fa62865ca21 tempest-ServerActionsTestOtherB-509134821 tempest-ServerActionsTestOtherB-509134821-project-member] Attempting to claim resources in the placement API for instance 0bebbcb8-19f7-40e1-90da-729a929b9420 {{(pid=95738) claim_resources /opt/stack/nova/nova/scheduler/utils.py:1304}}
Jun 02 01:12:52.822746 np0000001910 nova-scheduler[95738]: DEBUG nova.scheduler.manager [None req-848e2736-a52d-4f9c-ae25-7fa62865ca21 tempest-ServerActionsTestOtherB-509134821 tempest-ServerActionsTestOtherB-509134821-project-member] [instance: 0bebbcb8-19f7-40e1-90da-729a929b9420] Selected host: (np0000001910, np0000001910) ram: 23518MB disk: 75776MB io_ops: 0 instances: 0, allocation_candidates: 1 {{(pid=95738) _consume_selected_host /opt/stack/nova/nova/scheduler/manager.py:625}}
Jun 02 01:12:52.822746 np0000001910 nova-scheduler[95738]: DEBUG oslo_concurrency.lockutils [None req-848e2736-a52d-4f9c-ae25-7fa62865ca21 tempest-ServerActionsTestOtherB-509134821 tempest-ServerActionsTestOtherB-509134821-project-member] Acquiring lock "('np0000001910', 'np0000001910')" by "nova.scheduler.host_manager.HostState.consume_from_request.._locked" {{(pid=95738) inner /opt/stack/data/venv/lib/python3.12/site-packages/oslo_concurrency/lockutils.py:511}}
Jun 02 01:12:52.823235 np0000001910 nova-scheduler[95738]: DEBUG oslo_concurrency.lockutils [None req-848e2736-a52d-4f9c-ae25-7fa62865ca21 tempest-ServerActionsTestOtherB-509134821 tempest-ServerActionsTestOtherB-509134821-project-member] Lock "('np0000001910', 'np0000001910')" acquired by "nova.scheduler.host_manager.HostState.consume_from_request.._locked" :: waited 0.000s {{(pid=95738) inner /opt/stack/data/venv/lib/python3.12/site-packages/oslo_concurrency/lockutils.py:524}}
Jun 02 01:12:52.823235 np0000001910 nova-scheduler[95738]: DEBUG oslo_concurrency.lockutils [None req-848e2736-a52d-4f9c-ae25-7fa62865ca21 tempest-ServerActionsTestOtherB-509134821 tempest-ServerActionsTestOtherB-509134821-project-member] Lock "('np0000001910', 'np0000001910')" "released" by "nova.scheduler.host_manager.HostState.consume_from_request.._locked" :: held 0.000s {{(pid=95738) inner /opt/stack/data/venv/lib/python3.12/site-packages/oslo_concurrency/lockutils.py:543}}
Jun 02 01:12:56.916198 np0000001910 nova-scheduler[95736]: DEBUG oslo.service.backend._threading.loopingcall [None req-6cf722c7-d74f-4e85-8f5f-bb53a14ae962 None None] Dynamic interval looping call 'nova.service.Service.periodic_tasks' sleeping for 60.00 seconds {{(pid=95736) _run_loop /opt/stack/data/venv/lib/python3.12/site-packages/oslo_service/backend/_threading/loopingcall.py:125}}
Jun 02 01:12:57.783014 np0000001910 nova-scheduler[95734]: DEBUG nova.scheduler.manager [None req-a72a731d-4c80-4754-8d04-a88e43951556 tempest-AttachSCSIVolumeTestJSON-83950048 tempest-AttachSCSIVolumeTestJSON-83950048-project-member] Starting to schedule for instances: ['15dc2a1d-2686-4dd4-bb0a-79625b9d616b'] {{(pid=95734) select_destinations /opt/stack/nova/nova/scheduler/manager.py:210}}
Jun 02 01:12:57.783696 np0000001910 nova-scheduler[95734]: DEBUG nova.scheduler.request_filter [None req-a72a731d-4c80-4754-8d04-a88e43951556 tempest-AttachSCSIVolumeTestJSON-83950048 tempest-AttachSCSIVolumeTestJSON-83950048-project-member] compute_status_filter request filter added forbidden trait COMPUTE_STATUS_DISABLED {{(pid=95734) compute_status_filter /opt/stack/nova/nova/scheduler/request_filter.py:253}}
Jun 02 01:12:57.783845 np0000001910 nova-scheduler[95734]: DEBUG nova.scheduler.request_filter [None req-a72a731d-4c80-4754-8d04-a88e43951556 tempest-AttachSCSIVolumeTestJSON-83950048 tempest-AttachSCSIVolumeTestJSON-83950048-project-member] Request filter 'compute_status_filter' took 0.0 seconds {{(pid=95734) wrapper /opt/stack/nova/nova/scheduler/request_filter.py:46}}
Jun 02 01:12:57.784109 np0000001910 nova-scheduler[95734]: DEBUG nova.scheduler.request_filter [None req-a72a731d-4c80-4754-8d04-a88e43951556 tempest-AttachSCSIVolumeTestJSON-83950048 tempest-AttachSCSIVolumeTestJSON-83950048-project-member] Request filter 'accelerators_filter' took 0.0 seconds {{(pid=95734) wrapper /opt/stack/nova/nova/scheduler/request_filter.py:46}}
Jun 02 01:12:57.785008 np0000001910 nova-scheduler[95734]: DEBUG nova.scheduler.request_filter [None req-a72a731d-4c80-4754-8d04-a88e43951556 tempest-AttachSCSIVolumeTestJSON-83950048 tempest-AttachSCSIVolumeTestJSON-83950048-project-member] Request filter 'packed_virtqueue_filter' took 0.0 seconds {{(pid=95734) wrapper /opt/stack/nova/nova/scheduler/request_filter.py:46}}
Jun 02 01:12:57.785130 np0000001910 nova-scheduler[95734]: DEBUG nova.scheduler.request_filter [None req-a72a731d-4c80-4754-8d04-a88e43951556 tempest-AttachSCSIVolumeTestJSON-83950048 tempest-AttachSCSIVolumeTestJSON-83950048-project-member] Request filter 'remote_managed_ports_filter' took 0.0 seconds {{(pid=95734) wrapper /opt/stack/nova/nova/scheduler/request_filter.py:46}}
Jun 02 01:12:57.785524 np0000001910 nova-scheduler[95734]: DEBUG nova.scheduler.request_filter [None req-a72a731d-4c80-4754-8d04-a88e43951556 tempest-AttachSCSIVolumeTestJSON-83950048 tempest-AttachSCSIVolumeTestJSON-83950048-project-member] ephemeral_encryption_filter skipped {{(pid=95734) ephemeral_encryption_filter /opt/stack/nova/nova/scheduler/request_filter.py:426}}
Jun 02 01:12:57.785689 np0000001910 nova-scheduler[95734]: DEBUG nova.scheduler.request_filter [None req-a72a731d-4c80-4754-8d04-a88e43951556 tempest-AttachSCSIVolumeTestJSON-83950048 tempest-AttachSCSIVolumeTestJSON-83950048-project-member] virtio_sound_filter skipped {{(pid=95734) virtio_sound_filter /opt/stack/nova/nova/scheduler/request_filter.py:460}}
Jun 02 01:12:57.785866 np0000001910 nova-scheduler[95734]: DEBUG nova.scheduler.request_filter [None req-a72a731d-4c80-4754-8d04-a88e43951556 tempest-AttachSCSIVolumeTestJSON-83950048 tempest-AttachSCSIVolumeTestJSON-83950048-project-member] tpm_secret_security_filter skipped {{(pid=95734) tpm_secret_security_filter /opt/stack/nova/nova/scheduler/request_filter.py:477}}
Jun 02 01:12:57.884983 np0000001910 nova-scheduler[95734]: INFO nova.utils [None req-a72a731d-4c80-4754-8d04-a88e43951556 tempest-AttachSCSIVolumeTestJSON-83950048 tempest-AttachSCSIVolumeTestJSON-83950048-project-member] The cell worker thread pool ForkProcess-1.cell_worker is initialized
Jun 02 01:12:57.885263 np0000001910 nova-scheduler[95734]: DEBUG oslo_concurrency.lockutils [None req-a72a731d-4c80-4754-8d04-a88e43951556 tempest-AttachSCSIVolumeTestJSON-83950048 tempest-AttachSCSIVolumeTestJSON-83950048-project-member] Acquiring lock "6b2b006b-47dc-495d-9f6f-8fb76e5373c0" by "nova.context.set_target_cell..get_or_set_cached_cell_and_set_connections" {{(pid=95734) inner /opt/stack/data/venv/lib/python3.12/site-packages/oslo_concurrency/lockutils.py:511}}
Jun 02 01:12:57.885490 np0000001910 nova-scheduler[95734]: DEBUG oslo_concurrency.lockutils [None req-a72a731d-4c80-4754-8d04-a88e43951556 tempest-AttachSCSIVolumeTestJSON-83950048 tempest-AttachSCSIVolumeTestJSON-83950048-project-member] Lock "6b2b006b-47dc-495d-9f6f-8fb76e5373c0" acquired by "nova.context.set_target_cell..get_or_set_cached_cell_and_set_connections" :: waited 0.000s {{(pid=95734) inner /opt/stack/data/venv/lib/python3.12/site-packages/oslo_concurrency/lockutils.py:524}}
Jun 02 01:12:57.887608 np0000001910 nova-scheduler[95734]: DEBUG oslo_concurrency.lockutils [None req-a72a731d-4c80-4754-8d04-a88e43951556 tempest-AttachSCSIVolumeTestJSON-83950048 tempest-AttachSCSIVolumeTestJSON-83950048-project-member] Lock "6b2b006b-47dc-495d-9f6f-8fb76e5373c0" "released" by "nova.context.set_target_cell..get_or_set_cached_cell_and_set_connections" :: held 0.002s {{(pid=95734) inner /opt/stack/data/venv/lib/python3.12/site-packages/oslo_concurrency/lockutils.py:543}}
Jun 02 01:12:57.889471 np0000001910 nova-scheduler[95734]: INFO dbcounter [None req-a72a731d-4c80-4754-8d04-a88e43951556 tempest-AttachSCSIVolumeTestJSON-83950048 tempest-AttachSCSIVolumeTestJSON-83950048-project-member] Registered counter for database nova_cell1
Jun 02 01:12:57.927966 np0000001910 nova-scheduler[95734]: DEBUG oslo_db.sqlalchemy.engines [None req-a72a731d-4c80-4754-8d04-a88e43951556 tempest-AttachSCSIVolumeTestJSON-83950048 tempest-AttachSCSIVolumeTestJSON-83950048-project-member] MySQL server mode set to STRICT_TRANS_TABLES,STRICT_ALL_TABLES,NO_ZERO_IN_DATE,NO_ZERO_DATE,ERROR_FOR_DIVISION_BY_ZERO,TRADITIONAL,NO_ENGINE_SUBSTITUTION {{(pid=95734) _check_effective_sql_mode /opt/stack/data/venv/lib/python3.12/site-packages/oslo_db/sqlalchemy/engines.py:325}}
Jun 02 01:12:57.933647 np0000001910 nova-scheduler[95734]: DEBUG dbcounter [-] [95734] Writer thread running {{(pid=95734) stat_writer /opt/stack/data/venv/lib/python3.12/site-packages/dbcounter.py:102}}
Jun 02 01:12:57.987813 np0000001910 nova-scheduler[95734]: DEBUG dbcounter [-] [95734] Writer thread running {{(pid=95734) stat_writer /opt/stack/data/venv/lib/python3.12/site-packages/dbcounter.py:102}}
Jun 02 01:12:57.990557 np0000001910 nova-scheduler[95734]: DEBUG oslo_concurrency.lockutils [None req-a72a731d-4c80-4754-8d04-a88e43951556 tempest-AttachSCSIVolumeTestJSON-83950048 tempest-AttachSCSIVolumeTestJSON-83950048-project-member] Acquiring lock "6b2b006b-47dc-495d-9f6f-8fb76e5373c0" by "nova.context.set_target_cell..get_or_set_cached_cell_and_set_connections" {{(pid=95734) inner /opt/stack/data/venv/lib/python3.12/site-packages/oslo_concurrency/lockutils.py:511}}
Jun 02 01:12:57.990688 np0000001910 nova-scheduler[95734]: DEBUG oslo_concurrency.lockutils [None req-a72a731d-4c80-4754-8d04-a88e43951556 tempest-AttachSCSIVolumeTestJSON-83950048 tempest-AttachSCSIVolumeTestJSON-83950048-project-member] Lock "6b2b006b-47dc-495d-9f6f-8fb76e5373c0" acquired by "nova.context.set_target_cell..get_or_set_cached_cell_and_set_connections" :: waited 0.000s {{(pid=95734) inner /opt/stack/data/venv/lib/python3.12/site-packages/oslo_concurrency/lockutils.py:524}}
Jun 02 01:12:57.990794 np0000001910 nova-scheduler[95734]: DEBUG oslo_concurrency.lockutils [None req-a72a731d-4c80-4754-8d04-a88e43951556 tempest-AttachSCSIVolumeTestJSON-83950048 tempest-AttachSCSIVolumeTestJSON-83950048-project-member] Lock "6b2b006b-47dc-495d-9f6f-8fb76e5373c0" "released" by "nova.context.set_target_cell..get_or_set_cached_cell_and_set_connections" :: held 0.000s {{(pid=95734) inner /opt/stack/data/venv/lib/python3.12/site-packages/oslo_concurrency/lockutils.py:543}}
Jun 02 01:12:57.993542 np0000001910 nova-scheduler[95734]: DEBUG oslo_concurrency.lockutils [None req-a72a731d-4c80-4754-8d04-a88e43951556 tempest-AttachSCSIVolumeTestJSON-83950048 tempest-AttachSCSIVolumeTestJSON-83950048-project-member] Acquiring lock "('np0000001910', 'np0000001910')" by "nova.scheduler.host_manager.HostState.update.._locked_update" {{(pid=95734) inner /opt/stack/data/venv/lib/python3.12/site-packages/oslo_concurrency/lockutils.py:511}}
Jun 02 01:12:57.993672 np0000001910 nova-scheduler[95734]: DEBUG oslo_concurrency.lockutils [None req-a72a731d-4c80-4754-8d04-a88e43951556 tempest-AttachSCSIVolumeTestJSON-83950048 tempest-AttachSCSIVolumeTestJSON-83950048-project-member] Lock "('np0000001910', 'np0000001910')" acquired by "nova.scheduler.host_manager.HostState.update.._locked_update" :: waited 0.000s {{(pid=95734) inner /opt/stack/data/venv/lib/python3.12/site-packages/oslo_concurrency/lockutils.py:524}}
