Jul 11 01:44:50.056445 np0000005066 nova-conductor[98941]: DEBUG cotyledon.oslo_config_glue [-] workarounds.skip_cpu_compare_on_dest = False {{(pid=98941) log_opt_values /opt/stack/data/venv/lib/python3.12/site-packages/oslo_config/cfg.py:3253}}
Jul 11 01:44:50.056445 np0000005066 nova-conductor[98941]: DEBUG cotyledon.oslo_config_glue [-] workarounds.skip_hypervisor_version_check_on_lm = False {{(pid=98941) log_opt_values /opt/stack/data/venv/lib/python3.12/site-packages/oslo_config/cfg.py:3253}}
Jul 11 01:44:50.056445 np0000005066 nova-conductor[98941]: DEBUG cotyledon.oslo_config_glue [-] workarounds.skip_reserve_in_use_ironic_nodes = False {{(pid=98941) log_opt_values /opt/stack/data/venv/lib/python3.12/site-packages/oslo_config/cfg.py:3253}}
Jul 11 01:44:50.056629 np0000005066 nova-conductor[98941]: DEBUG cotyledon.oslo_config_glue [-] workarounds.unified_limits_count_pcpu_as_vcpu = False {{(pid=98941) log_opt_values /opt/stack/data/venv/lib/python3.12/site-packages/oslo_config/cfg.py:3253}}
Jul 11 01:44:50.056629 np0000005066 nova-conductor[98941]: DEBUG cotyledon.oslo_config_glue [-] workarounds.wait_for_vif_plugged_event_during_hard_reboot = [] {{(pid=98941) log_opt_values /opt/stack/data/venv/lib/python3.12/site-packages/oslo_config/cfg.py:3253}}
Jul 11 01:44:50.056629 np0000005066 nova-conductor[98941]: DEBUG cotyledon.oslo_config_glue [-] wsgi.api_paste_config = /etc/nova/api-paste.ini {{(pid=98941) log_opt_values /opt/stack/data/venv/lib/python3.12/site-packages/oslo_config/cfg.py:3253}}
Jul 11 01:44:50.056629 np0000005066 nova-conductor[98941]: DEBUG cotyledon.oslo_config_glue [-] wsgi.secure_proxy_ssl_header = None {{(pid=98941) log_opt_values /opt/stack/data/venv/lib/python3.12/site-packages/oslo_config/cfg.py:3253}}
Jul 11 01:44:50.056629 np0000005066 nova-conductor[98941]: DEBUG cotyledon.oslo_config_glue [-] zvm.ca_file = None {{(pid=98941) log_opt_values /opt/stack/data/venv/lib/python3.12/site-packages/oslo_config/cfg.py:3253}}
Jul 11 01:44:50.056629 np0000005066 nova-conductor[98941]: DEBUG cotyledon.oslo_config_glue [-] zvm.cloud_connector_url = None {{(pid=98941) log_opt_values /opt/stack/data/venv/lib/python3.12/site-packages/oslo_config/cfg.py:3253}}
Jul 11 01:44:50.056629 np0000005066 nova-conductor[98941]: DEBUG cotyledon.oslo_config_glue [-] zvm.image_tmp_path = /opt/stack/data/nova/images {{(pid=98941) log_opt_values /opt/stack/data/venv/lib/python3.12/site-packages/oslo_config/cfg.py:3253}}
Jul 11 01:44:50.056629 np0000005066 nova-conductor[98941]: DEBUG cotyledon.oslo_config_glue [-] zvm.reachable_timeout = 300 {{(pid=98941) log_opt_values /opt/stack/data/venv/lib/python3.12/site-packages/oslo_config/cfg.py:3253}}
Jul 11 01:44:50.056629 np0000005066 nova-conductor[98941]: DEBUG cotyledon.oslo_config_glue [-] oslo_versionedobjects.fatal_exception_format_errors = False {{(pid=98941) log_opt_values /opt/stack/data/venv/lib/python3.12/site-packages/oslo_config/cfg.py:3253}}
Jul 11 01:44:50.056808 np0000005066 nova-conductor[98941]: DEBUG cotyledon.oslo_config_glue [-] oslo_middleware.http_basic_auth_user_file = /etc/htpasswd {{(pid=98941) log_opt_values /opt/stack/data/venv/lib/python3.12/site-packages/oslo_config/cfg.py:3253}}
Jul 11 01:44:50.056808 np0000005066 nova-conductor[98941]: DEBUG cotyledon.oslo_config_glue [-] profiler.connection_string = messaging:// {{(pid=98941) log_opt_values /opt/stack/data/venv/lib/python3.12/site-packages/oslo_config/cfg.py:3253}}
Jul 11 01:44:50.056808 np0000005066 nova-conductor[98941]: DEBUG cotyledon.oslo_config_glue [-] profiler.enabled = False {{(pid=98941) log_opt_values /opt/stack/data/venv/lib/python3.12/site-packages/oslo_config/cfg.py:3253}}
Jul 11 01:44:50.056808 np0000005066 nova-conductor[98941]: DEBUG cotyledon.oslo_config_glue [-] profiler.es_doc_type = notification {{(pid=98941) log_opt_values /opt/stack/data/venv/lib/python3.12/site-packages/oslo_config/cfg.py:3253}}
Jul 11 01:44:50.056808 np0000005066 nova-conductor[98941]: DEBUG cotyledon.oslo_config_glue [-] profiler.es_scroll_size = 10000 {{(pid=98941) log_opt_values /opt/stack/data/venv/lib/python3.12/site-packages/oslo_config/cfg.py:3253}}
Jul 11 01:44:50.056808 np0000005066 nova-conductor[98941]: DEBUG cotyledon.oslo_config_glue [-] profiler.es_scroll_time = 2m {{(pid=98941) log_opt_values /opt/stack/data/venv/lib/python3.12/site-packages/oslo_config/cfg.py:3253}}
Jul 11 01:44:50.056808 np0000005066 nova-conductor[98941]: DEBUG cotyledon.oslo_config_glue [-] profiler.filter_error_trace = False {{(pid=98941) log_opt_values /opt/stack/data/venv/lib/python3.12/site-packages/oslo_config/cfg.py:3253}}
Jul 11 01:44:50.056808 np0000005066 nova-conductor[98941]: DEBUG cotyledon.oslo_config_glue [-] profiler.hmac_keys = **** {{(pid=98941) log_opt_values /opt/stack/data/venv/lib/python3.12/site-packages/oslo_config/cfg.py:3253}}
Jul 11 01:44:50.056808 np0000005066 nova-conductor[98941]: DEBUG cotyledon.oslo_config_glue [-] profiler.sentinel_service_name = mymaster {{(pid=98941) log_opt_values /opt/stack/data/venv/lib/python3.12/site-packages/oslo_config/cfg.py:3253}}
Jul 11 01:44:50.057023 np0000005066 nova-conductor[98941]: DEBUG cotyledon.oslo_config_glue [-] profiler.socket_timeout = 0.1 {{(pid=98941) log_opt_values /opt/stack/data/venv/lib/python3.12/site-packages/oslo_config/cfg.py:3253}}
Jul 11 01:44:50.057023 np0000005066 nova-conductor[98941]: DEBUG cotyledon.oslo_config_glue [-] profiler.trace_requests = False {{(pid=98941) log_opt_values /opt/stack/data/venv/lib/python3.12/site-packages/oslo_config/cfg.py:3253}}
Jul 11 01:44:50.057023 np0000005066 nova-conductor[98941]: DEBUG cotyledon.oslo_config_glue [-] profiler.trace_sqlalchemy = False {{(pid=98941) log_opt_values /opt/stack/data/venv/lib/python3.12/site-packages/oslo_config/cfg.py:3253}}
Jul 11 01:44:50.057023 np0000005066 nova-conductor[98941]: DEBUG cotyledon.oslo_config_glue [-] profiler_jaeger.process_tags = {} {{(pid=98941) log_opt_values /opt/stack/data/venv/lib/python3.12/site-packages/oslo_config/cfg.py:3253}}
Jul 11 01:44:50.057023 np0000005066 nova-conductor[98941]: DEBUG cotyledon.oslo_config_glue [-] profiler_jaeger.service_name_prefix = None {{(pid=98941) log_opt_values /opt/stack/data/venv/lib/python3.12/site-packages/oslo_config/cfg.py:3253}}
Jul 11 01:44:50.057023 np0000005066 nova-conductor[98941]: DEBUG cotyledon.oslo_config_glue [-] profiler_otlp.service_name_prefix = None {{(pid=98941) log_opt_values /opt/stack/data/venv/lib/python3.12/site-packages/oslo_config/cfg.py:3253}}
Jul 11 01:44:50.057023 np0000005066 nova-conductor[98941]: DEBUG cotyledon.oslo_config_glue [-] oslo_messaging_rabbit.amqp_auto_delete = False {{(pid=98941) log_opt_values /opt/stack/data/venv/lib/python3.12/site-packages/oslo_config/cfg.py:3253}}
Jul 11 01:44:50.057023 np0000005066 nova-conductor[98941]: DEBUG cotyledon.oslo_config_glue [-] oslo_messaging_rabbit.amqp_durable_queues = False {{(pid=98941) log_opt_values /opt/stack/data/venv/lib/python3.12/site-packages/oslo_config/cfg.py:3253}}
Jul 11 01:44:50.057023 np0000005066 nova-conductor[98941]: DEBUG cotyledon.oslo_config_glue [-] oslo_messaging_rabbit.conn_pool_min_size = 2 {{(pid=98941) log_opt_values /opt/stack/data/venv/lib/python3.12/site-packages/oslo_config/cfg.py:3253}}
Jul 11 01:44:50.057204 np0000005066 nova-conductor[98941]: DEBUG cotyledon.oslo_config_glue [-] oslo_messaging_rabbit.conn_pool_ttl = 1200 {{(pid=98941) log_opt_values /opt/stack/data/venv/lib/python3.12/site-packages/oslo_config/cfg.py:3253}}
Jul 11 01:44:50.057204 np0000005066 nova-conductor[98941]: DEBUG cotyledon.oslo_config_glue [-] oslo_messaging_rabbit.direct_mandatory_flag = True {{(pid=98941) log_opt_values /opt/stack/data/venv/lib/python3.12/site-packages/oslo_config/cfg.py:3253}}
Jul 11 01:44:50.057204 np0000005066 nova-conductor[98941]: DEBUG cotyledon.oslo_config_glue [-] oslo_messaging_rabbit.enable_cancel_on_failover = False {{(pid=98941) log_opt_values /opt/stack/data/venv/lib/python3.12/site-packages/oslo_config/cfg.py:3253}}
Jul 11 01:44:50.057204 np0000005066 nova-conductor[98941]: DEBUG cotyledon.oslo_config_glue [-] oslo_messaging_rabbit.heartbeat_rate = 3 {{(pid=98941) log_opt_values /opt/stack/data/venv/lib/python3.12/site-packages/oslo_config/cfg.py:3253}}
Jul 11 01:44:50.057204 np0000005066 nova-conductor[98941]: DEBUG cotyledon.oslo_config_glue [-] oslo_messaging_rabbit.heartbeat_timeout_threshold = 60 {{(pid=98941) log_opt_values /opt/stack/data/venv/lib/python3.12/site-packages/oslo_config/cfg.py:3253}}
Jul 11 01:44:50.057204 np0000005066 nova-conductor[98941]: DEBUG cotyledon.oslo_config_glue [-] oslo_messaging_rabbit.hostname = np0000005066 {{(pid=98941) log_opt_values /opt/stack/data/venv/lib/python3.12/site-packages/oslo_config/cfg.py:3253}}
Jul 11 01:44:50.057204 np0000005066 nova-conductor[98941]: DEBUG cotyledon.oslo_config_glue [-] oslo_messaging_rabbit.kombu_compression = None {{(pid=98941) log_opt_values /opt/stack/data/venv/lib/python3.12/site-packages/oslo_config/cfg.py:3253}}
Jul 11 01:44:50.057204 np0000005066 nova-conductor[98941]: DEBUG cotyledon.oslo_config_glue [-] oslo_messaging_rabbit.kombu_failover_strategy = round-robin {{(pid=98941) log_opt_values /opt/stack/data/venv/lib/python3.12/site-packages/oslo_config/cfg.py:3253}}
Jul 11 01:44:50.057204 np0000005066 nova-conductor[98941]: DEBUG cotyledon.oslo_config_glue [-] oslo_messaging_rabbit.kombu_missing_consumer_retry_timeout = 60 {{(pid=98941) log_opt_values /opt/stack/data/venv/lib/python3.12/site-packages/oslo_config/cfg.py:3253}}
Jul 11 01:44:50.058687 np0000005066 nova-conductor[98941]: DEBUG cotyledon.oslo_config_glue [-] oslo_messaging_rabbit.kombu_reconnect_delay = 1.0 {{(pid=98941) log_opt_values /opt/stack/data/venv/lib/python3.12/site-packages/oslo_config/cfg.py:3253}}
Jul 11 01:44:50.058687 np0000005066 nova-conductor[98941]: DEBUG cotyledon.oslo_config_glue [-] oslo_messaging_rabbit.kombu_reconnect_splay = 0.0 {{(pid=98941) log_opt_values /opt/stack/data/venv/lib/python3.12/site-packages/oslo_config/cfg.py:3253}}
Jul 11 01:44:50.058687 np0000005066 nova-conductor[98941]: DEBUG cotyledon.oslo_config_glue [-] oslo_messaging_rabbit.processname = nova-conductor {{(pid=98941) log_opt_values /opt/stack/data/venv/lib/python3.12/site-packages/oslo_config/cfg.py:3253}}
Jul 11 01:44:50.058687 np0000005066 nova-conductor[98941]: DEBUG cotyledon.oslo_config_glue [-] oslo_messaging_rabbit.rabbit_ha_queues = False {{(pid=98941) log_opt_values /opt/stack/data/venv/lib/python3.12/site-packages/oslo_config/cfg.py:3253}}
Jul 11 01:44:50.058687 np0000005066 nova-conductor[98941]: DEBUG cotyledon.oslo_config_glue [-] oslo_messaging_rabbit.rabbit_interval_max = 30 {{(pid=98941) log_opt_values /opt/stack/data/venv/lib/python3.12/site-packages/oslo_config/cfg.py:3253}}
Jul 11 01:44:50.058687 np0000005066 nova-conductor[98941]: DEBUG cotyledon.oslo_config_glue [-] oslo_messaging_rabbit.rabbit_login_method = AMQPLAIN {{(pid=98941) log_opt_values /opt/stack/data/venv/lib/python3.12/site-packages/oslo_config/cfg.py:3253}}
Jul 11 01:44:50.058687 np0000005066 nova-conductor[98941]: DEBUG cotyledon.oslo_config_glue [-] oslo_messaging_rabbit.rabbit_qos_prefetch_count = 0 {{(pid=98941) log_opt_values /opt/stack/data/venv/lib/python3.12/site-packages/oslo_config/cfg.py:3253}}
Jul 11 01:44:50.058687 np0000005066 nova-conductor[98941]: DEBUG cotyledon.oslo_config_glue [-] oslo_messaging_rabbit.rabbit_quorum_delivery_limit = 0 {{(pid=98941) log_opt_values /opt/stack/data/venv/lib/python3.12/site-packages/oslo_config/cfg.py:3253}}
Jul 11 01:44:50.058687 np0000005066 nova-conductor[98941]: DEBUG cotyledon.oslo_config_glue [-] oslo_messaging_rabbit.rabbit_quorum_max_memory_bytes = 0 {{(pid=98941) log_opt_values /opt/stack/data/venv/lib/python3.12/site-packages/oslo_config/cfg.py:3253}}
Jul 11 01:44:50.058903 np0000005066 nova-conductor[98941]: DEBUG cotyledon.oslo_config_glue [-] oslo_messaging_rabbit.rabbit_quorum_max_memory_length = 0 {{(pid=98941) log_opt_values /opt/stack/data/venv/lib/python3.12/site-packages/oslo_config/cfg.py:3253}}
Jul 11 01:44:50.058903 np0000005066 nova-conductor[98941]: DEBUG cotyledon.oslo_config_glue [-] oslo_messaging_rabbit.rabbit_quorum_queue = False {{(pid=98941) log_opt_values /opt/stack/data/venv/lib/python3.12/site-packages/oslo_config/cfg.py:3253}}
Jul 11 01:44:50.058903 np0000005066 nova-conductor[98941]: DEBUG cotyledon.oslo_config_glue [-] oslo_messaging_rabbit.rabbit_retry_backoff = 2 {{(pid=98941) log_opt_values /opt/stack/data/venv/lib/python3.12/site-packages/oslo_config/cfg.py:3253}}
Jul 11 01:44:50.058903 np0000005066 nova-conductor[98941]: DEBUG cotyledon.oslo_config_glue [-] oslo_messaging_rabbit.rabbit_retry_interval = 1 {{(pid=98941) log_opt_values /opt/stack/data/venv/lib/python3.12/site-packages/oslo_config/cfg.py:3253}}
Jul 11 01:44:50.058903 np0000005066 nova-conductor[98941]: DEBUG cotyledon.oslo_config_glue [-] oslo_messaging_rabbit.rabbit_stream_fanout = False {{(pid=98941) log_opt_values /opt/stack/data/venv/lib/python3.12/site-packages/oslo_config/cfg.py:3253}}
Jul 11 01:44:50.058903 np0000005066 nova-conductor[98941]: DEBUG cotyledon.oslo_config_glue [-] oslo_messaging_rabbit.rabbit_transient_queues_ttl = 1800 {{(pid=98941) log_opt_values /opt/stack/data/venv/lib/python3.12/site-packages/oslo_config/cfg.py:3253}}
Jul 11 01:44:50.058903 np0000005066 nova-conductor[98941]: DEBUG cotyledon.oslo_config_glue [-] oslo_messaging_rabbit.rabbit_transient_quorum_queue = False {{(pid=98941) log_opt_values /opt/stack/data/venv/lib/python3.12/site-packages/oslo_config/cfg.py:3253}}
Jul 11 01:44:50.058903 np0000005066 nova-conductor[98941]: DEBUG cotyledon.oslo_config_glue [-] oslo_messaging_rabbit.rpc_conn_pool_size = 30 {{(pid=98941) log_opt_values /opt/stack/data/venv/lib/python3.12/site-packages/oslo_config/cfg.py:3253}}
Jul 11 01:44:50.058903 np0000005066 nova-conductor[98941]: DEBUG cotyledon.oslo_config_glue [-] oslo_messaging_rabbit.ssl = False {{(pid=98941) log_opt_values /opt/stack/data/venv/lib/python3.12/site-packages/oslo_config/cfg.py:3253}}
Jul 11 01:44:50.059151 np0000005066 nova-conductor[98941]: DEBUG cotyledon.oslo_config_glue [-] oslo_messaging_rabbit.ssl_ca_file = {{(pid=98941) log_opt_values /opt/stack/data/venv/lib/python3.12/site-packages/oslo_config/cfg.py:3253}}
Jul 11 01:44:50.059151 np0000005066 nova-conductor[98941]: DEBUG cotyledon.oslo_config_glue [-] oslo_messaging_rabbit.ssl_cert_file = {{(pid=98941) log_opt_values /opt/stack/data/venv/lib/python3.12/site-packages/oslo_config/cfg.py:3253}}
Jul 11 01:44:50.059151 np0000005066 nova-conductor[98941]: DEBUG cotyledon.oslo_config_glue [-] oslo_messaging_rabbit.ssl_enforce_fips_mode = False {{(pid=98941) log_opt_values /opt/stack/data/venv/lib/python3.12/site-packages/oslo_config/cfg.py:3253}}
Jul 11 01:44:50.059151 np0000005066 nova-conductor[98941]: DEBUG cotyledon.oslo_config_glue [-] oslo_messaging_rabbit.ssl_enforce_hostname_verification = True {{(pid=98941) log_opt_values /opt/stack/data/venv/lib/python3.12/site-packages/oslo_config/cfg.py:3253}}
Jul 11 01:44:50.059151 np0000005066 nova-conductor[98941]: DEBUG cotyledon.oslo_config_glue [-] oslo_messaging_rabbit.ssl_key_file = {{(pid=98941) log_opt_values /opt/stack/data/venv/lib/python3.12/site-packages/oslo_config/cfg.py:3253}}
Jul 11 01:44:50.059151 np0000005066 nova-conductor[98941]: DEBUG cotyledon.oslo_config_glue [-] oslo_messaging_rabbit.ssl_version = {{(pid=98941) log_opt_values /opt/stack/data/venv/lib/python3.12/site-packages/oslo_config/cfg.py:3253}}
Jul 11 01:44:50.059151 np0000005066 nova-conductor[98941]: DEBUG cotyledon.oslo_config_glue [-] oslo_messaging_rabbit.use_queue_manager = False {{(pid=98941) log_opt_values /opt/stack/data/venv/lib/python3.12/site-packages/oslo_config/cfg.py:3253}}
Jul 11 01:44:50.059151 np0000005066 nova-conductor[98941]: DEBUG cotyledon.oslo_config_glue [-] oslo_messaging_notifications.driver = ['messagingv2'] {{(pid=98941) log_opt_values /opt/stack/data/venv/lib/python3.12/site-packages/oslo_config/cfg.py:3253}}
Jul 11 01:44:50.059151 np0000005066 nova-conductor[98941]: DEBUG cotyledon.oslo_config_glue [-] oslo_messaging_notifications.retry = -1 {{(pid=98941) log_opt_values /opt/stack/data/venv/lib/python3.12/site-packages/oslo_config/cfg.py:3253}}
Jul 11 01:44:50.059377 np0000005066 nova-conductor[98941]: DEBUG cotyledon.oslo_config_glue [-] oslo_messaging_notifications.topics = ['notifications'] {{(pid=98941) log_opt_values /opt/stack/data/venv/lib/python3.12/site-packages/oslo_config/cfg.py:3253}}
Jul 11 01:44:50.059377 np0000005066 nova-conductor[98941]: DEBUG cotyledon.oslo_config_glue [-] oslo_messaging_notifications.transport_url = **** {{(pid=98941) log_opt_values /opt/stack/data/venv/lib/python3.12/site-packages/oslo_config/cfg.py:3253}}
Jul 11 01:44:50.059377 np0000005066 nova-conductor[98941]: DEBUG cotyledon.oslo_config_glue [-] oslo_limit.auth_section = None {{(pid=98941) log_opt_values /opt/stack/data/venv/lib/python3.12/site-packages/oslo_config/cfg.py:3253}}
Jul 11 01:44:50.059377 np0000005066 nova-conductor[98941]: DEBUG cotyledon.oslo_config_glue [-] oslo_limit.auth_type = None {{(pid=98941) log_opt_values /opt/stack/data/venv/lib/python3.12/site-packages/oslo_config/cfg.py:3253}}
Jul 11 01:44:50.059377 np0000005066 nova-conductor[98941]: DEBUG cotyledon.oslo_config_glue [-] oslo_limit.cafile = None {{(pid=98941) log_opt_values /opt/stack/data/venv/lib/python3.12/site-packages/oslo_config/cfg.py:3253}}
Jul 11 01:44:50.059377 np0000005066 nova-conductor[98941]: DEBUG cotyledon.oslo_config_glue [-] oslo_limit.certfile = None {{(pid=98941) log_opt_values /opt/stack/data/venv/lib/python3.12/site-packages/oslo_config/cfg.py:3253}}
Jul 11 01:44:50.059377 np0000005066 nova-conductor[98941]: DEBUG cotyledon.oslo_config_glue [-] oslo_limit.collect_timing = False {{(pid=98941) log_opt_values /opt/stack/data/venv/lib/python3.12/site-packages/oslo_config/cfg.py:3253}}
Jul 11 01:44:50.059377 np0000005066 nova-conductor[98941]: DEBUG cotyledon.oslo_config_glue [-] oslo_limit.connect_retries = None {{(pid=98941) log_opt_values /opt/stack/data/venv/lib/python3.12/site-packages/oslo_config/cfg.py:3253}}
Jul 11 01:44:50.059377 np0000005066 nova-conductor[98941]: DEBUG cotyledon.oslo_config_glue [-] oslo_limit.connect_retry_delay = None {{(pid=98941) log_opt_values /opt/stack/data/venv/lib/python3.12/site-packages/oslo_config/cfg.py:3253}}
Jul 11 01:44:50.059578 np0000005066 nova-conductor[98941]: DEBUG cotyledon.oslo_config_glue [-] oslo_limit.endpoint_id = None {{(pid=98941) log_opt_values /opt/stack/data/venv/lib/python3.12/site-packages/oslo_config/cfg.py:3253}}
Jul 11 01:44:50.059578 np0000005066 nova-conductor[98941]: DEBUG cotyledon.oslo_config_glue [-] oslo_limit.endpoint_interface = public {{(pid=98941) log_opt_values /opt/stack/data/venv/lib/python3.12/site-packages/oslo_config/cfg.py:3253}}
Jul 11 01:44:50.059578 np0000005066 nova-conductor[98941]: DEBUG cotyledon.oslo_config_glue [-] oslo_limit.endpoint_override = None {{(pid=98941) log_opt_values /opt/stack/data/venv/lib/python3.12/site-packages/oslo_config/cfg.py:3253}}
Jul 11 01:44:50.059578 np0000005066 nova-conductor[98941]: DEBUG cotyledon.oslo_config_glue [-] oslo_limit.endpoint_region_name = None {{(pid=98941) log_opt_values /opt/stack/data/venv/lib/python3.12/site-packages/oslo_config/cfg.py:3253}}
Jul 11 01:44:50.059578 np0000005066 nova-conductor[98941]: DEBUG cotyledon.oslo_config_glue [-] oslo_limit.endpoint_service_name = None {{(pid=98941) log_opt_values /opt/stack/data/venv/lib/python3.12/site-packages/oslo_config/cfg.py:3253}}
Jul 11 01:44:50.059578 np0000005066 nova-conductor[98941]: DEBUG cotyledon.oslo_config_glue [-] oslo_limit.endpoint_service_type = None {{(pid=98941) log_opt_values /opt/stack/data/venv/lib/python3.12/site-packages/oslo_config/cfg.py:3253}}
Jul 11 01:44:50.059578 np0000005066 nova-conductor[98941]: DEBUG cotyledon.oslo_config_glue [-] oslo_limit.insecure = False {{(pid=98941) log_opt_values /opt/stack/data/venv/lib/python3.12/site-packages/oslo_config/cfg.py:3253}}
Jul 11 01:44:50.059578 np0000005066 nova-conductor[98941]: DEBUG cotyledon.oslo_config_glue [-] oslo_limit.keyfile = None {{(pid=98941) log_opt_values /opt/stack/data/venv/lib/python3.12/site-packages/oslo_config/cfg.py:3253}}
Jul 11 01:44:50.059578 np0000005066 nova-conductor[98941]: DEBUG cotyledon.oslo_config_glue [-] oslo_limit.max_version = None {{(pid=98941) log_opt_values /opt/stack/data/venv/lib/python3.12/site-packages/oslo_config/cfg.py:3253}}
Jul 11 01:44:50.059743 np0000005066 nova-conductor[98941]: DEBUG cotyledon.oslo_config_glue [-] oslo_limit.min_version = None {{(pid=98941) log_opt_values /opt/stack/data/venv/lib/python3.12/site-packages/oslo_config/cfg.py:3253}}
Jul 11 01:44:50.059743 np0000005066 nova-conductor[98941]: DEBUG cotyledon.oslo_config_glue [-] oslo_limit.region_name = None {{(pid=98941) log_opt_values /opt/stack/data/venv/lib/python3.12/site-packages/oslo_config/cfg.py:3253}}
Jul 11 01:44:50.059743 np0000005066 nova-conductor[98941]: DEBUG cotyledon.oslo_config_glue [-] oslo_limit.retriable_status_codes = None {{(pid=98941) log_opt_values /opt/stack/data/venv/lib/python3.12/site-packages/oslo_config/cfg.py:3253}}
Jul 11 01:44:50.059743 np0000005066 nova-conductor[98941]: DEBUG cotyledon.oslo_config_glue [-] oslo_limit.service_name = None {{(pid=98941) log_opt_values /opt/stack/data/venv/lib/python3.12/site-packages/oslo_config/cfg.py:3253}}
Jul 11 01:44:50.059743 np0000005066 nova-conductor[98941]: DEBUG cotyledon.oslo_config_glue [-] oslo_limit.service_type = None {{(pid=98941) log_opt_values /opt/stack/data/venv/lib/python3.12/site-packages/oslo_config/cfg.py:3253}}
Jul 11 01:44:50.059743 np0000005066 nova-conductor[98941]: DEBUG cotyledon.oslo_config_glue [-] oslo_limit.split_loggers = False {{(pid=98941) log_opt_values /opt/stack/data/venv/lib/python3.12/site-packages/oslo_config/cfg.py:3253}}
Jul 11 01:44:50.059743 np0000005066 nova-conductor[98941]: DEBUG cotyledon.oslo_config_glue [-] oslo_limit.status_code_retries = None {{(pid=98941) log_opt_values /opt/stack/data/venv/lib/python3.12/site-packages/oslo_config/cfg.py:3253}}
Jul 11 01:44:50.059743 np0000005066 nova-conductor[98941]: DEBUG cotyledon.oslo_config_glue [-] oslo_limit.status_code_retry_delay = None {{(pid=98941) log_opt_values /opt/stack/data/venv/lib/python3.12/site-packages/oslo_config/cfg.py:3253}}
Jul 11 01:44:50.059743 np0000005066 nova-conductor[98941]: DEBUG cotyledon.oslo_config_glue [-] oslo_limit.timeout = None {{(pid=98941) log_opt_values /opt/stack/data/venv/lib/python3.12/site-packages/oslo_config/cfg.py:3253}}
Jul 11 01:44:50.059900 np0000005066 nova-conductor[98941]: DEBUG cotyledon.oslo_config_glue [-] oslo_limit.valid_interfaces = None {{(pid=98941) log_opt_values /opt/stack/data/venv/lib/python3.12/site-packages/oslo_config/cfg.py:3253}}
Jul 11 01:44:50.059900 np0000005066 nova-conductor[98941]: DEBUG cotyledon.oslo_config_glue [-] oslo_limit.version = None {{(pid=98941) log_opt_values /opt/stack/data/venv/lib/python3.12/site-packages/oslo_config/cfg.py:3253}}
Jul 11 01:44:50.059900 np0000005066 nova-conductor[98941]: DEBUG cotyledon.oslo_config_glue [-] oslo_reports.file_event_handler = None {{(pid=98941) log_opt_values /opt/stack/data/venv/lib/python3.12/site-packages/oslo_config/cfg.py:3253}}
Jul 11 01:44:50.059900 np0000005066 nova-conductor[98941]: DEBUG cotyledon.oslo_config_glue [-] oslo_reports.file_event_handler_interval = 1 {{(pid=98941) log_opt_values /opt/stack/data/venv/lib/python3.12/site-packages/oslo_config/cfg.py:3253}}
Jul 11 01:44:50.059900 np0000005066 nova-conductor[98941]: DEBUG cotyledon.oslo_config_glue [-] oslo_reports.log_dir = None {{(pid=98941) log_opt_values /opt/stack/data/venv/lib/python3.12/site-packages/oslo_config/cfg.py:3253}}
Jul 11 01:44:50.059900 np0000005066 nova-conductor[98941]: DEBUG cotyledon.oslo_config_glue [-] ******************************************************************************** {{(pid=98941) log_opt_values /opt/stack/data/venv/lib/python3.12/site-packages/oslo_config/cfg.py:3260}}
Jul 11 01:44:50.059900 np0000005066 nova-conductor[98941]: DEBUG cotyledon._service_worker [-] Run service ServiceWrapper(3) [98941] {{(pid=98941) wait_forever /opt/stack/data/venv/lib/python3.12/site-packages/cotyledon/_service_worker.py:218}}
Jul 11 01:44:50.059900 np0000005066 nova-conductor[98941]: INFO nova.service [-] Starting conductor node (version 33.1.0)
Jul 11 01:44:50.059900 np0000005066 nova-conductor[98941]: INFO dbcounter [None req-faeefaa0-a7d7-49e0-8c81-9844949a5a68 None None] Registered counter for database nova_cell0
Jul 11 01:44:50.060116 np0000005066 nova-conductor[98922]: DEBUG oslo_db.sqlalchemy.engines [None req-5d692e1c-a9bb-46ba-a451-e5812452e31e None None] MySQL server mode set to STRICT_TRANS_TABLES,STRICT_ALL_TABLES,NO_ZERO_IN_DATE,NO_ZERO_DATE,ERROR_FOR_DIVISION_BY_ZERO,TRADITIONAL,NO_ENGINE_SUBSTITUTION {{(pid=98922) _check_effective_sql_mode /opt/stack/data/venv/lib/python3.12/site-packages/oslo_db/sqlalchemy/engines.py:325}}
Jul 11 01:44:50.060152 np0000005066 nova-conductor[98916]: DEBUG oslo_db.sqlalchemy.engines [None req-f866b7e5-acb9-4793-b443-c6e9d43756c6 None None] MySQL server mode set to STRICT_TRANS_TABLES,STRICT_ALL_TABLES,NO_ZERO_IN_DATE,NO_ZERO_DATE,ERROR_FOR_DIVISION_BY_ZERO,TRADITIONAL,NO_ENGINE_SUBSTITUTION {{(pid=98916) _check_effective_sql_mode /opt/stack/data/venv/lib/python3.12/site-packages/oslo_db/sqlalchemy/engines.py:325}}
Jul 11 01:44:50.060183 np0000005066 nova-conductor[98922]: DEBUG dbcounter [-] [98922] Writer thread running {{(pid=98922) stat_writer /opt/stack/data/venv/lib/python3.12/site-packages/dbcounter.py:102}}
Jul 11 01:44:50.060208 np0000005066 nova-conductor[98928]: DEBUG oslo_db.sqlalchemy.engines [None req-6aeb782e-7685-42da-8d66-55941f077528 None None] MySQL server mode set to STRICT_TRANS_TABLES,STRICT_ALL_TABLES,NO_ZERO_IN_DATE,NO_ZERO_DATE,ERROR_FOR_DIVISION_BY_ZERO,TRADITIONAL,NO_ENGINE_SUBSTITUTION {{(pid=98928) _check_effective_sql_mode /opt/stack/data/venv/lib/python3.12/site-packages/oslo_db/sqlalchemy/engines.py:325}}
Jul 11 01:44:50.060243 np0000005066 nova-conductor[98916]: DEBUG dbcounter [-] [98916] Writer thread running {{(pid=98916) stat_writer /opt/stack/data/venv/lib/python3.12/site-packages/dbcounter.py:102}}
Jul 11 01:44:50.061112 np0000005066 nova-conductor[98922]: DEBUG nova.service [None req-5d692e1c-a9bb-46ba-a451-e5812452e31e None None] Creating RPC server for service: nova-conductor on topic: conductor {{(pid=98922) start /opt/stack/nova/nova/service.py:196}}
Jul 11 01:44:50.061162 np0000005066 nova-conductor[98916]: DEBUG nova.service [None req-f866b7e5-acb9-4793-b443-c6e9d43756c6 None None] Creating RPC server for service: nova-conductor on topic: conductor {{(pid=98916) start /opt/stack/nova/nova/service.py:196}}
Jul 11 01:44:50.061188 np0000005066 nova-conductor[98928]: DEBUG dbcounter [-] [98928] Writer thread running {{(pid=98928) stat_writer /opt/stack/data/venv/lib/python3.12/site-packages/dbcounter.py:102}}
Jul 11 01:44:50.061188 np0000005066 nova-conductor[98928]: DEBUG nova.service [None req-6aeb782e-7685-42da-8d66-55941f077528 None None] Creating RPC server for service: nova-conductor on topic: conductor {{(pid=98928) start /opt/stack/nova/nova/service.py:196}}
Jul 11 01:44:50.063043 np0000005066 nova-conductor[98941]: DEBUG oslo_db.sqlalchemy.engines [None req-faeefaa0-a7d7-49e0-8c81-9844949a5a68 None None] MySQL server mode set to STRICT_TRANS_TABLES,STRICT_ALL_TABLES,NO_ZERO_IN_DATE,NO_ZERO_DATE,ERROR_FOR_DIVISION_BY_ZERO,TRADITIONAL,NO_ENGINE_SUBSTITUTION {{(pid=98941) _check_effective_sql_mode /opt/stack/data/venv/lib/python3.12/site-packages/oslo_db/sqlalchemy/engines.py:325}}
Jul 11 01:44:50.072263 np0000005066 nova-conductor[98916]: DEBUG nova.service [None req-f866b7e5-acb9-4793-b443-c6e9d43756c6 None None] Join ServiceGroup membership for this service conductor {{(pid=98916) start /opt/stack/nova/nova/service.py:222}}
Jul 11 01:44:50.072386 np0000005066 nova-conductor[98916]: DEBUG nova.servicegroup.drivers.db [None req-f866b7e5-acb9-4793-b443-c6e9d43756c6 None None] DB_Driver: join new ServiceGroup member np0000005066 to the conductor group, service = {{(pid=98916) join /opt/stack/nova/nova/servicegroup/drivers/db.py:44}}
Jul 11 01:44:50.072931 np0000005066 nova-conductor[98941]: DEBUG dbcounter [-] [98941] Writer thread running {{(pid=98941) stat_writer /opt/stack/data/venv/lib/python3.12/site-packages/dbcounter.py:102}}
Jul 11 01:44:50.074165 np0000005066 nova-conductor[98928]: DEBUG nova.service [None req-6aeb782e-7685-42da-8d66-55941f077528 None None] Join ServiceGroup membership for this service conductor {{(pid=98928) start /opt/stack/nova/nova/service.py:222}}
Jul 11 01:44:50.074415 np0000005066 nova-conductor[98928]: DEBUG nova.servicegroup.drivers.db [None req-6aeb782e-7685-42da-8d66-55941f077528 None None] DB_Driver: join new ServiceGroup member np0000005066 to the conductor group, service = {{(pid=98928) join /opt/stack/nova/nova/servicegroup/drivers/db.py:44}}
Jul 11 01:44:50.075500 np0000005066 nova-conductor[98922]: DEBUG nova.service [None req-5d692e1c-a9bb-46ba-a451-e5812452e31e None None] Join ServiceGroup membership for this service conductor {{(pid=98922) start /opt/stack/nova/nova/service.py:222}}
Jul 11 01:44:50.075743 np0000005066 nova-conductor[98922]: DEBUG nova.servicegroup.drivers.db [None req-5d692e1c-a9bb-46ba-a451-e5812452e31e None None] DB_Driver: join new ServiceGroup member np0000005066 to the conductor group, service = {{(pid=98922) join /opt/stack/nova/nova/servicegroup/drivers/db.py:44}}
Jul 11 01:44:50.076205 np0000005066 nova-conductor[98941]: DEBUG nova.service [None req-faeefaa0-a7d7-49e0-8c81-9844949a5a68 None None] Creating RPC server for service: nova-conductor on topic: conductor {{(pid=98941) start /opt/stack/nova/nova/service.py:196}}
Jul 11 01:44:50.098059 np0000005066 nova-conductor[98941]: DEBUG nova.service [None req-faeefaa0-a7d7-49e0-8c81-9844949a5a68 None None] Join ServiceGroup membership for this service conductor {{(pid=98941) start /opt/stack/nova/nova/service.py:222}}
Jul 11 01:44:50.098241 np0000005066 nova-conductor[98941]: DEBUG nova.servicegroup.drivers.db [None req-faeefaa0-a7d7-49e0-8c81-9844949a5a68 None None] DB_Driver: join new ServiceGroup member np0000005066 to the conductor group, service = {{(pid=98941) join /opt/stack/nova/nova/servicegroup/drivers/db.py:44}}
Jul 11 01:44:50.099970 np0000005066 nova-conductor[98941]: DEBUG oslo.service.backend._threading.loopingcall [None req-5f807ac0-5b1a-42ec-b7a2-39273094cfec None None] Dynamic interval looping call 'nova.service.Service.periodic_tasks' sleeping for 60.00 seconds {{(pid=98941) _run_loop /opt/stack/data/venv/lib/python3.12/site-packages/oslo_service/backend/_threading/loopingcall.py:125}}
Jul 11 01:44:55.088494 np0000005066 nova-conductor[98922]: DEBUG oslo.service.backend._threading.loopingcall [-] Fixed interval looping call 'nova.servicegroup.drivers.db.DbDriver._report_state' sleeping for 119.99 seconds {{(pid=98922) _run_loop /opt/stack/data/venv/lib/python3.12/site-packages/oslo_service/backend/_threading/loopingcall.py:125}}
Jul 11 01:44:55.089006 np0000005066 nova-conductor[98916]: DEBUG oslo.service.backend._threading.loopingcall [-] Fixed interval looping call 'nova.servicegroup.drivers.db.DbDriver._report_state' sleeping for 119.99 seconds {{(pid=98916) _run_loop /opt/stack/data/venv/lib/python3.12/site-packages/oslo_service/backend/_threading/loopingcall.py:125}}
Jul 11 01:44:55.089962 np0000005066 nova-conductor[98928]: DEBUG oslo.service.backend._threading.loopingcall [-] Fixed interval looping call 'nova.servicegroup.drivers.db.DbDriver._report_state' sleeping for 119.99 seconds {{(pid=98928) _run_loop /opt/stack/data/venv/lib/python3.12/site-packages/oslo_service/backend/_threading/loopingcall.py:125}}
Jul 11 01:44:55.111161 np0000005066 nova-conductor[98941]: DEBUG oslo.service.backend._threading.loopingcall [-] Fixed interval looping call 'nova.servicegroup.drivers.db.DbDriver._report_state' sleeping for 119.99 seconds {{(pid=98941) _run_loop /opt/stack/data/venv/lib/python3.12/site-packages/oslo_service/backend/_threading/loopingcall.py:125}}
Jul 11 01:44:58.643276 np0000005066 nova-conductor[97446]: DEBUG dbcounter [-] [97446] Writing DB stats nova_api:SELECT=1 {{(pid=97446) stat_writer /opt/stack/data/venv/lib/python3.12/site-packages/dbcounter.py:115}}
Jul 11 01:44:58.776397 np0000005066 nova-conductor[97446]: DEBUG dbcounter [-] [97446] Writing DB stats nova_cell1:SELECT=1 {{(pid=97446) stat_writer /opt/stack/data/venv/lib/python3.12/site-packages/dbcounter.py:115}}
Jul 11 01:44:58.780489 np0000005066 nova-conductor[97446]: DEBUG dbcounter [-] [97446] Writing DB stats nova_cell0:SELECT=1 {{(pid=97446) stat_writer /opt/stack/data/venv/lib/python3.12/site-packages/dbcounter.py:115}}
Jul 11 01:45:05.084686 np0000005066 nova-conductor[98922]: DEBUG dbcounter [-] [98922] Writing DB stats nova_cell0:SELECT=4,nova_cell0:INSERT=1,nova_cell0:UPDATE=1 {{(pid=98922) stat_writer /opt/stack/data/venv/lib/python3.12/site-packages/dbcounter.py:115}}
Jul 11 01:45:05.085042 np0000005066 nova-conductor[98916]: DEBUG dbcounter [-] [98916] Writing DB stats nova_cell0:SELECT=3,nova_cell0:UPDATE=1 {{(pid=98916) stat_writer /opt/stack/data/venv/lib/python3.12/site-packages/dbcounter.py:115}}
Jul 11 01:45:05.085560 np0000005066 nova-conductor[98928]: DEBUG dbcounter [-] [98928] Writing DB stats nova_cell0:SELECT=3,nova_cell0:UPDATE=1 {{(pid=98928) stat_writer /opt/stack/data/venv/lib/python3.12/site-packages/dbcounter.py:115}}
Jul 11 01:45:05.108646 np0000005066 nova-conductor[98941]: DEBUG dbcounter [-] [98941] Writing DB stats nova_cell0:SELECT=3 {{(pid=98941) stat_writer /opt/stack/data/venv/lib/python3.12/site-packages/dbcounter.py:115}}
Jul 11 01:45:06.076536 np0000005066 nova-conductor[98928]: DEBUG oslo.service.backend._threading.loopingcall [None req-a36b744e-d564-43ac-9c63-e57096deeb9a None None] Dynamic interval looping call 'nova.service.Service.periodic_tasks' sleeping for 60.00 seconds {{(pid=98928) _run_loop /opt/stack/data/venv/lib/python3.12/site-packages/oslo_service/backend/_threading/loopingcall.py:125}}
Jul 11 01:45:09.077552 np0000005066 nova-conductor[98922]: DEBUG oslo.service.backend._threading.loopingcall [None req-19fa1d7d-5c0b-4af8-af5d-5de5037c556b None None] Dynamic interval looping call 'nova.service.Service.periodic_tasks' sleeping for 60.00 seconds {{(pid=98922) _run_loop /opt/stack/data/venv/lib/python3.12/site-packages/oslo_service/backend/_threading/loopingcall.py:125}}
Jul 11 01:45:17.075265 np0000005066 nova-conductor[98916]: DEBUG oslo.service.backend._threading.loopingcall [None req-df5c82b4-85c7-4e7b-90d6-385e15ec95ef None None] Dynamic interval looping call 'nova.service.Service.periodic_tasks' sleeping for 60.00 seconds {{(pid=98916) _run_loop /opt/stack/data/venv/lib/python3.12/site-packages/oslo_service/backend/_threading/loopingcall.py:125}}
Jul 11 01:45:50.100514 np0000005066 nova-conductor[98941]: DEBUG oslo.service.backend._threading.loopingcall [None req-5f807ac0-5b1a-42ec-b7a2-39273094cfec None None] Dynamic interval looping call 'nova.service.Service.periodic_tasks' sleeping for 60.00 seconds {{(pid=98941) _run_loop /opt/stack/data/venv/lib/python3.12/site-packages/oslo_service/backend/_threading/loopingcall.py:125}}
Jul 11 01:46:06.077016 np0000005066 nova-conductor[98928]: DEBUG oslo.service.backend._threading.loopingcall [None req-a36b744e-d564-43ac-9c63-e57096deeb9a None None] Dynamic interval looping call 'nova.service.Service.periodic_tasks' sleeping for 60.00 seconds {{(pid=98928) _run_loop /opt/stack/data/venv/lib/python3.12/site-packages/oslo_service/backend/_threading/loopingcall.py:125}}
Jul 11 01:46:09.078147 np0000005066 nova-conductor[98922]: DEBUG oslo.service.backend._threading.loopingcall [None req-19fa1d7d-5c0b-4af8-af5d-5de5037c556b None None] Dynamic interval looping call 'nova.service.Service.periodic_tasks' sleeping for 60.00 seconds {{(pid=98922) _run_loop /opt/stack/data/venv/lib/python3.12/site-packages/oslo_service/backend/_threading/loopingcall.py:125}}
Jul 11 01:46:17.075975 np0000005066 nova-conductor[98916]: DEBUG oslo.service.backend._threading.loopingcall [None req-df5c82b4-85c7-4e7b-90d6-385e15ec95ef None None] Dynamic interval looping call 'nova.service.Service.periodic_tasks' sleeping for 60.00 seconds {{(pid=98916) _run_loop /opt/stack/data/venv/lib/python3.12/site-packages/oslo_service/backend/_threading/loopingcall.py:125}}
Jul 11 01:46:50.101124 np0000005066 nova-conductor[98941]: DEBUG oslo.service.backend._threading.loopingcall [None req-5f807ac0-5b1a-42ec-b7a2-39273094cfec None None] Dynamic interval looping call 'nova.service.Service.periodic_tasks' sleeping for 60.00 seconds {{(pid=98941) _run_loop /opt/stack/data/venv/lib/python3.12/site-packages/oslo_service/backend/_threading/loopingcall.py:125}}
Jul 11 01:46:55.087746 np0000005066 nova-conductor[98922]: DEBUG oslo.service.backend._threading.loopingcall [-] Fixed interval looping call 'nova.servicegroup.drivers.db.DbDriver._report_state' sleeping for 119.99 seconds {{(pid=98922) _run_loop /opt/stack/data/venv/lib/python3.12/site-packages/oslo_service/backend/_threading/loopingcall.py:125}}
Jul 11 01:46:55.088216 np0000005066 nova-conductor[98916]: DEBUG oslo.service.backend._threading.loopingcall [-] Fixed interval looping call 'nova.servicegroup.drivers.db.DbDriver._report_state' sleeping for 119.99 seconds {{(pid=98916) _run_loop /opt/stack/data/venv/lib/python3.12/site-packages/oslo_service/backend/_threading/loopingcall.py:125}}
Jul 11 01:46:55.088978 np0000005066 nova-conductor[98928]: DEBUG oslo.service.backend._threading.loopingcall [-] Fixed interval looping call 'nova.servicegroup.drivers.db.DbDriver._report_state' sleeping for 119.99 seconds {{(pid=98928) _run_loop /opt/stack/data/venv/lib/python3.12/site-packages/oslo_service/backend/_threading/loopingcall.py:125}}
Jul 11 01:46:55.105657 np0000005066 nova-conductor[98941]: DEBUG oslo.service.backend._threading.loopingcall [-] Fixed interval looping call 'nova.servicegroup.drivers.db.DbDriver._report_state' sleeping for 120.00 seconds {{(pid=98941) _run_loop /opt/stack/data/venv/lib/python3.12/site-packages/oslo_service/backend/_threading/loopingcall.py:125}}
Jul 11 01:47:05.082396 np0000005066 nova-conductor[98922]: DEBUG dbcounter [-] [98922] Writing DB stats nova_cell0:SELECT=1,nova_cell0:UPDATE=1 {{(pid=98922) stat_writer /opt/stack/data/venv/lib/python3.12/site-packages/dbcounter.py:115}}
Jul 11 01:47:05.082988 np0000005066 nova-conductor[98916]: DEBUG dbcounter [-] [98916] Writing DB stats nova_cell0:SELECT=1,nova_cell0:UPDATE=1 {{(pid=98916) stat_writer /opt/stack/data/venv/lib/python3.12/site-packages/dbcounter.py:115}}
Jul 11 01:47:05.084490 np0000005066 nova-conductor[98928]: DEBUG dbcounter [-] [98928] Writing DB stats nova_cell0:SELECT=1,nova_cell0:UPDATE=1 {{(pid=98928) stat_writer /opt/stack/data/venv/lib/python3.12/site-packages/dbcounter.py:115}}
Jul 11 01:47:05.103211 np0000005066 nova-conductor[98941]: DEBUG dbcounter [-] [98941] Writing DB stats nova_cell0:SELECT=1 {{(pid=98941) stat_writer /opt/stack/data/venv/lib/python3.12/site-packages/dbcounter.py:115}}
Jul 11 01:47:06.077647 np0000005066 nova-conductor[98928]: DEBUG oslo.service.backend._threading.loopingcall [None req-a36b744e-d564-43ac-9c63-e57096deeb9a None None] Dynamic interval looping call 'nova.service.Service.periodic_tasks' sleeping for 60.00 seconds {{(pid=98928) _run_loop /opt/stack/data/venv/lib/python3.12/site-packages/oslo_service/backend/_threading/loopingcall.py:125}}
Jul 11 01:47:09.078902 np0000005066 nova-conductor[98922]: DEBUG oslo.service.backend._threading.loopingcall [None req-19fa1d7d-5c0b-4af8-af5d-5de5037c556b None None] Dynamic interval looping call 'nova.service.Service.periodic_tasks' sleeping for 60.00 seconds {{(pid=98922) _run_loop /opt/stack/data/venv/lib/python3.12/site-packages/oslo_service/backend/_threading/loopingcall.py:125}}
Jul 11 01:47:17.079651 np0000005066 nova-conductor[98916]: DEBUG oslo.service.backend._threading.loopingcall [None req-df5c82b4-85c7-4e7b-90d6-385e15ec95ef None None] Dynamic interval looping call 'nova.service.Service.periodic_tasks' sleeping for 60.00 seconds {{(pid=98916) _run_loop /opt/stack/data/venv/lib/python3.12/site-packages/oslo_service/backend/_threading/loopingcall.py:125}}
Jul 11 01:47:31.546810 np0000005066 nova-conductor[98916]: DEBUG oslo_db.sqlalchemy.engines [None req-27463160-c068-4c8f-b5a4-1fbf439a9662 tempest-ServerActionsV293TestJSON-615970299 tempest-ServerActionsV293TestJSON-615970299-project-member] Parent process 97446 forked (98916) with an open database connection, which is being discarded and recreated. {{(pid=98916) checkout /opt/stack/data/venv/lib/python3.12/site-packages/oslo_db/sqlalchemy/engines.py:402}}
Jul 11 01:47:31.589335 np0000005066 nova-conductor[98916]: DEBUG dbcounter [-] [98916] Writer thread running {{(pid=98916) stat_writer /opt/stack/data/venv/lib/python3.12/site-packages/dbcounter.py:102}}
Jul 11 01:47:31.693999 np0000005066 nova-conductor[98928]: DEBUG dbcounter [-] [98928] Writer thread running {{(pid=98928) stat_writer /opt/stack/data/venv/lib/python3.12/site-packages/dbcounter.py:102}}
Jul 11 01:47:32.733086 np0000005066 nova-conductor[98928]: DEBUG nova.conductor.manager [None req-f9183ee0-7dfa-4493-9c05-d924c45d60d0 tempest-AttachSCSIVolumeTestJSON-316142851 tempest-AttachSCSIVolumeTestJSON-316142851-project-member] Took 1.04 seconds to select destinations for 1 instance(s). {{(pid=98928) _schedule_instances /opt/stack/nova/nova/conductor/manager.py:968}}
Jul 11 01:47:32.759882 np0000005066 nova-conductor[98928]: DEBUG oslo_concurrency.lockutils [None req-f9183ee0-7dfa-4493-9c05-d924c45d60d0 tempest-AttachSCSIVolumeTestJSON-316142851 tempest-AttachSCSIVolumeTestJSON-316142851-project-member] Acquiring lock "d03f29f3-e565-4d15-8e12-a2a5b6533ab3" by "nova.context.set_target_cell..get_or_set_cached_cell_and_set_connections" {{(pid=98928) inner /opt/stack/data/venv/lib/python3.12/site-packages/oslo_concurrency/lockutils.py:511}}
Jul 11 01:47:32.760258 np0000005066 nova-conductor[98928]: DEBUG oslo_concurrency.lockutils [None req-f9183ee0-7dfa-4493-9c05-d924c45d60d0 tempest-AttachSCSIVolumeTestJSON-316142851 tempest-AttachSCSIVolumeTestJSON-316142851-project-member] Lock "d03f29f3-e565-4d15-8e12-a2a5b6533ab3" acquired by "nova.context.set_target_cell..get_or_set_cached_cell_and_set_connections" :: waited 0.000s {{(pid=98928) inner /opt/stack/data/venv/lib/python3.12/site-packages/oslo_concurrency/lockutils.py:524}}
Jul 11 01:47:32.761799 np0000005066 nova-conductor[98928]: DEBUG oslo_concurrency.lockutils [None req-f9183ee0-7dfa-4493-9c05-d924c45d60d0 tempest-AttachSCSIVolumeTestJSON-316142851 tempest-AttachSCSIVolumeTestJSON-316142851-project-member] Lock "d03f29f3-e565-4d15-8e12-a2a5b6533ab3" "released" by "nova.context.set_target_cell..get_or_set_cached_cell_and_set_connections" :: held 0.002s {{(pid=98928) inner /opt/stack/data/venv/lib/python3.12/site-packages/oslo_concurrency/lockutils.py:543}}
Jul 11 01:47:32.763778 np0000005066 nova-conductor[98928]: INFO dbcounter [None req-f9183ee0-7dfa-4493-9c05-d924c45d60d0 tempest-AttachSCSIVolumeTestJSON-316142851 tempest-AttachSCSIVolumeTestJSON-316142851-project-member] Registered counter for database nova_cell1
Jul 11 01:47:32.815347 np0000005066 nova-conductor[98928]: DEBUG oslo_db.sqlalchemy.engines [None req-f9183ee0-7dfa-4493-9c05-d924c45d60d0 tempest-AttachSCSIVolumeTestJSON-316142851 tempest-AttachSCSIVolumeTestJSON-316142851-project-member] MySQL server mode set to STRICT_TRANS_TABLES,STRICT_ALL_TABLES,NO_ZERO_IN_DATE,NO_ZERO_DATE,ERROR_FOR_DIVISION_BY_ZERO,TRADITIONAL,NO_ENGINE_SUBSTITUTION {{(pid=98928) _check_effective_sql_mode /opt/stack/data/venv/lib/python3.12/site-packages/oslo_db/sqlalchemy/engines.py:325}}
Jul 11 01:47:32.824201 np0000005066 nova-conductor[98928]: DEBUG dbcounter [-] [98928] Writer thread running {{(pid=98928) stat_writer /opt/stack/data/venv/lib/python3.12/site-packages/dbcounter.py:102}}
Jul 11 01:47:32.896200 np0000005066 nova-conductor[98928]: INFO nova.utils [None req-f9183ee0-7dfa-4493-9c05-d924c45d60d0 tempest-AttachSCSIVolumeTestJSON-316142851 tempest-AttachSCSIVolumeTestJSON-316142851-project-member] The cell worker thread pool ForkProcess-3.cell_worker is initialized
Jul 11 01:47:32.896200 np0000005066 nova-conductor[98928]: DEBUG oslo_concurrency.lockutils [None req-f9183ee0-7dfa-4493-9c05-d924c45d60d0 tempest-AttachSCSIVolumeTestJSON-316142851 tempest-AttachSCSIVolumeTestJSON-316142851-project-member] Acquiring lock "00000000-0000-0000-0000-000000000000" by "nova.context.set_target_cell..get_or_set_cached_cell_and_set_connections" {{(pid=98928) inner /opt/stack/data/venv/lib/python3.12/site-packages/oslo_concurrency/lockutils.py:511}}
Jul 11 01:47:32.897935 np0000005066 nova-conductor[98928]: DEBUG oslo_concurrency.lockutils [None req-f9183ee0-7dfa-4493-9c05-d924c45d60d0 tempest-AttachSCSIVolumeTestJSON-316142851 tempest-AttachSCSIVolumeTestJSON-316142851-project-member] Lock "00000000-0000-0000-0000-000000000000" acquired by "nova.context.set_target_cell..get_or_set_cached_cell_and_set_connections" :: waited 0.002s {{(pid=98928) inner /opt/stack/data/venv/lib/python3.12/site-packages/oslo_concurrency/lockutils.py:524}}
Jul 11 01:47:32.898441 np0000005066 nova-conductor[98928]: DEBUG oslo_concurrency.lockutils [None req-f9183ee0-7dfa-4493-9c05-d924c45d60d0 tempest-AttachSCSIVolumeTestJSON-316142851 tempest-AttachSCSIVolumeTestJSON-316142851-project-member] Lock "00000000-0000-0000-0000-000000000000" "released" by "nova.context.set_target_cell..get_or_set_cached_cell_and_set_connections" :: held 0.001s {{(pid=98928) inner /opt/stack/data/venv/lib/python3.12/site-packages/oslo_concurrency/lockutils.py:543}}
Jul 11 01:47:32.899309 np0000005066 nova-conductor[98928]: DEBUG oslo_concurrency.lockutils [None req-f9183ee0-7dfa-4493-9c05-d924c45d60d0 tempest-AttachSCSIVolumeTestJSON-316142851 tempest-AttachSCSIVolumeTestJSON-316142851-project-member] Acquiring lock "d03f29f3-e565-4d15-8e12-a2a5b6533ab3" by "nova.context.set_target_cell..get_or_set_cached_cell_and_set_connections" {{(pid=98928) inner /opt/stack/data/venv/lib/python3.12/site-packages/oslo_concurrency/lockutils.py:511}}
Jul 11 01:47:32.899594 np0000005066 nova-conductor[98928]: DEBUG oslo_concurrency.lockutils [None req-f9183ee0-7dfa-4493-9c05-d924c45d60d0 tempest-AttachSCSIVolumeTestJSON-316142851 tempest-AttachSCSIVolumeTestJSON-316142851-project-member] Lock "d03f29f3-e565-4d15-8e12-a2a5b6533ab3" acquired by "nova.context.set_target_cell..get_or_set_cached_cell_and_set_connections" :: waited 0.000s {{(pid=98928) inner /opt/stack/data/venv/lib/python3.12/site-packages/oslo_concurrency/lockutils.py:524}}
Jul 11 01:47:32.899645 np0000005066 nova-conductor[98928]: DEBUG oslo_concurrency.lockutils [None req-f9183ee0-7dfa-4493-9c05-d924c45d60d0 tempest-AttachSCSIVolumeTestJSON-316142851 tempest-AttachSCSIVolumeTestJSON-316142851-project-member] Lock "d03f29f3-e565-4d15-8e12-a2a5b6533ab3" "released" by "nova.context.set_target_cell..get_or_set_cached_cell_and_set_connections" :: held 0.000s {{(pid=98928) inner /opt/stack/data/venv/lib/python3.12/site-packages/oslo_concurrency/lockutils.py:543}}
Jul 11 01:47:32.901818 np0000005066 nova-conductor[98928]: INFO dbcounter [None req-f9183ee0-7dfa-4493-9c05-d924c45d60d0 tempest-AttachSCSIVolumeTestJSON-316142851 tempest-AttachSCSIVolumeTestJSON-316142851-project-member] Registered counter for database nova_cell0
Jul 11 01:47:32.965997 np0000005066 nova-conductor[98928]: DEBUG oslo_db.sqlalchemy.engines [None req-f9183ee0-7dfa-4493-9c05-d924c45d60d0 tempest-AttachSCSIVolumeTestJSON-316142851 tempest-AttachSCSIVolumeTestJSON-316142851-project-member] MySQL server mode set to STRICT_TRANS_TABLES,STRICT_ALL_TABLES,NO_ZERO_IN_DATE,NO_ZERO_DATE,ERROR_FOR_DIVISION_BY_ZERO,TRADITIONAL,NO_ENGINE_SUBSTITUTION {{(pid=98928) _check_effective_sql_mode /opt/stack/data/venv/lib/python3.12/site-packages/oslo_db/sqlalchemy/engines.py:325}}
Jul 11 01:47:32.976638 np0000005066 nova-conductor[98928]: DEBUG dbcounter [-] [98928] Writer thread running {{(pid=98928) stat_writer /opt/stack/data/venv/lib/python3.12/site-packages/dbcounter.py:102}}
Jul 11 01:47:32.989584 np0000005066 nova-conductor[98928]: DEBUG nova.quota [None req-f9183ee0-7dfa-4493-9c05-d924c45d60d0 tempest-AttachSCSIVolumeTestJSON-316142851 tempest-AttachSCSIVolumeTestJSON-316142851-project-member] Getting quotas for project 152dd04de3a341d688fcf7112fc3569f. Resources: {'cores', 'instances', 'ram'} {{(pid=98928) _get_quotas /opt/stack/nova/nova/quota.py:389}}
Jul 11 01:47:32.996802 np0000005066 nova-conductor[98928]: DEBUG nova.quota [None req-f9183ee0-7dfa-4493-9c05-d924c45d60d0 tempest-AttachSCSIVolumeTestJSON-316142851 tempest-AttachSCSIVolumeTestJSON-316142851-project-member] Getting quotas for user 67dd0e5eda454cdabfb72c59d01e11ff and project 152dd04de3a341d688fcf7112fc3569f. Resources: {'cores', 'instances', 'ram'} {{(pid=98928) _get_quotas /opt/stack/nova/nova/quota.py:379}}
Jul 11 01:47:33.008763 np0000005066 nova-conductor[98928]: DEBUG nova.conductor.manager [None req-f9183ee0-7dfa-4493-9c05-d924c45d60d0 tempest-AttachSCSIVolumeTestJSON-316142851 tempest-AttachSCSIVolumeTestJSON-316142851-project-member] [instance: b69e6d0c-6cec-43bc-9642-d59937cc3e1f] Selected host: np0000005066; Selected node: np0000005066; Alternates: [] {{(pid=98928) schedule_and_build_instances /opt/stack/nova/nova/conductor/manager.py:1784}}
