Jul 28 14:16:28.705207 np0000006008 nova-scheduler[96617]: DEBUG cotyledon.oslo_config_glue [-] workarounds.handle_virt_lifecycle_events = True {{(pid=96617) log_opt_values /opt/stack/data/venv/lib/python3.12/site-packages/oslo_config/cfg.py:3253}}
Jul 28 14:16:28.705207 np0000006008 nova-scheduler[96617]: DEBUG cotyledon.oslo_config_glue [-] workarounds.libvirt_disable_apic = False {{(pid=96617) log_opt_values /opt/stack/data/venv/lib/python3.12/site-packages/oslo_config/cfg.py:3253}}
Jul 28 14:16:28.705207 np0000006008 nova-scheduler[96617]: DEBUG cotyledon.oslo_config_glue [-] workarounds.never_download_image_if_on_rbd = False {{(pid=96617) log_opt_values /opt/stack/data/venv/lib/python3.12/site-packages/oslo_config/cfg.py:3253}}
Jul 28 14:16:28.705207 np0000006008 nova-scheduler[96617]: DEBUG cotyledon.oslo_config_glue [-] workarounds.qemu_monitor_announce_self_count = 3 {{(pid=96617) log_opt_values /opt/stack/data/venv/lib/python3.12/site-packages/oslo_config/cfg.py:3253}}
Jul 28 14:16:28.705207 np0000006008 nova-scheduler[96617]: DEBUG cotyledon.oslo_config_glue [-] workarounds.qemu_monitor_announce_self_interval = 1 {{(pid=96617) log_opt_values /opt/stack/data/venv/lib/python3.12/site-packages/oslo_config/cfg.py:3253}}
Jul 28 14:16:28.705207 np0000006008 nova-scheduler[96617]: DEBUG cotyledon.oslo_config_glue [-] workarounds.reserve_disk_resource_for_image_cache = False {{(pid=96617) log_opt_values /opt/stack/data/venv/lib/python3.12/site-packages/oslo_config/cfg.py:3253}}
Jul 28 14:16:28.705207 np0000006008 nova-scheduler[96617]: DEBUG cotyledon.oslo_config_glue [-] workarounds.skip_cpu_compare_at_startup = False {{(pid=96617) log_opt_values /opt/stack/data/venv/lib/python3.12/site-packages/oslo_config/cfg.py:3253}}
Jul 28 14:16:28.705207 np0000006008 nova-scheduler[96617]: DEBUG cotyledon.oslo_config_glue [-] workarounds.skip_cpu_compare_on_dest = False {{(pid=96617) log_opt_values /opt/stack/data/venv/lib/python3.12/site-packages/oslo_config/cfg.py:3253}}
Jul 28 14:16:28.705207 np0000006008 nova-scheduler[96617]: DEBUG cotyledon.oslo_config_glue [-] workarounds.skip_hypervisor_version_check_on_lm = False {{(pid=96617) log_opt_values /opt/stack/data/venv/lib/python3.12/site-packages/oslo_config/cfg.py:3253}}
Jul 28 14:16:28.705371 np0000006008 nova-scheduler[96617]: DEBUG cotyledon.oslo_config_glue [-] workarounds.skip_reserve_in_use_ironic_nodes = False {{(pid=96617) log_opt_values /opt/stack/data/venv/lib/python3.12/site-packages/oslo_config/cfg.py:3253}}
Jul 28 14:16:28.705371 np0000006008 nova-scheduler[96617]: DEBUG cotyledon.oslo_config_glue [-] workarounds.unified_limits_count_pcpu_as_vcpu = False {{(pid=96617) log_opt_values /opt/stack/data/venv/lib/python3.12/site-packages/oslo_config/cfg.py:3253}}
Jul 28 14:16:28.705371 np0000006008 nova-scheduler[96617]: DEBUG cotyledon.oslo_config_glue [-] workarounds.wait_for_vif_plugged_event_during_hard_reboot = [] {{(pid=96617) log_opt_values /opt/stack/data/venv/lib/python3.12/site-packages/oslo_config/cfg.py:3253}}
Jul 28 14:16:28.705371 np0000006008 nova-scheduler[96617]: DEBUG cotyledon.oslo_config_glue [-] wsgi.api_paste_config = /etc/nova/api-paste.ini {{(pid=96617) log_opt_values /opt/stack/data/venv/lib/python3.12/site-packages/oslo_config/cfg.py:3253}}
Jul 28 14:16:28.705371 np0000006008 nova-scheduler[96617]: DEBUG cotyledon.oslo_config_glue [-] wsgi.secure_proxy_ssl_header = None {{(pid=96617) log_opt_values /opt/stack/data/venv/lib/python3.12/site-packages/oslo_config/cfg.py:3253}}
Jul 28 14:16:28.705371 np0000006008 nova-scheduler[96617]: DEBUG cotyledon.oslo_config_glue [-] zvm.ca_file = None {{(pid=96617) log_opt_values /opt/stack/data/venv/lib/python3.12/site-packages/oslo_config/cfg.py:3253}}
Jul 28 14:16:28.705371 np0000006008 nova-scheduler[96617]: DEBUG cotyledon.oslo_config_glue [-] zvm.cloud_connector_url = None {{(pid=96617) log_opt_values /opt/stack/data/venv/lib/python3.12/site-packages/oslo_config/cfg.py:3253}}
Jul 28 14:16:28.705371 np0000006008 nova-scheduler[96617]: DEBUG cotyledon.oslo_config_glue [-] zvm.image_tmp_path = /opt/stack/data/nova/images {{(pid=96617) log_opt_values /opt/stack/data/venv/lib/python3.12/site-packages/oslo_config/cfg.py:3253}}
Jul 28 14:16:28.705371 np0000006008 nova-scheduler[96617]: DEBUG cotyledon.oslo_config_glue [-] zvm.reachable_timeout = 300 {{(pid=96617) log_opt_values /opt/stack/data/venv/lib/python3.12/site-packages/oslo_config/cfg.py:3253}}
Jul 28 14:16:28.705552 np0000006008 nova-scheduler[96617]: DEBUG cotyledon.oslo_config_glue [-] oslo_versionedobjects.fatal_exception_format_errors = False {{(pid=96617) log_opt_values /opt/stack/data/venv/lib/python3.12/site-packages/oslo_config/cfg.py:3253}}
Jul 28 14:16:28.705552 np0000006008 nova-scheduler[96617]: DEBUG cotyledon.oslo_config_glue [-] oslo_middleware.http_basic_auth_user_file = /etc/htpasswd {{(pid=96617) log_opt_values /opt/stack/data/venv/lib/python3.12/site-packages/oslo_config/cfg.py:3253}}
Jul 28 14:16:28.705552 np0000006008 nova-scheduler[96617]: DEBUG cotyledon.oslo_config_glue [-] oslo_messaging_metrics.metrics_buffer_size = 1000 {{(pid=96617) log_opt_values /opt/stack/data/venv/lib/python3.12/site-packages/oslo_config/cfg.py:3253}}
Jul 28 14:16:28.705552 np0000006008 nova-scheduler[96617]: DEBUG cotyledon.oslo_config_glue [-] oslo_messaging_metrics.metrics_enabled = False {{(pid=96617) log_opt_values /opt/stack/data/venv/lib/python3.12/site-packages/oslo_config/cfg.py:3253}}
Jul 28 14:16:28.705552 np0000006008 nova-scheduler[96617]: DEBUG cotyledon.oslo_config_glue [-] oslo_messaging_metrics.metrics_process_name = {{(pid=96617) log_opt_values /opt/stack/data/venv/lib/python3.12/site-packages/oslo_config/cfg.py:3253}}
Jul 28 14:16:28.705552 np0000006008 nova-scheduler[96617]: DEBUG cotyledon.oslo_config_glue [-] oslo_messaging_metrics.metrics_socket_file = /var/tmp/metrics_collector.sock {{(pid=96617) log_opt_values /opt/stack/data/venv/lib/python3.12/site-packages/oslo_config/cfg.py:3253}}
Jul 28 14:16:28.705552 np0000006008 nova-scheduler[96617]: DEBUG cotyledon.oslo_config_glue [-] oslo_messaging_metrics.metrics_thread_stop_timeout = 10 {{(pid=96617) log_opt_values /opt/stack/data/venv/lib/python3.12/site-packages/oslo_config/cfg.py:3253}}
Jul 28 14:16:28.705552 np0000006008 nova-scheduler[96617]: DEBUG cotyledon.oslo_config_glue [-] profiler.connection_string = messaging:// {{(pid=96617) log_opt_values /opt/stack/data/venv/lib/python3.12/site-packages/oslo_config/cfg.py:3253}}
Jul 28 14:16:28.705693 np0000006008 nova-scheduler[96617]: DEBUG cotyledon.oslo_config_glue [-] profiler.enabled = False {{(pid=96617) log_opt_values /opt/stack/data/venv/lib/python3.12/site-packages/oslo_config/cfg.py:3253}}
Jul 28 14:16:28.705693 np0000006008 nova-scheduler[96617]: DEBUG cotyledon.oslo_config_glue [-] profiler.es_doc_type = notification {{(pid=96617) log_opt_values /opt/stack/data/venv/lib/python3.12/site-packages/oslo_config/cfg.py:3253}}
Jul 28 14:16:28.705693 np0000006008 nova-scheduler[96617]: DEBUG cotyledon.oslo_config_glue [-] profiler.es_scroll_size = 10000 {{(pid=96617) log_opt_values /opt/stack/data/venv/lib/python3.12/site-packages/oslo_config/cfg.py:3253}}
Jul 28 14:16:28.705693 np0000006008 nova-scheduler[96617]: DEBUG cotyledon.oslo_config_glue [-] profiler.es_scroll_time = 2m {{(pid=96617) log_opt_values /opt/stack/data/venv/lib/python3.12/site-packages/oslo_config/cfg.py:3253}}
Jul 28 14:16:28.705693 np0000006008 nova-scheduler[96617]: DEBUG cotyledon.oslo_config_glue [-] profiler.filter_error_trace = False {{(pid=96617) log_opt_values /opt/stack/data/venv/lib/python3.12/site-packages/oslo_config/cfg.py:3253}}
Jul 28 14:16:28.705693 np0000006008 nova-scheduler[96617]: DEBUG cotyledon.oslo_config_glue [-] profiler.hmac_keys = **** {{(pid=96617) log_opt_values /opt/stack/data/venv/lib/python3.12/site-packages/oslo_config/cfg.py:3253}}
Jul 28 14:16:28.705693 np0000006008 nova-scheduler[96617]: DEBUG cotyledon.oslo_config_glue [-] profiler.sentinel_service_name = mymaster {{(pid=96617) log_opt_values /opt/stack/data/venv/lib/python3.12/site-packages/oslo_config/cfg.py:3253}}
Jul 28 14:16:28.705693 np0000006008 nova-scheduler[96617]: DEBUG cotyledon.oslo_config_glue [-] profiler.socket_timeout = 0.1 {{(pid=96617) log_opt_values /opt/stack/data/venv/lib/python3.12/site-packages/oslo_config/cfg.py:3253}}
Jul 28 14:16:28.705693 np0000006008 nova-scheduler[96617]: DEBUG cotyledon.oslo_config_glue [-] profiler.trace_requests = False {{(pid=96617) log_opt_values /opt/stack/data/venv/lib/python3.12/site-packages/oslo_config/cfg.py:3253}}
Jul 28 14:16:28.705855 np0000006008 nova-scheduler[96617]: DEBUG cotyledon.oslo_config_glue [-] profiler.trace_sqlalchemy = False {{(pid=96617) log_opt_values /opt/stack/data/venv/lib/python3.12/site-packages/oslo_config/cfg.py:3253}}
Jul 28 14:16:28.705855 np0000006008 nova-scheduler[96617]: DEBUG cotyledon.oslo_config_glue [-] profiler_jaeger.process_tags = {} {{(pid=96617) log_opt_values /opt/stack/data/venv/lib/python3.12/site-packages/oslo_config/cfg.py:3253}}
Jul 28 14:16:28.705855 np0000006008 nova-scheduler[96617]: DEBUG cotyledon.oslo_config_glue [-] profiler_jaeger.service_name_prefix = None {{(pid=96617) log_opt_values /opt/stack/data/venv/lib/python3.12/site-packages/oslo_config/cfg.py:3253}}
Jul 28 14:16:28.705855 np0000006008 nova-scheduler[96617]: DEBUG cotyledon.oslo_config_glue [-] profiler_otlp.service_name_prefix = None {{(pid=96617) log_opt_values /opt/stack/data/venv/lib/python3.12/site-packages/oslo_config/cfg.py:3253}}
Jul 28 14:16:28.705855 np0000006008 nova-scheduler[96617]: DEBUG cotyledon.oslo_config_glue [-] oslo_messaging_rabbit.amqp_auto_delete = False {{(pid=96617) log_opt_values /opt/stack/data/venv/lib/python3.12/site-packages/oslo_config/cfg.py:3253}}
Jul 28 14:16:28.705855 np0000006008 nova-scheduler[96617]: DEBUG cotyledon.oslo_config_glue [-] oslo_messaging_rabbit.amqp_durable_queues = False {{(pid=96617) log_opt_values /opt/stack/data/venv/lib/python3.12/site-packages/oslo_config/cfg.py:3253}}
Jul 28 14:16:28.705855 np0000006008 nova-scheduler[96617]: DEBUG cotyledon.oslo_config_glue [-] oslo_messaging_rabbit.conn_pool_min_size = 2 {{(pid=96617) log_opt_values /opt/stack/data/venv/lib/python3.12/site-packages/oslo_config/cfg.py:3253}}
Jul 28 14:16:28.705855 np0000006008 nova-scheduler[96617]: DEBUG cotyledon.oslo_config_glue [-] oslo_messaging_rabbit.conn_pool_ttl = 1200 {{(pid=96617) log_opt_values /opt/stack/data/venv/lib/python3.12/site-packages/oslo_config/cfg.py:3253}}
Jul 28 14:16:28.705855 np0000006008 nova-scheduler[96617]: DEBUG cotyledon.oslo_config_glue [-] oslo_messaging_rabbit.direct_mandatory_flag = True {{(pid=96617) log_opt_values /opt/stack/data/venv/lib/python3.12/site-packages/oslo_config/cfg.py:3253}}
Jul 28 14:16:28.706027 np0000006008 nova-scheduler[96617]: DEBUG cotyledon.oslo_config_glue [-] oslo_messaging_rabbit.enable_cancel_on_failover = False {{(pid=96617) log_opt_values /opt/stack/data/venv/lib/python3.12/site-packages/oslo_config/cfg.py:3253}}
Jul 28 14:16:28.706027 np0000006008 nova-scheduler[96617]: DEBUG cotyledon.oslo_config_glue [-] oslo_messaging_rabbit.heartbeat_rate = 3 {{(pid=96617) log_opt_values /opt/stack/data/venv/lib/python3.12/site-packages/oslo_config/cfg.py:3253}}
Jul 28 14:16:28.706027 np0000006008 nova-scheduler[96617]: DEBUG cotyledon.oslo_config_glue [-] oslo_messaging_rabbit.heartbeat_timeout_threshold = 60 {{(pid=96617) log_opt_values /opt/stack/data/venv/lib/python3.12/site-packages/oslo_config/cfg.py:3253}}
Jul 28 14:16:28.706027 np0000006008 nova-scheduler[96617]: DEBUG cotyledon.oslo_config_glue [-] oslo_messaging_rabbit.hostname = np0000006008 {{(pid=96617) log_opt_values /opt/stack/data/venv/lib/python3.12/site-packages/oslo_config/cfg.py:3253}}
Jul 28 14:16:28.706027 np0000006008 nova-scheduler[96617]: DEBUG cotyledon.oslo_config_glue [-] oslo_messaging_rabbit.kombu_compression = None {{(pid=96617) log_opt_values /opt/stack/data/venv/lib/python3.12/site-packages/oslo_config/cfg.py:3253}}
Jul 28 14:16:28.706027 np0000006008 nova-scheduler[96617]: DEBUG cotyledon.oslo_config_glue [-] oslo_messaging_rabbit.kombu_failover_strategy = round-robin {{(pid=96617) log_opt_values /opt/stack/data/venv/lib/python3.12/site-packages/oslo_config/cfg.py:3253}}
Jul 28 14:16:28.706164 np0000006008 nova-scheduler[96617]: DEBUG cotyledon.oslo_config_glue [-] oslo_messaging_rabbit.kombu_missing_consumer_retry_timeout = 60 {{(pid=96617) log_opt_values /opt/stack/data/venv/lib/python3.12/site-packages/oslo_config/cfg.py:3253}}
Jul 28 14:16:28.706164 np0000006008 nova-scheduler[96617]: DEBUG cotyledon.oslo_config_glue [-] oslo_messaging_rabbit.kombu_reconnect_delay = 1.0 {{(pid=96617) log_opt_values /opt/stack/data/venv/lib/python3.12/site-packages/oslo_config/cfg.py:3253}}
Jul 28 14:16:28.706220 np0000006008 nova-scheduler[96617]: DEBUG cotyledon.oslo_config_glue [-] oslo_messaging_rabbit.kombu_reconnect_splay = 0.0 {{(pid=96617) log_opt_values /opt/stack/data/venv/lib/python3.12/site-packages/oslo_config/cfg.py:3253}}
Jul 28 14:16:28.706295 np0000006008 nova-scheduler[96617]: DEBUG cotyledon.oslo_config_glue [-] oslo_messaging_rabbit.processname = nova-scheduler {{(pid=96617) log_opt_values /opt/stack/data/venv/lib/python3.12/site-packages/oslo_config/cfg.py:3253}}
Jul 28 14:16:28.706360 np0000006008 nova-scheduler[96617]: DEBUG cotyledon.oslo_config_glue [-] oslo_messaging_rabbit.rabbit_ha_queues = False {{(pid=96617) log_opt_values /opt/stack/data/venv/lib/python3.12/site-packages/oslo_config/cfg.py:3253}}
Jul 28 14:16:28.706427 np0000006008 nova-scheduler[96617]: DEBUG cotyledon.oslo_config_glue [-] oslo_messaging_rabbit.rabbit_interval_max = 30 {{(pid=96617) log_opt_values /opt/stack/data/venv/lib/python3.12/site-packages/oslo_config/cfg.py:3253}}
Jul 28 14:16:28.706495 np0000006008 nova-scheduler[96617]: DEBUG cotyledon.oslo_config_glue [-] oslo_messaging_rabbit.rabbit_login_method = AMQPLAIN {{(pid=96617) log_opt_values /opt/stack/data/venv/lib/python3.12/site-packages/oslo_config/cfg.py:3253}}
Jul 28 14:16:28.706559 np0000006008 nova-scheduler[96617]: DEBUG cotyledon.oslo_config_glue [-] oslo_messaging_rabbit.rabbit_qos_prefetch_count = 0 {{(pid=96617) log_opt_values /opt/stack/data/venv/lib/python3.12/site-packages/oslo_config/cfg.py:3253}}
Jul 28 14:16:28.706616 np0000006008 nova-scheduler[96617]: DEBUG cotyledon.oslo_config_glue [-] oslo_messaging_rabbit.rabbit_quorum_delivery_limit = 0 {{(pid=96617) log_opt_values /opt/stack/data/venv/lib/python3.12/site-packages/oslo_config/cfg.py:3253}}
Jul 28 14:16:28.706684 np0000006008 nova-scheduler[96617]: DEBUG cotyledon.oslo_config_glue [-] oslo_messaging_rabbit.rabbit_quorum_max_memory_bytes = 0 {{(pid=96617) log_opt_values /opt/stack/data/venv/lib/python3.12/site-packages/oslo_config/cfg.py:3253}}
Jul 28 14:16:28.706754 np0000006008 nova-scheduler[96617]: DEBUG cotyledon.oslo_config_glue [-] oslo_messaging_rabbit.rabbit_quorum_max_memory_length = 0 {{(pid=96617) log_opt_values /opt/stack/data/venv/lib/python3.12/site-packages/oslo_config/cfg.py:3253}}
Jul 28 14:16:28.706822 np0000006008 nova-scheduler[96617]: DEBUG cotyledon.oslo_config_glue [-] oslo_messaging_rabbit.rabbit_quorum_queue = False {{(pid=96617) log_opt_values /opt/stack/data/venv/lib/python3.12/site-packages/oslo_config/cfg.py:3253}}
Jul 28 14:16:28.706888 np0000006008 nova-scheduler[96617]: DEBUG cotyledon.oslo_config_glue [-] oslo_messaging_rabbit.rabbit_retry_backoff = 2 {{(pid=96617) log_opt_values /opt/stack/data/venv/lib/python3.12/site-packages/oslo_config/cfg.py:3253}}
Jul 28 14:16:28.706955 np0000006008 nova-scheduler[96617]: DEBUG cotyledon.oslo_config_glue [-] oslo_messaging_rabbit.rabbit_retry_interval = 1 {{(pid=96617) log_opt_values /opt/stack/data/venv/lib/python3.12/site-packages/oslo_config/cfg.py:3253}}
Jul 28 14:16:28.707020 np0000006008 nova-scheduler[96617]: DEBUG cotyledon.oslo_config_glue [-] oslo_messaging_rabbit.rabbit_stream_fanout = False {{(pid=96617) log_opt_values /opt/stack/data/venv/lib/python3.12/site-packages/oslo_config/cfg.py:3253}}
Jul 28 14:16:28.707084 np0000006008 nova-scheduler[96617]: DEBUG cotyledon.oslo_config_glue [-] oslo_messaging_rabbit.rabbit_transient_queues_ttl = 1800 {{(pid=96617) log_opt_values /opt/stack/data/venv/lib/python3.12/site-packages/oslo_config/cfg.py:3253}}
Jul 28 14:16:28.707180 np0000006008 nova-scheduler[96617]: DEBUG cotyledon.oslo_config_glue [-] oslo_messaging_rabbit.rabbit_transient_quorum_queue = False {{(pid=96617) log_opt_values /opt/stack/data/venv/lib/python3.12/site-packages/oslo_config/cfg.py:3253}}
Jul 28 14:16:28.707245 np0000006008 nova-scheduler[96617]: DEBUG cotyledon.oslo_config_glue [-] oslo_messaging_rabbit.rpc_conn_pool_size = 30 {{(pid=96617) log_opt_values /opt/stack/data/venv/lib/python3.12/site-packages/oslo_config/cfg.py:3253}}
Jul 28 14:16:28.707323 np0000006008 nova-scheduler[96617]: DEBUG cotyledon.oslo_config_glue [-] oslo_messaging_rabbit.ssl = False {{(pid=96617) log_opt_values /opt/stack/data/venv/lib/python3.12/site-packages/oslo_config/cfg.py:3253}}
Jul 28 14:16:28.707393 np0000006008 nova-scheduler[96617]: DEBUG cotyledon.oslo_config_glue [-] oslo_messaging_rabbit.ssl_ca_file = {{(pid=96617) log_opt_values /opt/stack/data/venv/lib/python3.12/site-packages/oslo_config/cfg.py:3253}}
Jul 28 14:16:28.707464 np0000006008 nova-scheduler[96617]: DEBUG cotyledon.oslo_config_glue [-] oslo_messaging_rabbit.ssl_cert_file = {{(pid=96617) log_opt_values /opt/stack/data/venv/lib/python3.12/site-packages/oslo_config/cfg.py:3253}}
Jul 28 14:16:28.707530 np0000006008 nova-scheduler[96617]: DEBUG cotyledon.oslo_config_glue [-] oslo_messaging_rabbit.ssl_enforce_fips_mode = False {{(pid=96617) log_opt_values /opt/stack/data/venv/lib/python3.12/site-packages/oslo_config/cfg.py:3253}}
Jul 28 14:16:28.707598 np0000006008 nova-scheduler[96617]: DEBUG cotyledon.oslo_config_glue [-] oslo_messaging_rabbit.ssl_enforce_hostname_verification = True {{(pid=96617) log_opt_values /opt/stack/data/venv/lib/python3.12/site-packages/oslo_config/cfg.py:3253}}
Jul 28 14:16:28.707664 np0000006008 nova-scheduler[96617]: DEBUG cotyledon.oslo_config_glue [-] oslo_messaging_rabbit.ssl_key_file = {{(pid=96617) log_opt_values /opt/stack/data/venv/lib/python3.12/site-packages/oslo_config/cfg.py:3253}}
Jul 28 14:16:28.707726 np0000006008 nova-scheduler[96617]: DEBUG cotyledon.oslo_config_glue [-] oslo_messaging_rabbit.ssl_version = {{(pid=96617) log_opt_values /opt/stack/data/venv/lib/python3.12/site-packages/oslo_config/cfg.py:3253}}
Jul 28 14:16:28.707792 np0000006008 nova-scheduler[96617]: DEBUG cotyledon.oslo_config_glue [-] oslo_messaging_rabbit.use_queue_manager = False {{(pid=96617) log_opt_values /opt/stack/data/venv/lib/python3.12/site-packages/oslo_config/cfg.py:3253}}
Jul 28 14:16:28.707882 np0000006008 nova-scheduler[96617]: DEBUG cotyledon.oslo_config_glue [-] oslo_messaging_notifications.driver = ['messagingv2'] {{(pid=96617) log_opt_values /opt/stack/data/venv/lib/python3.12/site-packages/oslo_config/cfg.py:3253}}
Jul 28 14:16:28.707959 np0000006008 nova-scheduler[96617]: DEBUG cotyledon.oslo_config_glue [-] oslo_messaging_notifications.retry = -1 {{(pid=96617) log_opt_values /opt/stack/data/venv/lib/python3.12/site-packages/oslo_config/cfg.py:3253}}
Jul 28 14:16:28.708033 np0000006008 nova-scheduler[96617]: DEBUG cotyledon.oslo_config_glue [-] oslo_messaging_notifications.topics = ['notifications'] {{(pid=96617) log_opt_values /opt/stack/data/venv/lib/python3.12/site-packages/oslo_config/cfg.py:3253}}
Jul 28 14:16:28.708125 np0000006008 nova-scheduler[96617]: DEBUG cotyledon.oslo_config_glue [-] oslo_messaging_notifications.transport_url = **** {{(pid=96617) log_opt_values /opt/stack/data/venv/lib/python3.12/site-packages/oslo_config/cfg.py:3253}}
Jul 28 14:16:28.708238 np0000006008 nova-scheduler[96617]: DEBUG cotyledon.oslo_config_glue [-] oslo_limit.auth_section = None {{(pid=96617) log_opt_values /opt/stack/data/venv/lib/python3.12/site-packages/oslo_config/cfg.py:3253}}
Jul 28 14:16:28.708307 np0000006008 nova-scheduler[96617]: DEBUG cotyledon.oslo_config_glue [-] oslo_limit.auth_type = None {{(pid=96617) log_opt_values /opt/stack/data/venv/lib/python3.12/site-packages/oslo_config/cfg.py:3253}}
Jul 28 14:16:28.708375 np0000006008 nova-scheduler[96617]: DEBUG cotyledon.oslo_config_glue [-] oslo_limit.cafile = None {{(pid=96617) log_opt_values /opt/stack/data/venv/lib/python3.12/site-packages/oslo_config/cfg.py:3253}}
Jul 28 14:16:28.708444 np0000006008 nova-scheduler[96617]: DEBUG cotyledon.oslo_config_glue [-] oslo_limit.certfile = None {{(pid=96617) log_opt_values /opt/stack/data/venv/lib/python3.12/site-packages/oslo_config/cfg.py:3253}}
Jul 28 14:16:28.708522 np0000006008 nova-scheduler[96617]: DEBUG cotyledon.oslo_config_glue [-] oslo_limit.collect_timing = False {{(pid=96617) log_opt_values /opt/stack/data/venv/lib/python3.12/site-packages/oslo_config/cfg.py:3253}}
Jul 28 14:16:28.708591 np0000006008 nova-scheduler[96617]: DEBUG cotyledon.oslo_config_glue [-] oslo_limit.connect_retries = None {{(pid=96617) log_opt_values /opt/stack/data/venv/lib/python3.12/site-packages/oslo_config/cfg.py:3253}}
Jul 28 14:16:28.708669 np0000006008 nova-scheduler[96617]: DEBUG cotyledon.oslo_config_glue [-] oslo_limit.connect_retry_delay = None {{(pid=96617) log_opt_values /opt/stack/data/venv/lib/python3.12/site-packages/oslo_config/cfg.py:3253}}
Jul 28 14:16:28.708748 np0000006008 nova-scheduler[96617]: DEBUG cotyledon.oslo_config_glue [-] oslo_limit.endpoint_id = None {{(pid=96617) log_opt_values /opt/stack/data/venv/lib/python3.12/site-packages/oslo_config/cfg.py:3253}}
Jul 28 14:16:28.708819 np0000006008 nova-scheduler[96617]: DEBUG cotyledon.oslo_config_glue [-] oslo_limit.endpoint_interface = public {{(pid=96617) log_opt_values /opt/stack/data/venv/lib/python3.12/site-packages/oslo_config/cfg.py:3253}}
Jul 28 14:16:28.708885 np0000006008 nova-scheduler[96617]: DEBUG cotyledon.oslo_config_glue [-] oslo_limit.endpoint_override = None {{(pid=96617) log_opt_values /opt/stack/data/venv/lib/python3.12/site-packages/oslo_config/cfg.py:3253}}
Jul 28 14:16:28.708948 np0000006008 nova-scheduler[96617]: DEBUG cotyledon.oslo_config_glue [-] oslo_limit.endpoint_region_name = None {{(pid=96617) log_opt_values /opt/stack/data/venv/lib/python3.12/site-packages/oslo_config/cfg.py:3253}}
Jul 28 14:16:28.709026 np0000006008 nova-scheduler[96617]: DEBUG cotyledon.oslo_config_glue [-] oslo_limit.endpoint_service_name = None {{(pid=96617) log_opt_values /opt/stack/data/venv/lib/python3.12/site-packages/oslo_config/cfg.py:3253}}
Jul 28 14:16:28.709092 np0000006008 nova-scheduler[96617]: DEBUG cotyledon.oslo_config_glue [-] oslo_limit.endpoint_service_type = None {{(pid=96617) log_opt_values /opt/stack/data/venv/lib/python3.12/site-packages/oslo_config/cfg.py:3253}}
Jul 28 14:16:28.709188 np0000006008 nova-scheduler[96617]: DEBUG cotyledon.oslo_config_glue [-] oslo_limit.insecure = False {{(pid=96617) log_opt_values /opt/stack/data/venv/lib/python3.12/site-packages/oslo_config/cfg.py:3253}}
Jul 28 14:16:28.709267 np0000006008 nova-scheduler[96617]: DEBUG cotyledon.oslo_config_glue [-] oslo_limit.keyfile = None {{(pid=96617) log_opt_values /opt/stack/data/venv/lib/python3.12/site-packages/oslo_config/cfg.py:3253}}
Jul 28 14:16:28.709347 np0000006008 nova-scheduler[96617]: DEBUG cotyledon.oslo_config_glue [-] oslo_limit.max_version = None {{(pid=96617) log_opt_values /opt/stack/data/venv/lib/python3.12/site-packages/oslo_config/cfg.py:3253}}
Jul 28 14:16:28.709418 np0000006008 nova-scheduler[96617]: DEBUG cotyledon.oslo_config_glue [-] oslo_limit.min_version = None {{(pid=96617) log_opt_values /opt/stack/data/venv/lib/python3.12/site-packages/oslo_config/cfg.py:3253}}
Jul 28 14:16:28.709493 np0000006008 nova-scheduler[96617]: DEBUG cotyledon.oslo_config_glue [-] oslo_limit.region_name = None {{(pid=96617) log_opt_values /opt/stack/data/venv/lib/python3.12/site-packages/oslo_config/cfg.py:3253}}
Jul 28 14:16:28.709561 np0000006008 nova-scheduler[96617]: DEBUG cotyledon.oslo_config_glue [-] oslo_limit.retriable_status_codes = None {{(pid=96617) log_opt_values /opt/stack/data/venv/lib/python3.12/site-packages/oslo_config/cfg.py:3253}}
Jul 28 14:16:28.709635 np0000006008 nova-scheduler[96617]: DEBUG cotyledon.oslo_config_glue [-] oslo_limit.service_name = None {{(pid=96617) log_opt_values /opt/stack/data/venv/lib/python3.12/site-packages/oslo_config/cfg.py:3253}}
Jul 28 14:16:28.709701 np0000006008 nova-scheduler[96617]: DEBUG cotyledon.oslo_config_glue [-] oslo_limit.service_type = None {{(pid=96617) log_opt_values /opt/stack/data/venv/lib/python3.12/site-packages/oslo_config/cfg.py:3253}}
Jul 28 14:16:28.709771 np0000006008 nova-scheduler[96617]: DEBUG cotyledon.oslo_config_glue [-] oslo_limit.split_loggers = False {{(pid=96617) log_opt_values /opt/stack/data/venv/lib/python3.12/site-packages/oslo_config/cfg.py:3253}}
Jul 28 14:16:28.709837 np0000006008 nova-scheduler[96617]: DEBUG cotyledon.oslo_config_glue [-] oslo_limit.status_code_retries = None {{(pid=96617) log_opt_values /opt/stack/data/venv/lib/python3.12/site-packages/oslo_config/cfg.py:3253}}
Jul 28 14:16:28.709902 np0000006008 nova-scheduler[96617]: DEBUG cotyledon.oslo_config_glue [-] oslo_limit.status_code_retry_delay = None {{(pid=96617) log_opt_values /opt/stack/data/venv/lib/python3.12/site-packages/oslo_config/cfg.py:3253}}
Jul 28 14:16:28.709978 np0000006008 nova-scheduler[96617]: DEBUG cotyledon.oslo_config_glue [-] oslo_limit.timeout = None {{(pid=96617) log_opt_values /opt/stack/data/venv/lib/python3.12/site-packages/oslo_config/cfg.py:3253}}
Jul 28 14:16:28.710046 np0000006008 nova-scheduler[96617]: DEBUG cotyledon.oslo_config_glue [-] oslo_limit.valid_interfaces = None {{(pid=96617) log_opt_values /opt/stack/data/venv/lib/python3.12/site-packages/oslo_config/cfg.py:3253}}
Jul 28 14:16:28.710127 np0000006008 nova-scheduler[96617]: DEBUG cotyledon.oslo_config_glue [-] oslo_limit.version = None {{(pid=96617) log_opt_values /opt/stack/data/venv/lib/python3.12/site-packages/oslo_config/cfg.py:3253}}
Jul 28 14:16:28.710259 np0000006008 nova-scheduler[96617]: DEBUG cotyledon.oslo_config_glue [-] oslo_reports.file_event_handler = None {{(pid=96617) log_opt_values /opt/stack/data/venv/lib/python3.12/site-packages/oslo_config/cfg.py:3253}}
Jul 28 14:16:28.710337 np0000006008 nova-scheduler[96617]: DEBUG cotyledon.oslo_config_glue [-] oslo_reports.file_event_handler_interval = 1 {{(pid=96617) log_opt_values /opt/stack/data/venv/lib/python3.12/site-packages/oslo_config/cfg.py:3253}}
Jul 28 14:16:28.710406 np0000006008 nova-scheduler[96617]: DEBUG cotyledon.oslo_config_glue [-] oslo_reports.log_dir = None {{(pid=96617) log_opt_values /opt/stack/data/venv/lib/python3.12/site-packages/oslo_config/cfg.py:3253}}
Jul 28 14:16:28.710471 np0000006008 nova-scheduler[96617]: DEBUG cotyledon.oslo_config_glue [-] ******************************************************************************** {{(pid=96617) log_opt_values /opt/stack/data/venv/lib/python3.12/site-packages/oslo_config/cfg.py:3260}}
Jul 28 14:16:28.710660 np0000006008 nova-scheduler[96617]: DEBUG cotyledon._service_worker [-] Run service ServiceWrapper(3) [96617] {{(pid=96617) wait_forever /opt/stack/data/venv/lib/python3.12/site-packages/cotyledon/_service_worker.py:218}}
Jul 28 14:16:28.711807 np0000006008 nova-scheduler[96613]: DEBUG oslo_db.sqlalchemy.engines [None req-afbe9525-3102-4ac6-b03b-3933c902750b None None] MySQL server mode set to STRICT_TRANS_TABLES,STRICT_ALL_TABLES,NO_ZERO_IN_DATE,NO_ZERO_DATE,ERROR_FOR_DIVISION_BY_ZERO,TRADITIONAL,NO_ENGINE_SUBSTITUTION {{(pid=96613) _check_effective_sql_mode /opt/stack/data/venv/lib/python3.12/site-packages/oslo_db/sqlalchemy/engines.py:325}}
Jul 28 14:16:28.711939 np0000006008 nova-scheduler[96617]: INFO nova.service [-] Starting scheduler node (version 33.1.0)
Jul 28 14:16:28.715027 np0000006008 nova-scheduler[96611]: DEBUG oslo_db.sqlalchemy.engines [None req-4a5951f2-0c06-47a2-b008-d19e03046fac None None] MySQL server mode set to STRICT_TRANS_TABLES,STRICT_ALL_TABLES,NO_ZERO_IN_DATE,NO_ZERO_DATE,ERROR_FOR_DIVISION_BY_ZERO,TRADITIONAL,NO_ENGINE_SUBSTITUTION {{(pid=96611) _check_effective_sql_mode /opt/stack/data/venv/lib/python3.12/site-packages/oslo_db/sqlalchemy/engines.py:325}}
Jul 28 14:16:28.718700 np0000006008 nova-scheduler[96617]: INFO dbcounter [None req-0e40a662-fa38-489e-8dda-39382261e916 None None] Registered counter for database nova_cell0
Jul 28 14:16:28.727151 np0000006008 nova-scheduler[96613]: DEBUG dbcounter [-] [96613] Writer thread running {{(pid=96613) stat_writer /opt/stack/data/venv/lib/python3.12/site-packages/dbcounter.py:102}}
Jul 28 14:16:28.727253 np0000006008 nova-scheduler[96611]: DEBUG dbcounter [-] [96611] Writer thread running {{(pid=96611) stat_writer /opt/stack/data/venv/lib/python3.12/site-packages/dbcounter.py:102}}
Jul 28 14:16:28.747818 np0000006008 nova-scheduler[96615]: DEBUG oslo_db.sqlalchemy.engines [None req-7b313df4-9848-4e52-a56f-50be9901119a None None] MySQL server mode set to STRICT_TRANS_TABLES,STRICT_ALL_TABLES,NO_ZERO_IN_DATE,NO_ZERO_DATE,ERROR_FOR_DIVISION_BY_ZERO,TRADITIONAL,NO_ENGINE_SUBSTITUTION {{(pid=96615) _check_effective_sql_mode /opt/stack/data/venv/lib/python3.12/site-packages/oslo_db/sqlalchemy/engines.py:325}}
Jul 28 14:16:28.750128 np0000006008 nova-scheduler[96613]: DEBUG nova.service [None req-afbe9525-3102-4ac6-b03b-3933c902750b None None] Creating RPC server for service: nova-scheduler on topic: scheduler {{(pid=96613) start /opt/stack/nova/nova/service.py:196}}
Jul 28 14:16:28.756214 np0000006008 nova-scheduler[96611]: DEBUG nova.service [None req-4a5951f2-0c06-47a2-b008-d19e03046fac None None] Creating RPC server for service: nova-scheduler on topic: scheduler {{(pid=96611) start /opt/stack/nova/nova/service.py:196}}
Jul 28 14:16:28.760267 np0000006008 nova-scheduler[96615]: DEBUG dbcounter [-] [96615] Writer thread running {{(pid=96615) stat_writer /opt/stack/data/venv/lib/python3.12/site-packages/dbcounter.py:102}}
Jul 28 14:16:28.765337 np0000006008 nova-scheduler[96615]: DEBUG nova.service [None req-7b313df4-9848-4e52-a56f-50be9901119a None None] Creating RPC server for service: nova-scheduler on topic: scheduler {{(pid=96615) start /opt/stack/nova/nova/service.py:196}}
Jul 28 14:16:28.766354 np0000006008 nova-scheduler[96617]: DEBUG oslo_db.sqlalchemy.engines [None req-0e40a662-fa38-489e-8dda-39382261e916 None None] MySQL server mode set to STRICT_TRANS_TABLES,STRICT_ALL_TABLES,NO_ZERO_IN_DATE,NO_ZERO_DATE,ERROR_FOR_DIVISION_BY_ZERO,TRADITIONAL,NO_ENGINE_SUBSTITUTION {{(pid=96617) _check_effective_sql_mode /opt/stack/data/venv/lib/python3.12/site-packages/oslo_db/sqlalchemy/engines.py:325}}
Jul 28 14:16:28.777433 np0000006008 nova-scheduler[96617]: DEBUG dbcounter [-] [96617] Writer thread running {{(pid=96617) stat_writer /opt/stack/data/venv/lib/python3.12/site-packages/dbcounter.py:102}}
Jul 28 14:16:28.781018 np0000006008 nova-scheduler[96617]: DEBUG nova.service [None req-0e40a662-fa38-489e-8dda-39382261e916 None None] Creating RPC server for service: nova-scheduler on topic: scheduler {{(pid=96617) start /opt/stack/nova/nova/service.py:196}}
Jul 28 14:16:28.782933 np0000006008 nova-scheduler[96611]: DEBUG nova.service [None req-4a5951f2-0c06-47a2-b008-d19e03046fac None None] Join ServiceGroup membership for this service scheduler {{(pid=96611) start /opt/stack/nova/nova/service.py:222}}
Jul 28 14:16:28.783322 np0000006008 nova-scheduler[96611]: DEBUG nova.servicegroup.drivers.db [None req-4a5951f2-0c06-47a2-b008-d19e03046fac None None] DB_Driver: join new ServiceGroup member np0000006008 to the scheduler group, service = {{(pid=96611) join /opt/stack/nova/nova/servicegroup/drivers/db.py:44}}
Jul 28 14:16:28.783636 np0000006008 nova-scheduler[96613]: DEBUG nova.service [None req-afbe9525-3102-4ac6-b03b-3933c902750b None None] Join ServiceGroup membership for this service scheduler {{(pid=96613) start /opt/stack/nova/nova/service.py:222}}
Jul 28 14:16:28.783852 np0000006008 nova-scheduler[96613]: DEBUG nova.servicegroup.drivers.db [None req-afbe9525-3102-4ac6-b03b-3933c902750b None None] DB_Driver: join new ServiceGroup member np0000006008 to the scheduler group, service = {{(pid=96613) join /opt/stack/nova/nova/servicegroup/drivers/db.py:44}}
Jul 28 14:16:28.784664 np0000006008 nova-scheduler[96615]: DEBUG nova.service [None req-7b313df4-9848-4e52-a56f-50be9901119a None None] Join ServiceGroup membership for this service scheduler {{(pid=96615) start /opt/stack/nova/nova/service.py:222}}
Jul 28 14:16:28.784794 np0000006008 nova-scheduler[96615]: DEBUG nova.servicegroup.drivers.db [None req-7b313df4-9848-4e52-a56f-50be9901119a None None] DB_Driver: join new ServiceGroup member np0000006008 to the scheduler group, service = {{(pid=96615) join /opt/stack/nova/nova/servicegroup/drivers/db.py:44}}
Jul 28 14:16:28.797268 np0000006008 nova-scheduler[96617]: DEBUG nova.service [None req-0e40a662-fa38-489e-8dda-39382261e916 None None] Join ServiceGroup membership for this service scheduler {{(pid=96617) start /opt/stack/nova/nova/service.py:222}}
Jul 28 14:16:28.797454 np0000006008 nova-scheduler[96617]: DEBUG nova.servicegroup.drivers.db [None req-0e40a662-fa38-489e-8dda-39382261e916 None None] DB_Driver: join new ServiceGroup member np0000006008 to the scheduler group, service = {{(pid=96617) join /opt/stack/nova/nova/servicegroup/drivers/db.py:44}}
Jul 28 14:16:33.798212 np0000006008 nova-scheduler[96611]: DEBUG oslo.service.backend._threading.loopingcall [-] Fixed interval looping call 'nova.servicegroup.drivers.db.DbDriver._report_state' sleeping for 119.99 seconds {{(pid=96611) _run_loop /opt/stack/data/venv/lib/python3.12/site-packages/oslo_service/backend/_threading/loopingcall.py:125}}
Jul 28 14:16:33.799029 np0000006008 nova-scheduler[96613]: DEBUG oslo.service.backend._threading.loopingcall [-] Fixed interval looping call 'nova.servicegroup.drivers.db.DbDriver._report_state' sleeping for 119.99 seconds {{(pid=96613) _run_loop /opt/stack/data/venv/lib/python3.12/site-packages/oslo_service/backend/_threading/loopingcall.py:125}}
Jul 28 14:16:33.799654 np0000006008 nova-scheduler[96615]: DEBUG oslo.service.backend._threading.loopingcall [-] Fixed interval looping call 'nova.servicegroup.drivers.db.DbDriver._report_state' sleeping for 119.99 seconds {{(pid=96615) _run_loop /opt/stack/data/venv/lib/python3.12/site-packages/oslo_service/backend/_threading/loopingcall.py:125}}
Jul 28 14:16:33.807954 np0000006008 nova-scheduler[96617]: DEBUG oslo.service.backend._threading.loopingcall [-] Fixed interval looping call 'nova.servicegroup.drivers.db.DbDriver._report_state' sleeping for 119.99 seconds {{(pid=96617) _run_loop /opt/stack/data/venv/lib/python3.12/site-packages/oslo_service/backend/_threading/loopingcall.py:125}}
Jul 28 14:16:37.293073 np0000006008 nova-scheduler[95418]: DEBUG dbcounter [-] [95418] Writing DB stats nova_api:SELECT=3 {{(pid=95418) stat_writer /opt/stack/data/venv/lib/python3.12/site-packages/dbcounter.py:115}}
Jul 28 14:16:37.430295 np0000006008 nova-scheduler[95418]: DEBUG dbcounter [-] [95418] Writing DB stats nova_cell1:SELECT=1 {{(pid=95418) stat_writer /opt/stack/data/venv/lib/python3.12/site-packages/dbcounter.py:115}}
Jul 28 14:16:37.434891 np0000006008 nova-scheduler[95418]: DEBUG dbcounter [-] [95418] Writing DB stats nova_cell0:SELECT=1 {{(pid=95418) stat_writer /opt/stack/data/venv/lib/python3.12/site-packages/dbcounter.py:115}}
Jul 28 14:16:43.794099 np0000006008 nova-scheduler[96611]: DEBUG dbcounter [-] [96611] Writing DB stats nova_cell0:SELECT=5,nova_cell0:INSERT=1,nova_cell0:UPDATE=1 {{(pid=96611) stat_writer /opt/stack/data/venv/lib/python3.12/site-packages/dbcounter.py:115}}
Jul 28 14:16:43.794677 np0000006008 nova-scheduler[96613]: DEBUG dbcounter [-] [96613] Writing DB stats nova_cell0:SELECT=4,nova_cell0:INSERT=1,nova_cell0:UPDATE=1 {{(pid=96613) stat_writer /opt/stack/data/venv/lib/python3.12/site-packages/dbcounter.py:115}}
Jul 28 14:16:43.800405 np0000006008 nova-scheduler[96615]: DEBUG dbcounter [-] [96615] Writing DB stats nova_cell0:SELECT=3,nova_cell0:UPDATE=1 {{(pid=96615) stat_writer /opt/stack/data/venv/lib/python3.12/site-packages/dbcounter.py:115}}
Jul 28 14:16:43.805350 np0000006008 nova-scheduler[96617]: DEBUG dbcounter [-] [96617] Writing DB stats nova_cell0:SELECT=3 {{(pid=96617) stat_writer /opt/stack/data/venv/lib/python3.12/site-packages/dbcounter.py:115}}
Jul 28 14:16:44.799316 np0000006008 nova-scheduler[96617]: DEBUG oslo.service.backend._threading.loopingcall [None req-0bf31fb6-a9b7-4c97-957b-21edcde7b9cc None None] Dynamic interval looping call 'nova.service.Service.periodic_tasks' sleeping for 60.00 seconds {{(pid=96617) _run_loop /opt/stack/data/venv/lib/python3.12/site-packages/oslo_service/backend/_threading/loopingcall.py:125}}
Jul 28 14:17:08.785605 np0000006008 nova-scheduler[96613]: DEBUG oslo.service.backend._threading.loopingcall [None req-404ab3f3-4082-47f6-a123-b63033c2843c None None] Dynamic interval looping call 'nova.service.Service.periodic_tasks' sleeping for 60.00 seconds {{(pid=96613) _run_loop /opt/stack/data/venv/lib/python3.12/site-packages/oslo_service/backend/_threading/loopingcall.py:125}}
Jul 28 14:17:21.785960 np0000006008 nova-scheduler[96611]: DEBUG oslo.service.backend._threading.loopingcall [None req-83d32b2d-2c68-41eb-af18-65eb8befdbd9 None None] Dynamic interval looping call 'nova.service.Service.periodic_tasks' sleeping for 60.00 seconds {{(pid=96611) _run_loop /opt/stack/data/venv/lib/python3.12/site-packages/oslo_service/backend/_threading/loopingcall.py:125}}
Jul 28 14:17:26.787456 np0000006008 nova-scheduler[96615]: DEBUG oslo.service.backend._threading.loopingcall [None req-67cc5f63-cd0a-4950-b0c0-fdac4089d4ed None None] Dynamic interval looping call 'nova.service.Service.periodic_tasks' sleeping for 60.00 seconds {{(pid=96615) _run_loop /opt/stack/data/venv/lib/python3.12/site-packages/oslo_service/backend/_threading/loopingcall.py:125}}
Jul 28 14:17:44.799865 np0000006008 nova-scheduler[96617]: DEBUG oslo.service.backend._threading.loopingcall [None req-0bf31fb6-a9b7-4c97-957b-21edcde7b9cc None None] Dynamic interval looping call 'nova.service.Service.periodic_tasks' sleeping for 60.00 seconds {{(pid=96617) _run_loop /opt/stack/data/venv/lib/python3.12/site-packages/oslo_service/backend/_threading/loopingcall.py:125}}
Jul 28 14:18:08.786243 np0000006008 nova-scheduler[96613]: DEBUG oslo.service.backend._threading.loopingcall [None req-404ab3f3-4082-47f6-a123-b63033c2843c None None] Dynamic interval looping call 'nova.service.Service.periodic_tasks' sleeping for 60.00 seconds {{(pid=96613) _run_loop /opt/stack/data/venv/lib/python3.12/site-packages/oslo_service/backend/_threading/loopingcall.py:125}}
Jul 28 14:18:21.786476 np0000006008 nova-scheduler[96611]: DEBUG oslo.service.backend._threading.loopingcall [None req-83d32b2d-2c68-41eb-af18-65eb8befdbd9 None None] Dynamic interval looping call 'nova.service.Service.periodic_tasks' sleeping for 60.00 seconds {{(pid=96611) _run_loop /opt/stack/data/venv/lib/python3.12/site-packages/oslo_service/backend/_threading/loopingcall.py:125}}
Jul 28 14:18:26.787786 np0000006008 nova-scheduler[96615]: DEBUG oslo.service.backend._threading.loopingcall [None req-67cc5f63-cd0a-4950-b0c0-fdac4089d4ed None None] Dynamic interval looping call 'nova.service.Service.periodic_tasks' sleeping for 60.00 seconds {{(pid=96615) _run_loop /opt/stack/data/venv/lib/python3.12/site-packages/oslo_service/backend/_threading/loopingcall.py:125}}
Jul 28 14:18:33.796319 np0000006008 nova-scheduler[96611]: DEBUG oslo.service.backend._threading.loopingcall [-] Fixed interval looping call 'nova.servicegroup.drivers.db.DbDriver._report_state' sleeping for 119.99 seconds {{(pid=96611) _run_loop /opt/stack/data/venv/lib/python3.12/site-packages/oslo_service/backend/_threading/loopingcall.py:125}}
Jul 28 14:18:33.796703 np0000006008 nova-scheduler[96613]: DEBUG oslo.service.backend._threading.loopingcall [-] Fixed interval looping call 'nova.servicegroup.drivers.db.DbDriver._report_state' sleeping for 119.99 seconds {{(pid=96613) _run_loop /opt/stack/data/venv/lib/python3.12/site-packages/oslo_service/backend/_threading/loopingcall.py:125}}
Jul 28 14:18:33.797025 np0000006008 nova-scheduler[96615]: DEBUG oslo.service.backend._threading.loopingcall [-] Fixed interval looping call 'nova.servicegroup.drivers.db.DbDriver._report_state' sleeping for 119.99 seconds {{(pid=96615) _run_loop /opt/stack/data/venv/lib/python3.12/site-packages/oslo_service/backend/_threading/loopingcall.py:125}}
Jul 28 14:18:33.802230 np0000006008 nova-scheduler[96617]: DEBUG oslo.service.backend._threading.loopingcall [-] Fixed interval looping call 'nova.servicegroup.drivers.db.DbDriver._report_state' sleeping for 120.00 seconds {{(pid=96617) _run_loop /opt/stack/data/venv/lib/python3.12/site-packages/oslo_service/backend/_threading/loopingcall.py:125}}
Jul 28 14:18:43.792450 np0000006008 nova-scheduler[96613]: DEBUG dbcounter [-] [96613] Writing DB stats nova_cell0:SELECT=1,nova_cell0:UPDATE=1 {{(pid=96613) stat_writer /opt/stack/data/venv/lib/python3.12/site-packages/dbcounter.py:115}}
Jul 28 14:18:43.792802 np0000006008 nova-scheduler[96611]: DEBUG dbcounter [-] [96611] Writing DB stats nova_cell0:SELECT=1,nova_cell0:UPDATE=1 {{(pid=96611) stat_writer /opt/stack/data/venv/lib/python3.12/site-packages/dbcounter.py:115}}
Jul 28 14:18:43.793016 np0000006008 nova-scheduler[96615]: DEBUG dbcounter [-] [96615] Writing DB stats nova_cell0:SELECT=1,nova_cell0:UPDATE=1 {{(pid=96615) stat_writer /opt/stack/data/venv/lib/python3.12/site-packages/dbcounter.py:115}}
Jul 28 14:18:43.800419 np0000006008 nova-scheduler[96617]: DEBUG dbcounter [-] [96617] Writing DB stats nova_cell0:SELECT=1 {{(pid=96617) stat_writer /opt/stack/data/venv/lib/python3.12/site-packages/dbcounter.py:115}}
Jul 28 14:18:44.800382 np0000006008 nova-scheduler[96617]: DEBUG oslo.service.backend._threading.loopingcall [None req-0bf31fb6-a9b7-4c97-957b-21edcde7b9cc None None] Dynamic interval looping call 'nova.service.Service.periodic_tasks' sleeping for 60.00 seconds {{(pid=96617) _run_loop /opt/stack/data/venv/lib/python3.12/site-packages/oslo_service/backend/_threading/loopingcall.py:125}}
Jul 28 14:18:50.791446 np0000006008 nova-scheduler[96611]: DEBUG nova.scheduler.manager [None req-0453e0b3-8854-47d1-afa9-0bbbd90941e5 tempest-ServersNegativeTestJSON-1971121261 tempest-ServersNegativeTestJSON-1971121261-project-member] Starting to schedule for instances: ['9b13a5fc-d285-43dc-994f-e0dbbf552796'] {{(pid=96611) select_destinations /opt/stack/nova/nova/scheduler/manager.py:209}}
Jul 28 14:18:50.792249 np0000006008 nova-scheduler[96611]: DEBUG nova.scheduler.request_filter [None req-0453e0b3-8854-47d1-afa9-0bbbd90941e5 tempest-ServersNegativeTestJSON-1971121261 tempest-ServersNegativeTestJSON-1971121261-project-member] compute_status_filter request filter added forbidden trait COMPUTE_STATUS_DISABLED {{(pid=96611) compute_status_filter /opt/stack/nova/nova/scheduler/request_filter.py:253}}
Jul 28 14:18:50.792316 np0000006008 nova-scheduler[96611]: DEBUG nova.scheduler.request_filter [None req-0453e0b3-8854-47d1-afa9-0bbbd90941e5 tempest-ServersNegativeTestJSON-1971121261 tempest-ServersNegativeTestJSON-1971121261-project-member] Request filter 'compute_status_filter' took 0.0 seconds {{(pid=96611) wrapper /opt/stack/nova/nova/scheduler/request_filter.py:46}}
Jul 28 14:18:50.792640 np0000006008 nova-scheduler[96611]: DEBUG nova.scheduler.request_filter [None req-0453e0b3-8854-47d1-afa9-0bbbd90941e5 tempest-ServersNegativeTestJSON-1971121261 tempest-ServersNegativeTestJSON-1971121261-project-member] Request filter 'accelerators_filter' took 0.0 seconds {{(pid=96611) wrapper /opt/stack/nova/nova/scheduler/request_filter.py:46}}
Jul 28 14:18:50.792902 np0000006008 nova-scheduler[96611]: DEBUG nova.scheduler.request_filter [None req-0453e0b3-8854-47d1-afa9-0bbbd90941e5 tempest-ServersNegativeTestJSON-1971121261 tempest-ServersNegativeTestJSON-1971121261-project-member] Request filter 'packed_virtqueue_filter' took 0.0 seconds {{(pid=96611) wrapper /opt/stack/nova/nova/scheduler/request_filter.py:46}}
Jul 28 14:18:50.793198 np0000006008 nova-scheduler[96611]: DEBUG nova.scheduler.request_filter [None req-0453e0b3-8854-47d1-afa9-0bbbd90941e5 tempest-ServersNegativeTestJSON-1971121261 tempest-ServersNegativeTestJSON-1971121261-project-member] Request filter 'remote_managed_ports_filter' took 0.0 seconds {{(pid=96611) wrapper /opt/stack/nova/nova/scheduler/request_filter.py:46}}
Jul 28 14:18:50.793425 np0000006008 nova-scheduler[96611]: DEBUG nova.scheduler.request_filter [None req-0453e0b3-8854-47d1-afa9-0bbbd90941e5 tempest-ServersNegativeTestJSON-1971121261 tempest-ServersNegativeTestJSON-1971121261-project-member] ephemeral_encryption_filter skipped {{(pid=96611) ephemeral_encryption_filter /opt/stack/nova/nova/scheduler/request_filter.py:426}}
Jul 28 14:18:50.793805 np0000006008 nova-scheduler[96611]: DEBUG nova.scheduler.request_filter [None req-0453e0b3-8854-47d1-afa9-0bbbd90941e5 tempest-ServersNegativeTestJSON-1971121261 tempest-ServersNegativeTestJSON-1971121261-project-member] virtio_sound_filter skipped {{(pid=96611) virtio_sound_filter /opt/stack/nova/nova/scheduler/request_filter.py:460}}
Jul 28 14:18:50.794009 np0000006008 nova-scheduler[96611]: DEBUG nova.scheduler.request_filter [None req-0453e0b3-8854-47d1-afa9-0bbbd90941e5 tempest-ServersNegativeTestJSON-1971121261 tempest-ServersNegativeTestJSON-1971121261-project-member] tpm_secret_security_filter skipped {{(pid=96611) tpm_secret_security_filter /opt/stack/nova/nova/scheduler/request_filter.py:477}}
Jul 28 14:18:51.432403 np0000006008 nova-scheduler[96611]: INFO nova.utils [None req-0453e0b3-8854-47d1-afa9-0bbbd90941e5 tempest-ServersNegativeTestJSON-1971121261 tempest-ServersNegativeTestJSON-1971121261-project-member] The cell worker thread pool ForkProcess-1.cell_worker is initialized
Jul 28 14:18:51.432767 np0000006008 nova-scheduler[96611]: DEBUG oslo_concurrency.lockutils [None req-0453e0b3-8854-47d1-afa9-0bbbd90941e5 tempest-ServersNegativeTestJSON-1971121261 tempest-ServersNegativeTestJSON-1971121261-project-member] Acquiring lock "8b08add0-fad8-45c9-9126-f29ae4e2b750" by "nova.context.set_target_cell..get_or_set_cached_cell_and_set_connections" {{(pid=96611) inner /opt/stack/data/venv/lib/python3.12/site-packages/oslo_concurrency/lockutils.py:512}}
Jul 28 14:18:51.432983 np0000006008 nova-scheduler[96611]: DEBUG oslo_concurrency.lockutils [None req-0453e0b3-8854-47d1-afa9-0bbbd90941e5 tempest-ServersNegativeTestJSON-1971121261 tempest-ServersNegativeTestJSON-1971121261-project-member] Lock "8b08add0-fad8-45c9-9126-f29ae4e2b750" acquired by "nova.context.set_target_cell..get_or_set_cached_cell_and_set_connections" :: waited 0.000s {{(pid=96611) inner /opt/stack/data/venv/lib/python3.12/site-packages/oslo_concurrency/lockutils.py:525}}
Jul 28 14:18:51.434228 np0000006008 nova-scheduler[96611]: DEBUG oslo_concurrency.lockutils [None req-0453e0b3-8854-47d1-afa9-0bbbd90941e5 tempest-ServersNegativeTestJSON-1971121261 tempest-ServersNegativeTestJSON-1971121261-project-member] Lock "8b08add0-fad8-45c9-9126-f29ae4e2b750" "released" by "nova.context.set_target_cell..get_or_set_cached_cell_and_set_connections" :: held 0.001s {{(pid=96611) inner /opt/stack/data/venv/lib/python3.12/site-packages/oslo_concurrency/lockutils.py:544}}
Jul 28 14:18:51.440514 np0000006008 nova-scheduler[96611]: INFO dbcounter [None req-0453e0b3-8854-47d1-afa9-0bbbd90941e5 tempest-ServersNegativeTestJSON-1971121261 tempest-ServersNegativeTestJSON-1971121261-project-member] Registered counter for database nova_cell1
Jul 28 14:18:51.479390 np0000006008 nova-scheduler[96611]: DEBUG oslo_db.sqlalchemy.engines [None req-0453e0b3-8854-47d1-afa9-0bbbd90941e5 tempest-ServersNegativeTestJSON-1971121261 tempest-ServersNegativeTestJSON-1971121261-project-member] MySQL server mode set to STRICT_TRANS_TABLES,STRICT_ALL_TABLES,NO_ZERO_IN_DATE,NO_ZERO_DATE,ERROR_FOR_DIVISION_BY_ZERO,TRADITIONAL,NO_ENGINE_SUBSTITUTION {{(pid=96611) _check_effective_sql_mode /opt/stack/data/venv/lib/python3.12/site-packages/oslo_db/sqlalchemy/engines.py:325}}
Jul 28 14:18:51.485628 np0000006008 nova-scheduler[96611]: DEBUG dbcounter [-] [96611] Writer thread running {{(pid=96611) stat_writer /opt/stack/data/venv/lib/python3.12/site-packages/dbcounter.py:102}}
Jul 28 14:18:51.498009 np0000006008 nova-scheduler[96611]: DEBUG oslo_db.sqlalchemy.engines [None req-0453e0b3-8854-47d1-afa9-0bbbd90941e5 tempest-ServersNegativeTestJSON-1971121261 tempest-ServersNegativeTestJSON-1971121261-project-member] Parent process 95418 forked (96611) with an open database connection, which is being discarded and recreated. {{(pid=96611) checkout /opt/stack/data/venv/lib/python3.12/site-packages/oslo_db/sqlalchemy/engines.py:402}}
Jul 28 14:18:51.545363 np0000006008 nova-scheduler[96611]: DEBUG dbcounter [-] [96611] Writer thread running {{(pid=96611) stat_writer /opt/stack/data/venv/lib/python3.12/site-packages/dbcounter.py:102}}
Jul 28 14:18:51.548968 np0000006008 nova-scheduler[96611]: DEBUG oslo_concurrency.lockutils [None req-0453e0b3-8854-47d1-afa9-0bbbd90941e5 tempest-ServersNegativeTestJSON-1971121261 tempest-ServersNegativeTestJSON-1971121261-project-member] Acquiring lock "8b08add0-fad8-45c9-9126-f29ae4e2b750" by "nova.context.set_target_cell..get_or_set_cached_cell_and_set_connections" {{(pid=96611) inner /opt/stack/data/venv/lib/python3.12/site-packages/oslo_concurrency/lockutils.py:512}}
