Jul 19 02:11:28.885183 np0000005417 nova-conductor[99027]: DEBUG cotyledon.oslo_config_glue [-] workarounds.disable_deep_image_inspection = False {{(pid=99027) log_opt_values /opt/stack/data/venv/lib/python3.12/site-packages/oslo_config/cfg.py:3253}}
Jul 19 02:11:28.885183 np0000005417 nova-conductor[99027]: DEBUG cotyledon.oslo_config_glue [-] workarounds.disable_fallback_pcpu_query = False {{(pid=99027) log_opt_values /opt/stack/data/venv/lib/python3.12/site-packages/oslo_config/cfg.py:3253}}
Jul 19 02:11:28.885183 np0000005417 nova-conductor[99027]: DEBUG cotyledon.oslo_config_glue [-] workarounds.disable_group_policy_check_upcall = False {{(pid=99027) log_opt_values /opt/stack/data/venv/lib/python3.12/site-packages/oslo_config/cfg.py:3253}}
Jul 19 02:11:28.885183 np0000005417 nova-conductor[99027]: DEBUG cotyledon.oslo_config_glue [-] workarounds.disable_libvirt_livesnapshot = False {{(pid=99027) log_opt_values /opt/stack/data/venv/lib/python3.12/site-packages/oslo_config/cfg.py:3253}}
Jul 19 02:11:28.885376 np0000005417 nova-conductor[99027]: DEBUG cotyledon.oslo_config_glue [-] workarounds.disable_rootwrap = False {{(pid=99027) log_opt_values /opt/stack/data/venv/lib/python3.12/site-packages/oslo_config/cfg.py:3253}}
Jul 19 02:11:28.885376 np0000005417 nova-conductor[99027]: DEBUG cotyledon.oslo_config_glue [-] workarounds.enable_numa_live_migration = False {{(pid=99027) log_opt_values /opt/stack/data/venv/lib/python3.12/site-packages/oslo_config/cfg.py:3253}}
Jul 19 02:11:28.885376 np0000005417 nova-conductor[99027]: DEBUG cotyledon.oslo_config_glue [-] workarounds.enable_qemu_monitor_announce_self = False {{(pid=99027) log_opt_values /opt/stack/data/venv/lib/python3.12/site-packages/oslo_config/cfg.py:3253}}
Jul 19 02:11:28.885376 np0000005417 nova-conductor[99027]: DEBUG cotyledon.oslo_config_glue [-] workarounds.ensure_libvirt_rbd_instance_dir_cleanup = False {{(pid=99027) log_opt_values /opt/stack/data/venv/lib/python3.12/site-packages/oslo_config/cfg.py:3253}}
Jul 19 02:11:28.885376 np0000005417 nova-conductor[99027]: DEBUG cotyledon.oslo_config_glue [-] workarounds.handle_virt_lifecycle_events = True {{(pid=99027) log_opt_values /opt/stack/data/venv/lib/python3.12/site-packages/oslo_config/cfg.py:3253}}
Jul 19 02:11:28.885376 np0000005417 nova-conductor[99027]: DEBUG cotyledon.oslo_config_glue [-] workarounds.libvirt_disable_apic = False {{(pid=99027) log_opt_values /opt/stack/data/venv/lib/python3.12/site-packages/oslo_config/cfg.py:3253}}
Jul 19 02:11:28.885376 np0000005417 nova-conductor[99027]: DEBUG cotyledon.oslo_config_glue [-] workarounds.never_download_image_if_on_rbd = False {{(pid=99027) log_opt_values /opt/stack/data/venv/lib/python3.12/site-packages/oslo_config/cfg.py:3253}}
Jul 19 02:11:28.885376 np0000005417 nova-conductor[99027]: DEBUG cotyledon.oslo_config_glue [-] workarounds.qemu_monitor_announce_self_count = 3 {{(pid=99027) log_opt_values /opt/stack/data/venv/lib/python3.12/site-packages/oslo_config/cfg.py:3253}}
Jul 19 02:11:28.885376 np0000005417 nova-conductor[99027]: DEBUG cotyledon.oslo_config_glue [-] workarounds.qemu_monitor_announce_self_interval = 1 {{(pid=99027) log_opt_values /opt/stack/data/venv/lib/python3.12/site-packages/oslo_config/cfg.py:3253}}
Jul 19 02:11:28.885630 np0000005417 nova-conductor[99027]: DEBUG cotyledon.oslo_config_glue [-] workarounds.reserve_disk_resource_for_image_cache = False {{(pid=99027) log_opt_values /opt/stack/data/venv/lib/python3.12/site-packages/oslo_config/cfg.py:3253}}
Jul 19 02:11:28.885630 np0000005417 nova-conductor[99027]: DEBUG cotyledon.oslo_config_glue [-] workarounds.skip_cpu_compare_at_startup = False {{(pid=99027) log_opt_values /opt/stack/data/venv/lib/python3.12/site-packages/oslo_config/cfg.py:3253}}
Jul 19 02:11:28.885630 np0000005417 nova-conductor[99027]: DEBUG cotyledon.oslo_config_glue [-] workarounds.skip_cpu_compare_on_dest = False {{(pid=99027) log_opt_values /opt/stack/data/venv/lib/python3.12/site-packages/oslo_config/cfg.py:3253}}
Jul 19 02:11:28.885630 np0000005417 nova-conductor[99027]: DEBUG cotyledon.oslo_config_glue [-] workarounds.skip_hypervisor_version_check_on_lm = False {{(pid=99027) log_opt_values /opt/stack/data/venv/lib/python3.12/site-packages/oslo_config/cfg.py:3253}}
Jul 19 02:11:28.885630 np0000005417 nova-conductor[99027]: DEBUG cotyledon.oslo_config_glue [-] workarounds.skip_reserve_in_use_ironic_nodes = False {{(pid=99027) log_opt_values /opt/stack/data/venv/lib/python3.12/site-packages/oslo_config/cfg.py:3253}}
Jul 19 02:11:28.885630 np0000005417 nova-conductor[99027]: DEBUG cotyledon.oslo_config_glue [-] workarounds.unified_limits_count_pcpu_as_vcpu = False {{(pid=99027) log_opt_values /opt/stack/data/venv/lib/python3.12/site-packages/oslo_config/cfg.py:3253}}
Jul 19 02:11:28.885630 np0000005417 nova-conductor[99027]: DEBUG cotyledon.oslo_config_glue [-] workarounds.wait_for_vif_plugged_event_during_hard_reboot = [] {{(pid=99027) log_opt_values /opt/stack/data/venv/lib/python3.12/site-packages/oslo_config/cfg.py:3253}}
Jul 19 02:11:28.885630 np0000005417 nova-conductor[99027]: DEBUG cotyledon.oslo_config_glue [-] wsgi.api_paste_config = /etc/nova/api-paste.ini {{(pid=99027) log_opt_values /opt/stack/data/venv/lib/python3.12/site-packages/oslo_config/cfg.py:3253}}
Jul 19 02:11:28.885817 np0000005417 nova-conductor[99027]: DEBUG cotyledon.oslo_config_glue [-] wsgi.secure_proxy_ssl_header = None {{(pid=99027) log_opt_values /opt/stack/data/venv/lib/python3.12/site-packages/oslo_config/cfg.py:3253}}
Jul 19 02:11:28.885817 np0000005417 nova-conductor[99027]: DEBUG cotyledon.oslo_config_glue [-] zvm.ca_file = None {{(pid=99027) log_opt_values /opt/stack/data/venv/lib/python3.12/site-packages/oslo_config/cfg.py:3253}}
Jul 19 02:11:28.885817 np0000005417 nova-conductor[99027]: DEBUG cotyledon.oslo_config_glue [-] zvm.cloud_connector_url = None {{(pid=99027) log_opt_values /opt/stack/data/venv/lib/python3.12/site-packages/oslo_config/cfg.py:3253}}
Jul 19 02:11:28.885817 np0000005417 nova-conductor[99027]: DEBUG cotyledon.oslo_config_glue [-] zvm.image_tmp_path = /opt/stack/data/nova/images {{(pid=99027) log_opt_values /opt/stack/data/venv/lib/python3.12/site-packages/oslo_config/cfg.py:3253}}
Jul 19 02:11:28.885817 np0000005417 nova-conductor[99027]: DEBUG cotyledon.oslo_config_glue [-] zvm.reachable_timeout = 300 {{(pid=99027) log_opt_values /opt/stack/data/venv/lib/python3.12/site-packages/oslo_config/cfg.py:3253}}
Jul 19 02:11:28.885817 np0000005417 nova-conductor[99027]: DEBUG cotyledon.oslo_config_glue [-] oslo_versionedobjects.fatal_exception_format_errors = False {{(pid=99027) log_opt_values /opt/stack/data/venv/lib/python3.12/site-packages/oslo_config/cfg.py:3253}}
Jul 19 02:11:28.885817 np0000005417 nova-conductor[99027]: DEBUG cotyledon.oslo_config_glue [-] oslo_middleware.http_basic_auth_user_file = /etc/htpasswd {{(pid=99027) log_opt_values /opt/stack/data/venv/lib/python3.12/site-packages/oslo_config/cfg.py:3253}}
Jul 19 02:11:28.885817 np0000005417 nova-conductor[99027]: DEBUG cotyledon.oslo_config_glue [-] profiler.connection_string = messaging:// {{(pid=99027) log_opt_values /opt/stack/data/venv/lib/python3.12/site-packages/oslo_config/cfg.py:3253}}
Jul 19 02:11:28.885817 np0000005417 nova-conductor[99027]: DEBUG cotyledon.oslo_config_glue [-] profiler.enabled = False {{(pid=99027) log_opt_values /opt/stack/data/venv/lib/python3.12/site-packages/oslo_config/cfg.py:3253}}
Jul 19 02:11:28.886028 np0000005417 nova-conductor[99027]: DEBUG cotyledon.oslo_config_glue [-] profiler.es_doc_type = notification {{(pid=99027) log_opt_values /opt/stack/data/venv/lib/python3.12/site-packages/oslo_config/cfg.py:3253}}
Jul 19 02:11:28.886028 np0000005417 nova-conductor[99027]: DEBUG cotyledon.oslo_config_glue [-] profiler.es_scroll_size = 10000 {{(pid=99027) log_opt_values /opt/stack/data/venv/lib/python3.12/site-packages/oslo_config/cfg.py:3253}}
Jul 19 02:11:28.886028 np0000005417 nova-conductor[99027]: DEBUG cotyledon.oslo_config_glue [-] profiler.es_scroll_time = 2m {{(pid=99027) log_opt_values /opt/stack/data/venv/lib/python3.12/site-packages/oslo_config/cfg.py:3253}}
Jul 19 02:11:28.886028 np0000005417 nova-conductor[99027]: DEBUG cotyledon.oslo_config_glue [-] profiler.filter_error_trace = False {{(pid=99027) log_opt_values /opt/stack/data/venv/lib/python3.12/site-packages/oslo_config/cfg.py:3253}}
Jul 19 02:11:28.886028 np0000005417 nova-conductor[99027]: DEBUG cotyledon.oslo_config_glue [-] profiler.hmac_keys = **** {{(pid=99027) log_opt_values /opt/stack/data/venv/lib/python3.12/site-packages/oslo_config/cfg.py:3253}}
Jul 19 02:11:28.886028 np0000005417 nova-conductor[99027]: DEBUG cotyledon.oslo_config_glue [-] profiler.sentinel_service_name = mymaster {{(pid=99027) log_opt_values /opt/stack/data/venv/lib/python3.12/site-packages/oslo_config/cfg.py:3253}}
Jul 19 02:11:28.886028 np0000005417 nova-conductor[99027]: DEBUG cotyledon.oslo_config_glue [-] profiler.socket_timeout = 0.1 {{(pid=99027) log_opt_values /opt/stack/data/venv/lib/python3.12/site-packages/oslo_config/cfg.py:3253}}
Jul 19 02:11:28.886028 np0000005417 nova-conductor[99027]: DEBUG cotyledon.oslo_config_glue [-] profiler.trace_requests = False {{(pid=99027) log_opt_values /opt/stack/data/venv/lib/python3.12/site-packages/oslo_config/cfg.py:3253}}
Jul 19 02:11:28.886028 np0000005417 nova-conductor[99027]: DEBUG cotyledon.oslo_config_glue [-] profiler.trace_sqlalchemy = False {{(pid=99027) log_opt_values /opt/stack/data/venv/lib/python3.12/site-packages/oslo_config/cfg.py:3253}}
Jul 19 02:11:28.886245 np0000005417 nova-conductor[99027]: DEBUG cotyledon.oslo_config_glue [-] profiler_jaeger.process_tags = {} {{(pid=99027) log_opt_values /opt/stack/data/venv/lib/python3.12/site-packages/oslo_config/cfg.py:3253}}
Jul 19 02:11:28.886245 np0000005417 nova-conductor[99027]: DEBUG cotyledon.oslo_config_glue [-] profiler_jaeger.service_name_prefix = None {{(pid=99027) log_opt_values /opt/stack/data/venv/lib/python3.12/site-packages/oslo_config/cfg.py:3253}}
Jul 19 02:11:28.886245 np0000005417 nova-conductor[99027]: DEBUG cotyledon.oslo_config_glue [-] profiler_otlp.service_name_prefix = None {{(pid=99027) log_opt_values /opt/stack/data/venv/lib/python3.12/site-packages/oslo_config/cfg.py:3253}}
Jul 19 02:11:28.886245 np0000005417 nova-conductor[99027]: DEBUG cotyledon.oslo_config_glue [-] oslo_messaging_rabbit.amqp_auto_delete = False {{(pid=99027) log_opt_values /opt/stack/data/venv/lib/python3.12/site-packages/oslo_config/cfg.py:3253}}
Jul 19 02:11:28.886245 np0000005417 nova-conductor[99027]: DEBUG cotyledon.oslo_config_glue [-] oslo_messaging_rabbit.amqp_durable_queues = False {{(pid=99027) log_opt_values /opt/stack/data/venv/lib/python3.12/site-packages/oslo_config/cfg.py:3253}}
Jul 19 02:11:28.886245 np0000005417 nova-conductor[99027]: DEBUG cotyledon.oslo_config_glue [-] oslo_messaging_rabbit.conn_pool_min_size = 2 {{(pid=99027) log_opt_values /opt/stack/data/venv/lib/python3.12/site-packages/oslo_config/cfg.py:3253}}
Jul 19 02:11:28.886245 np0000005417 nova-conductor[99027]: DEBUG cotyledon.oslo_config_glue [-] oslo_messaging_rabbit.conn_pool_ttl = 1200 {{(pid=99027) log_opt_values /opt/stack/data/venv/lib/python3.12/site-packages/oslo_config/cfg.py:3253}}
Jul 19 02:11:28.886245 np0000005417 nova-conductor[99027]: DEBUG cotyledon.oslo_config_glue [-] oslo_messaging_rabbit.direct_mandatory_flag = True {{(pid=99027) log_opt_values /opt/stack/data/venv/lib/python3.12/site-packages/oslo_config/cfg.py:3253}}
Jul 19 02:11:28.886245 np0000005417 nova-conductor[99027]: DEBUG cotyledon.oslo_config_glue [-] oslo_messaging_rabbit.enable_cancel_on_failover = False {{(pid=99027) log_opt_values /opt/stack/data/venv/lib/python3.12/site-packages/oslo_config/cfg.py:3253}}
Jul 19 02:11:28.886433 np0000005417 nova-conductor[99027]: DEBUG cotyledon.oslo_config_glue [-] oslo_messaging_rabbit.heartbeat_rate = 3 {{(pid=99027) log_opt_values /opt/stack/data/venv/lib/python3.12/site-packages/oslo_config/cfg.py:3253}}
Jul 19 02:11:28.886433 np0000005417 nova-conductor[99027]: DEBUG cotyledon.oslo_config_glue [-] oslo_messaging_rabbit.heartbeat_timeout_threshold = 60 {{(pid=99027) log_opt_values /opt/stack/data/venv/lib/python3.12/site-packages/oslo_config/cfg.py:3253}}
Jul 19 02:11:28.886433 np0000005417 nova-conductor[99027]: DEBUG cotyledon.oslo_config_glue [-] oslo_messaging_rabbit.hostname = np0000005417 {{(pid=99027) log_opt_values /opt/stack/data/venv/lib/python3.12/site-packages/oslo_config/cfg.py:3253}}
Jul 19 02:11:28.886433 np0000005417 nova-conductor[99027]: DEBUG cotyledon.oslo_config_glue [-] oslo_messaging_rabbit.kombu_compression = None {{(pid=99027) log_opt_values /opt/stack/data/venv/lib/python3.12/site-packages/oslo_config/cfg.py:3253}}
Jul 19 02:11:28.886433 np0000005417 nova-conductor[99027]: DEBUG cotyledon.oslo_config_glue [-] oslo_messaging_rabbit.kombu_failover_strategy = round-robin {{(pid=99027) log_opt_values /opt/stack/data/venv/lib/python3.12/site-packages/oslo_config/cfg.py:3253}}
Jul 19 02:11:28.886433 np0000005417 nova-conductor[99027]: DEBUG cotyledon.oslo_config_glue [-] oslo_messaging_rabbit.kombu_missing_consumer_retry_timeout = 60 {{(pid=99027) log_opt_values /opt/stack/data/venv/lib/python3.12/site-packages/oslo_config/cfg.py:3253}}
Jul 19 02:11:28.886433 np0000005417 nova-conductor[99027]: DEBUG cotyledon.oslo_config_glue [-] oslo_messaging_rabbit.kombu_reconnect_delay = 1.0 {{(pid=99027) log_opt_values /opt/stack/data/venv/lib/python3.12/site-packages/oslo_config/cfg.py:3253}}
Jul 19 02:11:28.886433 np0000005417 nova-conductor[99027]: DEBUG cotyledon.oslo_config_glue [-] oslo_messaging_rabbit.kombu_reconnect_splay = 0.0 {{(pid=99027) log_opt_values /opt/stack/data/venv/lib/python3.12/site-packages/oslo_config/cfg.py:3253}}
Jul 19 02:11:28.886433 np0000005417 nova-conductor[99027]: DEBUG cotyledon.oslo_config_glue [-] oslo_messaging_rabbit.processname = nova-conductor {{(pid=99027) log_opt_values /opt/stack/data/venv/lib/python3.12/site-packages/oslo_config/cfg.py:3253}}
Jul 19 02:11:28.886644 np0000005417 nova-conductor[99027]: DEBUG cotyledon.oslo_config_glue [-] oslo_messaging_rabbit.rabbit_ha_queues = False {{(pid=99027) log_opt_values /opt/stack/data/venv/lib/python3.12/site-packages/oslo_config/cfg.py:3253}}
Jul 19 02:11:28.886644 np0000005417 nova-conductor[99027]: DEBUG cotyledon.oslo_config_glue [-] oslo_messaging_rabbit.rabbit_interval_max = 30 {{(pid=99027) log_opt_values /opt/stack/data/venv/lib/python3.12/site-packages/oslo_config/cfg.py:3253}}
Jul 19 02:11:28.886644 np0000005417 nova-conductor[99027]: DEBUG cotyledon.oslo_config_glue [-] oslo_messaging_rabbit.rabbit_login_method = AMQPLAIN {{(pid=99027) log_opt_values /opt/stack/data/venv/lib/python3.12/site-packages/oslo_config/cfg.py:3253}}
Jul 19 02:11:28.886644 np0000005417 nova-conductor[99027]: DEBUG cotyledon.oslo_config_glue [-] oslo_messaging_rabbit.rabbit_qos_prefetch_count = 0 {{(pid=99027) log_opt_values /opt/stack/data/venv/lib/python3.12/site-packages/oslo_config/cfg.py:3253}}
Jul 19 02:11:28.886644 np0000005417 nova-conductor[99027]: DEBUG cotyledon.oslo_config_glue [-] oslo_messaging_rabbit.rabbit_quorum_delivery_limit = 0 {{(pid=99027) log_opt_values /opt/stack/data/venv/lib/python3.12/site-packages/oslo_config/cfg.py:3253}}
Jul 19 02:11:28.886644 np0000005417 nova-conductor[99027]: DEBUG cotyledon.oslo_config_glue [-] oslo_messaging_rabbit.rabbit_quorum_max_memory_bytes = 0 {{(pid=99027) log_opt_values /opt/stack/data/venv/lib/python3.12/site-packages/oslo_config/cfg.py:3253}}
Jul 19 02:11:28.886644 np0000005417 nova-conductor[99027]: DEBUG cotyledon.oslo_config_glue [-] oslo_messaging_rabbit.rabbit_quorum_max_memory_length = 0 {{(pid=99027) log_opt_values /opt/stack/data/venv/lib/python3.12/site-packages/oslo_config/cfg.py:3253}}
Jul 19 02:11:28.886644 np0000005417 nova-conductor[99027]: DEBUG cotyledon.oslo_config_glue [-] oslo_messaging_rabbit.rabbit_quorum_queue = False {{(pid=99027) log_opt_values /opt/stack/data/venv/lib/python3.12/site-packages/oslo_config/cfg.py:3253}}
Jul 19 02:11:28.886644 np0000005417 nova-conductor[99027]: DEBUG cotyledon.oslo_config_glue [-] oslo_messaging_rabbit.rabbit_retry_backoff = 2 {{(pid=99027) log_opt_values /opt/stack/data/venv/lib/python3.12/site-packages/oslo_config/cfg.py:3253}}
Jul 19 02:11:28.886879 np0000005417 nova-conductor[99027]: DEBUG cotyledon.oslo_config_glue [-] oslo_messaging_rabbit.rabbit_retry_interval = 1 {{(pid=99027) log_opt_values /opt/stack/data/venv/lib/python3.12/site-packages/oslo_config/cfg.py:3253}}
Jul 19 02:11:28.886879 np0000005417 nova-conductor[99027]: DEBUG cotyledon.oslo_config_glue [-] oslo_messaging_rabbit.rabbit_stream_fanout = False {{(pid=99027) log_opt_values /opt/stack/data/venv/lib/python3.12/site-packages/oslo_config/cfg.py:3253}}
Jul 19 02:11:28.886879 np0000005417 nova-conductor[99027]: DEBUG cotyledon.oslo_config_glue [-] oslo_messaging_rabbit.rabbit_transient_queues_ttl = 1800 {{(pid=99027) log_opt_values /opt/stack/data/venv/lib/python3.12/site-packages/oslo_config/cfg.py:3253}}
Jul 19 02:11:28.886879 np0000005417 nova-conductor[99027]: DEBUG cotyledon.oslo_config_glue [-] oslo_messaging_rabbit.rabbit_transient_quorum_queue = False {{(pid=99027) log_opt_values /opt/stack/data/venv/lib/python3.12/site-packages/oslo_config/cfg.py:3253}}
Jul 19 02:11:28.886879 np0000005417 nova-conductor[99027]: DEBUG cotyledon.oslo_config_glue [-] oslo_messaging_rabbit.rpc_conn_pool_size = 30 {{(pid=99027) log_opt_values /opt/stack/data/venv/lib/python3.12/site-packages/oslo_config/cfg.py:3253}}
Jul 19 02:11:28.886879 np0000005417 nova-conductor[99027]: DEBUG cotyledon.oslo_config_glue [-] oslo_messaging_rabbit.ssl = False {{(pid=99027) log_opt_values /opt/stack/data/venv/lib/python3.12/site-packages/oslo_config/cfg.py:3253}}
Jul 19 02:11:28.886879 np0000005417 nova-conductor[99027]: DEBUG cotyledon.oslo_config_glue [-] oslo_messaging_rabbit.ssl_ca_file = {{(pid=99027) log_opt_values /opt/stack/data/venv/lib/python3.12/site-packages/oslo_config/cfg.py:3253}}
Jul 19 02:11:28.886879 np0000005417 nova-conductor[99027]: DEBUG cotyledon.oslo_config_glue [-] oslo_messaging_rabbit.ssl_cert_file = {{(pid=99027) log_opt_values /opt/stack/data/venv/lib/python3.12/site-packages/oslo_config/cfg.py:3253}}
Jul 19 02:11:28.886879 np0000005417 nova-conductor[99027]: DEBUG cotyledon.oslo_config_glue [-] oslo_messaging_rabbit.ssl_enforce_fips_mode = False {{(pid=99027) log_opt_values /opt/stack/data/venv/lib/python3.12/site-packages/oslo_config/cfg.py:3253}}
Jul 19 02:11:28.887073 np0000005417 nova-conductor[99027]: DEBUG cotyledon.oslo_config_glue [-] oslo_messaging_rabbit.ssl_enforce_hostname_verification = True {{(pid=99027) log_opt_values /opt/stack/data/venv/lib/python3.12/site-packages/oslo_config/cfg.py:3253}}
Jul 19 02:11:28.887073 np0000005417 nova-conductor[99027]: DEBUG cotyledon.oslo_config_glue [-] oslo_messaging_rabbit.ssl_key_file = {{(pid=99027) log_opt_values /opt/stack/data/venv/lib/python3.12/site-packages/oslo_config/cfg.py:3253}}
Jul 19 02:11:28.887073 np0000005417 nova-conductor[99027]: DEBUG cotyledon.oslo_config_glue [-] oslo_messaging_rabbit.ssl_version = {{(pid=99027) log_opt_values /opt/stack/data/venv/lib/python3.12/site-packages/oslo_config/cfg.py:3253}}
Jul 19 02:11:28.887073 np0000005417 nova-conductor[99027]: DEBUG cotyledon.oslo_config_glue [-] oslo_messaging_rabbit.use_queue_manager = False {{(pid=99027) log_opt_values /opt/stack/data/venv/lib/python3.12/site-packages/oslo_config/cfg.py:3253}}
Jul 19 02:11:28.887073 np0000005417 nova-conductor[99027]: DEBUG cotyledon.oslo_config_glue [-] oslo_messaging_notifications.driver = ['messagingv2'] {{(pid=99027) log_opt_values /opt/stack/data/venv/lib/python3.12/site-packages/oslo_config/cfg.py:3253}}
Jul 19 02:11:28.887073 np0000005417 nova-conductor[99027]: DEBUG cotyledon.oslo_config_glue [-] oslo_messaging_notifications.retry = -1 {{(pid=99027) log_opt_values /opt/stack/data/venv/lib/python3.12/site-packages/oslo_config/cfg.py:3253}}
Jul 19 02:11:28.887073 np0000005417 nova-conductor[99027]: DEBUG cotyledon.oslo_config_glue [-] oslo_messaging_notifications.topics = ['notifications'] {{(pid=99027) log_opt_values /opt/stack/data/venv/lib/python3.12/site-packages/oslo_config/cfg.py:3253}}
Jul 19 02:11:28.887073 np0000005417 nova-conductor[99027]: DEBUG cotyledon.oslo_config_glue [-] oslo_messaging_notifications.transport_url = **** {{(pid=99027) log_opt_values /opt/stack/data/venv/lib/python3.12/site-packages/oslo_config/cfg.py:3253}}
Jul 19 02:11:28.887073 np0000005417 nova-conductor[99027]: DEBUG cotyledon.oslo_config_glue [-] oslo_limit.auth_section = None {{(pid=99027) log_opt_values /opt/stack/data/venv/lib/python3.12/site-packages/oslo_config/cfg.py:3253}}
Jul 19 02:11:28.887544 np0000005417 nova-conductor[99027]: DEBUG cotyledon.oslo_config_glue [-] oslo_limit.auth_type = None {{(pid=99027) log_opt_values /opt/stack/data/venv/lib/python3.12/site-packages/oslo_config/cfg.py:3253}}
Jul 19 02:11:28.887544 np0000005417 nova-conductor[99027]: DEBUG cotyledon.oslo_config_glue [-] oslo_limit.cafile = None {{(pid=99027) log_opt_values /opt/stack/data/venv/lib/python3.12/site-packages/oslo_config/cfg.py:3253}}
Jul 19 02:11:28.887544 np0000005417 nova-conductor[99027]: DEBUG cotyledon.oslo_config_glue [-] oslo_limit.certfile = None {{(pid=99027) log_opt_values /opt/stack/data/venv/lib/python3.12/site-packages/oslo_config/cfg.py:3253}}
Jul 19 02:11:28.887544 np0000005417 nova-conductor[99027]: DEBUG cotyledon.oslo_config_glue [-] oslo_limit.collect_timing = False {{(pid=99027) log_opt_values /opt/stack/data/venv/lib/python3.12/site-packages/oslo_config/cfg.py:3253}}
Jul 19 02:11:28.887544 np0000005417 nova-conductor[99027]: DEBUG cotyledon.oslo_config_glue [-] oslo_limit.connect_retries = None {{(pid=99027) log_opt_values /opt/stack/data/venv/lib/python3.12/site-packages/oslo_config/cfg.py:3253}}
Jul 19 02:11:28.887544 np0000005417 nova-conductor[99027]: DEBUG cotyledon.oslo_config_glue [-] oslo_limit.connect_retry_delay = None {{(pid=99027) log_opt_values /opt/stack/data/venv/lib/python3.12/site-packages/oslo_config/cfg.py:3253}}
Jul 19 02:11:28.887544 np0000005417 nova-conductor[99027]: DEBUG cotyledon.oslo_config_glue [-] oslo_limit.endpoint_id = None {{(pid=99027) log_opt_values /opt/stack/data/venv/lib/python3.12/site-packages/oslo_config/cfg.py:3253}}
Jul 19 02:11:28.887544 np0000005417 nova-conductor[99027]: DEBUG cotyledon.oslo_config_glue [-] oslo_limit.endpoint_interface = public {{(pid=99027) log_opt_values /opt/stack/data/venv/lib/python3.12/site-packages/oslo_config/cfg.py:3253}}
Jul 19 02:11:28.887544 np0000005417 nova-conductor[99027]: DEBUG cotyledon.oslo_config_glue [-] oslo_limit.endpoint_override = None {{(pid=99027) log_opt_values /opt/stack/data/venv/lib/python3.12/site-packages/oslo_config/cfg.py:3253}}
Jul 19 02:11:28.887760 np0000005417 nova-conductor[99027]: DEBUG cotyledon.oslo_config_glue [-] oslo_limit.endpoint_region_name = None {{(pid=99027) log_opt_values /opt/stack/data/venv/lib/python3.12/site-packages/oslo_config/cfg.py:3253}}
Jul 19 02:11:28.887760 np0000005417 nova-conductor[99027]: DEBUG cotyledon.oslo_config_glue [-] oslo_limit.endpoint_service_name = None {{(pid=99027) log_opt_values /opt/stack/data/venv/lib/python3.12/site-packages/oslo_config/cfg.py:3253}}
Jul 19 02:11:28.887760 np0000005417 nova-conductor[99027]: DEBUG cotyledon.oslo_config_glue [-] oslo_limit.endpoint_service_type = None {{(pid=99027) log_opt_values /opt/stack/data/venv/lib/python3.12/site-packages/oslo_config/cfg.py:3253}}
Jul 19 02:11:28.887760 np0000005417 nova-conductor[99027]: DEBUG cotyledon.oslo_config_glue [-] oslo_limit.insecure = False {{(pid=99027) log_opt_values /opt/stack/data/venv/lib/python3.12/site-packages/oslo_config/cfg.py:3253}}
Jul 19 02:11:28.887760 np0000005417 nova-conductor[99027]: DEBUG cotyledon.oslo_config_glue [-] oslo_limit.keyfile = None {{(pid=99027) log_opt_values /opt/stack/data/venv/lib/python3.12/site-packages/oslo_config/cfg.py:3253}}
Jul 19 02:11:28.887760 np0000005417 nova-conductor[99027]: DEBUG cotyledon.oslo_config_glue [-] oslo_limit.max_version = None {{(pid=99027) log_opt_values /opt/stack/data/venv/lib/python3.12/site-packages/oslo_config/cfg.py:3253}}
Jul 19 02:11:28.887760 np0000005417 nova-conductor[99027]: DEBUG cotyledon.oslo_config_glue [-] oslo_limit.min_version = None {{(pid=99027) log_opt_values /opt/stack/data/venv/lib/python3.12/site-packages/oslo_config/cfg.py:3253}}
Jul 19 02:11:28.887760 np0000005417 nova-conductor[99027]: DEBUG cotyledon.oslo_config_glue [-] oslo_limit.region_name = None {{(pid=99027) log_opt_values /opt/stack/data/venv/lib/python3.12/site-packages/oslo_config/cfg.py:3253}}
Jul 19 02:11:28.887760 np0000005417 nova-conductor[99027]: DEBUG cotyledon.oslo_config_glue [-] oslo_limit.retriable_status_codes = None {{(pid=99027) log_opt_values /opt/stack/data/venv/lib/python3.12/site-packages/oslo_config/cfg.py:3253}}
Jul 19 02:11:28.887962 np0000005417 nova-conductor[99027]: DEBUG cotyledon.oslo_config_glue [-] oslo_limit.service_name = None {{(pid=99027) log_opt_values /opt/stack/data/venv/lib/python3.12/site-packages/oslo_config/cfg.py:3253}}
Jul 19 02:11:28.887962 np0000005417 nova-conductor[99027]: DEBUG cotyledon.oslo_config_glue [-] oslo_limit.service_type = None {{(pid=99027) log_opt_values /opt/stack/data/venv/lib/python3.12/site-packages/oslo_config/cfg.py:3253}}
Jul 19 02:11:28.887962 np0000005417 nova-conductor[99027]: DEBUG cotyledon.oslo_config_glue [-] oslo_limit.split_loggers = False {{(pid=99027) log_opt_values /opt/stack/data/venv/lib/python3.12/site-packages/oslo_config/cfg.py:3253}}
Jul 19 02:11:28.887962 np0000005417 nova-conductor[99027]: DEBUG cotyledon.oslo_config_glue [-] oslo_limit.status_code_retries = None {{(pid=99027) log_opt_values /opt/stack/data/venv/lib/python3.12/site-packages/oslo_config/cfg.py:3253}}
Jul 19 02:11:28.887962 np0000005417 nova-conductor[99027]: DEBUG cotyledon.oslo_config_glue [-] oslo_limit.status_code_retry_delay = None {{(pid=99027) log_opt_values /opt/stack/data/venv/lib/python3.12/site-packages/oslo_config/cfg.py:3253}}
Jul 19 02:11:28.887962 np0000005417 nova-conductor[99027]: DEBUG cotyledon.oslo_config_glue [-] oslo_limit.timeout = None {{(pid=99027) log_opt_values /opt/stack/data/venv/lib/python3.12/site-packages/oslo_config/cfg.py:3253}}
Jul 19 02:11:28.887962 np0000005417 nova-conductor[99027]: DEBUG cotyledon.oslo_config_glue [-] oslo_limit.valid_interfaces = None {{(pid=99027) log_opt_values /opt/stack/data/venv/lib/python3.12/site-packages/oslo_config/cfg.py:3253}}
Jul 19 02:11:28.887962 np0000005417 nova-conductor[99027]: DEBUG cotyledon.oslo_config_glue [-] oslo_limit.version = None {{(pid=99027) log_opt_values /opt/stack/data/venv/lib/python3.12/site-packages/oslo_config/cfg.py:3253}}
Jul 19 02:11:28.887962 np0000005417 nova-conductor[99027]: DEBUG cotyledon.oslo_config_glue [-] oslo_reports.file_event_handler = None {{(pid=99027) log_opt_values /opt/stack/data/venv/lib/python3.12/site-packages/oslo_config/cfg.py:3253}}
Jul 19 02:11:28.888166 np0000005417 nova-conductor[99027]: DEBUG cotyledon.oslo_config_glue [-] oslo_reports.file_event_handler_interval = 1 {{(pid=99027) log_opt_values /opt/stack/data/venv/lib/python3.12/site-packages/oslo_config/cfg.py:3253}}
Jul 19 02:11:28.888166 np0000005417 nova-conductor[99027]: DEBUG cotyledon.oslo_config_glue [-] oslo_reports.log_dir = None {{(pid=99027) log_opt_values /opt/stack/data/venv/lib/python3.12/site-packages/oslo_config/cfg.py:3253}}
Jul 19 02:11:28.888166 np0000005417 nova-conductor[99027]: DEBUG cotyledon.oslo_config_glue [-] ******************************************************************************** {{(pid=99027) log_opt_values /opt/stack/data/venv/lib/python3.12/site-packages/oslo_config/cfg.py:3260}}
Jul 19 02:11:28.888232 np0000005417 nova-conductor[99025]: INFO dbcounter [None req-3bb907b9-16ea-41fe-817f-8ef0437c21b5 None None] Registered counter for database nova_cell0
Jul 19 02:11:28.888261 np0000005417 nova-conductor[99027]: DEBUG cotyledon._service_worker [-] Run service ServiceWrapper(3) [99027] {{(pid=99027) wait_forever /opt/stack/data/venv/lib/python3.12/site-packages/cotyledon/_service_worker.py:218}}
Jul 19 02:11:28.888261 np0000005417 nova-conductor[99027]: INFO nova.service [-] Starting conductor node (version 33.1.0)
Jul 19 02:11:28.888261 np0000005417 nova-conductor[99027]: INFO dbcounter [None req-5cd51ad4-ac2a-49b2-82ad-405408e4b993 None None] Registered counter for database nova_cell0
Jul 19 02:11:28.888328 np0000005417 nova-conductor[98975]: DEBUG oslo_db.sqlalchemy.engines [None req-00dc8398-f9a7-4412-bfd7-f503719abbd2 None None] MySQL server mode set to STRICT_TRANS_TABLES,STRICT_ALL_TABLES,NO_ZERO_IN_DATE,NO_ZERO_DATE,ERROR_FOR_DIVISION_BY_ZERO,TRADITIONAL,NO_ENGINE_SUBSTITUTION {{(pid=98975) _check_effective_sql_mode /opt/stack/data/venv/lib/python3.12/site-packages/oslo_db/sqlalchemy/engines.py:325}}
Jul 19 02:11:28.897125 np0000005417 nova-conductor[98975]: DEBUG dbcounter [-] [98975] Writer thread running {{(pid=98975) stat_writer /opt/stack/data/venv/lib/python3.12/site-packages/dbcounter.py:102}}
Jul 19 02:11:28.897834 np0000005417 nova-conductor[98993]: DEBUG oslo_db.sqlalchemy.engines [None req-eff44b5d-c3dc-457b-bb79-93b19cce155b None None] MySQL server mode set to STRICT_TRANS_TABLES,STRICT_ALL_TABLES,NO_ZERO_IN_DATE,NO_ZERO_DATE,ERROR_FOR_DIVISION_BY_ZERO,TRADITIONAL,NO_ENGINE_SUBSTITUTION {{(pid=98993) _check_effective_sql_mode /opt/stack/data/venv/lib/python3.12/site-packages/oslo_db/sqlalchemy/engines.py:325}}
Jul 19 02:11:28.907672 np0000005417 nova-conductor[98993]: DEBUG dbcounter [-] [98993] Writer thread running {{(pid=98993) stat_writer /opt/stack/data/venv/lib/python3.12/site-packages/dbcounter.py:102}}
Jul 19 02:11:28.914588 np0000005417 nova-conductor[98975]: DEBUG nova.service [None req-00dc8398-f9a7-4412-bfd7-f503719abbd2 None None] Creating RPC server for service: nova-conductor on topic: conductor {{(pid=98975) start /opt/stack/nova/nova/service.py:196}}
Jul 19 02:11:28.914969 np0000005417 nova-conductor[99025]: DEBUG oslo_db.sqlalchemy.engines [None req-3bb907b9-16ea-41fe-817f-8ef0437c21b5 None None] MySQL server mode set to STRICT_TRANS_TABLES,STRICT_ALL_TABLES,NO_ZERO_IN_DATE,NO_ZERO_DATE,ERROR_FOR_DIVISION_BY_ZERO,TRADITIONAL,NO_ENGINE_SUBSTITUTION {{(pid=99025) _check_effective_sql_mode /opt/stack/data/venv/lib/python3.12/site-packages/oslo_db/sqlalchemy/engines.py:325}}
Jul 19 02:11:28.918601 np0000005417 nova-conductor[99027]: DEBUG oslo_db.sqlalchemy.engines [None req-5cd51ad4-ac2a-49b2-82ad-405408e4b993 None None] MySQL server mode set to STRICT_TRANS_TABLES,STRICT_ALL_TABLES,NO_ZERO_IN_DATE,NO_ZERO_DATE,ERROR_FOR_DIVISION_BY_ZERO,TRADITIONAL,NO_ENGINE_SUBSTITUTION {{(pid=99027) _check_effective_sql_mode /opt/stack/data/venv/lib/python3.12/site-packages/oslo_db/sqlalchemy/engines.py:325}}
Jul 19 02:11:28.920979 np0000005417 nova-conductor[98993]: DEBUG nova.service [None req-eff44b5d-c3dc-457b-bb79-93b19cce155b None None] Creating RPC server for service: nova-conductor on topic: conductor {{(pid=98993) start /opt/stack/nova/nova/service.py:196}}
Jul 19 02:11:28.923770 np0000005417 nova-conductor[99025]: DEBUG dbcounter [-] [99025] Writer thread running {{(pid=99025) stat_writer /opt/stack/data/venv/lib/python3.12/site-packages/dbcounter.py:102}}
Jul 19 02:11:28.926388 np0000005417 nova-conductor[99025]: DEBUG nova.service [None req-3bb907b9-16ea-41fe-817f-8ef0437c21b5 None None] Creating RPC server for service: nova-conductor on topic: conductor {{(pid=99025) start /opt/stack/nova/nova/service.py:196}}
Jul 19 02:11:28.935225 np0000005417 nova-conductor[99027]: DEBUG dbcounter [-] [99027] Writer thread running {{(pid=99027) stat_writer /opt/stack/data/venv/lib/python3.12/site-packages/dbcounter.py:102}}
Jul 19 02:11:28.939224 np0000005417 nova-conductor[99027]: DEBUG nova.service [None req-5cd51ad4-ac2a-49b2-82ad-405408e4b993 None None] Creating RPC server for service: nova-conductor on topic: conductor {{(pid=99027) start /opt/stack/nova/nova/service.py:196}}
Jul 19 02:11:28.947477 np0000005417 nova-conductor[98993]: DEBUG nova.service [None req-eff44b5d-c3dc-457b-bb79-93b19cce155b None None] Join ServiceGroup membership for this service conductor {{(pid=98993) start /opt/stack/nova/nova/service.py:222}}
Jul 19 02:11:28.947632 np0000005417 nova-conductor[98975]: DEBUG nova.service [None req-00dc8398-f9a7-4412-bfd7-f503719abbd2 None None] Join ServiceGroup membership for this service conductor {{(pid=98975) start /opt/stack/nova/nova/service.py:222}}
Jul 19 02:11:28.947811 np0000005417 nova-conductor[98975]: DEBUG nova.servicegroup.drivers.db [None req-00dc8398-f9a7-4412-bfd7-f503719abbd2 None None] DB_Driver: join new ServiceGroup member np0000005417 to the conductor group, service = {{(pid=98975) join /opt/stack/nova/nova/servicegroup/drivers/db.py:44}}
Jul 19 02:11:28.947956 np0000005417 nova-conductor[99025]: DEBUG nova.service [None req-3bb907b9-16ea-41fe-817f-8ef0437c21b5 None None] Join ServiceGroup membership for this service conductor {{(pid=99025) start /opt/stack/nova/nova/service.py:222}}
Jul 19 02:11:28.948117 np0000005417 nova-conductor[99025]: DEBUG nova.servicegroup.drivers.db [None req-3bb907b9-16ea-41fe-817f-8ef0437c21b5 None None] DB_Driver: join new ServiceGroup member np0000005417 to the conductor group, service = {{(pid=99025) join /opt/stack/nova/nova/servicegroup/drivers/db.py:44}}
Jul 19 02:11:28.948522 np0000005417 nova-conductor[98993]: DEBUG nova.servicegroup.drivers.db [None req-eff44b5d-c3dc-457b-bb79-93b19cce155b None None] DB_Driver: join new ServiceGroup member np0000005417 to the conductor group, service = {{(pid=98993) join /opt/stack/nova/nova/servicegroup/drivers/db.py:44}}
Jul 19 02:11:28.958014 np0000005417 nova-conductor[99027]: DEBUG nova.service [None req-5cd51ad4-ac2a-49b2-82ad-405408e4b993 None None] Join ServiceGroup membership for this service conductor {{(pid=99027) start /opt/stack/nova/nova/service.py:222}}
Jul 19 02:11:28.958222 np0000005417 nova-conductor[99027]: DEBUG nova.servicegroup.drivers.db [None req-5cd51ad4-ac2a-49b2-82ad-405408e4b993 None None] DB_Driver: join new ServiceGroup member np0000005417 to the conductor group, service = {{(pid=99027) join /opt/stack/nova/nova/servicegroup/drivers/db.py:44}}
Jul 19 02:11:33.969740 np0000005417 nova-conductor[98975]: DEBUG oslo.service.backend._threading.loopingcall [-] Fixed interval looping call 'nova.servicegroup.drivers.db.DbDriver._report_state' sleeping for 119.98 seconds {{(pid=98975) _run_loop /opt/stack/data/venv/lib/python3.12/site-packages/oslo_service/backend/_threading/loopingcall.py:125}}
Jul 19 02:11:33.970937 np0000005417 nova-conductor[98993]: DEBUG oslo.service.backend._threading.loopingcall [-] Fixed interval looping call 'nova.servicegroup.drivers.db.DbDriver._report_state' sleeping for 119.98 seconds {{(pid=98993) _run_loop /opt/stack/data/venv/lib/python3.12/site-packages/oslo_service/backend/_threading/loopingcall.py:125}}
Jul 19 02:11:33.971289 np0000005417 nova-conductor[99025]: DEBUG oslo.service.backend._threading.loopingcall [-] Fixed interval looping call 'nova.servicegroup.drivers.db.DbDriver._report_state' sleeping for 119.98 seconds {{(pid=99025) _run_loop /opt/stack/data/venv/lib/python3.12/site-packages/oslo_service/backend/_threading/loopingcall.py:125}}
Jul 19 02:11:33.975799 np0000005417 nova-conductor[99027]: DEBUG oslo.service.backend._threading.loopingcall [-] Fixed interval looping call 'nova.servicegroup.drivers.db.DbDriver._report_state' sleeping for 119.99 seconds {{(pid=99027) _run_loop /opt/stack/data/venv/lib/python3.12/site-packages/oslo_service/backend/_threading/loopingcall.py:125}}
Jul 19 02:11:37.529504 np0000005417 nova-conductor[97431]: DEBUG dbcounter [-] [97431] Writing DB stats nova_api:SELECT=1 {{(pid=97431) stat_writer /opt/stack/data/venv/lib/python3.12/site-packages/dbcounter.py:115}}
Jul 19 02:11:37.658942 np0000005417 nova-conductor[97431]: DEBUG dbcounter [-] [97431] Writing DB stats nova_cell0:SELECT=1 {{(pid=97431) stat_writer /opt/stack/data/venv/lib/python3.12/site-packages/dbcounter.py:115}}
Jul 19 02:11:37.663730 np0000005417 nova-conductor[97431]: DEBUG dbcounter [-] [97431] Writing DB stats nova_cell1:SELECT=1 {{(pid=97431) stat_writer /opt/stack/data/venv/lib/python3.12/site-packages/dbcounter.py:115}}
Jul 19 02:11:43.960255 np0000005417 nova-conductor[98993]: DEBUG dbcounter [-] [98993] Writing DB stats nova_cell0:SELECT=5,nova_cell0:INSERT=1,nova_cell0:UPDATE=1 {{(pid=98993) stat_writer /opt/stack/data/venv/lib/python3.12/site-packages/dbcounter.py:115}}
Jul 19 02:11:43.962634 np0000005417 nova-conductor[99025]: DEBUG dbcounter [-] [99025] Writing DB stats nova_cell0:SELECT=3,nova_cell0:UPDATE=1 {{(pid=99025) stat_writer /opt/stack/data/venv/lib/python3.12/site-packages/dbcounter.py:115}}
Jul 19 02:11:43.962919 np0000005417 nova-conductor[98975]: DEBUG dbcounter [-] [98975] Writing DB stats nova_cell0:SELECT=4,nova_cell0:INSERT=1,nova_cell0:UPDATE=1 {{(pid=98975) stat_writer /opt/stack/data/venv/lib/python3.12/site-packages/dbcounter.py:115}}
Jul 19 02:11:43.971370 np0000005417 nova-conductor[99027]: DEBUG dbcounter [-] [99027] Writing DB stats nova_cell0:SELECT=3 {{(pid=99027) stat_writer /opt/stack/data/venv/lib/python3.12/site-packages/dbcounter.py:115}}
Jul 19 02:11:50.950428 np0000005417 nova-conductor[98993]: DEBUG oslo.service.backend._threading.loopingcall [None req-67fecf55-3021-4119-ac92-d68b13254394 None None] Dynamic interval looping call 'nova.service.Service.periodic_tasks' sleeping for 60.00 seconds {{(pid=98993) _run_loop /opt/stack/data/venv/lib/python3.12/site-packages/oslo_service/backend/_threading/loopingcall.py:125}}
Jul 19 02:12:03.949799 np0000005417 nova-conductor[98975]: DEBUG oslo.service.backend._threading.loopingcall [None req-6011fdf1-a847-4042-acf0-b3bfb8aab98f None None] Dynamic interval looping call 'nova.service.Service.periodic_tasks' sleeping for 60.00 seconds {{(pid=98975) _run_loop /opt/stack/data/venv/lib/python3.12/site-packages/oslo_service/backend/_threading/loopingcall.py:125}}
Jul 19 02:12:03.960115 np0000005417 nova-conductor[99027]: DEBUG oslo.service.backend._threading.loopingcall [None req-bd3cc129-468d-4f9c-9400-914d9b7337bf None None] Dynamic interval looping call 'nova.service.Service.periodic_tasks' sleeping for 60.00 seconds {{(pid=99027) _run_loop /opt/stack/data/venv/lib/python3.12/site-packages/oslo_service/backend/_threading/loopingcall.py:125}}
Jul 19 02:12:28.950841 np0000005417 nova-conductor[99025]: DEBUG oslo.service.backend._threading.loopingcall [None req-637cf286-0759-4303-850b-26219551bbd7 None None] Dynamic interval looping call 'nova.service.Service.periodic_tasks' sleeping for 60.00 seconds {{(pid=99025) _run_loop /opt/stack/data/venv/lib/python3.12/site-packages/oslo_service/backend/_threading/loopingcall.py:125}}
Jul 19 02:12:50.950871 np0000005417 nova-conductor[98993]: DEBUG oslo.service.backend._threading.loopingcall [None req-67fecf55-3021-4119-ac92-d68b13254394 None None] Dynamic interval looping call 'nova.service.Service.periodic_tasks' sleeping for 60.00 seconds {{(pid=98993) _run_loop /opt/stack/data/venv/lib/python3.12/site-packages/oslo_service/backend/_threading/loopingcall.py:125}}
Jul 19 02:13:03.950331 np0000005417 nova-conductor[98975]: DEBUG oslo.service.backend._threading.loopingcall [None req-6011fdf1-a847-4042-acf0-b3bfb8aab98f None None] Dynamic interval looping call 'nova.service.Service.periodic_tasks' sleeping for 60.00 seconds {{(pid=98975) _run_loop /opt/stack/data/venv/lib/python3.12/site-packages/oslo_service/backend/_threading/loopingcall.py:125}}
Jul 19 02:13:03.960504 np0000005417 nova-conductor[99027]: DEBUG oslo.service.backend._threading.loopingcall [None req-bd3cc129-468d-4f9c-9400-914d9b7337bf None None] Dynamic interval looping call 'nova.service.Service.periodic_tasks' sleeping for 60.00 seconds {{(pid=99027) _run_loop /opt/stack/data/venv/lib/python3.12/site-packages/oslo_service/backend/_threading/loopingcall.py:125}}
Jul 19 02:13:28.951483 np0000005417 nova-conductor[99025]: DEBUG oslo.service.backend._threading.loopingcall [None req-637cf286-0759-4303-850b-26219551bbd7 None None] Dynamic interval looping call 'nova.service.Service.periodic_tasks' sleeping for 60.00 seconds {{(pid=99025) _run_loop /opt/stack/data/venv/lib/python3.12/site-packages/oslo_service/backend/_threading/loopingcall.py:125}}
Jul 19 02:13:33.958411 np0000005417 nova-conductor[98975]: DEBUG oslo.service.backend._threading.loopingcall [-] Fixed interval looping call 'nova.servicegroup.drivers.db.DbDriver._report_state' sleeping for 119.99 seconds {{(pid=98975) _run_loop /opt/stack/data/venv/lib/python3.12/site-packages/oslo_service/backend/_threading/loopingcall.py:125}}
Jul 19 02:13:33.959296 np0000005417 nova-conductor[98993]: DEBUG oslo.service.backend._threading.loopingcall [-] Fixed interval looping call 'nova.servicegroup.drivers.db.DbDriver._report_state' sleeping for 119.99 seconds {{(pid=98993) _run_loop /opt/stack/data/venv/lib/python3.12/site-packages/oslo_service/backend/_threading/loopingcall.py:125}}
Jul 19 02:13:33.960275 np0000005417 nova-conductor[99025]: DEBUG oslo.service.backend._threading.loopingcall [-] Fixed interval looping call 'nova.servicegroup.drivers.db.DbDriver._report_state' sleeping for 119.99 seconds {{(pid=99025) _run_loop /opt/stack/data/venv/lib/python3.12/site-packages/oslo_service/backend/_threading/loopingcall.py:125}}
Jul 19 02:13:33.970154 np0000005417 nova-conductor[99027]: DEBUG oslo.service.backend._threading.loopingcall [-] Fixed interval looping call 'nova.servicegroup.drivers.db.DbDriver._report_state' sleeping for 120.00 seconds {{(pid=99027) _run_loop /opt/stack/data/venv/lib/python3.12/site-packages/oslo_service/backend/_threading/loopingcall.py:125}}
Jul 19 02:13:43.953739 np0000005417 nova-conductor[98975]: DEBUG dbcounter [-] [98975] Writing DB stats nova_cell0:SELECT=1,nova_cell0:UPDATE=1 {{(pid=98975) stat_writer /opt/stack/data/venv/lib/python3.12/site-packages/dbcounter.py:115}}
Jul 19 02:13:43.956254 np0000005417 nova-conductor[99025]: DEBUG dbcounter [-] [99025] Writing DB stats nova_cell0:SELECT=1,nova_cell0:UPDATE=1 {{(pid=99025) stat_writer /opt/stack/data/venv/lib/python3.12/site-packages/dbcounter.py:115}}
Jul 19 02:13:43.956692 np0000005417 nova-conductor[98993]: DEBUG dbcounter [-] [98993] Writing DB stats nova_cell0:SELECT=1,nova_cell0:UPDATE=1 {{(pid=98993) stat_writer /opt/stack/data/venv/lib/python3.12/site-packages/dbcounter.py:115}}
Jul 19 02:13:43.968300 np0000005417 nova-conductor[99027]: DEBUG dbcounter [-] [99027] Writing DB stats nova_cell0:SELECT=1 {{(pid=99027) stat_writer /opt/stack/data/venv/lib/python3.12/site-packages/dbcounter.py:115}}
Jul 19 02:13:50.951554 np0000005417 nova-conductor[98993]: DEBUG oslo.service.backend._threading.loopingcall [None req-67fecf55-3021-4119-ac92-d68b13254394 None None] Dynamic interval looping call 'nova.service.Service.periodic_tasks' sleeping for 60.00 seconds {{(pid=98993) _run_loop /opt/stack/data/venv/lib/python3.12/site-packages/oslo_service/backend/_threading/loopingcall.py:125}}
Jul 19 02:13:53.693797 np0000005417 nova-conductor[98993]: DEBUG oslo_db.sqlalchemy.engines [None req-f2f106db-79ef-49e3-ab82-fba115d51c79 tempest-DeleteServersTestJSON-533102114 tempest-DeleteServersTestJSON-533102114-project-member] Parent process 97431 forked (98993) with an open database connection, which is being discarded and recreated. {{(pid=98993) checkout /opt/stack/data/venv/lib/python3.12/site-packages/oslo_db/sqlalchemy/engines.py:402}}
Jul 19 02:13:53.752472 np0000005417 nova-conductor[98993]: DEBUG dbcounter [-] [98993] Writer thread running {{(pid=98993) stat_writer /opt/stack/data/venv/lib/python3.12/site-packages/dbcounter.py:102}}
Jul 19 02:13:53.790647 np0000005417 nova-conductor[99025]: DEBUG dbcounter [-] [99025] Writer thread running {{(pid=99025) stat_writer /opt/stack/data/venv/lib/python3.12/site-packages/dbcounter.py:102}}
Jul 19 02:13:54.535414 np0000005417 nova-conductor[98975]: DEBUG dbcounter [-] [98975] Writer thread running {{(pid=98975) stat_writer /opt/stack/data/venv/lib/python3.12/site-packages/dbcounter.py:102}}
Jul 19 02:13:54.790149 np0000005417 nova-conductor[99025]: DEBUG nova.conductor.manager [None req-03122a8f-2571-4b77-a28c-3239e3f09f20 tempest-ServerActionsTestOtherA-2050904244 tempest-ServerActionsTestOtherA-2050904244-project-member] Took 1.00 seconds to select destinations for 1 instance(s). {{(pid=99025) _schedule_instances /opt/stack/nova/nova/conductor/manager.py:968}}
Jul 19 02:13:54.818476 np0000005417 nova-conductor[99025]: DEBUG oslo_concurrency.lockutils [None req-03122a8f-2571-4b77-a28c-3239e3f09f20 tempest-ServerActionsTestOtherA-2050904244 tempest-ServerActionsTestOtherA-2050904244-project-member] Acquiring lock "1fceb6ff-b162-45bf-b743-4987d84d0730" by "nova.context.set_target_cell..get_or_set_cached_cell_and_set_connections" {{(pid=99025) inner /opt/stack/data/venv/lib/python3.12/site-packages/oslo_concurrency/lockutils.py:512}}
Jul 19 02:13:54.818995 np0000005417 nova-conductor[99025]: DEBUG oslo_concurrency.lockutils [None req-03122a8f-2571-4b77-a28c-3239e3f09f20 tempest-ServerActionsTestOtherA-2050904244 tempest-ServerActionsTestOtherA-2050904244-project-member] Lock "1fceb6ff-b162-45bf-b743-4987d84d0730" acquired by "nova.context.set_target_cell..get_or_set_cached_cell_and_set_connections" :: waited 0.000s {{(pid=99025) inner /opt/stack/data/venv/lib/python3.12/site-packages/oslo_concurrency/lockutils.py:525}}
Jul 19 02:13:54.820152 np0000005417 nova-conductor[99025]: DEBUG oslo_concurrency.lockutils [None req-03122a8f-2571-4b77-a28c-3239e3f09f20 tempest-ServerActionsTestOtherA-2050904244 tempest-ServerActionsTestOtherA-2050904244-project-member] Lock "1fceb6ff-b162-45bf-b743-4987d84d0730" "released" by "nova.context.set_target_cell..get_or_set_cached_cell_and_set_connections" :: held 0.001s {{(pid=99025) inner /opt/stack/data/venv/lib/python3.12/site-packages/oslo_concurrency/lockutils.py:544}}
Jul 19 02:13:54.822405 np0000005417 nova-conductor[99025]: INFO dbcounter [None req-03122a8f-2571-4b77-a28c-3239e3f09f20 tempest-ServerActionsTestOtherA-2050904244 tempest-ServerActionsTestOtherA-2050904244-project-member] Registered counter for database nova_cell1
Jul 19 02:13:54.876271 np0000005417 nova-conductor[99025]: DEBUG oslo_db.sqlalchemy.engines [None req-03122a8f-2571-4b77-a28c-3239e3f09f20 tempest-ServerActionsTestOtherA-2050904244 tempest-ServerActionsTestOtherA-2050904244-project-member] MySQL server mode set to STRICT_TRANS_TABLES,STRICT_ALL_TABLES,NO_ZERO_IN_DATE,NO_ZERO_DATE,ERROR_FOR_DIVISION_BY_ZERO,TRADITIONAL,NO_ENGINE_SUBSTITUTION {{(pid=99025) _check_effective_sql_mode /opt/stack/data/venv/lib/python3.12/site-packages/oslo_db/sqlalchemy/engines.py:325}}
Jul 19 02:13:54.883968 np0000005417 nova-conductor[99025]: DEBUG dbcounter [-] [99025] Writer thread running {{(pid=99025) stat_writer /opt/stack/data/venv/lib/python3.12/site-packages/dbcounter.py:102}}
Jul 19 02:13:54.969121 np0000005417 nova-conductor[99025]: INFO nova.utils [None req-03122a8f-2571-4b77-a28c-3239e3f09f20 tempest-ServerActionsTestOtherA-2050904244 tempest-ServerActionsTestOtherA-2050904244-project-member] The cell worker thread pool ForkProcess-3.cell_worker is initialized
Jul 19 02:13:54.969518 np0000005417 nova-conductor[99025]: DEBUG oslo_concurrency.lockutils [None req-03122a8f-2571-4b77-a28c-3239e3f09f20 tempest-ServerActionsTestOtherA-2050904244 tempest-ServerActionsTestOtherA-2050904244-project-member] Acquiring lock "00000000-0000-0000-0000-000000000000" by "nova.context.set_target_cell..get_or_set_cached_cell_and_set_connections" {{(pid=99025) inner /opt/stack/data/venv/lib/python3.12/site-packages/oslo_concurrency/lockutils.py:512}}
Jul 19 02:13:54.969835 np0000005417 nova-conductor[99025]: DEBUG oslo_concurrency.lockutils [None req-03122a8f-2571-4b77-a28c-3239e3f09f20 tempest-ServerActionsTestOtherA-2050904244 tempest-ServerActionsTestOtherA-2050904244-project-member] Lock "00000000-0000-0000-0000-000000000000" acquired by "nova.context.set_target_cell..get_or_set_cached_cell_and_set_connections" :: waited 0.000s {{(pid=99025) inner /opt/stack/data/venv/lib/python3.12/site-packages/oslo_concurrency/lockutils.py:525}}
Jul 19 02:13:54.970242 np0000005417 nova-conductor[99025]: DEBUG oslo_concurrency.lockutils [None req-03122a8f-2571-4b77-a28c-3239e3f09f20 tempest-ServerActionsTestOtherA-2050904244 tempest-ServerActionsTestOtherA-2050904244-project-member] Lock "00000000-0000-0000-0000-000000000000" "released" by "nova.context.set_target_cell..get_or_set_cached_cell_and_set_connections" :: held 0.000s {{(pid=99025) inner /opt/stack/data/venv/lib/python3.12/site-packages/oslo_concurrency/lockutils.py:544}}
Jul 19 02:13:54.971303 np0000005417 nova-conductor[99025]: DEBUG oslo_concurrency.lockutils [None req-03122a8f-2571-4b77-a28c-3239e3f09f20 tempest-ServerActionsTestOtherA-2050904244 tempest-ServerActionsTestOtherA-2050904244-project-member] Acquiring lock "1fceb6ff-b162-45bf-b743-4987d84d0730" by "nova.context.set_target_cell..get_or_set_cached_cell_and_set_connections" {{(pid=99025) inner /opt/stack/data/venv/lib/python3.12/site-packages/oslo_concurrency/lockutils.py:512}}
Jul 19 02:13:54.971418 np0000005417 nova-conductor[99025]: DEBUG oslo_concurrency.lockutils [None req-03122a8f-2571-4b77-a28c-3239e3f09f20 tempest-ServerActionsTestOtherA-2050904244 tempest-ServerActionsTestOtherA-2050904244-project-member] Lock "1fceb6ff-b162-45bf-b743-4987d84d0730" acquired by "nova.context.set_target_cell..get_or_set_cached_cell_and_set_connections" :: waited 0.000s {{(pid=99025) inner /opt/stack/data/venv/lib/python3.12/site-packages/oslo_concurrency/lockutils.py:525}}
