Jun 15 19:14:47.164787 np0000002888 devstack@neutron-api.service[87041]: DEBUG dbcounter [-] [87041] Writing DB stats neutron:UPDATE=1,neutron:SELECT=1 {{(pid=87041) stat_writer /opt/stack/data/venv/lib/python3.12/site-packages/dbcounter.py:115}}
Jun 15 19:14:48.103933 np0000002888 devstack@neutron-api.service[87042]: DEBUG dbcounter [-] [87042] Writing DB stats neutron:UPDATE=1,neutron:SELECT=1 {{(pid=87042) stat_writer /opt/stack/data/venv/lib/python3.12/site-packages/dbcounter.py:115}}
Jun 15 19:14:52.156934 np0000002888 devstack@neutron-api.service[87041]: DEBUG futurist.periodics [-] Submitting periodic callback 'neutron.plugins.ml2.drivers.ovn.mech_driver.ovsdb.maintenance.HashRingHealthCheckPeriodics.touch_hash_ring_node' {{(pid=87041) _process_scheduled /opt/stack/data/venv/lib/python3.12/site-packages/futurist/periodics.py:784}}
Jun 15 19:14:52.157501 np0000002888 devstack@neutron-api.service[87041]: DEBUG neutron.plugins.ml2.drivers.ovn.mech_driver.ovsdb.maintenance [-] Touching Hash Ring node "e46b3eef53a35a7897735ca944707121" from periodic health check thread {{(pid=87041) touch_hash_ring_node /opt/stack/neutron/neutron/plugins/ml2/drivers/ovn/mech_driver/ovsdb/maintenance.py:1418}}
Jun 15 19:14:53.092472 np0000002888 devstack@neutron-api.service[87042]: DEBUG futurist.periodics [-] Submitting periodic callback 'neutron.plugins.ml2.drivers.ovn.mech_driver.ovsdb.maintenance.HashRingHealthCheckPeriodics.touch_hash_ring_node' {{(pid=87042) _process_scheduled /opt/stack/data/venv/lib/python3.12/site-packages/futurist/periodics.py:784}}
Jun 15 19:14:53.092919 np0000002888 devstack@neutron-api.service[87042]: DEBUG neutron.plugins.ml2.drivers.ovn.mech_driver.ovsdb.maintenance [-] Touching Hash Ring node "90afe74cbbe051ba8b1c37278961816f" from periodic health check thread {{(pid=87042) touch_hash_ring_node /opt/stack/neutron/neutron/plugins/ml2/drivers/ovn/mech_driver/ovsdb/maintenance.py:1418}}
Jun 15 19:14:54.251966 np0000002888 devstack@neutron-api.service[87041]: DEBUG neutron.api.v2.base [None req-e301cf96-3cc8-410f-8abc-c9ca6cd6b4bc admin admin] Request body: {'network': {'name': 'tempest-ServerActionsTestOtherA-2040155834-network', 'project_id': '5bf8d163853b48fca86cf5ffe3ba0536'}} {{(pid=87041) prepare_request_body /opt/stack/neutron/neutron/api/v2/base.py:727}}
Jun 15 19:14:54.268353 np0000002888 devstack@neutron-api.service[87041]: DEBUG neutron.pecan_wsgi.hooks.quota_enforcement [None req-e301cf96-3cc8-410f-8abc-c9ca6cd6b4bc admin admin] Made reservation on behalf of 5bf8d163853b48fca86cf5ffe3ba0536 for: {'network': 1} {{(pid=87041) before /opt/stack/neutron/neutron/pecan_wsgi/hooks/quota_enforcement.py:66}}
Jun 15 19:14:54.272333 np0000002888 devstack@neutron-api.service[87041]: DEBUG neutron_lib.callbacks.manager [None req-e301cf96-3cc8-410f-8abc-c9ca6cd6b4bc admin admin] Publish callbacks ['neutron.plugins.ml2.plugin.SecurityGroupDbMixin._ensure_default_security_group_handler-521085'] for network (None), before_create {{(pid=87041) _notify_loop /opt/stack/data/venv/lib/python3.12/site-packages/neutron_lib/callbacks/manager.py:184}}
Jun 15 19:14:54.277576 np0000002888 devstack@neutron-api.service[87041]: DEBUG neutron_lib.callbacks.manager [None req-e301cf96-3cc8-410f-8abc-c9ca6cd6b4bc admin admin] Publish callbacks [] for security_group (None), before_create {{(pid=87041) _notify_loop /opt/stack/data/venv/lib/python3.12/site-packages/neutron_lib/callbacks/manager.py:184}}
Jun 15 19:14:54.343586 np0000002888 devstack@neutron-api.service[87041]: DEBUG neutron_lib.callbacks.manager [None req-e301cf96-3cc8-410f-8abc-c9ca6cd6b4bc admin admin] Publish callbacks ['neutron.plugins.ml2.drivers.ovn.mech_driver.mech_driver.OVNMechanismDriver._create_security_group_precommit-1935834'] for security_group (e89af371-d566-4f85-a478-38736135c2cb), precommit_create {{(pid=87041) _notify_loop /opt/stack/data/venv/lib/python3.12/site-packages/neutron_lib/callbacks/manager.py:184}}
Jun 15 19:14:54.343586 np0000002888 devstack@neutron-api.service[87041]: DEBUG neutron.db.ovn_revision_numbers_db [None req-e301cf96-3cc8-410f-8abc-c9ca6cd6b4bc admin admin] create_initial_revision uuid=e89af371-d566-4f85-a478-38736135c2cb, type=security_groups, rev=-1 {{(pid=87041) create_initial_revision /opt/stack/neutron/neutron/db/ovn_revision_numbers_db.py:98}}
Jun 15 19:14:54.345072 np0000002888 devstack@neutron-api.service[87041]: DEBUG neutron.db.ovn_revision_numbers_db [None req-e301cf96-3cc8-410f-8abc-c9ca6cd6b4bc admin admin] create_initial_revision uuid=370fea16-c839-4277-b862-84b6acb99381, type=security_group_rules, rev=-1 {{(pid=87041) create_initial_revision /opt/stack/neutron/neutron/db/ovn_revision_numbers_db.py:98}}
Jun 15 19:14:54.345750 np0000002888 devstack@neutron-api.service[87041]: DEBUG neutron.db.ovn_revision_numbers_db [None req-e301cf96-3cc8-410f-8abc-c9ca6cd6b4bc admin admin] create_initial_revision uuid=681e1472-012d-4a77-a7d8-11223e068104, type=security_group_rules, rev=-1 {{(pid=87041) create_initial_revision /opt/stack/neutron/neutron/db/ovn_revision_numbers_db.py:98}}
Jun 15 19:14:54.347572 np0000002888 devstack@neutron-api.service[87041]: DEBUG neutron.db.ovn_revision_numbers_db [None req-e301cf96-3cc8-410f-8abc-c9ca6cd6b4bc admin admin] create_initial_revision uuid=b9375732-a3dd-4e25-aaed-1250eb999bba, type=security_group_rules, rev=-1 {{(pid=87041) create_initial_revision /opt/stack/neutron/neutron/db/ovn_revision_numbers_db.py:98}}
Jun 15 19:14:54.347710 np0000002888 devstack@neutron-api.service[87041]: DEBUG neutron.db.ovn_revision_numbers_db [None req-e301cf96-3cc8-410f-8abc-c9ca6cd6b4bc admin admin] create_initial_revision uuid=bfba35af-21a8-4d5a-bf68-d6ac3ff1cd46, type=security_group_rules, rev=-1 {{(pid=87041) create_initial_revision /opt/stack/neutron/neutron/db/ovn_revision_numbers_db.py:98}}
Jun 15 19:14:54.352391 np0000002888 devstack@neutron-api.service[87041]: DEBUG neutron_lib.callbacks.manager [None req-e301cf96-3cc8-410f-8abc-c9ca6cd6b4bc admin admin] Publish callbacks ['neutron.plugins.ml2.drivers.ovn.mech_driver.mech_driver.OVNMechanismDriver._create_security_group-1935824', 'neutron.plugins.ml2.ovo_rpc._ObjectChangeHandler.handle_event-1300949'] for security_group (e89af371-d566-4f85-a478-38736135c2cb), after_create {{(pid=87041) _notify_loop /opt/stack/data/venv/lib/python3.12/site-packages/neutron_lib/callbacks/manager.py:184}}
Jun 15 19:14:54.353076 np0000002888 devstack@neutron-api.service[87041]: DEBUG ovsdbapp.backend.ovs_idl.transaction [None req-51368ffa-6a6b-49ea-b3a0-292a77a5a936 None None] Running txn n=1 command(idx=0): PgAddCommand(_result=None, name=pg_e89af371_d566_4f85_a478_38736135c2cb, may_exist=False, columns={'acls': [], 'external_ids': {'neutron:security_group_id': 'e89af371-d566-4f85-a478-38736135c2cb'}}) {{(pid=87041) do_commit /opt/stack/data/venv/lib/python3.12/site-packages/ovsdbapp/backend/ovs_idl/transaction.py:89}}
Jun 15 19:14:54.353760 np0000002888 devstack@neutron-api.service[87041]: DEBUG ovsdbapp.backend.ovs_idl.transaction [None req-51368ffa-6a6b-49ea-b3a0-292a77a5a936 None None] Running txn n=1 command(idx=1): PgAclAddCommand(_result=None, entity=pg_e89af371_d566_4f85_a478_38736135c2cb, direction=to-lport, priority=1002, match=outport == @pg_e89af371_d566_4f85_a478_38736135c2cb && ip6 && ip6.src == $pg_e89af371_d566_4f85_a478_38736135c2cb_ip6, action=allow-related, log=False, may_exist=True, severity=[], name=[], meter=[], external_ids={'neutron:security_group_rule_id': '370fea16-c839-4277-b862-84b6acb99381'}) {{(pid=87041) do_commit /opt/stack/data/venv/lib/python3.12/site-packages/ovsdbapp/backend/ovs_idl/transaction.py:89}}
Jun 15 19:14:54.354038 np0000002888 devstack@neutron-api.service[87041]: DEBUG ovsdbapp.backend.ovs_idl.transaction [None req-51368ffa-6a6b-49ea-b3a0-292a77a5a936 None None] Running txn n=1 command(idx=2): PgAclAddCommand(_result=None, entity=pg_e89af371_d566_4f85_a478_38736135c2cb, direction=to-lport, priority=1002, match=outport == @pg_e89af371_d566_4f85_a478_38736135c2cb && ip4 && ip4.src == $pg_e89af371_d566_4f85_a478_38736135c2cb_ip4, action=allow-related, log=False, may_exist=True, severity=[], name=[], meter=[], external_ids={'neutron:security_group_rule_id': '681e1472-012d-4a77-a7d8-11223e068104'}) {{(pid=87041) do_commit /opt/stack/data/venv/lib/python3.12/site-packages/ovsdbapp/backend/ovs_idl/transaction.py:89}}
Jun 15 19:14:54.354350 np0000002888 devstack@neutron-api.service[87041]: DEBUG ovsdbapp.backend.ovs_idl.transaction [None req-51368ffa-6a6b-49ea-b3a0-292a77a5a936 None None] Running txn n=1 command(idx=3): PgAclAddCommand(_result=None, entity=pg_e89af371_d566_4f85_a478_38736135c2cb, direction=from-lport, priority=1002, match=inport == @pg_e89af371_d566_4f85_a478_38736135c2cb && ip4, action=allow-related, log=False, may_exist=True, severity=[], name=[], meter=[], external_ids={'neutron:security_group_rule_id': 'b9375732-a3dd-4e25-aaed-1250eb999bba'}) {{(pid=87041) do_commit /opt/stack/data/venv/lib/python3.12/site-packages/ovsdbapp/backend/ovs_idl/transaction.py:89}}
Jun 15 19:14:54.354713 np0000002888 devstack@neutron-api.service[87041]: DEBUG ovsdbapp.backend.ovs_idl.transaction [None req-51368ffa-6a6b-49ea-b3a0-292a77a5a936 None None] Running txn n=1 command(idx=4): PgAclAddCommand(_result=None, entity=pg_e89af371_d566_4f85_a478_38736135c2cb, direction=from-lport, priority=1002, match=inport == @pg_e89af371_d566_4f85_a478_38736135c2cb && ip6, action=allow-related, log=False, may_exist=True, severity=[], name=[], meter=[], external_ids={'neutron:security_group_rule_id': 'bfba35af-21a8-4d5a-bf68-d6ac3ff1cd46'}) {{(pid=87041) do_commit /opt/stack/data/venv/lib/python3.12/site-packages/ovsdbapp/backend/ovs_idl/transaction.py:89}}
Jun 15 19:14:54.365484 np0000002888 devstack@neutron-api.service[87041]: DEBUG neutron.common.ovn.hash_ring_manager [None req-51368ffa-6a6b-49ea-b3a0-292a77a5a936 None None] Hash Ring loaded. 2 active nodes. 0 offline nodes {{(pid=87041) _load_hash_ring /opt/stack/neutron/neutron/common/ovn/hash_ring_manager.py:102}}
Jun 15 19:14:54.365774 np0000002888 devstack@neutron-api.service[87041]: DEBUG neutron.plugins.ml2.drivers.ovn.mech_driver.ovsdb.ovsdb_monitor [None req-51368ffa-6a6b-49ea-b3a0-292a77a5a936 None None] Hash Ring: Node e46b3eef53a35a7897735ca944707121 (host: np0000002888) handling event "create" for row 70686e33-de6a-4657-a361-66d88ae9a466 (table: ACL) {{(pid=87041) notify /opt/stack/neutron/neutron/plugins/ml2/drivers/ovn/mech_driver/ovsdb/ovsdb_monitor.py:1015}}
Jun 15 19:14:54.366144 np0000002888 devstack@neutron-api.service[87041]: DEBUG neutron.plugins.ml2.drivers.ovn.mech_driver.ovsdb.ovsdb_monitor [None req-51368ffa-6a6b-49ea-b3a0-292a77a5a936 None None] Hash Ring: Node e46b3eef53a35a7897735ca944707121 (host: np0000002888) handling event "create" for row 5d5d4c61-0b01-44d3-9172-7e135368baa9 (table: Port_Group) {{(pid=87041) notify /opt/stack/neutron/neutron/plugins/ml2/drivers/ovn/mech_driver/ovsdb/ovsdb_monitor.py:1015}}
Jun 15 19:14:54.372802 np0000002888 devstack@neutron-api.service[87042]: DEBUG neutron.common.ovn.hash_ring_manager [None req-7fa39c54-ffb7-4131-a37e-34ebfcb0afaf None None] Hash Ring loaded. 2 active nodes. 0 offline nodes {{(pid=87042) _load_hash_ring /opt/stack/neutron/neutron/common/ovn/hash_ring_manager.py:102}}
Jun 15 19:14:54.373411 np0000002888 devstack@neutron-api.service[87042]: DEBUG neutron.plugins.ml2.drivers.ovn.mech_driver.ovsdb.ovsdb_monitor [None req-7fa39c54-ffb7-4131-a37e-34ebfcb0afaf None None] Hash Ring: Node 90afe74cbbe051ba8b1c37278961816f (host: np0000002888) handling event "create" for row 3f514a5c-3adc-4b36-84ab-f1111418ff9e (table: ACL) {{(pid=87042) notify /opt/stack/neutron/neutron/plugins/ml2/drivers/ovn/mech_driver/ovsdb/ovsdb_monitor.py:1015}}
Jun 15 19:14:54.373411 np0000002888 devstack@neutron-api.service[87042]: DEBUG neutron.plugins.ml2.drivers.ovn.mech_driver.ovsdb.ovsdb_monitor [None req-7fa39c54-ffb7-4131-a37e-34ebfcb0afaf None None] Hash Ring: Node 90afe74cbbe051ba8b1c37278961816f (host: np0000002888) handling event "create" for row 5218bea6-0069-4d1c-a43c-ba0e5c4346c2 (table: ACL) {{(pid=87042) notify /opt/stack/neutron/neutron/plugins/ml2/drivers/ovn/mech_driver/ovsdb/ovsdb_monitor.py:1015}}
Jun 15 19:14:54.373516 np0000002888 devstack@neutron-api.service[87042]: DEBUG neutron.plugins.ml2.drivers.ovn.mech_driver.ovsdb.ovsdb_monitor [None req-7fa39c54-ffb7-4131-a37e-34ebfcb0afaf None None] Hash Ring: Node 90afe74cbbe051ba8b1c37278961816f (host: np0000002888) handling event "create" for row fe4fdc3a-ea4a-4748-83a9-0d39430c6929 (table: ACL) {{(pid=87042) notify /opt/stack/neutron/neutron/plugins/ml2/drivers/ovn/mech_driver/ovsdb/ovsdb_monitor.py:1015}}
Jun 15 19:14:54.388378 np0000002888 devstack@neutron-api.service[87041]: INFO neutron.db.ovn_revision_numbers_db [None req-e301cf96-3cc8-410f-8abc-c9ca6cd6b4bc admin admin] Successfully bumped revision number for resource e89af371-d566-4f85-a478-38736135c2cb (type: security_groups) to 1
Jun 15 19:14:54.400579 np0000002888 devstack@neutron-api.service[87041]: INFO neutron.db.ovn_revision_numbers_db [None req-e301cf96-3cc8-410f-8abc-c9ca6cd6b4bc admin admin] Successfully bumped revision number for resource 370fea16-c839-4277-b862-84b6acb99381 (type: security_group_rules) to 0
Jun 15 19:14:54.413127 np0000002888 devstack@neutron-api.service[87041]: INFO neutron.db.ovn_revision_numbers_db [None req-e301cf96-3cc8-410f-8abc-c9ca6cd6b4bc admin admin] Successfully bumped revision number for resource 681e1472-012d-4a77-a7d8-11223e068104 (type: security_group_rules) to 0
Jun 15 19:14:54.427782 np0000002888 devstack@neutron-api.service[87041]: INFO neutron.db.ovn_revision_numbers_db [None req-e301cf96-3cc8-410f-8abc-c9ca6cd6b4bc admin admin] Successfully bumped revision number for resource b9375732-a3dd-4e25-aaed-1250eb999bba (type: security_group_rules) to 0
Jun 15 19:14:54.440897 np0000002888 devstack@neutron-api.service[87041]: INFO neutron.db.ovn_revision_numbers_db [None req-e301cf96-3cc8-410f-8abc-c9ca6cd6b4bc admin admin] Successfully bumped revision number for resource bfba35af-21a8-4d5a-bf68-d6ac3ff1cd46 (type: security_group_rules) to 0
Jun 15 19:14:54.467707 np0000002888 devstack@neutron-api.service[87041]: DEBUG neutron.api.rpc.handlers.resources_rpc [None req-e301cf96-3cc8-410f-8abc-c9ca6cd6b4bc admin admin] Pushing event updated for resources: {'SecurityGroup': ['ID=e89af371-d566-4f85-a478-38736135c2cb,revision_number=1']} {{(pid=87041) push /opt/stack/neutron/neutron/api/rpc/handlers/resources_rpc.py:237}}
Jun 15 19:14:54.475603 np0000002888 devstack@neutron-api.service[87041]: DEBUG ovsdbapp.backend.ovs_idl.transaction [None req-51368ffa-6a6b-49ea-b3a0-292a77a5a936 None None] Running txn n=1 command(idx=0): CheckLivenessCommand(_result=None) {{(pid=87041) do_commit /opt/stack/data/venv/lib/python3.12/site-packages/ovsdbapp/backend/ovs_idl/transaction.py:89}}
Jun 15 19:14:54.478656 np0000002888 devstack@neutron-api.service[87042]: DEBUG neutron.plugins.ml2.drivers.ovn.mech_driver.ovsdb.ovsdb_monitor [None req-7fa39c54-ffb7-4131-a37e-34ebfcb0afaf None None] Hash Ring: Node 90afe74cbbe051ba8b1c37278961816f (host: np0000002888) handling event "update" for row 05cc1c72-99cb-4247-8bca-54acbc6417ad (table: NB_Global) {{(pid=87042) notify /opt/stack/neutron/neutron/plugins/ml2/drivers/ovn/mech_driver/ovsdb/ovsdb_monitor.py:1015}}
Jun 15 19:14:54.480648 np0000002888 devstack@neutron-api.service[87042]: DEBUG neutron.plugins.ml2.drivers.ovn.mech_driver.ovsdb.ovsdb_monitor [None req-7fa39c54-ffb7-4131-a37e-34ebfcb0afaf None None] Hash Ring: Node 90afe74cbbe051ba8b1c37278961816f (host: np0000002888) handling event "update" for row 05cc1c72-99cb-4247-8bca-54acbc6417ad (table: NB_Global) {{(pid=87042) notify /opt/stack/neutron/neutron/plugins/ml2/drivers/ovn/mech_driver/ovsdb/ovsdb_monitor.py:1015}}
Jun 15 19:14:54.480648 np0000002888 devstack@neutron-api.service[87042]: DEBUG neutron.plugins.ml2.drivers.ovn.mech_driver.ovsdb.ovsdb_monitor [None req-7fa39c54-ffb7-4131-a37e-34ebfcb0afaf None None] Hash Ring: Node 90afe74cbbe051ba8b1c37278961816f (host: np0000002888) handling event "update" for row 05cc1c72-99cb-4247-8bca-54acbc6417ad (table: NB_Global) {{(pid=87042) notify /opt/stack/neutron/neutron/plugins/ml2/drivers/ovn/mech_driver/ovsdb/ovsdb_monitor.py:1015}}
Jun 15 19:14:54.482356 np0000002888 devstack@neutron-api.service[87042]: DEBUG neutron.plugins.ml2.drivers.ovn.mech_driver.ovsdb.ovsdb_monitor [None req-9d8358f1-9513-4273-b3c8-712e18db35bd None None] ChassisAgentWriteEvent : Matched Chassis_Private, update, None None {{(pid=87042) matches /opt/stack/neutron/neutron/plugins/ml2/drivers/ovn/mech_driver/ovsdb/ovsdb_monitor.py:64}}
Jun 15 19:14:54.483430 np0000002888 devstack@neutron-api.service[87042]: DEBUG neutron.plugins.ml2.drivers.ovn.mech_driver.ovsdb.ovsdb_monitor [None req-7fa39c54-ffb7-4131-a37e-34ebfcb0afaf None None] Hash Ring: Node 90afe74cbbe051ba8b1c37278961816f (host: np0000002888) handling event "update" for row 05cc1c72-99cb-4247-8bca-54acbc6417ad (table: NB_Global) {{(pid=87042) notify /opt/stack/neutron/neutron/plugins/ml2/drivers/ovn/mech_driver/ovsdb/ovsdb_monitor.py:1015}}
Jun 15 19:14:54.483628 np0000002888 devstack@neutron-api.service[87041]: DEBUG neutron.plugins.ml2.drivers.ovn.mech_driver.ovsdb.ovsdb_monitor [None req-614c0291-9e17-472c-8b7c-b065eaeede65 None None] ChassisAgentWriteEvent : Matched Chassis_Private, update, None None {{(pid=87041) matches /opt/stack/neutron/neutron/plugins/ml2/drivers/ovn/mech_driver/ovsdb/ovsdb_monitor.py:64}}
Jun 15 19:14:54.487773 np0000002888 devstack@neutron-api.service[87042]: DEBUG neutron.common.ovn.hash_ring_manager [None req-9d8358f1-9513-4273-b3c8-712e18db35bd None None] Hash Ring loaded. 2 active nodes. 0 offline nodes {{(pid=87042) _load_hash_ring /opt/stack/neutron/neutron/common/ovn/hash_ring_manager.py:102}}
Jun 15 19:14:54.488149 np0000002888 devstack@neutron-api.service[87042]: DEBUG neutron.plugins.ml2.drivers.ovn.mech_driver.ovsdb.ovsdb_monitor [None req-9d8358f1-9513-4273-b3c8-712e18db35bd None None] Hash Ring: Node 90afe74cbbe051ba8b1c37278961816f (host: np0000002888) handling event "update" for row f45f7193-f3d8-4216-b289-c49c9ca1a5af (table: Chassis_Private) {{(pid=87042) notify /opt/stack/neutron/neutron/plugins/ml2/drivers/ovn/mech_driver/ovsdb/ovsdb_monitor.py:1015}}
Jun 15 19:14:54.498949 np0000002888 devstack@neutron-api.service[87041]: DEBUG neutron.common.ovn.hash_ring_manager [None req-614c0291-9e17-472c-8b7c-b065eaeede65 None None] Hash Ring loaded. 2 active nodes. 0 offline nodes {{(pid=87041) _load_hash_ring /opt/stack/neutron/neutron/common/ovn/hash_ring_manager.py:102}}
Jun 15 19:14:54.536203 np0000002888 devstack@neutron-api.service[87041]: DEBUG neutron.plugins.ml2.drivers.helpers [None req-e301cf96-3cc8-410f-8abc-c9ca6cd6b4bc admin admin] geneve segment allocate from pool success with {'geneve_vni': 42901} {{(pid=87041) allocate_partially_specified_segment /opt/stack/neutron/neutron/plugins/ml2/drivers/helpers.py:142}}
Jun 15 19:14:54.545285 np0000002888 devstack@neutron-api.service[87041]: DEBUG neutron_lib.callbacks.manager [None req-e301cf96-3cc8-410f-8abc-c9ca6cd6b4bc admin admin] Publish callbacks ['neutron.plugins.ml2.plugin.Ml2Plugin._handle_segment_change-1815957'] for segment (562255e0-55e8-49f0-a9e8-f14089653f0e), precommit_create {{(pid=87041) _notify_loop /opt/stack/data/venv/lib/python3.12/site-packages/neutron_lib/callbacks/manager.py:184}}
Jun 15 19:14:54.545426 np0000002888 devstack@neutron-api.service[87041]: INFO neutron.db.segments_db [None req-e301cf96-3cc8-410f-8abc-c9ca6cd6b4bc admin admin] Added segment 562255e0-55e8-49f0-a9e8-f14089653f0e of type geneve for network 5d2884d4-1c8c-4b2b-a1b8-c2477021029c
Jun 15 19:14:54.560813 np0000002888 devstack@neutron-api.service[87041]: DEBUG neutron_lib.callbacks.manager [None req-e301cf96-3cc8-410f-8abc-c9ca6cd6b4bc admin admin] Publish callbacks ['neutron.services.auto_allocate.db._ensure_external_network_default_value_callback-8482339788480'] for network (5d2884d4-1c8c-4b2b-a1b8-c2477021029c), precommit_create {{(pid=87041) _notify_loop /opt/stack/data/venv/lib/python3.12/site-packages/neutron_lib/callbacks/manager.py:184}}
Jun 15 19:14:54.572460 np0000002888 devstack@neutron-api.service[87041]: DEBUG neutron.plugins.ml2.drivers.ovn.mech_driver.mech_driver [None req-e301cf96-3cc8-410f-8abc-c9ca6cd6b4bc admin admin] Validating network segment with type geneve, segmentation ID 42901, physical network None {{(pid=87041) _validate_network_segments /opt/stack/neutron/neutron/plugins/ml2/drivers/ovn/mech_driver/mech_driver.py:643}}
Jun 15 19:14:54.572629 np0000002888 devstack@neutron-api.service[87041]: DEBUG neutron.db.ovn_revision_numbers_db [None req-e301cf96-3cc8-410f-8abc-c9ca6cd6b4bc admin admin] create_initial_revision uuid=5d2884d4-1c8c-4b2b-a1b8-c2477021029c, type=networks, rev=-1 {{(pid=87041) create_initial_revision /opt/stack/neutron/neutron/db/ovn_revision_numbers_db.py:98}}
Jun 15 19:14:54.582170 np0000002888 devstack@neutron-api.service[87041]: DEBUG neutron_lib.callbacks.manager [None req-e301cf96-3cc8-410f-8abc-c9ca6cd6b4bc admin admin] Publish callbacks ['neutron.plugins.ml2.ovo_rpc._ObjectChangeHandler.handle_event-1301175'] for network (5d2884d4-1c8c-4b2b-a1b8-c2477021029c), after_create {{(pid=87041) _notify_loop /opt/stack/data/venv/lib/python3.12/site-packages/neutron_lib/callbacks/manager.py:184}}
Jun 15 19:14:54.599092 np0000002888 devstack@neutron-api.service[87041]: DEBUG neutron.api.rpc.handlers.resources_rpc [None req-e301cf96-3cc8-410f-8abc-c9ca6cd6b4bc admin admin] Pushing event updated for resources: {'Network': ['ID=5d2884d4-1c8c-4b2b-a1b8-c2477021029c,revision_number=1']} {{(pid=87041) push /opt/stack/neutron/neutron/api/rpc/handlers/resources_rpc.py:237}}
Jun 15 19:14:54.607759 np0000002888 devstack@neutron-api.service[87041]: DEBUG ovsdbapp.backend.ovs_idl.transaction [None req-51368ffa-6a6b-49ea-b3a0-292a77a5a936 None None] Running txn n=1 command(idx=0): AddNetworkCommand(_result=None, network_uuid=5d2884d4-1c8c-4b2b-a1b8-c2477021029c, may_exist=True, columns={'external_ids': {'neutron:network_name': 'tempest-ServerActionsTestOtherA-2040155834-network', 'neutron:mtu': '1372', 'neutron:revision_number': '1', 'neutron:availability_zone_hints': '', 'neutron:provnet-network-type': 'geneve'}, 'other_config': {'mcast_snoop': 'false', 'mcast_flood_unregistered': 'false', 'vlan-passthru': 'false'}}) {{(pid=87041) do_commit /opt/stack/data/venv/lib/python3.12/site-packages/ovsdbapp/backend/ovs_idl/transaction.py:89}}
Jun 15 19:14:54.610257 np0000002888 devstack@neutron-api.service[87041]: DEBUG neutron.plugins.ml2.drivers.ovn.mech_driver.ovsdb.ovsdb_monitor [None req-51368ffa-6a6b-49ea-b3a0-292a77a5a936 None None] Hash Ring: Node e46b3eef53a35a7897735ca944707121 (host: np0000002888) handling event "create" for row 5d2884d4-1c8c-4b2b-a1b8-c2477021029c (table: Logical_Switch) {{(pid=87041) notify /opt/stack/neutron/neutron/plugins/ml2/drivers/ovn/mech_driver/ovsdb/ovsdb_monitor.py:1015}}
Jun 15 19:14:54.614324 np0000002888 devstack@neutron-api.service[87042]: DEBUG neutron.plugins.ml2.drivers.ovn.mech_driver.ovsdb.ovsdb_monitor [None req-9d8358f1-9513-4273-b3c8-712e18db35bd None None] Hash Ring: Node 90afe74cbbe051ba8b1c37278961816f (host: np0000002888) handling event "create" for row 7444471c-096d-42ea-94fc-ebe041e55236 (table: Datapath_Binding) {{(pid=87042) notify /opt/stack/neutron/neutron/plugins/ml2/drivers/ovn/mech_driver/ovsdb/ovsdb_monitor.py:1015}}
Jun 15 19:14:54.633735 np0000002888 devstack@neutron-api.service[87041]: INFO neutron.db.ovn_revision_numbers_db [None req-e301cf96-3cc8-410f-8abc-c9ca6cd6b4bc admin admin] Successfully bumped revision number for resource 5d2884d4-1c8c-4b2b-a1b8-c2477021029c (type: networks) to 1
Jun 15 19:14:54.647896 np0000002888 devstack@neutron-api.service[87041]: DEBUG neutron_lib.callbacks.manager [None req-e301cf96-3cc8-410f-8abc-c9ca6cd6b4bc admin admin] Publish callbacks ['neutron.plugins.ml2.plugin.SecurityGroupDbMixin._ensure_default_security_group_handler-521085'] for port (None), before_create {{(pid=87041) _notify_loop /opt/stack/data/venv/lib/python3.12/site-packages/neutron_lib/callbacks/manager.py:184}}
Jun 15 19:14:54.711699 np0000002888 devstack@neutron-api.service[87041]: DEBUG neutron_lib.callbacks.manager [None req-e301cf96-3cc8-410f-8abc-c9ca6cd6b4bc admin admin] Publish callbacks ['neutron.plugins.ml2.drivers.ovn.mech_driver.mech_driver.OVNMechanismDriver._validate_allowed_address_pairs-1940062'] for allowed_address_pair (8b955486-4e46-4977-b0e3-3e3c3ab16907), before_create {{(pid=87041) _notify_loop /opt/stack/data/venv/lib/python3.12/site-packages/neutron_lib/callbacks/manager.py:184}}
Jun 15 19:14:54.712623 np0000002888 devstack@neutron-api.service[87041]: DEBUG neutron_lib.callbacks.manager [None req-e301cf96-3cc8-410f-8abc-c9ca6cd6b4bc admin admin] Publish callbacks [] for port (8b955486-4e46-4977-b0e3-3e3c3ab16907), precommit_create {{(pid=87041) _notify_loop /opt/stack/data/venv/lib/python3.12/site-packages/neutron_lib/callbacks/manager.py:184}}
Jun 15 19:14:54.712819 np0000002888 devstack@neutron-api.service[87041]: DEBUG neutron.plugins.ml2.drivers.ovn.mech_driver.mech_driver [None req-e301cf96-3cc8-410f-8abc-c9ca6cd6b4bc admin admin] No provisioning block for port 8b955486-4e46-4977-b0e3-3e3c3ab16907 since it does not have a host {{(pid=87041) _is_port_provisioning_required /opt/stack/neutron/neutron/plugins/ml2/drivers/ovn/mech_driver/mech_driver.py:896}}
Jun 15 19:14:54.712967 np0000002888 devstack@neutron-api.service[87041]: DEBUG neutron.db.ovn_revision_numbers_db [None req-e301cf96-3cc8-410f-8abc-c9ca6cd6b4bc admin admin] create_initial_revision uuid=8b955486-4e46-4977-b0e3-3e3c3ab16907, type=ports, rev=-1 {{(pid=87041) create_initial_revision /opt/stack/neutron/neutron/db/ovn_revision_numbers_db.py:98}}
Jun 15 19:14:54.722215 np0000002888 devstack@neutron-api.service[87042]: DEBUG neutron.api.v2.base [None req-36a7f156-20d3-429f-bf98-1f713f4be776 admin admin] Request body: {'network': {'name': 'tempest-AttachSCSIVolumeTestJSON-433058-network', 'project_id': 'e62714a1449e49f79a4b6eac8e1a784a'}} {{(pid=87042) prepare_request_body /opt/stack/neutron/neutron/api/v2/base.py:727}}
Jun 15 19:14:54.734514 np0000002888 devstack@neutron-api.service[87042]: DEBUG neutron.pecan_wsgi.hooks.quota_enforcement [None req-36a7f156-20d3-429f-bf98-1f713f4be776 admin admin] Made reservation on behalf of e62714a1449e49f79a4b6eac8e1a784a for: {'network': 1} {{(pid=87042) before /opt/stack/neutron/neutron/pecan_wsgi/hooks/quota_enforcement.py:66}}
Jun 15 19:14:54.737622 np0000002888 devstack@neutron-api.service[87042]: DEBUG neutron_lib.callbacks.manager [None req-36a7f156-20d3-429f-bf98-1f713f4be776 admin admin] Publish callbacks ['neutron.plugins.ml2.plugin.SecurityGroupDbMixin._ensure_default_security_group_handler-9792'] for network (None), before_create {{(pid=87042) _notify_loop /opt/stack/data/venv/lib/python3.12/site-packages/neutron_lib/callbacks/manager.py:184}}
Jun 15 19:14:54.742497 np0000002888 devstack@neutron-api.service[87042]: DEBUG neutron_lib.callbacks.manager [None req-36a7f156-20d3-429f-bf98-1f713f4be776 admin admin] Publish callbacks [] for security_group (None), before_create {{(pid=87042) _notify_loop /opt/stack/data/venv/lib/python3.12/site-packages/neutron_lib/callbacks/manager.py:184}}
Jun 15 19:14:54.746676 np0000002888 devstack@neutron-api.service[87041]: DEBUG neutron_lib.callbacks.manager [None req-e301cf96-3cc8-410f-8abc-c9ca6cd6b4bc admin admin] Publish callbacks ['neutron.plugins.ml2.ovo_rpc._ObjectChangeHandler.handle_event-1301236'] for port (8b955486-4e46-4977-b0e3-3e3c3ab16907), after_create {{(pid=87041) _notify_loop /opt/stack/data/venv/lib/python3.12/site-packages/neutron_lib/callbacks/manager.py:184}}
Jun 15 19:14:54.786166 np0000002888 devstack@neutron-api.service[87041]: DEBUG neutron.api.rpc.handlers.resources_rpc [None req-e301cf96-3cc8-410f-8abc-c9ca6cd6b4bc admin admin] Pushing event updated for resources: {'Port': ['ID=8b955486-4e46-4977-b0e3-3e3c3ab16907,revision_number=1']} {{(pid=87041) push /opt/stack/neutron/neutron/api/rpc/handlers/resources_rpc.py:237}}
Jun 15 19:14:54.794506 np0000002888 devstack@neutron-api.service[87041]: DEBUG neutron.plugins.ml2.drivers.ovn.mech_driver.ovsdb.commands [None req-e301cf96-3cc8-410f-8abc-c9ca6cd6b4bc admin admin] Converting tag [] to a tag_request {{(pid=87041) _tag_column_to_tag_request /opt/stack/neutron/neutron/plugins/ml2/drivers/ovn/mech_driver/ovsdb/commands.py:205}}
Jun 15 19:14:54.795325 np0000002888 devstack@neutron-api.service[87041]: DEBUG ovsdbapp.backend.ovs_idl.transaction [None req-51368ffa-6a6b-49ea-b3a0-292a77a5a936 None None] Running txn n=1 command(idx=0): AddLSwitchPortCommand(_result=None, lport=8b955486-4e46-4977-b0e3-3e3c3ab16907, lswitch=neutron-5d2884d4-1c8c-4b2b-a1b8-c2477021029c, may_exist=True, network_uuid=5d2884d4-1c8c-4b2b-a1b8-c2477021029c, columns={'addresses': ['fa:16:3e:b4:66:3c'], 'external_ids': {'neutron:port_name': '', 'neutron:device_id': 'ovnmeta-5d2884d4-1c8c-4b2b-a1b8-c2477021029c', 'neutron:project_id': '5bf8d163853b48fca86cf5ffe3ba0536', 'neutron:cidrs': '', 'neutron:device_owner': 'network:distributed', 'neutron:subnet_pool_addr_scope4': '', 'neutron:subnet_pool_addr_scope6': '', 'neutron:network_name': 'neutron-5d2884d4-1c8c-4b2b-a1b8-c2477021029c', 'neutron:security_group_ids': '', 'neutron:revision_number': '1', 'neutron:vnic_type': 'normal', 'neutron:port_capabilities': '', 'neutron:mtu': '1372'}, 'parent_name': [], 'enabled': True, 'options': {}, 'type': 'localport', 'port_security': [], 'dhcpv4_options': [], 'dhcpv6_options': [], 'tag_request': []}) {{(pid=87041) do_commit /opt/stack/data/venv/lib/python3.12/site-packages/ovsdbapp/backend/ovs_idl/transaction.py:89}}
Jun 15 19:14:54.796465 np0000002888 devstack@neutron-api.service[87041]: DEBUG ovsdbapp.backend.ovs_idl.transaction [None req-51368ffa-6a6b-49ea-b3a0-292a77a5a936 None None] Running txn n=1 command(idx=1): QoSDelCommand(_result=None, switch=neutron-5d2884d4-1c8c-4b2b-a1b8-c2477021029c, conditions=[('direction', '=', 'to-lport'), ('priority', '=', 2002), ('match', '=', 'outport == "8b955486-4e46-4977-b0e3-3e3c3ab16907"')], if_exists=True) {{(pid=87041) do_commit /opt/stack/data/venv/lib/python3.12/site-packages/ovsdbapp/backend/ovs_idl/transaction.py:89}}
Jun 15 19:14:54.796465 np0000002888 devstack@neutron-api.service[87041]: DEBUG ovsdbapp.backend.ovs_idl.transaction [None req-51368ffa-6a6b-49ea-b3a0-292a77a5a936 None None] Running txn n=1 command(idx=2): QoSDelCommand(_result=None, switch=neutron-5d2884d4-1c8c-4b2b-a1b8-c2477021029c, conditions=[('direction', '=', 'from-lport'), ('priority', '=', 2002), ('match', '=', 'inport == "8b955486-4e46-4977-b0e3-3e3c3ab16907"')], if_exists=True) {{(pid=87041) do_commit /opt/stack/data/venv/lib/python3.12/site-packages/ovsdbapp/backend/ovs_idl/transaction.py:89}}
Jun 15 19:14:54.800325 np0000002888 devstack@neutron-api.service[87041]: DEBUG neutron.plugins.ml2.drivers.ovn.mech_driver.ovsdb.ovsdb_monitor [None req-51368ffa-6a6b-49ea-b3a0-292a77a5a936 None None] Hash Ring: Node e46b3eef53a35a7897735ca944707121 (host: np0000002888) handling event "update" for row 5d2884d4-1c8c-4b2b-a1b8-c2477021029c (table: Logical_Switch) {{(pid=87041) notify /opt/stack/neutron/neutron/plugins/ml2/drivers/ovn/mech_driver/ovsdb/ovsdb_monitor.py:1015}}
Jun 15 19:14:54.800653 np0000002888 devstack@neutron-api.service[87041]: DEBUG neutron.plugins.ml2.drivers.ovn.mech_driver.ovsdb.ovsdb_monitor [None req-51368ffa-6a6b-49ea-b3a0-292a77a5a936 None None] Hash Ring: Node e46b3eef53a35a7897735ca944707121 (host: np0000002888) handling event "create" for row bc0b7a7a-de7c-412d-9436-af8f8c601148 (table: Logical_Switch_Port) {{(pid=87041) notify /opt/stack/neutron/neutron/plugins/ml2/drivers/ovn/mech_driver/ovsdb/ovsdb_monitor.py:1015}}
Jun 15 19:14:54.802438 np0000002888 devstack@neutron-api.service[87041]: DEBUG ovsdbapp.backend.ovs_idl.event [None req-51368ffa-6a6b-49ea-b3a0-292a77a5a936 None None] Matched CREATE: LogicalSwitchPortCreateEvent(events=('create',), table='Logical_Switch_Port', conditions=[], old_conditions=None), priority=20 to row=Logical_Switch_Port(uuid=bc0b7a7a-de7c-412d-9436-af8f8c601148, addresses=['fa:16:3e:b4:66:3c'], dhcpv4_options=[], dhcpv6_options=[], dynamic_addresses=[], enabled=True, external_ids={'neutron:cidrs': '', 'neutron:device_id': 'ovnmeta-5d2884d4-1c8c-4b2b-a1b8-c2477021029c', 'neutron:device_owner': 'network:distributed', 'neutron:mtu': '1372', 'neutron:network_name': 'neutron-5d2884d4-1c8c-4b2b-a1b8-c2477021029c', 'neutron:port_capabilities': '', 'neutron:port_name': '', 'neutron:project_id': '5bf8d163853b48fca86cf5ffe3ba0536', 'neutron:revision_number': '1', 'neutron:security_group_ids': '', 'neutron:subnet_pool_addr_scope4': '', 'neutron:subnet_pool_addr_scope6': '', 'neutron:vnic_type': 'normal'}, ha_chassis_group=[], mirror_rules=[], name='8b955486-4e46-4977-b0e3-3e3c3ab16907', options={}, parent_name=[], port_security=[], tag=[], tag_request=[], type='localport', up=[]) old= {{(pid=87041) matches /opt/stack/data/venv/lib/python3.12/site-packages/ovsdbapp/backend/ovs_idl/event.py:55}}
Jun 15 19:14:54.802914 np0000002888 devstack@neutron-api.service[87041]: INFO neutron.plugins.ml2.drivers.ovn.mech_driver.mech_driver [None req-d0b64b87-b541-4eba-a9bd-ff1a7044e199 None None] OVN reports status down for port: 8b955486-4e46-4977-b0e3-3e3c3ab16907
Jun 15 19:14:54.804645 np0000002888 devstack@neutron-api.service[87041]: DEBUG neutron.plugins.ml2.drivers.ovn.mech_driver.ovsdb.ovsdb_monitor [None req-51368ffa-6a6b-49ea-b3a0-292a77a5a936 None None] Hash Ring: Node e46b3eef53a35a7897735ca944707121 (host: np0000002888) handling event "update" for row bc0b7a7a-de7c-412d-9436-af8f8c601148 (table: Logical_Switch_Port) {{(pid=87041) notify /opt/stack/neutron/neutron/plugins/ml2/drivers/ovn/mech_driver/ovsdb/ovsdb_monitor.py:1015}}
Jun 15 19:14:54.806207 np0000002888 devstack@neutron-api.service[87041]: DEBUG neutron.plugins.ml2.drivers.ovn.mech_driver.ovsdb.ovsdb_monitor [None req-614c0291-9e17-472c-8b7c-b065eaeede65 None None] Hash Ring: Node e46b3eef53a35a7897735ca944707121 (host: np0000002888) handling event "create" for row 374e2fdd-0e75-450a-b770-6c41f837b511 (table: Port_Binding) {{(pid=87041) notify /opt/stack/neutron/neutron/plugins/ml2/drivers/ovn/mech_driver/ovsdb/ovsdb_monitor.py:1015}}
Jun 15 19:14:54.811279 np0000002888 devstack@neutron-api.service[87042]: DEBUG neutron_lib.callbacks.manager [None req-36a7f156-20d3-429f-bf98-1f713f4be776 admin admin] Publish callbacks ['neutron.plugins.ml2.drivers.ovn.mech_driver.mech_driver.OVNMechanismDriver._create_security_group_precommit-19091'] for security_group (09affae5-ffd3-4367-bc5d-f302d2354e09), precommit_create {{(pid=87042) _notify_loop /opt/stack/data/venv/lib/python3.12/site-packages/neutron_lib/callbacks/manager.py:184}}
Jun 15 19:14:54.811447 np0000002888 devstack@neutron-api.service[87042]: DEBUG neutron.db.ovn_revision_numbers_db [None req-36a7f156-20d3-429f-bf98-1f713f4be776 admin admin] create_initial_revision uuid=09affae5-ffd3-4367-bc5d-f302d2354e09, type=security_groups, rev=-1 {{(pid=87042) create_initial_revision /opt/stack/neutron/neutron/db/ovn_revision_numbers_db.py:98}}
Jun 15 19:14:54.812669 np0000002888 devstack@neutron-api.service[87042]: DEBUG neutron.db.ovn_revision_numbers_db [None req-36a7f156-20d3-429f-bf98-1f713f4be776 admin admin] create_initial_revision uuid=061726d6-df10-4b71-8c93-0a9acb9f3afb, type=security_group_rules, rev=-1 {{(pid=87042) create_initial_revision /opt/stack/neutron/neutron/db/ovn_revision_numbers_db.py:98}}
Jun 15 19:14:54.813717 np0000002888 devstack@neutron-api.service[87042]: DEBUG neutron.db.ovn_revision_numbers_db [None req-36a7f156-20d3-429f-bf98-1f713f4be776 admin admin] create_initial_revision uuid=37b906b0-fe93-4d34-8cc1-83679a358664, type=security_group_rules, rev=-1 {{(pid=87042) create_initial_revision /opt/stack/neutron/neutron/db/ovn_revision_numbers_db.py:98}}
Jun 15 19:14:54.815082 np0000002888 devstack@neutron-api.service[87042]: DEBUG neutron.db.ovn_revision_numbers_db [None req-36a7f156-20d3-429f-bf98-1f713f4be776 admin admin] create_initial_revision uuid=7efdcde7-e096-4371-9473-7a7287cb515e, type=security_group_rules, rev=-1 {{(pid=87042) create_initial_revision /opt/stack/neutron/neutron/db/ovn_revision_numbers_db.py:98}}
Jun 15 19:14:54.816220 np0000002888 devstack@neutron-api.service[87042]: DEBUG neutron.db.ovn_revision_numbers_db [None req-36a7f156-20d3-429f-bf98-1f713f4be776 admin admin] create_initial_revision uuid=95431e17-ace6-4e50-a449-e970e687a130, type=security_group_rules, rev=-1 {{(pid=87042) create_initial_revision /opt/stack/neutron/neutron/db/ovn_revision_numbers_db.py:98}}
Jun 15 19:14:54.820226 np0000002888 devstack@neutron-api.service[87042]: DEBUG neutron_lib.callbacks.manager [None req-36a7f156-20d3-429f-bf98-1f713f4be776 admin admin] Publish callbacks ['neutron.plugins.ml2.drivers.ovn.mech_driver.mech_driver.OVNMechanismDriver._create_security_group-19173', 'neutron.plugins.ml2.ovo_rpc._ObjectChangeHandler.handle_event-2218594'] for security_group (09affae5-ffd3-4367-bc5d-f302d2354e09), after_create {{(pid=87042) _notify_loop /opt/stack/data/venv/lib/python3.12/site-packages/neutron_lib/callbacks/manager.py:184}}
Jun 15 19:14:54.820730 np0000002888 devstack@neutron-api.service[87042]: DEBUG ovsdbapp.backend.ovs_idl.transaction [None req-7fa39c54-ffb7-4131-a37e-34ebfcb0afaf None None] Running txn n=1 command(idx=0): PgAddCommand(_result=None, name=pg_09affae5_ffd3_4367_bc5d_f302d2354e09, may_exist=False, columns={'acls': [], 'external_ids': {'neutron:security_group_id': '09affae5-ffd3-4367-bc5d-f302d2354e09'}}) {{(pid=87042) do_commit /opt/stack/data/venv/lib/python3.12/site-packages/ovsdbapp/backend/ovs_idl/transaction.py:89}}
Jun 15 19:14:54.821582 np0000002888 devstack@neutron-api.service[87042]: DEBUG ovsdbapp.backend.ovs_idl.transaction [None req-7fa39c54-ffb7-4131-a37e-34ebfcb0afaf None None] Running txn n=1 command(idx=1): PgAclAddCommand(_result=None, entity=pg_09affae5_ffd3_4367_bc5d_f302d2354e09, direction=from-lport, priority=1002, match=inport == @pg_09affae5_ffd3_4367_bc5d_f302d2354e09 && ip6, action=allow-related, log=False, may_exist=True, severity=[], name=[], meter=[], external_ids={'neutron:security_group_rule_id': '061726d6-df10-4b71-8c93-0a9acb9f3afb'}) {{(pid=87042) do_commit /opt/stack/data/venv/lib/python3.12/site-packages/ovsdbapp/backend/ovs_idl/transaction.py:89}}
Jun 15 19:14:54.821582 np0000002888 devstack@neutron-api.service[87042]: DEBUG ovsdbapp.backend.ovs_idl.transaction [None req-7fa39c54-ffb7-4131-a37e-34ebfcb0afaf None None] Running txn n=1 command(idx=2): PgAclAddCommand(_result=None, entity=pg_09affae5_ffd3_4367_bc5d_f302d2354e09, direction=from-lport, priority=1002, match=inport == @pg_09affae5_ffd3_4367_bc5d_f302d2354e09 && ip4, action=allow-related, log=False, may_exist=True, severity=[], name=[], meter=[], external_ids={'neutron:security_group_rule_id': '37b906b0-fe93-4d34-8cc1-83679a358664'}) {{(pid=87042) do_commit /opt/stack/data/venv/lib/python3.12/site-packages/ovsdbapp/backend/ovs_idl/transaction.py:89}}
Jun 15 19:14:54.821838 np0000002888 devstack@neutron-api.service[87042]: DEBUG ovsdbapp.backend.ovs_idl.transaction [None req-7fa39c54-ffb7-4131-a37e-34ebfcb0afaf None None] Running txn n=1 command(idx=3): PgAclAddCommand(_result=None, entity=pg_09affae5_ffd3_4367_bc5d_f302d2354e09, direction=to-lport, priority=1002, match=outport == @pg_09affae5_ffd3_4367_bc5d_f302d2354e09 && ip6 && ip6.src == $pg_09affae5_ffd3_4367_bc5d_f302d2354e09_ip6, action=allow-related, log=False, may_exist=True, severity=[], name=[], meter=[], external_ids={'neutron:security_group_rule_id': '7efdcde7-e096-4371-9473-7a7287cb515e'}) {{(pid=87042) do_commit /opt/stack/data/venv/lib/python3.12/site-packages/ovsdbapp/backend/ovs_idl/transaction.py:89}}
Jun 15 19:14:54.821910 np0000002888 devstack@neutron-api.service[87042]: DEBUG ovsdbapp.backend.ovs_idl.transaction [None req-7fa39c54-ffb7-4131-a37e-34ebfcb0afaf None None] Running txn n=1 command(idx=4): PgAclAddCommand(_result=None, entity=pg_09affae5_ffd3_4367_bc5d_f302d2354e09, direction=to-lport, priority=1002, match=outport == @pg_09affae5_ffd3_4367_bc5d_f302d2354e09 && ip4 && ip4.src == $pg_09affae5_ffd3_4367_bc5d_f302d2354e09_ip4, action=allow-related, log=False, may_exist=True, severity=[], name=[], meter=[], external_ids={'neutron:security_group_rule_id': '95431e17-ace6-4e50-a449-e970e687a130'}) {{(pid=87042) do_commit /opt/stack/data/venv/lib/python3.12/site-packages/ovsdbapp/backend/ovs_idl/transaction.py:89}}
Jun 15 19:14:54.826771 np0000002888 devstack@neutron-api.service[87042]: DEBUG neutron.plugins.ml2.drivers.ovn.mech_driver.ovsdb.ovsdb_monitor [None req-7fa39c54-ffb7-4131-a37e-34ebfcb0afaf None None] Hash Ring: Node 90afe74cbbe051ba8b1c37278961816f (host: np0000002888) handling event "create" for row 2279524d-9e0a-41ea-b9f0-52e04c322e95 (table: ACL) {{(pid=87042) notify /opt/stack/neutron/neutron/plugins/ml2/drivers/ovn/mech_driver/ovsdb/ovsdb_monitor.py:1015}}
Jun 15 19:14:54.826956 np0000002888 devstack@neutron-api.service[87042]: DEBUG neutron.plugins.ml2.drivers.ovn.mech_driver.ovsdb.ovsdb_monitor [None req-7fa39c54-ffb7-4131-a37e-34ebfcb0afaf None None] Hash Ring: Node 90afe74cbbe051ba8b1c37278961816f (host: np0000002888) handling event "create" for row af95b360-3253-4323-9668-ccc01e0bb0d3 (table: ACL) {{(pid=87042) notify /opt/stack/neutron/neutron/plugins/ml2/drivers/ovn/mech_driver/ovsdb/ovsdb_monitor.py:1015}}
Jun 15 19:14:54.836524 np0000002888 devstack@neutron-api.service[87041]: DEBUG neutron.plugins.ml2.drivers.ovn.mech_driver.ovsdb.ovsdb_monitor [None req-51368ffa-6a6b-49ea-b3a0-292a77a5a936 None None] Hash Ring: Node e46b3eef53a35a7897735ca944707121 (host: np0000002888) handling event "create" for row ad6625b2-0295-4c3d-91b5-29617b496b39 (table: ACL) {{(pid=87041) notify /opt/stack/neutron/neutron/plugins/ml2/drivers/ovn/mech_driver/ovsdb/ovsdb_monitor.py:1015}}
Jun 15 19:14:54.837051 np0000002888 devstack@neutron-api.service[87041]: DEBUG neutron.plugins.ml2.drivers.ovn.mech_driver.ovsdb.ovsdb_monitor [None req-51368ffa-6a6b-49ea-b3a0-292a77a5a936 None None] Hash Ring: Node e46b3eef53a35a7897735ca944707121 (host: np0000002888) handling event "create" for row e7862743-4dc1-4315-84cc-8f115d3f312e (table: ACL) {{(pid=87041) notify /opt/stack/neutron/neutron/plugins/ml2/drivers/ovn/mech_driver/ovsdb/ovsdb_monitor.py:1015}}
Jun 15 19:14:54.839164 np0000002888 devstack@neutron-api.service[87041]: DEBUG neutron.plugins.ml2.drivers.ovn.mech_driver.ovsdb.ovsdb_monitor [None req-51368ffa-6a6b-49ea-b3a0-292a77a5a936 None None] Hash Ring: Node e46b3eef53a35a7897735ca944707121 (host: np0000002888) handling event "create" for row b8b5300d-568b-4664-adc5-d1f3ccfbd6db (table: Port_Group) {{(pid=87041) notify /opt/stack/neutron/neutron/plugins/ml2/drivers/ovn/mech_driver/ovsdb/ovsdb_monitor.py:1015}}
Jun 15 19:14:54.844947 np0000002888 devstack@neutron-api.service[87042]: INFO neutron.db.ovn_revision_numbers_db [None req-36a7f156-20d3-429f-bf98-1f713f4be776 admin admin] Successfully bumped revision number for resource 09affae5-ffd3-4367-bc5d-f302d2354e09 (type: security_groups) to 1
Jun 15 19:14:54.858158 np0000002888 devstack@neutron-api.service[87042]: INFO neutron.db.ovn_revision_numbers_db [None req-36a7f156-20d3-429f-bf98-1f713f4be776 admin admin] Successfully bumped revision number for resource 061726d6-df10-4b71-8c93-0a9acb9f3afb (type: security_group_rules) to 0
Jun 15 19:14:54.865392 np0000002888 devstack@neutron-api.service[87041]: INFO neutron.db.ovn_revision_numbers_db [None req-e301cf96-3cc8-410f-8abc-c9ca6cd6b4bc admin admin] Successfully bumped revision number for resource 8b955486-4e46-4977-b0e3-3e3c3ab16907 (type: ports) to 1
Jun 15 19:14:54.866793 np0000002888 devstack@neutron-api.service[87041]: DEBUG neutron.db.provisioning_blocks [None req-d0b64b87-b541-4eba-a9bd-ff1a7044e199 None None] Transition to ACTIVE for port object 8b955486-4e46-4977-b0e3-3e3c3ab16907 will not be triggered until provisioned by entity L2. {{(pid=87041) add_provisioning_component /opt/stack/neutron/neutron/db/provisioning_blocks.py:74}}
Jun 15 19:14:54.869927 np0000002888 devstack@neutron-api.service[87042]: INFO neutron.db.ovn_revision_numbers_db [None req-36a7f156-20d3-429f-bf98-1f713f4be776 admin admin] Successfully bumped revision number for resource 37b906b0-fe93-4d34-8cc1-83679a358664 (type: security_group_rules) to 0
Jun 15 19:14:54.875299 np0000002888 devstack@neutron-api.service[87041]: DEBUG neutron.pecan_wsgi.hooks.policy_enforcement [None req-e301cf96-3cc8-410f-8abc-c9ca6cd6b4bc admin admin] Attributes excluded by policy engine: ['standard_attr_id'] {{(pid=87041) _exclude_attributes_by_policy /opt/stack/neutron/neutron/pecan_wsgi/hooks/policy_enforcement.py:259}}
Jun 15 19:14:54.875859 np0000002888 devstack@neutron-api.service[87041]: DEBUG neutron_lib.callbacks.manager [None req-e301cf96-3cc8-410f-8abc-c9ca6cd6b4bc admin admin] Publish callbacks [] for network (None), before_response {{(pid=87041) _notify_loop /opt/stack/data/venv/lib/python3.12/site-packages/neutron_lib/callbacks/manager.py:184}}
Jun 15 19:14:54.883331 np0000002888 devstack@neutron-api.service[87042]: INFO neutron.db.ovn_revision_numbers_db [None req-36a7f156-20d3-429f-bf98-1f713f4be776 admin admin] Successfully bumped revision number for resource 7efdcde7-e096-4371-9473-7a7287cb515e (type: security_group_rules) to 0
Jun 15 19:14:54.895782 np0000002888 devstack@neutron-api.service[87042]: INFO neutron.db.ovn_revision_numbers_db [None req-36a7f156-20d3-429f-bf98-1f713f4be776 admin admin] Successfully bumped revision number for resource 95431e17-ace6-4e50-a449-e970e687a130 (type: security_group_rules) to 0
Jun 15 19:14:54.897302 np0000002888 devstack@neutron-api.service[87041]: [pid: 87041|app: 0|req: 23/44] 10.4.3.195 () {68 vars in 1277 bytes} [Mon Jun 15 19:14:53 2026] POST /networking/v2.0/networks => generated 724 bytes in 1224 msecs (HTTP/1.1 201) 4 headers in 162 bytes (1 switches on core 0)
Jun 15 19:14:54.909629 np0000002888 devstack@neutron-api.service[87041]: DEBUG neutron.plugins.ml2.plugin [None req-d0b64b87-b541-4eba-a9bd-ff1a7044e199 None None] Current status of the port 8b955486-4e46-4977-b0e3-3e3c3ab16907 is: DOWN; New status is: DOWN {{(pid=87041) _update_individual_port_db_status /opt/stack/neutron/neutron/plugins/ml2/plugin.py:2470}}
Jun 15 19:14:54.910937 np0000002888 devstack@neutron-api.service[87041]: DEBUG ovsdbapp.backend.ovs_idl.transaction [None req-51368ffa-6a6b-49ea-b3a0-292a77a5a936 None None] Running txn n=1 command(idx=0): DbRemoveCommand(_result=None, table=Logical_Switch_Port, record=8b955486-4e46-4977-b0e3-3e3c3ab16907, column=external_ids, values=('neutron:host_id',), keyvalues={}, if_exists=True) {{(pid=87041) do_commit /opt/stack/data/venv/lib/python3.12/site-packages/ovsdbapp/backend/ovs_idl/transaction.py:89}}
Jun 15 19:14:54.929064 np0000002888 devstack@neutron-api.service[87042]: DEBUG neutron.api.rpc.handlers.resources_rpc [None req-36a7f156-20d3-429f-bf98-1f713f4be776 admin admin] Pushing event updated for resources: {'SecurityGroup': ['ID=09affae5-ffd3-4367-bc5d-f302d2354e09,revision_number=1']} {{(pid=87042) push /opt/stack/neutron/neutron/api/rpc/handlers/resources_rpc.py:237}}
Jun 15 19:14:54.935788 np0000002888 devstack@neutron-api.service[87042]: DEBUG neutron.api.rpc.callbacks.version_manager [None req-36a7f156-20d3-429f-bf98-1f713f4be776 admin admin] Tracked resource versions report:
Jun 15 19:14:54.935788 np0000002888 devstack@neutron-api.service[87042]: pushed versions:
Jun 15 19:14:54.935788 np0000002888 devstack@neutron-api.service[87042]: { 'AddressGroup': {'1.2'},
Jun 15 19:14:54.935788 np0000002888 devstack@neutron-api.service[87042]: 'Agent': {'1.1'},
Jun 15 19:14:54.935788 np0000002888 devstack@neutron-api.service[87042]: 'ConntrackHelper': {'1.0'},
Jun 15 19:14:54.935788 np0000002888 devstack@neutron-api.service[87042]: 'LocalIPAssociation': {'1.0'},
Jun 15 19:14:54.935788 np0000002888 devstack@neutron-api.service[87042]: 'Log': {'1.0'},
Jun 15 19:14:54.935788 np0000002888 devstack@neutron-api.service[87042]: 'NDPProxy': {'1.0'},
Jun 15 19:14:54.935788 np0000002888 devstack@neutron-api.service[87042]: 'Network': {'1.3'},
Jun 15 19:14:54.935788 np0000002888 devstack@neutron-api.service[87042]: 'Port': {'1.11'},
Jun 15 19:14:54.935788 np0000002888 devstack@neutron-api.service[87042]: 'PortForwarding': {'1.3'},
Jun 15 19:14:54.935788 np0000002888 devstack@neutron-api.service[87042]: 'QosPolicy': {'1.10'},
Jun 15 19:14:54.935788 np0000002888 devstack@neutron-api.service[87042]: 'SecurityGroup': {'1.6'},
Jun 15 19:14:54.935788 np0000002888 devstack@neutron-api.service[87042]: 'SecurityGroupRule': {'1.3'},
Jun 15 19:14:54.935788 np0000002888 devstack@neutron-api.service[87042]: 'SubPort': {'1.0'},
Jun 15 19:14:54.935788 np0000002888 devstack@neutron-api.service[87042]: 'Subnet': {'1.2'},
Jun 15 19:14:54.935788 np0000002888 devstack@neutron-api.service[87042]: 'Trunk': {'1.1'}}
Jun 15 19:14:54.935788 np0000002888 devstack@neutron-api.service[87042]: consumer versions:
Jun 15 19:14:54.935788 np0000002888 devstack@neutron-api.service[87042]: { OVN Neutron agent@np0000002888: {},
Jun 15 19:14:54.935788 np0000002888 devstack@neutron-api.service[87042]: OVN Controller Gateway agent@np0000002888: {}}
Jun 15 19:14:54.935788 np0000002888 devstack@neutron-api.service[87042]: {{(pid=87042) report /opt/stack/neutron/neutron/api/rpc/callbacks/version_manager.py:183}}
