Aug 06 19:16:54.723792 np0000006692 nova-scheduler[93378]: DEBUG cotyledon.oslo_config_glue [-] oslo_messaging_rabbit.rabbit_quorum_delivery_limit = 0 {{(pid=93378) log_opt_values /opt/stack/data/venv/lib/python3.12/site-packages/oslo_config/cfg.py:3545}}
Aug 06 19:16:54.723974 np0000006692 nova-scheduler[93378]: DEBUG cotyledon.oslo_config_glue [-] oslo_messaging_rabbit.rabbit_quorum_max_memory_bytes = 0 {{(pid=93378) log_opt_values /opt/stack/data/venv/lib/python3.12/site-packages/oslo_config/cfg.py:3545}}
Aug 06 19:16:54.723974 np0000006692 nova-scheduler[93378]: DEBUG cotyledon.oslo_config_glue [-] oslo_messaging_rabbit.rabbit_quorum_max_memory_length = 0 {{(pid=93378) log_opt_values /opt/stack/data/venv/lib/python3.12/site-packages/oslo_config/cfg.py:3545}}
Aug 06 19:16:54.723974 np0000006692 nova-scheduler[93378]: DEBUG cotyledon.oslo_config_glue [-] oslo_messaging_rabbit.rabbit_quorum_queue = False {{(pid=93378) log_opt_values /opt/stack/data/venv/lib/python3.12/site-packages/oslo_config/cfg.py:3545}}
Aug 06 19:16:54.723974 np0000006692 nova-scheduler[93378]: DEBUG cotyledon.oslo_config_glue [-] oslo_messaging_rabbit.rabbit_retry_backoff = 2 {{(pid=93378) log_opt_values /opt/stack/data/venv/lib/python3.12/site-packages/oslo_config/cfg.py:3545}}
Aug 06 19:16:54.723974 np0000006692 nova-scheduler[93378]: DEBUG cotyledon.oslo_config_glue [-] oslo_messaging_rabbit.rabbit_retry_interval = 1 {{(pid=93378) log_opt_values /opt/stack/data/venv/lib/python3.12/site-packages/oslo_config/cfg.py:3545}}
Aug 06 19:16:54.723974 np0000006692 nova-scheduler[93378]: DEBUG cotyledon.oslo_config_glue [-] oslo_messaging_rabbit.rabbit_stream_fanout = False {{(pid=93378) log_opt_values /opt/stack/data/venv/lib/python3.12/site-packages/oslo_config/cfg.py:3545}}
Aug 06 19:16:54.723974 np0000006692 nova-scheduler[93378]: DEBUG cotyledon.oslo_config_glue [-] oslo_messaging_rabbit.rabbit_transient_queues_ttl = 1800 {{(pid=93378) log_opt_values /opt/stack/data/venv/lib/python3.12/site-packages/oslo_config/cfg.py:3545}}
Aug 06 19:16:54.723974 np0000006692 nova-scheduler[93378]: DEBUG cotyledon.oslo_config_glue [-] oslo_messaging_rabbit.rabbit_transient_quorum_queue = False {{(pid=93378) log_opt_values /opt/stack/data/venv/lib/python3.12/site-packages/oslo_config/cfg.py:3545}}
Aug 06 19:16:54.724122 np0000006692 nova-scheduler[93378]: DEBUG cotyledon.oslo_config_glue [-] oslo_messaging_rabbit.rpc_conn_pool_size = 30 {{(pid=93378) log_opt_values /opt/stack/data/venv/lib/python3.12/site-packages/oslo_config/cfg.py:3545}}
Aug 06 19:16:54.724122 np0000006692 nova-scheduler[93378]: DEBUG cotyledon.oslo_config_glue [-] oslo_messaging_rabbit.ssl = False {{(pid=93378) log_opt_values /opt/stack/data/venv/lib/python3.12/site-packages/oslo_config/cfg.py:3545}}
Aug 06 19:16:54.724122 np0000006692 nova-scheduler[93378]: DEBUG cotyledon.oslo_config_glue [-] oslo_messaging_rabbit.ssl_ca_file = {{(pid=93378) log_opt_values /opt/stack/data/venv/lib/python3.12/site-packages/oslo_config/cfg.py:3545}}
Aug 06 19:16:54.724122 np0000006692 nova-scheduler[93378]: DEBUG cotyledon.oslo_config_glue [-] oslo_messaging_rabbit.ssl_cert_file = {{(pid=93378) log_opt_values /opt/stack/data/venv/lib/python3.12/site-packages/oslo_config/cfg.py:3545}}
Aug 06 19:16:54.724122 np0000006692 nova-scheduler[93378]: DEBUG cotyledon.oslo_config_glue [-] oslo_messaging_rabbit.ssl_enforce_fips_mode = False {{(pid=93378) log_opt_values /opt/stack/data/venv/lib/python3.12/site-packages/oslo_config/cfg.py:3545}}
Aug 06 19:16:54.724122 np0000006692 nova-scheduler[93378]: DEBUG cotyledon.oslo_config_glue [-] oslo_messaging_rabbit.ssl_enforce_hostname_verification = True {{(pid=93378) log_opt_values /opt/stack/data/venv/lib/python3.12/site-packages/oslo_config/cfg.py:3545}}
Aug 06 19:16:54.724122 np0000006692 nova-scheduler[93378]: DEBUG cotyledon.oslo_config_glue [-] oslo_messaging_rabbit.ssl_key_file = {{(pid=93378) log_opt_values /opt/stack/data/venv/lib/python3.12/site-packages/oslo_config/cfg.py:3545}}
Aug 06 19:16:54.724122 np0000006692 nova-scheduler[93378]: DEBUG cotyledon.oslo_config_glue [-] oslo_messaging_rabbit.ssl_version = {{(pid=93378) log_opt_values /opt/stack/data/venv/lib/python3.12/site-packages/oslo_config/cfg.py:3545}}
Aug 06 19:16:54.724122 np0000006692 nova-scheduler[93378]: DEBUG cotyledon.oslo_config_glue [-] oslo_messaging_rabbit.use_queue_manager = False {{(pid=93378) log_opt_values /opt/stack/data/venv/lib/python3.12/site-packages/oslo_config/cfg.py:3545}}
Aug 06 19:16:54.724270 np0000006692 nova-scheduler[93378]: DEBUG cotyledon.oslo_config_glue [-] oslo_messaging_notifications.driver = ['messagingv2'] {{(pid=93378) log_opt_values /opt/stack/data/venv/lib/python3.12/site-packages/oslo_config/cfg.py:3545}}
Aug 06 19:16:54.724270 np0000006692 nova-scheduler[93378]: DEBUG cotyledon.oslo_config_glue [-] oslo_messaging_notifications.retry = -1 {{(pid=93378) log_opt_values /opt/stack/data/venv/lib/python3.12/site-packages/oslo_config/cfg.py:3545}}
Aug 06 19:16:54.724270 np0000006692 nova-scheduler[93378]: DEBUG cotyledon.oslo_config_glue [-] oslo_messaging_notifications.topics = ['notifications'] {{(pid=93378) log_opt_values /opt/stack/data/venv/lib/python3.12/site-packages/oslo_config/cfg.py:3545}}
Aug 06 19:16:54.724270 np0000006692 nova-scheduler[93378]: DEBUG cotyledon.oslo_config_glue [-] oslo_messaging_notifications.transport_url = **** {{(pid=93378) log_opt_values /opt/stack/data/venv/lib/python3.12/site-packages/oslo_config/cfg.py:3545}}
Aug 06 19:16:54.724270 np0000006692 nova-scheduler[93378]: DEBUG cotyledon.oslo_config_glue [-] oslo_limit.auth_section = None {{(pid=93378) log_opt_values /opt/stack/data/venv/lib/python3.12/site-packages/oslo_config/cfg.py:3545}}
Aug 06 19:16:54.724270 np0000006692 nova-scheduler[93378]: DEBUG cotyledon.oslo_config_glue [-] oslo_limit.auth_type = None {{(pid=93378) log_opt_values /opt/stack/data/venv/lib/python3.12/site-packages/oslo_config/cfg.py:3545}}
Aug 06 19:16:54.724270 np0000006692 nova-scheduler[93378]: DEBUG cotyledon.oslo_config_glue [-] oslo_limit.cafile = None {{(pid=93378) log_opt_values /opt/stack/data/venv/lib/python3.12/site-packages/oslo_config/cfg.py:3545}}
Aug 06 19:16:54.724270 np0000006692 nova-scheduler[93378]: DEBUG cotyledon.oslo_config_glue [-] oslo_limit.certfile = None {{(pid=93378) log_opt_values /opt/stack/data/venv/lib/python3.12/site-packages/oslo_config/cfg.py:3545}}
Aug 06 19:16:54.724270 np0000006692 nova-scheduler[93378]: DEBUG cotyledon.oslo_config_glue [-] oslo_limit.collect_timing = False {{(pid=93378) log_opt_values /opt/stack/data/venv/lib/python3.12/site-packages/oslo_config/cfg.py:3545}}
Aug 06 19:16:54.724419 np0000006692 nova-scheduler[93378]: DEBUG cotyledon.oslo_config_glue [-] oslo_limit.connect_retries = None {{(pid=93378) log_opt_values /opt/stack/data/venv/lib/python3.12/site-packages/oslo_config/cfg.py:3545}}
Aug 06 19:16:54.724419 np0000006692 nova-scheduler[93378]: DEBUG cotyledon.oslo_config_glue [-] oslo_limit.connect_retry_delay = None {{(pid=93378) log_opt_values /opt/stack/data/venv/lib/python3.12/site-packages/oslo_config/cfg.py:3545}}
Aug 06 19:16:54.724419 np0000006692 nova-scheduler[93378]: DEBUG cotyledon.oslo_config_glue [-] oslo_limit.endpoint_id = None {{(pid=93378) log_opt_values /opt/stack/data/venv/lib/python3.12/site-packages/oslo_config/cfg.py:3545}}
Aug 06 19:16:54.724419 np0000006692 nova-scheduler[93378]: DEBUG cotyledon.oslo_config_glue [-] oslo_limit.endpoint_interface = public {{(pid=93378) log_opt_values /opt/stack/data/venv/lib/python3.12/site-packages/oslo_config/cfg.py:3545}}
Aug 06 19:16:54.724419 np0000006692 nova-scheduler[93378]: DEBUG cotyledon.oslo_config_glue [-] oslo_limit.endpoint_override = None {{(pid=93378) log_opt_values /opt/stack/data/venv/lib/python3.12/site-packages/oslo_config/cfg.py:3545}}
Aug 06 19:16:54.724419 np0000006692 nova-scheduler[93378]: DEBUG cotyledon.oslo_config_glue [-] oslo_limit.endpoint_region_name = None {{(pid=93378) log_opt_values /opt/stack/data/venv/lib/python3.12/site-packages/oslo_config/cfg.py:3545}}
Aug 06 19:16:54.724419 np0000006692 nova-scheduler[93378]: DEBUG cotyledon.oslo_config_glue [-] oslo_limit.endpoint_service_name = None {{(pid=93378) log_opt_values /opt/stack/data/venv/lib/python3.12/site-packages/oslo_config/cfg.py:3545}}
Aug 06 19:16:54.724419 np0000006692 nova-scheduler[93378]: DEBUG cotyledon.oslo_config_glue [-] oslo_limit.endpoint_service_type = None {{(pid=93378) log_opt_values /opt/stack/data/venv/lib/python3.12/site-packages/oslo_config/cfg.py:3545}}
Aug 06 19:16:54.724419 np0000006692 nova-scheduler[93378]: DEBUG cotyledon.oslo_config_glue [-] oslo_limit.insecure = False {{(pid=93378) log_opt_values /opt/stack/data/venv/lib/python3.12/site-packages/oslo_config/cfg.py:3545}}
Aug 06 19:16:54.724571 np0000006692 nova-scheduler[93378]: DEBUG cotyledon.oslo_config_glue [-] oslo_limit.keyfile = None {{(pid=93378) log_opt_values /opt/stack/data/venv/lib/python3.12/site-packages/oslo_config/cfg.py:3545}}
Aug 06 19:16:54.724571 np0000006692 nova-scheduler[93378]: DEBUG cotyledon.oslo_config_glue [-] oslo_limit.max_version = None {{(pid=93378) log_opt_values /opt/stack/data/venv/lib/python3.12/site-packages/oslo_config/cfg.py:3545}}
Aug 06 19:16:54.724571 np0000006692 nova-scheduler[93378]: DEBUG cotyledon.oslo_config_glue [-] oslo_limit.min_version = None {{(pid=93378) log_opt_values /opt/stack/data/venv/lib/python3.12/site-packages/oslo_config/cfg.py:3545}}
Aug 06 19:16:54.724571 np0000006692 nova-scheduler[93378]: DEBUG cotyledon.oslo_config_glue [-] oslo_limit.region_name = None {{(pid=93378) log_opt_values /opt/stack/data/venv/lib/python3.12/site-packages/oslo_config/cfg.py:3545}}
Aug 06 19:16:54.724571 np0000006692 nova-scheduler[93378]: DEBUG cotyledon.oslo_config_glue [-] oslo_limit.retriable_status_codes = None {{(pid=93378) log_opt_values /opt/stack/data/venv/lib/python3.12/site-packages/oslo_config/cfg.py:3545}}
Aug 06 19:16:54.724571 np0000006692 nova-scheduler[93378]: DEBUG cotyledon.oslo_config_glue [-] oslo_limit.service_name = None {{(pid=93378) log_opt_values /opt/stack/data/venv/lib/python3.12/site-packages/oslo_config/cfg.py:3545}}
Aug 06 19:16:54.724571 np0000006692 nova-scheduler[93378]: DEBUG cotyledon.oslo_config_glue [-] oslo_limit.service_type = None {{(pid=93378) log_opt_values /opt/stack/data/venv/lib/python3.12/site-packages/oslo_config/cfg.py:3545}}
Aug 06 19:16:54.724571 np0000006692 nova-scheduler[93378]: DEBUG cotyledon.oslo_config_glue [-] oslo_limit.split_loggers = False {{(pid=93378) log_opt_values /opt/stack/data/venv/lib/python3.12/site-packages/oslo_config/cfg.py:3545}}
Aug 06 19:16:54.724571 np0000006692 nova-scheduler[93378]: DEBUG cotyledon.oslo_config_glue [-] oslo_limit.status_code_retries = None {{(pid=93378) log_opt_values /opt/stack/data/venv/lib/python3.12/site-packages/oslo_config/cfg.py:3545}}
Aug 06 19:16:54.724723 np0000006692 nova-scheduler[93378]: DEBUG cotyledon.oslo_config_glue [-] oslo_limit.status_code_retry_delay = None {{(pid=93378) log_opt_values /opt/stack/data/venv/lib/python3.12/site-packages/oslo_config/cfg.py:3545}}
Aug 06 19:16:54.724723 np0000006692 nova-scheduler[93378]: DEBUG cotyledon.oslo_config_glue [-] oslo_limit.timeout = None {{(pid=93378) log_opt_values /opt/stack/data/venv/lib/python3.12/site-packages/oslo_config/cfg.py:3545}}
Aug 06 19:16:54.724723 np0000006692 nova-scheduler[93378]: DEBUG cotyledon.oslo_config_glue [-] oslo_limit.valid_interfaces = None {{(pid=93378) log_opt_values /opt/stack/data/venv/lib/python3.12/site-packages/oslo_config/cfg.py:3545}}
Aug 06 19:16:54.724723 np0000006692 nova-scheduler[93378]: DEBUG cotyledon.oslo_config_glue [-] oslo_limit.version = None {{(pid=93378) log_opt_values /opt/stack/data/venv/lib/python3.12/site-packages/oslo_config/cfg.py:3545}}
Aug 06 19:16:54.724723 np0000006692 nova-scheduler[93378]: DEBUG cotyledon.oslo_config_glue [-] oslo_reports.file_event_handler = None {{(pid=93378) log_opt_values /opt/stack/data/venv/lib/python3.12/site-packages/oslo_config/cfg.py:3545}}
Aug 06 19:16:54.724723 np0000006692 nova-scheduler[93378]: DEBUG cotyledon.oslo_config_glue [-] oslo_reports.file_event_handler_interval = 1 {{(pid=93378) log_opt_values /opt/stack/data/venv/lib/python3.12/site-packages/oslo_config/cfg.py:3545}}
Aug 06 19:16:54.724723 np0000006692 nova-scheduler[93378]: DEBUG cotyledon.oslo_config_glue [-] oslo_reports.log_dir = None {{(pid=93378) log_opt_values /opt/stack/data/venv/lib/python3.12/site-packages/oslo_config/cfg.py:3545}}
Aug 06 19:16:54.724723 np0000006692 nova-scheduler[93378]: DEBUG cotyledon.oslo_config_glue [-] ******************************************************************************** {{(pid=93378) log_opt_values /opt/stack/data/venv/lib/python3.12/site-packages/oslo_config/cfg.py:3552}}
Aug 06 19:16:54.724723 np0000006692 nova-scheduler[93378]: DEBUG cotyledon._service_worker [-] Run service ServiceWrapper(2) [93378] {{(pid=93378) wait_forever /opt/stack/data/venv/lib/python3.12/site-packages/cotyledon/_service_worker.py:218}}
Aug 06 19:16:54.725249 np0000006692 nova-scheduler[93378]: INFO nova.service [-] Starting scheduler node (version 33.1.0)
Aug 06 19:16:54.730811 np0000006692 nova-scheduler[93378]: INFO dbcounter [None req-81c0dfa6-cbb9-4bfb-b5cf-d1cf1a4dbc84 None None] Registered counter for database nova_cell0
Aug 06 19:16:54.748405 np0000006692 nova-scheduler[93374]: DEBUG oslo_db.sqlalchemy.engines [None req-ef2574a7-9bcb-4ced-9b13-fb63caea0ddc None None] MySQL server mode set to STRICT_TRANS_TABLES,STRICT_ALL_TABLES,NO_ZERO_IN_DATE,NO_ZERO_DATE,ERROR_FOR_DIVISION_BY_ZERO,TRADITIONAL,NO_ENGINE_SUBSTITUTION {{(pid=93374) _check_effective_sql_mode /opt/stack/data/venv/lib/python3.12/site-packages/oslo_db/sqlalchemy/engines.py:325}}
Aug 06 19:16:54.756767 np0000006692 nova-scheduler[93374]: DEBUG dbcounter [-] [93374] Writer thread running {{(pid=93374) stat_writer /opt/stack/data/venv/lib/python3.12/site-packages/dbcounter.py:102}}
Aug 06 19:16:54.764780 np0000006692 nova-scheduler[93370]: DEBUG oslo_db.sqlalchemy.engines [None req-d40354ee-3b85-48f7-82f4-851836ee1496 None None] MySQL server mode set to STRICT_TRANS_TABLES,STRICT_ALL_TABLES,NO_ZERO_IN_DATE,NO_ZERO_DATE,ERROR_FOR_DIVISION_BY_ZERO,TRADITIONAL,NO_ENGINE_SUBSTITUTION {{(pid=93370) _check_effective_sql_mode /opt/stack/data/venv/lib/python3.12/site-packages/oslo_db/sqlalchemy/engines.py:325}}
Aug 06 19:16:54.767940 np0000006692 nova-scheduler[93378]: DEBUG oslo_db.sqlalchemy.engines [None req-81c0dfa6-cbb9-4bfb-b5cf-d1cf1a4dbc84 None None] MySQL server mode set to STRICT_TRANS_TABLES,STRICT_ALL_TABLES,NO_ZERO_IN_DATE,NO_ZERO_DATE,ERROR_FOR_DIVISION_BY_ZERO,TRADITIONAL,NO_ENGINE_SUBSTITUTION {{(pid=93378) _check_effective_sql_mode /opt/stack/data/venv/lib/python3.12/site-packages/oslo_db/sqlalchemy/engines.py:325}}
Aug 06 19:16:54.769320 np0000006692 nova-scheduler[93374]: DEBUG nova.service [None req-ef2574a7-9bcb-4ced-9b13-fb63caea0ddc None None] Creating RPC server for service: nova-scheduler on topic: scheduler {{(pid=93374) start /opt/stack/nova/nova/service.py:196}}
Aug 06 19:16:54.776519 np0000006692 nova-scheduler[93370]: DEBUG dbcounter [-] [93370] Writer thread running {{(pid=93370) stat_writer /opt/stack/data/venv/lib/python3.12/site-packages/dbcounter.py:102}}
Aug 06 19:16:54.780073 np0000006692 nova-scheduler[93378]: DEBUG dbcounter [-] [93378] Writer thread running {{(pid=93378) stat_writer /opt/stack/data/venv/lib/python3.12/site-packages/dbcounter.py:102}}
Aug 06 19:16:54.780255 np0000006692 nova-scheduler[93370]: DEBUG nova.service [None req-d40354ee-3b85-48f7-82f4-851836ee1496 None None] Creating RPC server for service: nova-scheduler on topic: scheduler {{(pid=93370) start /opt/stack/nova/nova/service.py:196}}
Aug 06 19:16:54.789505 np0000006692 nova-scheduler[93378]: DEBUG nova.service [None req-81c0dfa6-cbb9-4bfb-b5cf-d1cf1a4dbc84 None None] Creating RPC server for service: nova-scheduler on topic: scheduler {{(pid=93378) start /opt/stack/nova/nova/service.py:196}}
Aug 06 19:16:54.792200 np0000006692 nova-scheduler[93374]: DEBUG nova.service [None req-ef2574a7-9bcb-4ced-9b13-fb63caea0ddc None None] Join ServiceGroup membership for this service scheduler {{(pid=93374) start /opt/stack/nova/nova/service.py:222}}
Aug 06 19:16:54.792402 np0000006692 nova-scheduler[93374]: DEBUG nova.servicegroup.drivers.db [None req-ef2574a7-9bcb-4ced-9b13-fb63caea0ddc None None] DB_Driver: join new ServiceGroup member np0000006692 to the scheduler group, service = {{(pid=93374) join /opt/stack/nova/nova/servicegroup/drivers/db.py:44}}
Aug 06 19:16:54.799445 np0000006692 nova-scheduler[93370]: DEBUG nova.service [None req-d40354ee-3b85-48f7-82f4-851836ee1496 None None] Join ServiceGroup membership for this service scheduler {{(pid=93370) start /opt/stack/nova/nova/service.py:222}}
Aug 06 19:16:54.799673 np0000006692 nova-scheduler[93370]: DEBUG nova.servicegroup.drivers.db [None req-d40354ee-3b85-48f7-82f4-851836ee1496 None None] DB_Driver: join new ServiceGroup member np0000006692 to the scheduler group, service = {{(pid=93370) join /opt/stack/nova/nova/servicegroup/drivers/db.py:44}}
Aug 06 19:16:54.813054 np0000006692 nova-scheduler[93378]: DEBUG nova.service [None req-81c0dfa6-cbb9-4bfb-b5cf-d1cf1a4dbc84 None None] Join ServiceGroup membership for this service scheduler {{(pid=93378) start /opt/stack/nova/nova/service.py:222}}
Aug 06 19:16:54.813245 np0000006692 nova-scheduler[93378]: DEBUG nova.servicegroup.drivers.db [None req-81c0dfa6-cbb9-4bfb-b5cf-d1cf1a4dbc84 None None] DB_Driver: join new ServiceGroup member np0000006692 to the scheduler group, service = {{(pid=93378) join /opt/stack/nova/nova/servicegroup/drivers/db.py:44}}
Aug 06 19:16:59.804930 np0000006692 nova-scheduler[93374]: DEBUG oslo.service.backend._threading.loopingcall [-] Fixed interval looping call 'nova.servicegroup.drivers.db.DbDriver._report_state' sleeping for 119.99 seconds {{(pid=93374) _run_loop /opt/stack/data/venv/lib/python3.12/site-packages/oslo_service/backend/_threading/loopingcall.py:125}}
Aug 06 19:16:59.814542 np0000006692 nova-scheduler[93370]: DEBUG oslo.service.backend._threading.loopingcall [-] Fixed interval looping call 'nova.servicegroup.drivers.db.DbDriver._report_state' sleeping for 119.99 seconds {{(pid=93370) _run_loop /opt/stack/data/venv/lib/python3.12/site-packages/oslo_service/backend/_threading/loopingcall.py:125}}
Aug 06 19:16:59.826648 np0000006692 nova-scheduler[93378]: DEBUG oslo.service.backend._threading.loopingcall [-] Fixed interval looping call 'nova.servicegroup.drivers.db.DbDriver._report_state' sleeping for 119.99 seconds {{(pid=93378) _run_loop /opt/stack/data/venv/lib/python3.12/site-packages/oslo_service/backend/_threading/loopingcall.py:125}}
Aug 06 19:17:03.381814 np0000006692 nova-scheduler[92166]: DEBUG dbcounter [-] [92166] Writing DB stats nova_api:SELECT=3 {{(pid=92166) stat_writer /opt/stack/data/venv/lib/python3.12/site-packages/dbcounter.py:115}}
Aug 06 19:17:03.501993 np0000006692 nova-scheduler[92166]: DEBUG dbcounter [-] [92166] Writing DB stats nova_cell0:SELECT=1 {{(pid=92166) stat_writer /opt/stack/data/venv/lib/python3.12/site-packages/dbcounter.py:115}}
Aug 06 19:17:03.513736 np0000006692 nova-scheduler[92166]: DEBUG dbcounter [-] [92166] Writing DB stats nova_cell1:SELECT=1 {{(pid=92166) stat_writer /opt/stack/data/venv/lib/python3.12/site-packages/dbcounter.py:115}}
Aug 06 19:17:04.815372 np0000006692 nova-scheduler[93378]: DEBUG oslo.service.backend._threading.loopingcall [None req-7d1236ef-2364-4912-8b32-429e9a18ed6a None None] Dynamic interval looping call 'nova.service.Service.periodic_tasks' sleeping for 60.00 seconds {{(pid=93378) _run_loop /opt/stack/data/venv/lib/python3.12/site-packages/oslo_service/backend/_threading/loopingcall.py:125}}
Aug 06 19:17:09.804044 np0000006692 nova-scheduler[93374]: DEBUG dbcounter [-] [93374] Writing DB stats nova_cell0:SELECT=4,nova_cell0:INSERT=1,nova_cell0:UPDATE=1 {{(pid=93374) stat_writer /opt/stack/data/venv/lib/python3.12/site-packages/dbcounter.py:115}}
Aug 06 19:17:09.810486 np0000006692 nova-scheduler[93370]: DEBUG dbcounter [-] [93370] Writing DB stats nova_cell0:SELECT=3 {{(pid=93370) stat_writer /opt/stack/data/venv/lib/python3.12/site-packages/dbcounter.py:115}}
Aug 06 19:17:09.823238 np0000006692 nova-scheduler[93378]: DEBUG dbcounter [-] [93378] Writing DB stats nova_cell0:SELECT=3 {{(pid=93378) stat_writer /opt/stack/data/venv/lib/python3.12/site-packages/dbcounter.py:115}}
Aug 06 19:17:11.794664 np0000006692 nova-scheduler[93374]: DEBUG oslo.service.backend._threading.loopingcall [None req-692a54fd-9ddb-4f7d-9850-96e1235b2bfc None None] Dynamic interval looping call 'nova.service.Service.periodic_tasks' sleeping for 60.00 seconds {{(pid=93374) _run_loop /opt/stack/data/venv/lib/python3.12/site-packages/oslo_service/backend/_threading/loopingcall.py:125}}
Aug 06 19:17:41.802027 np0000006692 nova-scheduler[93370]: DEBUG oslo.service.backend._threading.loopingcall [None req-563b7164-226e-4162-b2e6-4d94b0a36219 None None] Dynamic interval looping call 'nova.service.Service.periodic_tasks' sleeping for 60.00 seconds {{(pid=93370) _run_loop /opt/stack/data/venv/lib/python3.12/site-packages/oslo_service/backend/_threading/loopingcall.py:125}}
Aug 06 19:18:04.815871 np0000006692 nova-scheduler[93378]: DEBUG oslo.service.backend._threading.loopingcall [None req-7d1236ef-2364-4912-8b32-429e9a18ed6a None None] Dynamic interval looping call 'nova.service.Service.periodic_tasks' sleeping for 60.00 seconds {{(pid=93378) _run_loop /opt/stack/data/venv/lib/python3.12/site-packages/oslo_service/backend/_threading/loopingcall.py:125}}
Aug 06 19:18:11.795156 np0000006692 nova-scheduler[93374]: DEBUG oslo.service.backend._threading.loopingcall [None req-692a54fd-9ddb-4f7d-9850-96e1235b2bfc None None] Dynamic interval looping call 'nova.service.Service.periodic_tasks' sleeping for 60.00 seconds {{(pid=93374) _run_loop /opt/stack/data/venv/lib/python3.12/site-packages/oslo_service/backend/_threading/loopingcall.py:125}}
Aug 06 19:18:41.802496 np0000006692 nova-scheduler[93370]: DEBUG oslo.service.backend._threading.loopingcall [None req-563b7164-226e-4162-b2e6-4d94b0a36219 None None] Dynamic interval looping call 'nova.service.Service.periodic_tasks' sleeping for 60.00 seconds {{(pid=93370) _run_loop /opt/stack/data/venv/lib/python3.12/site-packages/oslo_service/backend/_threading/loopingcall.py:125}}
Aug 06 19:18:59.804547 np0000006692 nova-scheduler[93374]: DEBUG oslo.service.backend._threading.loopingcall [-] Fixed interval looping call 'nova.servicegroup.drivers.db.DbDriver._report_state' sleeping for 119.99 seconds {{(pid=93374) _run_loop /opt/stack/data/venv/lib/python3.12/site-packages/oslo_service/backend/_threading/loopingcall.py:125}}
Aug 06 19:18:59.811887 np0000006692 nova-scheduler[93370]: DEBUG oslo.service.backend._threading.loopingcall [-] Fixed interval looping call 'nova.servicegroup.drivers.db.DbDriver._report_state' sleeping for 119.99 seconds {{(pid=93370) _run_loop /opt/stack/data/venv/lib/python3.12/site-packages/oslo_service/backend/_threading/loopingcall.py:125}}
Aug 06 19:18:59.823795 np0000006692 nova-scheduler[93378]: DEBUG oslo.service.backend._threading.loopingcall [-] Fixed interval looping call 'nova.servicegroup.drivers.db.DbDriver._report_state' sleeping for 119.99 seconds {{(pid=93378) _run_loop /opt/stack/data/venv/lib/python3.12/site-packages/oslo_service/backend/_threading/loopingcall.py:125}}
Aug 06 19:19:04.817413 np0000006692 nova-scheduler[93378]: DEBUG oslo.service.backend._threading.loopingcall [None req-7d1236ef-2364-4912-8b32-429e9a18ed6a None None] Dynamic interval looping call 'nova.service.Service.periodic_tasks' sleeping for 60.00 seconds {{(pid=93378) _run_loop /opt/stack/data/venv/lib/python3.12/site-packages/oslo_service/backend/_threading/loopingcall.py:125}}
Aug 06 19:19:09.800928 np0000006692 nova-scheduler[93374]: DEBUG dbcounter [-] [93374] Writing DB stats nova_cell0:SELECT=1,nova_cell0:UPDATE=1 {{(pid=93374) stat_writer /opt/stack/data/venv/lib/python3.12/site-packages/dbcounter.py:115}}
Aug 06 19:19:09.810076 np0000006692 nova-scheduler[93370]: DEBUG dbcounter [-] [93370] Writing DB stats nova_cell0:SELECT=1 {{(pid=93370) stat_writer /opt/stack/data/venv/lib/python3.12/site-packages/dbcounter.py:115}}
Aug 06 19:19:09.821880 np0000006692 nova-scheduler[93378]: DEBUG dbcounter [-] [93378] Writing DB stats nova_cell0:SELECT=1 {{(pid=93378) stat_writer /opt/stack/data/venv/lib/python3.12/site-packages/dbcounter.py:115}}
Aug 06 19:19:11.796158 np0000006692 nova-scheduler[93374]: DEBUG oslo.service.backend._threading.loopingcall [None req-692a54fd-9ddb-4f7d-9850-96e1235b2bfc None None] Dynamic interval looping call 'nova.service.Service.periodic_tasks' sleeping for 60.00 seconds {{(pid=93374) _run_loop /opt/stack/data/venv/lib/python3.12/site-packages/oslo_service/backend/_threading/loopingcall.py:125}}
Aug 06 19:19:31.843279 np0000006692 nova-scheduler[93374]: DEBUG nova.scheduler.manager [None req-4aacf96a-6a32-4092-9137-de7275a46b4f tempest-ServerActionsTestOtherB-1202571378 tempest-ServerActionsTestOtherB-1202571378-project-member] Starting to schedule for instances: ['369507c5-7e8d-47c9-a15f-fce08ac15740'] {{(pid=93374) select_destinations /opt/stack/nova/nova/scheduler/manager.py:209}}
Aug 06 19:19:31.844180 np0000006692 nova-scheduler[93374]: DEBUG nova.scheduler.request_filter [None req-4aacf96a-6a32-4092-9137-de7275a46b4f tempest-ServerActionsTestOtherB-1202571378 tempest-ServerActionsTestOtherB-1202571378-project-member] compute_status_filter request filter added forbidden trait COMPUTE_STATUS_DISABLED {{(pid=93374) compute_status_filter /opt/stack/nova/nova/scheduler/request_filter.py:253}}
Aug 06 19:19:31.844619 np0000006692 nova-scheduler[93374]: DEBUG nova.scheduler.request_filter [None req-4aacf96a-6a32-4092-9137-de7275a46b4f tempest-ServerActionsTestOtherB-1202571378 tempest-ServerActionsTestOtherB-1202571378-project-member] Request filter 'compute_status_filter' took 0.0 seconds {{(pid=93374) wrapper /opt/stack/nova/nova/scheduler/request_filter.py:46}}
Aug 06 19:19:31.844882 np0000006692 nova-scheduler[93374]: DEBUG nova.scheduler.request_filter [None req-4aacf96a-6a32-4092-9137-de7275a46b4f tempest-ServerActionsTestOtherB-1202571378 tempest-ServerActionsTestOtherB-1202571378-project-member] Request filter 'accelerators_filter' took 0.0 seconds {{(pid=93374) wrapper /opt/stack/nova/nova/scheduler/request_filter.py:46}}
Aug 06 19:19:31.845197 np0000006692 nova-scheduler[93374]: DEBUG nova.scheduler.request_filter [None req-4aacf96a-6a32-4092-9137-de7275a46b4f tempest-ServerActionsTestOtherB-1202571378 tempest-ServerActionsTestOtherB-1202571378-project-member] Request filter 'packed_virtqueue_filter' took 0.0 seconds {{(pid=93374) wrapper /opt/stack/nova/nova/scheduler/request_filter.py:46}}
Aug 06 19:19:31.845549 np0000006692 nova-scheduler[93374]: DEBUG nova.scheduler.request_filter [None req-4aacf96a-6a32-4092-9137-de7275a46b4f tempest-ServerActionsTestOtherB-1202571378 tempest-ServerActionsTestOtherB-1202571378-project-member] Request filter 'remote_managed_ports_filter' took 0.0 seconds {{(pid=93374) wrapper /opt/stack/nova/nova/scheduler/request_filter.py:46}}
Aug 06 19:19:31.845773 np0000006692 nova-scheduler[93374]: DEBUG nova.scheduler.request_filter [None req-4aacf96a-6a32-4092-9137-de7275a46b4f tempest-ServerActionsTestOtherB-1202571378 tempest-ServerActionsTestOtherB-1202571378-project-member] ephemeral_encryption_filter skipped {{(pid=93374) ephemeral_encryption_filter /opt/stack/nova/nova/scheduler/request_filter.py:426}}
Aug 06 19:19:31.846135 np0000006692 nova-scheduler[93374]: DEBUG nova.scheduler.request_filter [None req-4aacf96a-6a32-4092-9137-de7275a46b4f tempest-ServerActionsTestOtherB-1202571378 tempest-ServerActionsTestOtherB-1202571378-project-member] virtio_sound_filter skipped {{(pid=93374) virtio_sound_filter /opt/stack/nova/nova/scheduler/request_filter.py:460}}
Aug 06 19:19:31.846275 np0000006692 nova-scheduler[93374]: DEBUG nova.scheduler.request_filter [None req-4aacf96a-6a32-4092-9137-de7275a46b4f tempest-ServerActionsTestOtherB-1202571378 tempest-ServerActionsTestOtherB-1202571378-project-member] tpm_secret_security_filter skipped {{(pid=93374) tpm_secret_security_filter /opt/stack/nova/nova/scheduler/request_filter.py:477}}
Aug 06 19:19:31.902534 np0000006692 nova-scheduler[93370]: DEBUG nova.scheduler.manager [None req-c8771364-e914-41ca-9eda-fa3b8d84b977 tempest-ServerStableDeviceRescueTest-350504089 tempest-ServerStableDeviceRescueTest-350504089-project-member] Starting to schedule for instances: ['72d2b963-7ad1-4a0d-9ab2-e5455c01f904'] {{(pid=93370) select_destinations /opt/stack/nova/nova/scheduler/manager.py:209}}
Aug 06 19:19:31.904560 np0000006692 nova-scheduler[93370]: DEBUG nova.scheduler.request_filter [None req-c8771364-e914-41ca-9eda-fa3b8d84b977 tempest-ServerStableDeviceRescueTest-350504089 tempest-ServerStableDeviceRescueTest-350504089-project-member] compute_status_filter request filter added forbidden trait COMPUTE_STATUS_DISABLED {{(pid=93370) compute_status_filter /opt/stack/nova/nova/scheduler/request_filter.py:253}}
Aug 06 19:19:31.904560 np0000006692 nova-scheduler[93370]: DEBUG nova.scheduler.request_filter [None req-c8771364-e914-41ca-9eda-fa3b8d84b977 tempest-ServerStableDeviceRescueTest-350504089 tempest-ServerStableDeviceRescueTest-350504089-project-member] Request filter 'compute_status_filter' took 0.0 seconds {{(pid=93370) wrapper /opt/stack/nova/nova/scheduler/request_filter.py:46}}
Aug 06 19:19:31.904817 np0000006692 nova-scheduler[93370]: DEBUG nova.scheduler.request_filter [None req-c8771364-e914-41ca-9eda-fa3b8d84b977 tempest-ServerStableDeviceRescueTest-350504089 tempest-ServerStableDeviceRescueTest-350504089-project-member] Request filter 'accelerators_filter' took 0.0 seconds {{(pid=93370) wrapper /opt/stack/nova/nova/scheduler/request_filter.py:46}}
Aug 06 19:19:31.905276 np0000006692 nova-scheduler[93370]: DEBUG nova.scheduler.request_filter [None req-c8771364-e914-41ca-9eda-fa3b8d84b977 tempest-ServerStableDeviceRescueTest-350504089 tempest-ServerStableDeviceRescueTest-350504089-project-member] Request filter 'packed_virtqueue_filter' took 0.0 seconds {{(pid=93370) wrapper /opt/stack/nova/nova/scheduler/request_filter.py:46}}
Aug 06 19:19:31.905585 np0000006692 nova-scheduler[93370]: DEBUG nova.scheduler.request_filter [None req-c8771364-e914-41ca-9eda-fa3b8d84b977 tempest-ServerStableDeviceRescueTest-350504089 tempest-ServerStableDeviceRescueTest-350504089-project-member] Request filter 'remote_managed_ports_filter' took 0.0 seconds {{(pid=93370) wrapper /opt/stack/nova/nova/scheduler/request_filter.py:46}}
Aug 06 19:19:31.905813 np0000006692 nova-scheduler[93370]: DEBUG nova.scheduler.request_filter [None req-c8771364-e914-41ca-9eda-fa3b8d84b977 tempest-ServerStableDeviceRescueTest-350504089 tempest-ServerStableDeviceRescueTest-350504089-project-member] ephemeral_encryption_filter skipped {{(pid=93370) ephemeral_encryption_filter /opt/stack/nova/nova/scheduler/request_filter.py:426}}
Aug 06 19:19:31.906045 np0000006692 nova-scheduler[93370]: DEBUG nova.scheduler.request_filter [None req-c8771364-e914-41ca-9eda-fa3b8d84b977 tempest-ServerStableDeviceRescueTest-350504089 tempest-ServerStableDeviceRescueTest-350504089-project-member] virtio_sound_filter skipped {{(pid=93370) virtio_sound_filter /opt/stack/nova/nova/scheduler/request_filter.py:460}}
Aug 06 19:19:31.906226 np0000006692 nova-scheduler[93370]: DEBUG nova.scheduler.request_filter [None req-c8771364-e914-41ca-9eda-fa3b8d84b977 tempest-ServerStableDeviceRescueTest-350504089 tempest-ServerStableDeviceRescueTest-350504089-project-member] tpm_secret_security_filter skipped {{(pid=93370) tpm_secret_security_filter /opt/stack/nova/nova/scheduler/request_filter.py:477}}
Aug 06 19:19:32.169102 np0000006692 nova-scheduler[93378]: DEBUG nova.scheduler.manager [None req-7e9951e7-4361-4e02-8699-48e926a92cd7 tempest-AttachVolumeNegativeTest-1602028655 tempest-AttachVolumeNegativeTest-1602028655-project-member] Starting to schedule for instances: ['b69c7258-c3e7-4a69-8f68-3ace8b3f84e5'] {{(pid=93378) select_destinations /opt/stack/nova/nova/scheduler/manager.py:209}}
Aug 06 19:19:32.169790 np0000006692 nova-scheduler[93378]: DEBUG nova.scheduler.request_filter [None req-7e9951e7-4361-4e02-8699-48e926a92cd7 tempest-AttachVolumeNegativeTest-1602028655 tempest-AttachVolumeNegativeTest-1602028655-project-member] compute_status_filter request filter added forbidden trait COMPUTE_STATUS_DISABLED {{(pid=93378) compute_status_filter /opt/stack/nova/nova/scheduler/request_filter.py:253}}
Aug 06 19:19:32.170150 np0000006692 nova-scheduler[93378]: DEBUG nova.scheduler.request_filter [None req-7e9951e7-4361-4e02-8699-48e926a92cd7 tempest-AttachVolumeNegativeTest-1602028655 tempest-AttachVolumeNegativeTest-1602028655-project-member] Request filter 'compute_status_filter' took 0.0 seconds {{(pid=93378) wrapper /opt/stack/nova/nova/scheduler/request_filter.py:46}}
Aug 06 19:19:32.171065 np0000006692 nova-scheduler[93378]: DEBUG nova.scheduler.request_filter [None req-7e9951e7-4361-4e02-8699-48e926a92cd7 tempest-AttachVolumeNegativeTest-1602028655 tempest-AttachVolumeNegativeTest-1602028655-project-member] Request filter 'accelerators_filter' took 0.0 seconds {{(pid=93378) wrapper /opt/stack/nova/nova/scheduler/request_filter.py:46}}
Aug 06 19:19:32.171620 np0000006692 nova-scheduler[93378]: DEBUG nova.scheduler.request_filter [None req-7e9951e7-4361-4e02-8699-48e926a92cd7 tempest-AttachVolumeNegativeTest-1602028655 tempest-AttachVolumeNegativeTest-1602028655-project-member] Request filter 'packed_virtqueue_filter' took 0.0 seconds {{(pid=93378) wrapper /opt/stack/nova/nova/scheduler/request_filter.py:46}}
Aug 06 19:19:32.172102 np0000006692 nova-scheduler[93378]: DEBUG nova.scheduler.request_filter [None req-7e9951e7-4361-4e02-8699-48e926a92cd7 tempest-AttachVolumeNegativeTest-1602028655 tempest-AttachVolumeNegativeTest-1602028655-project-member] Request filter 'remote_managed_ports_filter' took 0.0 seconds {{(pid=93378) wrapper /opt/stack/nova/nova/scheduler/request_filter.py:46}}
Aug 06 19:19:32.172437 np0000006692 nova-scheduler[93378]: DEBUG nova.scheduler.request_filter [None req-7e9951e7-4361-4e02-8699-48e926a92cd7 tempest-AttachVolumeNegativeTest-1602028655 tempest-AttachVolumeNegativeTest-1602028655-project-member] ephemeral_encryption_filter skipped {{(pid=93378) ephemeral_encryption_filter /opt/stack/nova/nova/scheduler/request_filter.py:426}}
Aug 06 19:19:32.172722 np0000006692 nova-scheduler[93378]: DEBUG nova.scheduler.request_filter [None req-7e9951e7-4361-4e02-8699-48e926a92cd7 tempest-AttachVolumeNegativeTest-1602028655 tempest-AttachVolumeNegativeTest-1602028655-project-member] virtio_sound_filter skipped {{(pid=93378) virtio_sound_filter /opt/stack/nova/nova/scheduler/request_filter.py:460}}
Aug 06 19:19:32.173338 np0000006692 nova-scheduler[93378]: DEBUG nova.scheduler.request_filter [None req-7e9951e7-4361-4e02-8699-48e926a92cd7 tempest-AttachVolumeNegativeTest-1602028655 tempest-AttachVolumeNegativeTest-1602028655-project-member] tpm_secret_security_filter skipped {{(pid=93378) tpm_secret_security_filter /opt/stack/nova/nova/scheduler/request_filter.py:477}}
Aug 06 19:19:32.483379 np0000006692 nova-scheduler[93370]: INFO nova.utils [None req-c8771364-e914-41ca-9eda-fa3b8d84b977 tempest-ServerStableDeviceRescueTest-350504089 tempest-ServerStableDeviceRescueTest-350504089-project-member] The cell worker thread pool ForkProcess-1.cell_worker is initialized
Aug 06 19:19:32.484628 np0000006692 nova-scheduler[93370]: DEBUG oslo_concurrency.lockutils [None req-c8771364-e914-41ca-9eda-fa3b8d84b977 tempest-ServerStableDeviceRescueTest-350504089 tempest-ServerStableDeviceRescueTest-350504089-project-member] Acquiring lock "0e9875f8-8bbb-456c-9a48-93c00160d466" by "nova.context.set_target_cell..get_or_set_cached_cell_and_set_connections" {{(pid=93370) inner /opt/stack/data/venv/lib/python3.12/site-packages/oslo_concurrency/lockutils.py:512}}
Aug 06 19:19:32.484628 np0000006692 nova-scheduler[93370]: DEBUG oslo_concurrency.lockutils [None req-c8771364-e914-41ca-9eda-fa3b8d84b977 tempest-ServerStableDeviceRescueTest-350504089 tempest-ServerStableDeviceRescueTest-350504089-project-member] Lock "0e9875f8-8bbb-456c-9a48-93c00160d466" acquired by "nova.context.set_target_cell..get_or_set_cached_cell_and_set_connections" :: waited 0.000s {{(pid=93370) inner /opt/stack/data/venv/lib/python3.12/site-packages/oslo_concurrency/lockutils.py:525}}
Aug 06 19:19:32.485632 np0000006692 nova-scheduler[93370]: DEBUG oslo_concurrency.lockutils [None req-c8771364-e914-41ca-9eda-fa3b8d84b977 tempest-ServerStableDeviceRescueTest-350504089 tempest-ServerStableDeviceRescueTest-350504089-project-member] Lock "0e9875f8-8bbb-456c-9a48-93c00160d466" "released" by "nova.context.set_target_cell..get_or_set_cached_cell_and_set_connections" :: held 0.002s {{(pid=93370) inner /opt/stack/data/venv/lib/python3.12/site-packages/oslo_concurrency/lockutils.py:544}}
Aug 06 19:19:32.487791 np0000006692 nova-scheduler[93370]: INFO dbcounter [None req-c8771364-e914-41ca-9eda-fa3b8d84b977 tempest-ServerStableDeviceRescueTest-350504089 tempest-ServerStableDeviceRescueTest-350504089-project-member] Registered counter for database nova_cell1
Aug 06 19:19:32.530025 np0000006692 nova-scheduler[93370]: DEBUG oslo_db.sqlalchemy.engines [None req-c8771364-e914-41ca-9eda-fa3b8d84b977 tempest-ServerStableDeviceRescueTest-350504089 tempest-ServerStableDeviceRescueTest-350504089-project-member] MySQL server mode set to STRICT_TRANS_TABLES,STRICT_ALL_TABLES,NO_ZERO_IN_DATE,NO_ZERO_DATE,ERROR_FOR_DIVISION_BY_ZERO,TRADITIONAL,NO_ENGINE_SUBSTITUTION {{(pid=93370) _check_effective_sql_mode /opt/stack/data/venv/lib/python3.12/site-packages/oslo_db/sqlalchemy/engines.py:325}}
Aug 06 19:19:32.536688 np0000006692 nova-scheduler[93370]: DEBUG dbcounter [-] [93370] Writer thread running {{(pid=93370) stat_writer /opt/stack/data/venv/lib/python3.12/site-packages/dbcounter.py:102}}
Aug 06 19:19:32.549764 np0000006692 nova-scheduler[93370]: DEBUG oslo_db.sqlalchemy.engines [None req-c8771364-e914-41ca-9eda-fa3b8d84b977 tempest-ServerStableDeviceRescueTest-350504089 tempest-ServerStableDeviceRescueTest-350504089-project-member] Parent process 92166 forked (93370) with an open database connection, which is being discarded and recreated. {{(pid=93370) checkout /opt/stack/data/venv/lib/python3.12/site-packages/oslo_db/sqlalchemy/engines.py:402}}
Aug 06 19:19:32.587277 np0000006692 nova-scheduler[93370]: DEBUG dbcounter [-] [93370] Writer thread running {{(pid=93370) stat_writer /opt/stack/data/venv/lib/python3.12/site-packages/dbcounter.py:102}}
Aug 06 19:19:32.590697 np0000006692 nova-scheduler[93370]: DEBUG oslo_concurrency.lockutils [None req-c8771364-e914-41ca-9eda-fa3b8d84b977 tempest-ServerStableDeviceRescueTest-350504089 tempest-ServerStableDeviceRescueTest-350504089-project-member] Acquiring lock "0e9875f8-8bbb-456c-9a48-93c00160d466" by "nova.context.set_target_cell..get_or_set_cached_cell_and_set_connections" {{(pid=93370) inner /opt/stack/data/venv/lib/python3.12/site-packages/oslo_concurrency/lockutils.py:512}}
Aug 06 19:19:32.590963 np0000006692 nova-scheduler[93370]: DEBUG oslo_concurrency.lockutils [None req-c8771364-e914-41ca-9eda-fa3b8d84b977 tempest-ServerStableDeviceRescueTest-350504089 tempest-ServerStableDeviceRescueTest-350504089-project-member] Lock "0e9875f8-8bbb-456c-9a48-93c00160d466" acquired by "nova.context.set_target_cell..get_or_set_cached_cell_and_set_connections" :: waited 0.000s {{(pid=93370) inner /opt/stack/data/venv/lib/python3.12/site-packages/oslo_concurrency/lockutils.py:525}}
Aug 06 19:19:32.591181 np0000006692 nova-scheduler[93370]: DEBUG oslo_concurrency.lockutils [None req-c8771364-e914-41ca-9eda-fa3b8d84b977 tempest-ServerStableDeviceRescueTest-350504089 tempest-ServerStableDeviceRescueTest-350504089-project-member] Lock "0e9875f8-8bbb-456c-9a48-93c00160d466" "released" by "nova.context.set_target_cell..get_or_set_cached_cell_and_set_connections" :: held 0.000s {{(pid=93370) inner /opt/stack/data/venv/lib/python3.12/site-packages/oslo_concurrency/lockutils.py:544}}
Aug 06 19:19:32.595665 np0000006692 nova-scheduler[93370]: DEBUG oslo_concurrency.lockutils [None req-c8771364-e914-41ca-9eda-fa3b8d84b977 tempest-ServerStableDeviceRescueTest-350504089 tempest-ServerStableDeviceRescueTest-350504089-project-member] Acquiring lock "np0000006692-np0000006692" by "nova.scheduler.host_manager.HostState.update.._locked_update" {{(pid=93370) inner /opt/stack/data/venv/lib/python3.12/site-packages/oslo_concurrency/lockutils.py:512}}
Aug 06 19:19:32.595891 np0000006692 nova-scheduler[93370]: DEBUG oslo_concurrency.lockutils [None req-c8771364-e914-41ca-9eda-fa3b8d84b977 tempest-ServerStableDeviceRescueTest-350504089 tempest-ServerStableDeviceRescueTest-350504089-project-member] Lock "np0000006692-np0000006692" acquired by "nova.scheduler.host_manager.HostState.update.._locked_update" :: waited 0.000s {{(pid=93370) inner /opt/stack/data/venv/lib/python3.12/site-packages/oslo_concurrency/lockutils.py:525}}
Aug 06 19:19:32.597088 np0000006692 nova-scheduler[93370]: DEBUG nova.scheduler.host_manager [None req-c8771364-e914-41ca-9eda-fa3b8d84b977 tempest-ServerStableDeviceRescueTest-350504089 tempest-ServerStableDeviceRescueTest-350504089-project-member] Update host state from compute node: ComputeNode(cpu_allocation_ratio=4.0,cpu_info='{"arch": "x86_64", "model": "EPYC-Milan", "vendor": "AMD", "topology": {"cells": 1, "sockets": 16, "cores": 1, "threads": 1}, "maxphysaddr": {"mode": "emulate", "bits": 40}, "features": ["stibp-always-on", "osvw", "pku", "bmi1", "svme-addr-chk", "sse2", "mds-no", "nx", "amd-psfd", "no-nested-data-bp", "rdtscp", "gds-no", "vmcb-clean", "invpcid", "xgetbv1", "popcnt", "pni", "sep", "apic", "ibpb", "mce", "vpclmulqdq", "avx", "clwb", "mmxext", "rdseed", "vaes", "null-sel-clr-base", "rdctl-no", "ssbd", "vme", "mmx", "pae", "aes", "mca", "clflush", "virt-ssbd", "x2apic", "erms", "avx2", "ibrs", "smap", "cx16", "pse", "spec-ctrl", "cr8legacy", "fsgsbase", "bmi2", "hypervisor", "skip-l1dfl-vmentry", "syscall", "pse36", "de", "umip", "rdrand", "fpu", "fsrm", "3dnowprefetch", "nrip-save", "pat", "fxsr_opt", "misalignsse", "sse4.1", "msr", "tsc-deadline", "lahf_lm", "xsavec", "pschange-mc-no", "npt", "movbe", "tsc-scale", "tsc", "pcid", "lfence-always-serializing", "rdpid", "sse4a", "xsaveopt", "ssse3", "mtrr", "sha-ni", "xsaveerptr", "fxsr", "svm", "xsaves", "pause-filter", "clflushopt", "cx8", "pfthreshold", "perfctr_core", "flushbyasid", "pge", "wbnoinvd", "abm", "lbrv", "cmp_legacy", "adx", "smep", "xsave", "arat", "sse4.2", "v-vmsave-vmload", "arch-capabilities", "sse", "topoext", "clzero", "stibp", "amd-stibp", "cmov", "f16c", "pclmuldq", "pdpe1gb", "fma", "lm", "amd-ssbd", "tsc_adjust", "vgif"]}',created_at=2026-08-06T19:17:15Z,current_workload=0,deleted=False,deleted_at=None,disk_allocation_ratio=1.0,disk_available_least=73,free_disk_gb=95,free_ram_mb=62765,host='np0000006692',host_ip=10.4.3.191,hypervisor_hostname='np0000006692',hypervisor_type='QEMU',hypervisor_version=8002002,id=1,local_gb=95,local_gb_used=0,mapped=1,memory_mb=63277,memory_mb_used=512,metrics='[]',numa_topology='{"nova_object.name": "NUMATopology", "nova_object.namespace": "nova", "nova_object.version": "1.2", "nova_object.data": {"cells": [{"nova_object.name": "NUMACell", "nova_object.namespace": "nova", "nova_object.version": "1.5", "nova_object.data": {"id": 0, "cpuset": [0, 1, 2, 3, 4, 5, 6, 7, 8, 9, 10, 11, 12, 13, 14, 15], "pcpuset": [0, 1, 2, 3, 4, 5, 6, 7, 8, 9, 10, 11, 12, 13, 14, 15], "memory": 63277, "cpu_usage": 0, "memory_usage": 0, "pinned_cpus": [], "siblings": [[6], [12], [2], [15], [5], [11], [8], [14], [4], [1], [7], [10], [0], [13], [3], [9]], "mempages": [{"nova_object.name": "NUMAPagesTopology", "nova_object.namespace": "nova", "nova_object.version": "1.1", "nova_object.data": {"size_kb": 4, "total": 16177929, "used": 0, "reserved": 0}, "nova_object.changes": ["reserved", "total", "used", "size_kb"]}, {"nova_object.name": "NUMAPagesTopology", "nova_object.namespace": "nova", "nova_object.version": "1.1", "nova_object.data": {"size_kb": 2048, "total": 41, "used": 0, "reserved": 0}, "nova_object.changes": ["reserved", "total", "used", "size_kb"]}, {"nova_object.name": "NUMAPagesTopology", "nova_object.namespace": "nova", "nova_object.version": "1.1", "nova_object.data": {"size_kb": 1048576, "total": 0, "used": 0, "reserved": 0}, "nova_object.changes": ["reserved", "total", "used", "size_kb"]}], "network_metadata": {"nova_object.name": "NetworkMetadata", "nova_object.namespace": "nova", "nova_object.version": "1.0", "nova_object.data": {"physnets": [], "tunneled": false}, "nova_object.changes": ["physnets", "tunneled"]}, "socket": null}, "nova_object.changes": ["cpu_usage", "memory_usage", "siblings", "network_metadata", "pcpuset", "cpuset", "socket", "id", "pinned_cpus", "mempages", "memory"]}]}, "nova_object.changes": ["cells"]}',pci_device_pools=PciDevicePoolList,ram_allocation_ratio=1.0,running_vms=0,service_id=3,stats={failed_builds='0',uptime=' 19:19:04 up 13 min, 2 users, load average: 1.57, 1.37, 0.79
Aug 06 19:19:32.597088 np0000006692 nova-scheduler[93370]: '},supported_hv_specs=[HVSpec,HVSpec,HVSpec,HVSpec,HVSpec,HVSpec,HVSpec,HVSpec,HVSpec,HVSpec,HVSpec,HVSpec,HVSpec,HVSpec,HVSpec,HVSpec,HVSpec,HVSpec,HVSpec,HVSpec,HVSpec,HVSpec,HVSpec,HVSpec,HVSpec],updated_at=2026-08-06T19:19:05Z,uuid=835e816b-51af-49dc-8e91-a4edbaed8c4f,vcpus=16,vcpus_used=0) {{(pid=93370) _locked_update /opt/stack/nova/nova/scheduler/host_manager.py:168}}
Aug 06 19:19:32.598108 np0000006692 nova-scheduler[93370]: DEBUG nova.scheduler.host_manager [None req-c8771364-e914-41ca-9eda-fa3b8d84b977 tempest-ServerStableDeviceRescueTest-350504089 tempest-ServerStableDeviceRescueTest-350504089-project-member] Update host state with aggregates: [] {{(pid=93370) _locked_update /opt/stack/nova/nova/scheduler/host_manager.py:171}}
Aug 06 19:19:32.598271 np0000006692 nova-scheduler[93370]: DEBUG nova.scheduler.host_manager [None req-c8771364-e914-41ca-9eda-fa3b8d84b977 tempest-ServerStableDeviceRescueTest-350504089 tempest-ServerStableDeviceRescueTest-350504089-project-member] Update host state with service dict: {'id': 3, 'uuid': '2701aa54-8afd-4fbc-901d-8072e361c06a', 'host': 'np0000006692', 'binary': 'nova-compute', 'topic': 'compute', 'report_count': 2, 'disabled': False, 'disabled_reason': None, 'last_seen_up': datetime.datetime(2026, 8, 6, 19, 19, 21, tzinfo=datetime.timezone.utc), 'forced_down': False, 'version': 72, 'created_at': datetime.datetime(2026, 8, 6, 19, 17, 15, tzinfo=datetime.timezone.utc), 'updated_at': datetime.datetime(2026, 8, 6, 19, 19, 21, tzinfo=datetime.timezone.utc), 'deleted_at': None, 'deleted': False} {{(pid=93370) _locked_update /opt/stack/nova/nova/scheduler/host_manager.py:174}}
Aug 06 19:19:32.598444 np0000006692 nova-scheduler[93370]: DEBUG nova.scheduler.host_manager [None req-c8771364-e914-41ca-9eda-fa3b8d84b977 tempest-ServerStableDeviceRescueTest-350504089 tempest-ServerStableDeviceRescueTest-350504089-project-member] Update host state with instances: [] {{(pid=93370) _locked_update /opt/stack/nova/nova/scheduler/host_manager.py:177}}
Aug 06 19:19:32.598634 np0000006692 nova-scheduler[93370]: DEBUG oslo_concurrency.lockutils [None req-c8771364-e914-41ca-9eda-fa3b8d84b977 tempest-ServerStableDeviceRescueTest-350504089 tempest-ServerStableDeviceRescueTest-350504089-project-member] Lock "np0000006692-np0000006692" "released" by "nova.scheduler.host_manager.HostState.update.._locked_update" :: held 0.003s {{(pid=93370) inner /opt/stack/data/venv/lib/python3.12/site-packages/oslo_concurrency/lockutils.py:544}}
Aug 06 19:19:32.600002 np0000006692 nova-scheduler[93370]: DEBUG nova.filters [None req-c8771364-e914-41ca-9eda-fa3b8d84b977 tempest-ServerStableDeviceRescueTest-350504089 tempest-ServerStableDeviceRescueTest-350504089-project-member] Starting with 1 host(s) {{(pid=93370) get_filtered_objects /opt/stack/nova/nova/filters.py:70}}
Aug 06 19:19:32.600002 np0000006692 nova-scheduler[93370]: DEBUG nova.filters [None req-c8771364-e914-41ca-9eda-fa3b8d84b977 tempest-ServerStableDeviceRescueTest-350504089 tempest-ServerStableDeviceRescueTest-350504089-project-member] Filter ComputeFilter returned 1 host(s) {{(pid=93370) get_filtered_objects /opt/stack/nova/nova/filters.py:102}}
Aug 06 19:19:32.600002 np0000006692 nova-scheduler[93370]: DEBUG nova.filters [None req-c8771364-e914-41ca-9eda-fa3b8d84b977 tempest-ServerStableDeviceRescueTest-350504089 tempest-ServerStableDeviceRescueTest-350504089-project-member] Filter ComputeCapabilitiesFilter returned 1 host(s) {{(pid=93370) get_filtered_objects /opt/stack/nova/nova/filters.py:102}}
Aug 06 19:19:32.600002 np0000006692 nova-scheduler[93370]: DEBUG nova.filters [None req-c8771364-e914-41ca-9eda-fa3b8d84b977 tempest-ServerStableDeviceRescueTest-350504089 tempest-ServerStableDeviceRescueTest-350504089-project-member] Filter ImagePropertiesFilter returned 1 host(s) {{(pid=93370) get_filtered_objects /opt/stack/nova/nova/filters.py:102}}
Aug 06 19:19:32.600543 np0000006692 nova-scheduler[93370]: DEBUG nova.filters [None req-c8771364-e914-41ca-9eda-fa3b8d84b977 tempest-ServerStableDeviceRescueTest-350504089 tempest-ServerStableDeviceRescueTest-350504089-project-member] Filter ServerGroupAntiAffinityFilter returned 1 host(s) {{(pid=93370) get_filtered_objects /opt/stack/nova/nova/filters.py:102}}
