Aug 06 19:17:47.082572 np0000006692 devstack@neutron-api.service[87596]: DEBUG neutron.plugins.ml2.drivers.ovn.mech_driver.mech_driver [None req-cb3a1e53-4ef1-4c86-a6ce-974aca22eec9 admin admin] Validating network segment with type geneve, segmentation ID 34179, physical network None {{(pid=87596) _validate_network_segments /opt/stack/neutron/neutron/plugins/ml2/drivers/ovn/mech_driver/mech_driver.py:646}}
Aug 06 19:17:47.082693 np0000006692 devstack@neutron-api.service[87596]: DEBUG neutron.db.ovn_revision_numbers_db [None req-cb3a1e53-4ef1-4c86-a6ce-974aca22eec9 admin admin] create_initial_revision uuid=03aafc6d-582f-47e4-bf7a-f122b5364f52, type=networks, rev=-1 {{(pid=87596) create_initial_revision /opt/stack/neutron/neutron/db/ovn_revision_numbers_db.py:98}}
Aug 06 19:17:47.089182 np0000006692 devstack@neutron-api.service[87596]: DEBUG neutron_lib.callbacks.manager [None req-cb3a1e53-4ef1-4c86-a6ce-974aca22eec9 admin admin] Publish callbacks ['neutron.plugins.ml2.ovo_rpc._ObjectChangeHandler.handle_event-16673969'] for network (03aafc6d-582f-47e4-bf7a-f122b5364f52), after_create {{(pid=87596) _notify_loop /opt/stack/data/venv/lib/python3.12/site-packages/neutron_lib/callbacks/manager.py:184}}
Aug 06 19:17:47.101296 np0000006692 devstack@neutron-api.service[87596]: DEBUG neutron.api.rpc.handlers.resources_rpc [None req-cb3a1e53-4ef1-4c86-a6ce-974aca22eec9 admin admin] Pushing event updated for resources: {'Network': ['ID=03aafc6d-582f-47e4-bf7a-f122b5364f52,revision_number=1']} {{(pid=87596) push /opt/stack/neutron/neutron/api/rpc/handlers/resources_rpc.py:237}}
Aug 06 19:17:47.104711 np0000006692 devstack@neutron-api.service[87596]: DEBUG ovsdbapp.backend.ovs_idl.transaction [None req-8fc02d80-e255-428e-a284-ada1230967a0 None None] Running txn n=1 command(idx=0): CheckLivenessCommand(_result=None) {{(pid=87596) do_commit /opt/stack/data/venv/lib/python3.12/site-packages/ovsdbapp/backend/ovs_idl/transaction.py:89}}
Aug 06 19:17:47.110731 np0000006692 devstack@neutron-api.service[87595]: DEBUG ovsdbapp.backend.ovs_idl.event [None req-63d2299c-ef15-4c93-ba5a-417c68118e42 None None] Matched UPDATE: ChassisAgentWriteEvent(events=('create', 'update'), table='Chassis_Private', conditions=None, old_conditions=None), priority=20 to row=Chassis_Private(uuid=a8603bd5-9ce4-47cd-83fc-82482f940938, chassis=e3b49fea-25fc-4b6a-b478-83121eb10f1d, external_ids={'neutron:ovn-bridge': 'br-int', 'neutron:ovn-neutron-agent-id': '3bfb3bb7-53af-5b07-8c3a-7810f4957903', 'neutron:ovn-neutron-agent-sb-cfg': '1'}, name='31add700-a621-43e9-aeba-669331a8682a', nb_cfg=2, nb_cfg_timestamp=1786043867107) old=Chassis_Private(uuid=a8603bd5-9ce4-47cd-83fc-82482f940938, nb_cfg=1, nb_cfg_timestamp=1786043796348) {{(pid=87595) matches /opt/stack/data/venv/lib/python3.12/site-packages/ovsdbapp/backend/ovs_idl/event.py:55}}
Aug 06 19:17:47.112674 np0000006692 devstack@neutron-api.service[87596]: DEBUG ovsdbapp.backend.ovs_idl.event [None req-caf452a1-0198-4231-b989-176393dfacd2 None None] Matched UPDATE: ChassisAgentWriteEvent(events=('create', 'update'), table='Chassis_Private', conditions=None, old_conditions=None), priority=20 to row=Chassis_Private(uuid=a8603bd5-9ce4-47cd-83fc-82482f940938, chassis=e3b49fea-25fc-4b6a-b478-83121eb10f1d, external_ids={'neutron:ovn-bridge': 'br-int', 'neutron:ovn-neutron-agent-id': '3bfb3bb7-53af-5b07-8c3a-7810f4957903', 'neutron:ovn-neutron-agent-sb-cfg': '1'}, name='31add700-a621-43e9-aeba-669331a8682a', nb_cfg=2, nb_cfg_timestamp=1786043867107) old=Chassis_Private(uuid=a8603bd5-9ce4-47cd-83fc-82482f940938, nb_cfg=1, nb_cfg_timestamp=1786043796348) {{(pid=87596) matches /opt/stack/data/venv/lib/python3.12/site-packages/ovsdbapp/backend/ovs_idl/event.py:55}}
Aug 06 19:17:47.114719 np0000006692 devstack@neutron-api.service[87597]: DEBUG ovsdbapp.backend.ovs_idl.event [None req-0685b647-e818-413e-b387-5e2d9aa9e8ab None None] Matched UPDATE: ChassisAgentWriteEvent(events=('create', 'update'), table='Chassis_Private', conditions=None, old_conditions=None), priority=20 to row=Chassis_Private(uuid=a8603bd5-9ce4-47cd-83fc-82482f940938, chassis=e3b49fea-25fc-4b6a-b478-83121eb10f1d, external_ids={'neutron:ovn-bridge': 'br-int', 'neutron:ovn-neutron-agent-id': '3bfb3bb7-53af-5b07-8c3a-7810f4957903', 'neutron:ovn-neutron-agent-sb-cfg': '1'}, name='31add700-a621-43e9-aeba-669331a8682a', nb_cfg=2, nb_cfg_timestamp=1786043867107) old=Chassis_Private(uuid=a8603bd5-9ce4-47cd-83fc-82482f940938, nb_cfg=1, nb_cfg_timestamp=1786043796348) {{(pid=87597) matches /opt/stack/data/venv/lib/python3.12/site-packages/ovsdbapp/backend/ovs_idl/event.py:55}}
Aug 06 19:17:47.118726 np0000006692 devstack@neutron-api.service[87596]: DEBUG neutron.common.ovn.hash_ring_manager [None req-8fc02d80-e255-428e-a284-ada1230967a0 None None] Hash Ring loaded. 3 active nodes. 0 offline nodes {{(pid=87596) _load_hash_ring /opt/stack/neutron/neutron/common/ovn/hash_ring_manager.py:110}}
Aug 06 19:17:47.118942 np0000006692 devstack@neutron-api.service[87596]: DEBUG neutron.plugins.ml2.drivers.ovn.mech_driver.ovsdb.ovsdb_monitor [None req-8fc02d80-e255-428e-a284-ada1230967a0 None None] Hash Ring: Node 43f4bda8d56f537088f0a7c5ade09b98 (host: np0000006692) handling event "update" for row 6d697995-d254-46dc-89d6-e8b49d9d3434 (table: NB_Global) {{(pid=87596) notify /opt/stack/neutron/neutron/plugins/ml2/drivers/ovn/mech_driver/ovsdb/ovsdb_monitor.py:1099}}
Aug 06 19:17:47.120251 np0000006692 devstack@neutron-api.service[87595]: DEBUG neutron.common.ovn.hash_ring_manager [None req-63d2299c-ef15-4c93-ba5a-417c68118e42 None None] Hash Ring loaded. 3 active nodes. 0 offline nodes {{(pid=87595) _load_hash_ring /opt/stack/neutron/neutron/common/ovn/hash_ring_manager.py:110}}
Aug 06 19:17:47.120459 np0000006692 devstack@neutron-api.service[87596]: DEBUG neutron.plugins.ml2.drivers.ovn.mech_driver.ovsdb.ovsdb_monitor [None req-8fc02d80-e255-428e-a284-ada1230967a0 None None] Hash Ring: Node 43f4bda8d56f537088f0a7c5ade09b98 (host: np0000006692) handling event "update" for row 6d697995-d254-46dc-89d6-e8b49d9d3434 (table: NB_Global) {{(pid=87596) notify /opt/stack/neutron/neutron/plugins/ml2/drivers/ovn/mech_driver/ovsdb/ovsdb_monitor.py:1099}}
Aug 06 19:17:47.120751 np0000006692 devstack@neutron-api.service[87595]: DEBUG neutron.common.ovn.hash_ring_manager [None req-ed1b91c1-da46-400c-a358-987562d31b14 None None] Hash Ring loaded. 3 active nodes. 0 offline nodes {{(pid=87595) _load_hash_ring /opt/stack/neutron/neutron/common/ovn/hash_ring_manager.py:110}}
Aug 06 19:17:47.121354 np0000006692 devstack@neutron-api.service[87596]: DEBUG neutron.plugins.ml2.drivers.ovn.mech_driver.ovsdb.ovsdb_monitor [None req-8fc02d80-e255-428e-a284-ada1230967a0 None None] Hash Ring: Node 43f4bda8d56f537088f0a7c5ade09b98 (host: np0000006692) handling event "update" for row 6d697995-d254-46dc-89d6-e8b49d9d3434 (table: NB_Global) {{(pid=87596) notify /opt/stack/neutron/neutron/plugins/ml2/drivers/ovn/mech_driver/ovsdb/ovsdb_monitor.py:1099}}
Aug 06 19:17:47.122009 np0000006692 devstack@neutron-api.service[87596]: DEBUG neutron.plugins.ml2.drivers.ovn.mech_driver.ovsdb.ovsdb_monitor [None req-8fc02d80-e255-428e-a284-ada1230967a0 None None] Hash Ring: Node 43f4bda8d56f537088f0a7c5ade09b98 (host: np0000006692) handling event "update" for row 6d697995-d254-46dc-89d6-e8b49d9d3434 (table: NB_Global) {{(pid=87596) notify /opt/stack/neutron/neutron/plugins/ml2/drivers/ovn/mech_driver/ovsdb/ovsdb_monitor.py:1099}}
Aug 06 19:17:47.122137 np0000006692 devstack@neutron-api.service[87597]: DEBUG neutron.common.ovn.hash_ring_manager [None req-833395de-ecb1-45c8-be81-3a0af9ae6c6a None None] Hash Ring loaded. 3 active nodes. 0 offline nodes {{(pid=87597) _load_hash_ring /opt/stack/neutron/neutron/common/ovn/hash_ring_manager.py:110}}
Aug 06 19:17:47.122337 np0000006692 devstack@neutron-api.service[87596]: DEBUG neutron.common.ovn.hash_ring_manager [None req-caf452a1-0198-4231-b989-176393dfacd2 None None] Hash Ring loaded. 3 active nodes. 0 offline nodes {{(pid=87596) _load_hash_ring /opt/stack/neutron/neutron/common/ovn/hash_ring_manager.py:110}}
Aug 06 19:17:47.123936 np0000006692 devstack@neutron-api.service[87596]: DEBUG neutron.api.rpc.callbacks.version_manager [None req-cb3a1e53-4ef1-4c86-a6ce-974aca22eec9 admin admin] Tracked resource versions report:
Aug 06 19:17:47.123936 np0000006692 devstack@neutron-api.service[87596]: pushed versions:
Aug 06 19:17:47.123936 np0000006692 devstack@neutron-api.service[87596]: { 'AddressGroup': {'1.2'},
Aug 06 19:17:47.123936 np0000006692 devstack@neutron-api.service[87596]: 'Agent': {'1.1'},
Aug 06 19:17:47.123936 np0000006692 devstack@neutron-api.service[87596]: 'ConntrackHelper': {'1.0'},
Aug 06 19:17:47.123936 np0000006692 devstack@neutron-api.service[87596]: 'LocalIPAssociation': {'1.0'},
Aug 06 19:17:47.123936 np0000006692 devstack@neutron-api.service[87596]: 'Log': {'1.0'},
Aug 06 19:17:47.123936 np0000006692 devstack@neutron-api.service[87596]: 'NDPProxy': {'1.0'},
Aug 06 19:17:47.123936 np0000006692 devstack@neutron-api.service[87596]: 'Network': {'1.3'},
Aug 06 19:17:47.123936 np0000006692 devstack@neutron-api.service[87596]: 'Port': {'1.11'},
Aug 06 19:17:47.123936 np0000006692 devstack@neutron-api.service[87596]: 'PortForwarding': {'1.3'},
Aug 06 19:17:47.123936 np0000006692 devstack@neutron-api.service[87596]: 'QosPolicy': {'1.10'},
Aug 06 19:17:47.123936 np0000006692 devstack@neutron-api.service[87596]: 'SecurityGroup': {'1.6'},
Aug 06 19:17:47.123936 np0000006692 devstack@neutron-api.service[87596]: 'SecurityGroupRule': {'1.3'},
Aug 06 19:17:47.123936 np0000006692 devstack@neutron-api.service[87596]: 'SubPort': {'1.0'},
Aug 06 19:17:47.123936 np0000006692 devstack@neutron-api.service[87596]: 'Subnet': {'1.2'},
Aug 06 19:17:47.123936 np0000006692 devstack@neutron-api.service[87596]: 'Trunk': {'1.1'}}
Aug 06 19:17:47.123936 np0000006692 devstack@neutron-api.service[87596]: consumer versions:
Aug 06 19:17:47.123936 np0000006692 devstack@neutron-api.service[87596]: { OVN Controller Gateway agent@np0000006692: {},
Aug 06 19:17:47.123936 np0000006692 devstack@neutron-api.service[87596]: OVN Neutron agent@np0000006692: {}}
Aug 06 19:17:47.123936 np0000006692 devstack@neutron-api.service[87596]: {{(pid=87596) report /opt/stack/neutron/neutron/api/rpc/callbacks/version_manager.py:183}}
Aug 06 19:17:47.125043 np0000006692 devstack@neutron-api.service[87597]: DEBUG neutron.common.ovn.hash_ring_manager [None req-0685b647-e818-413e-b387-5e2d9aa9e8ab None None] Hash Ring loaded. 3 active nodes. 0 offline nodes {{(pid=87597) _load_hash_ring /opt/stack/neutron/neutron/common/ovn/hash_ring_manager.py:110}}
Aug 06 19:17:47.125373 np0000006692 devstack@neutron-api.service[87597]: DEBUG neutron.plugins.ml2.drivers.ovn.mech_driver.ovsdb.ovsdb_monitor [None req-0685b647-e818-413e-b387-5e2d9aa9e8ab None None] Hash Ring: Node 502d46b5bab550c78041670cebaeb0a1 (host: np0000006692) handling event "update" for row a8603bd5-9ce4-47cd-83fc-82482f940938 (table: Chassis_Private) {{(pid=87597) notify /opt/stack/neutron/neutron/plugins/ml2/drivers/ovn/mech_driver/ovsdb/ovsdb_monitor.py:1099}}
Aug 06 19:17:47.130531 np0000006692 devstack@neutron-api.service[87596]: DEBUG ovsdbapp.backend.ovs_idl.transaction [None req-8fc02d80-e255-428e-a284-ada1230967a0 None None] Running txn n=1 command(idx=0): AddNetworkCommand(_result=None, network_uuid=03aafc6d-582f-47e4-bf7a-f122b5364f52, may_exist=True, columns={'external_ids': {'neutron:network_name': 'shared', 'neutron:mtu': '1372', 'neutron:revision_number': '1', 'neutron:availability_zone_hints': '', 'neutron:provnet-network-type': 'geneve'}, 'other_config': {'mcast_snoop': 'false', 'mcast_flood_unregistered': 'false', 'vlan-passthru': 'false'}}) {{(pid=87596) do_commit /opt/stack/data/venv/lib/python3.12/site-packages/ovsdbapp/backend/ovs_idl/transaction.py:89}}
Aug 06 19:17:47.133887 np0000006692 devstack@neutron-api.service[87595]: DEBUG neutron.plugins.ml2.drivers.ovn.mech_driver.ovsdb.ovsdb_monitor [None req-ed1b91c1-da46-400c-a358-987562d31b14 None None] Hash Ring: Node fee2ec06c6ce570e984ab0b29752210e (host: np0000006692) handling event "create" for row 03aafc6d-582f-47e4-bf7a-f122b5364f52 (table: Logical_Switch) {{(pid=87595) notify /opt/stack/neutron/neutron/plugins/ml2/drivers/ovn/mech_driver/ovsdb/ovsdb_monitor.py:1099}}
Aug 06 19:17:47.136892 np0000006692 devstack@neutron-api.service[87595]: DEBUG neutron.plugins.ml2.drivers.ovn.mech_driver.ovsdb.ovsdb_monitor [None req-63d2299c-ef15-4c93-ba5a-417c68118e42 None None] Hash Ring: Node fee2ec06c6ce570e984ab0b29752210e (host: np0000006692) handling event "create" for row af293562-2fed-42ba-8d2d-dc2fa1fcaefe (table: Datapath_Binding) {{(pid=87595) notify /opt/stack/neutron/neutron/plugins/ml2/drivers/ovn/mech_driver/ovsdb/ovsdb_monitor.py:1099}}
Aug 06 19:17:47.147998 np0000006692 devstack@neutron-api.service[87596]: INFO neutron.db.ovn_revision_numbers_db [None req-cb3a1e53-4ef1-4c86-a6ce-974aca22eec9 admin admin] Successfully bumped revision number for resource 03aafc6d-582f-47e4-bf7a-f122b5364f52 (type: networks) to 1
Aug 06 19:17:47.157802 np0000006692 devstack@neutron-api.service[87596]: DEBUG neutron_lib.callbacks.manager [None req-cb3a1e53-4ef1-4c86-a6ce-974aca22eec9 admin admin] Publish callbacks ['neutron.plugins.ml2.plugin.SecurityGroupDbMixin._ensure_default_security_group_handler-1016887'] for port (None), before_create {{(pid=87596) _notify_loop /opt/stack/data/venv/lib/python3.12/site-packages/neutron_lib/callbacks/manager.py:184}}
Aug 06 19:17:47.215186 np0000006692 devstack@neutron-api.service[87596]: DEBUG neutron_lib.callbacks.manager [None req-cb3a1e53-4ef1-4c86-a6ce-974aca22eec9 admin admin] Publish callbacks ['neutron.plugins.ml2.drivers.ovn.mech_driver.mech_driver.OVNMechanismDriver._validate_allowed_address_pairs-446376'] for allowed_address_pair (40a130e9-ef95-48e6-8157-b6733fb41a50), before_create {{(pid=87596) _notify_loop /opt/stack/data/venv/lib/python3.12/site-packages/neutron_lib/callbacks/manager.py:184}}
Aug 06 19:17:47.215851 np0000006692 devstack@neutron-api.service[87596]: DEBUG neutron_lib.callbacks.manager [None req-cb3a1e53-4ef1-4c86-a6ce-974aca22eec9 admin admin] Publish callbacks [] for port (40a130e9-ef95-48e6-8157-b6733fb41a50), precommit_create {{(pid=87596) _notify_loop /opt/stack/data/venv/lib/python3.12/site-packages/neutron_lib/callbacks/manager.py:184}}
Aug 06 19:17:47.216220 np0000006692 devstack@neutron-api.service[87596]: DEBUG neutron.plugins.ml2.drivers.ovn.mech_driver.mech_driver [None req-cb3a1e53-4ef1-4c86-a6ce-974aca22eec9 admin admin] No provisioning block for port 40a130e9-ef95-48e6-8157-b6733fb41a50 since it does not have a host {{(pid=87596) _is_port_provisioning_required /opt/stack/neutron/neutron/plugins/ml2/drivers/ovn/mech_driver/mech_driver.py:899}}
Aug 06 19:17:47.216368 np0000006692 devstack@neutron-api.service[87596]: DEBUG neutron.db.ovn_revision_numbers_db [None req-cb3a1e53-4ef1-4c86-a6ce-974aca22eec9 admin admin] create_initial_revision uuid=40a130e9-ef95-48e6-8157-b6733fb41a50, type=ports, rev=-1 {{(pid=87596) create_initial_revision /opt/stack/neutron/neutron/db/ovn_revision_numbers_db.py:98}}
Aug 06 19:17:47.240598 np0000006692 devstack@neutron-api.service[87596]: DEBUG neutron_lib.callbacks.manager [None req-cb3a1e53-4ef1-4c86-a6ce-974aca22eec9 admin admin] Publish callbacks ['neutron.plugins.ml2.ovo_rpc._ObjectChangeHandler.handle_event-16674137'] for port (40a130e9-ef95-48e6-8157-b6733fb41a50), after_create {{(pid=87596) _notify_loop /opt/stack/data/venv/lib/python3.12/site-packages/neutron_lib/callbacks/manager.py:184}}
Aug 06 19:17:47.266536 np0000006692 devstack@neutron-api.service[87596]: DEBUG neutron.api.rpc.handlers.resources_rpc [None req-cb3a1e53-4ef1-4c86-a6ce-974aca22eec9 admin admin] Pushing event updated for resources: {'Port': ['ID=40a130e9-ef95-48e6-8157-b6733fb41a50,revision_number=1']} {{(pid=87596) push /opt/stack/neutron/neutron/api/rpc/handlers/resources_rpc.py:237}}
Aug 06 19:17:47.271258 np0000006692 devstack@neutron-api.service[87596]: DEBUG neutron.plugins.ml2.drivers.ovn.mech_driver.ovsdb.commands [None req-cb3a1e53-4ef1-4c86-a6ce-974aca22eec9 admin admin] Converting tag [] to a tag_request {{(pid=87596) _tag_column_to_tag_request /opt/stack/neutron/neutron/plugins/ml2/drivers/ovn/mech_driver/ovsdb/commands.py:227}}
Aug 06 19:17:47.271782 np0000006692 devstack@neutron-api.service[87596]: DEBUG ovsdbapp.backend.ovs_idl.transaction [None req-8fc02d80-e255-428e-a284-ada1230967a0 None None] Running txn n=1 command(idx=0): AddLSwitchPortCommand(_result=None, lport=40a130e9-ef95-48e6-8157-b6733fb41a50, lswitch=neutron-03aafc6d-582f-47e4-bf7a-f122b5364f52, may_exist=True, network_uuid=03aafc6d-582f-47e4-bf7a-f122b5364f52, columns={'addresses': ['fa:16:3e:b0:fc:5d'], 'external_ids': {'neutron:port_name': '', 'neutron:device_id': 'ovnmeta-03aafc6d-582f-47e4-bf7a-f122b5364f52', 'neutron:project_id': 'a495af019b794d189644a032fa31891a', 'neutron:cidrs': '', 'neutron:device_owner': 'network:distributed', 'neutron:subnet_pool_addr_scope4': '', 'neutron:subnet_pool_addr_scope6': '', 'neutron:network_name': 'neutron-03aafc6d-582f-47e4-bf7a-f122b5364f52', 'neutron:security_group_ids': '', 'neutron:revision_number': '1', 'neutron:vnic_type': 'normal', 'neutron:port_capabilities': '', 'neutron:mtu': '1372'}, 'parent_name': [], 'enabled': True, 'options': {}, 'type': 'localport', 'port_security': [], 'dhcpv4_options': [], 'dhcpv6_options': [], 'tag_request': []}) {{(pid=87596) do_commit /opt/stack/data/venv/lib/python3.12/site-packages/ovsdbapp/backend/ovs_idl/transaction.py:89}}
Aug 06 19:17:47.272205 np0000006692 devstack@neutron-api.service[87596]: DEBUG ovsdbapp.backend.ovs_idl.transaction [None req-8fc02d80-e255-428e-a284-ada1230967a0 None None] Running txn n=1 command(idx=1): QoSDelCommand(_result=None, switch=neutron-03aafc6d-582f-47e4-bf7a-f122b5364f52, conditions=[('direction', '=', 'to-lport'), ('priority', '=', 2002), ('match', '=', 'outport == "40a130e9-ef95-48e6-8157-b6733fb41a50"')], if_exists=True) {{(pid=87596) do_commit /opt/stack/data/venv/lib/python3.12/site-packages/ovsdbapp/backend/ovs_idl/transaction.py:89}}
Aug 06 19:17:47.272354 np0000006692 devstack@neutron-api.service[87596]: DEBUG ovsdbapp.backend.ovs_idl.transaction [None req-8fc02d80-e255-428e-a284-ada1230967a0 None None] Running txn n=1 command(idx=2): QoSDelCommand(_result=None, switch=neutron-03aafc6d-582f-47e4-bf7a-f122b5364f52, conditions=[('direction', '=', 'from-lport'), ('priority', '=', 2002), ('match', '=', 'inport == "40a130e9-ef95-48e6-8157-b6733fb41a50"')], if_exists=True) {{(pid=87596) do_commit /opt/stack/data/venv/lib/python3.12/site-packages/ovsdbapp/backend/ovs_idl/transaction.py:89}}
Aug 06 19:17:47.280876 np0000006692 devstack@neutron-api.service[87596]: DEBUG neutron.plugins.ml2.drivers.ovn.mech_driver.ovsdb.ovsdb_monitor [None req-caf452a1-0198-4231-b989-176393dfacd2 None None] Hash Ring: Node 43f4bda8d56f537088f0a7c5ade09b98 (host: np0000006692) handling event "create" for row c83a4443-7f92-448f-80c6-81a47c5f8877 (table: Port_Binding) {{(pid=87596) notify /opt/stack/neutron/neutron/plugins/ml2/drivers/ovn/mech_driver/ovsdb/ovsdb_monitor.py:1099}}
Aug 06 19:17:47.281121 np0000006692 devstack@neutron-api.service[87595]: DEBUG neutron.plugins.ml2.drivers.ovn.mech_driver.ovsdb.ovsdb_monitor [None req-ed1b91c1-da46-400c-a358-987562d31b14 None None] Hash Ring: Node fee2ec06c6ce570e984ab0b29752210e (host: np0000006692) handling event "update" for row 03aafc6d-582f-47e4-bf7a-f122b5364f52 (table: Logical_Switch) {{(pid=87595) notify /opt/stack/neutron/neutron/plugins/ml2/drivers/ovn/mech_driver/ovsdb/ovsdb_monitor.py:1099}}
Aug 06 19:17:47.281318 np0000006692 devstack@neutron-api.service[87595]: DEBUG neutron.plugins.ml2.drivers.ovn.mech_driver.ovsdb.ovsdb_monitor [None req-ed1b91c1-da46-400c-a358-987562d31b14 None None] Hash Ring: Node fee2ec06c6ce570e984ab0b29752210e (host: np0000006692) handling event "create" for row 869f3199-de94-4516-987b-c2e5ec2a28bf (table: Logical_Switch_Port) {{(pid=87595) notify /opt/stack/neutron/neutron/plugins/ml2/drivers/ovn/mech_driver/ovsdb/ovsdb_monitor.py:1099}}
Aug 06 19:17:47.282531 np0000006692 devstack@neutron-api.service[87595]: DEBUG ovsdbapp.backend.ovs_idl.event [None req-ed1b91c1-da46-400c-a358-987562d31b14 None None] Matched CREATE: LogicalSwitchPortCreateEvent(events=('create',), table='Logical_Switch_Port', conditions=[], old_conditions=None), priority=20 to row=Logical_Switch_Port(uuid=869f3199-de94-4516-987b-c2e5ec2a28bf, addresses=['fa:16:3e:b0:fc:5d'], dhcpv4_options=[], dhcpv6_options=[], dynamic_addresses=[], enabled=True, external_ids={'neutron:cidrs': '', 'neutron:device_id': 'ovnmeta-03aafc6d-582f-47e4-bf7a-f122b5364f52', 'neutron:device_owner': 'network:distributed', 'neutron:mtu': '1372', 'neutron:network_name': 'neutron-03aafc6d-582f-47e4-bf7a-f122b5364f52', 'neutron:port_capabilities': '', 'neutron:port_name': '', 'neutron:project_id': 'a495af019b794d189644a032fa31891a', 'neutron:revision_number': '1', 'neutron:security_group_ids': '', 'neutron:subnet_pool_addr_scope4': '', 'neutron:subnet_pool_addr_scope6': '', 'neutron:vnic_type': 'normal'}, ha_chassis_group=[], mirror_rules=[], name='40a130e9-ef95-48e6-8157-b6733fb41a50', options={}, parent_name=[], port_security=[], tag=[], tag_request=[], type='localport', up=[]) old= {{(pid=87595) matches /opt/stack/data/venv/lib/python3.12/site-packages/ovsdbapp/backend/ovs_idl/event.py:55}}
Aug 06 19:17:47.283394 np0000006692 devstack@neutron-api.service[87595]: INFO neutron.plugins.ml2.drivers.ovn.mech_driver.mech_driver [None req-17f9782d-3775-4443-a479-1c4a210e0453 None None] OVN reports status down for port: 40a130e9-ef95-48e6-8157-b6733fb41a50
Aug 06 19:17:47.283777 np0000006692 devstack@neutron-api.service[87595]: DEBUG neutron.plugins.ml2.drivers.ovn.mech_driver.ovsdb.ovsdb_monitor [None req-ed1b91c1-da46-400c-a358-987562d31b14 None None] Hash Ring: Node fee2ec06c6ce570e984ab0b29752210e (host: np0000006692) handling event "update" for row 869f3199-de94-4516-987b-c2e5ec2a28bf (table: Logical_Switch_Port) {{(pid=87595) notify /opt/stack/neutron/neutron/plugins/ml2/drivers/ovn/mech_driver/ovsdb/ovsdb_monitor.py:1099}}
Aug 06 19:17:47.302705 np0000006692 devstack@neutron-api.service[87595]: DEBUG neutron.db.provisioning_blocks [None req-17f9782d-3775-4443-a479-1c4a210e0453 None None] Transition to ACTIVE for port object 40a130e9-ef95-48e6-8157-b6733fb41a50 will not be triggered until provisioned by entity L2. {{(pid=87595) add_provisioning_component /opt/stack/neutron/neutron/db/provisioning_blocks.py:74}}
Aug 06 19:17:47.305061 np0000006692 devstack@neutron-api.service[87596]: INFO neutron.db.ovn_revision_numbers_db [None req-cb3a1e53-4ef1-4c86-a6ce-974aca22eec9 admin admin] Successfully bumped revision number for resource 40a130e9-ef95-48e6-8157-b6733fb41a50 (type: ports) to 1
Aug 06 19:17:47.314840 np0000006692 devstack@neutron-api.service[87596]: DEBUG neutron.pecan_wsgi.hooks.policy_enforcement [None req-cb3a1e53-4ef1-4c86-a6ce-974aca22eec9 admin admin] Attributes excluded by policy engine: ['standard_attr_id'] {{(pid=87596) _exclude_attributes_by_policy /opt/stack/neutron/neutron/pecan_wsgi/hooks/policy_enforcement.py:259}}
Aug 06 19:17:47.315880 np0000006692 devstack@neutron-api.service[87596]: DEBUG neutron_lib.callbacks.manager [None req-cb3a1e53-4ef1-4c86-a6ce-974aca22eec9 admin admin] Publish callbacks [] for network (None), before_response {{(pid=87596) _notify_loop /opt/stack/data/venv/lib/python3.12/site-packages/neutron_lib/callbacks/manager.py:184}}
Aug 06 19:17:47.320766 np0000006692 devstack@neutron-api.service[87595]: DEBUG neutron.plugins.ml2.plugin [None req-17f9782d-3775-4443-a479-1c4a210e0453 None None] Current status of the port 40a130e9-ef95-48e6-8157-b6733fb41a50 is: DOWN; New status is: DOWN {{(pid=87595) _update_individual_port_db_status /opt/stack/neutron/neutron/plugins/ml2/plugin.py:2473}}
Aug 06 19:17:47.321914 np0000006692 devstack@neutron-api.service[87595]: DEBUG ovsdbapp.backend.ovs_idl.transaction [None req-ed1b91c1-da46-400c-a358-987562d31b14 None None] Running txn n=1 command(idx=0): DbRemoveCommand(_result=None, table=Logical_Switch_Port, record=40a130e9-ef95-48e6-8157-b6733fb41a50, column=external_ids, values=('neutron:host_id',), keyvalues={}, if_exists=True) {{(pid=87595) do_commit /opt/stack/data/venv/lib/python3.12/site-packages/ovsdbapp/backend/ovs_idl/transaction.py:89}}
Aug 06 19:17:47.323834 np0000006692 devstack@neutron-api.service[87596]: [pid: 87596|app: 0|req: 12/37] 10.4.3.191 () {68 vars in 1326 bytes} [Thu Aug 6 19:17:46 2026] POST /networking/v2.0/networks => generated 679 bytes in 328 msecs (HTTP/1.1 201) 4 headers in 162 bytes (1 switches on core 0)
Aug 06 19:17:47.517250 np0000006692 devstack@neutron-api.service[87595]: INFO neutron.pecan_wsgi.hooks.translation [None req-b7587ebb-e822-406a-af9f-4bf8ca78bcaa admin admin] GET failed (client error): The resource could not be found.
Aug 06 19:17:47.517805 np0000006692 devstack@neutron-api.service[87595]: [pid: 87595|app: 0|req: 14/38] 10.4.3.191 () {64 vars in 1294 bytes} [Thu Aug 6 19:17:47 2026] GET /networking/v2.0/networks/shared => generated 108 bytes in 7 msecs (HTTP/1.1 404) 4 headers in 164 bytes (1 switches on core 0)
Aug 06 19:17:47.547821 np0000006692 devstack@neutron-api.service[87597]: DEBUG neutron.pecan_wsgi.hooks.policy_enforcement [None req-828f834e-28e2-4a9c-925c-bc26da25e46f admin admin] Attributes excluded by policy engine: ['standard_attr_id'] {{(pid=87597) _exclude_attributes_by_policy /opt/stack/neutron/neutron/pecan_wsgi/hooks/policy_enforcement.py:259}}
Aug 06 19:17:47.549016 np0000006692 devstack@neutron-api.service[87597]: [pid: 87597|app: 0|req: 13/39] 10.4.3.191 () {64 vars in 1309 bytes} [Thu Aug 6 19:17:47 2026] GET /networking/v2.0/networks?name=shared => generated 663 bytes in 25 msecs (HTTP/1.1 200) 4 headers in 157 bytes (1 switches on core 0)
Aug 06 19:17:47.559238 np0000006692 devstack@neutron-api.service[87596]: DEBUG neutron.api.v2.base [None req-50b446ae-3437-4c0e-820c-be1657d646fb admin admin] Request body: {'subnet': {'network_id': '03aafc6d-582f-47e4-bf7a-f122b5364f52', 'cidr': '192.168.233.0/24', 'ip_version': 4, 'description': 'shared-subnet', 'name': 'shared-subnet'}} {{(pid=87596) prepare_request_body /opt/stack/neutron/neutron/api/v2/base.py:727}}
Aug 06 19:17:47.570481 np0000006692 devstack@neutron-api.service[87596]: DEBUG neutron.pecan_wsgi.hooks.quota_enforcement [None req-50b446ae-3437-4c0e-820c-be1657d646fb admin admin] Made reservation on behalf of a495af019b794d189644a032fa31891a for: {'subnet': 1} {{(pid=87596) before /opt/stack/neutron/neutron/pecan_wsgi/hooks/quota_enforcement.py:66}}
Aug 06 19:17:47.572654 np0000006692 devstack@neutron-api.service[87596]: DEBUG neutron_lib.callbacks.manager [None req-50b446ae-3437-4c0e-820c-be1657d646fb admin admin] Publish callbacks [] for subnet (None), before_create {{(pid=87596) _notify_loop /opt/stack/data/venv/lib/python3.12/site-packages/neutron_lib/callbacks/manager.py:184}}
Aug 06 19:17:47.618380 np0000006692 devstack@neutron-api.service[87596]: DEBUG neutron.db.ovn_revision_numbers_db [None req-50b446ae-3437-4c0e-820c-be1657d646fb admin admin] create_initial_revision uuid=371134b9-50a6-48ca-ac23-12633e123c6e, type=subnets, rev=-1 {{(pid=87596) create_initial_revision /opt/stack/neutron/neutron/db/ovn_revision_numbers_db.py:98}}
Aug 06 19:17:47.621322 np0000006692 devstack@neutron-api.service[87596]: DEBUG neutron_lib.callbacks.manager [None req-50b446ae-3437-4c0e-820c-be1657d646fb admin admin] Publish callbacks ['neutron.plugins.ml2.ovo_rpc._ObjectChangeHandler.handle_event-16673957'] for subnet (371134b9-50a6-48ca-ac23-12633e123c6e), after_create {{(pid=87596) _notify_loop /opt/stack/data/venv/lib/python3.12/site-packages/neutron_lib/callbacks/manager.py:184}}
Aug 06 19:17:47.631674 np0000006692 devstack@neutron-api.service[87596]: DEBUG neutron.api.rpc.handlers.resources_rpc [None req-50b446ae-3437-4c0e-820c-be1657d646fb admin admin] Pushing event updated for resources: {'Subnet': ['ID=371134b9-50a6-48ca-ac23-12633e123c6e,revision_number=0']} {{(pid=87596) push /opt/stack/neutron/neutron/api/rpc/handlers/resources_rpc.py:237}}
Aug 06 19:17:47.672844 np0000006692 devstack@neutron-api.service[87596]: DEBUG neutron_lib.callbacks.manager [None req-50b446ae-3437-4c0e-820c-be1657d646fb admin admin] Publish callbacks ['neutron.plugins.ml2.plugin.SecurityGroupDbMixin._ensure_default_security_group_handler-1016887', 'neutron.services.ovn_l3.plugin.OVNL3RouterPlugin._port_update-8695957594936', 'neutron.db.l3_db.L3_NAT_dbonly_mixin._prevent_internal_ip_change_for_fip-8695958606568'] for port (40a130e9-ef95-48e6-8157-b6733fb41a50), before_update {{(pid=87596) _notify_loop /opt/stack/data/venv/lib/python3.12/site-packages/neutron_lib/callbacks/manager.py:184}}
Aug 06 19:17:47.742673 np0000006692 devstack@neutron-api.service[87596]: DEBUG neutron.db.db_base_plugin_common [None req-50b446ae-3437-4c0e-820c-be1657d646fb admin admin] Allocated IP 192.168.233.2 (03aafc6d-582f-47e4-bf7a-f122b5364f52/371134b9-50a6-48ca-ac23-12633e123c6e/40a130e9-ef95-48e6-8157-b6733fb41a50) {{(pid=87596) _store_ip_allocation /opt/stack/neutron/neutron/db/db_base_plugin_common.py:131}}
Aug 06 19:17:47.799329 np0000006692 devstack@neutron-api.service[87596]: DEBUG neutron_lib.callbacks.manager [None req-50b446ae-3437-4c0e-820c-be1657d646fb admin admin] Publish callbacks [] for port (40a130e9-ef95-48e6-8157-b6733fb41a50), precommit_update {{(pid=87596) _notify_loop /opt/stack/data/venv/lib/python3.12/site-packages/neutron_lib/callbacks/manager.py:184}}
Aug 06 19:17:47.799479 np0000006692 devstack@neutron-api.service[87596]: DEBUG neutron.plugins.ml2.drivers.ovn.mech_driver.mech_driver [None req-50b446ae-3437-4c0e-820c-be1657d646fb admin admin] No provisioning block for port 40a130e9-ef95-48e6-8157-b6733fb41a50 since it does not have a host {{(pid=87596) _is_port_provisioning_required /opt/stack/neutron/neutron/plugins/ml2/drivers/ovn/mech_driver/mech_driver.py:899}}
Aug 06 19:17:47.808789 np0000006692 devstack@neutron-api.service[87596]: DEBUG neutron_lib.callbacks.manager [None req-50b446ae-3437-4c0e-820c-be1657d646fb admin admin] Publish callbacks ['neutron.plugins.ml2.ovo_rpc._ObjectChangeHandler.handle_event-16674137', 'neutron.services.ovn_l3.plugin.OVNL3RouterPlugin._port_update-8695957594936'] for port (40a130e9-ef95-48e6-8157-b6733fb41a50), after_update {{(pid=87596) _notify_loop /opt/stack/data/venv/lib/python3.12/site-packages/neutron_lib/callbacks/manager.py:184}}
Aug 06 19:17:47.832340 np0000006692 devstack@neutron-api.service[87596]: DEBUG neutron.api.rpc.handlers.resources_rpc [None req-50b446ae-3437-4c0e-820c-be1657d646fb admin admin] Pushing event updated for resources: {'Port': ['ID=40a130e9-ef95-48e6-8157-b6733fb41a50,revision_number=2']} {{(pid=87596) push /opt/stack/neutron/neutron/api/rpc/handlers/resources_rpc.py:237}}
Aug 06 19:17:47.907680 np0000006692 devstack@neutron-api.service[87596]: DEBUG neutron.plugins.ml2.drivers.ovn.mech_driver.ovsdb.commands [None req-50b446ae-3437-4c0e-820c-be1657d646fb admin admin] Converting tag [] to a tag_request {{(pid=87596) _tag_column_to_tag_request /opt/stack/neutron/neutron/plugins/ml2/drivers/ovn/mech_driver/ovsdb/commands.py:227}}
Aug 06 19:17:47.908505 np0000006692 devstack@neutron-api.service[87596]: DEBUG ovsdbapp.backend.ovs_idl.transaction [None req-8fc02d80-e255-428e-a284-ada1230967a0 None None] Running txn n=1 command(idx=0): CheckRevisionNumberCommand(_result=None, name=40a130e9-ef95-48e6-8157-b6733fb41a50, resource={'id': '40a130e9-ef95-48e6-8157-b6733fb41a50', 'name': '', 'network_id': '03aafc6d-582f-47e4-bf7a-f122b5364f52', 'project_id': 'a495af019b794d189644a032fa31891a', 'mac_address': 'fa:16:3e:b0:fc:5d', 'admin_state_up': True, 'status': 'DOWN', 'device_id': 'ovnmeta-03aafc6d-582f-47e4-bf7a-f122b5364f52', 'device_owner': 'network:distributed', 'standard_attr_id': 28, 'fixed_ips': [{'subnet_id': '371134b9-50a6-48ca-ac23-12633e123c6e', 'ip_address': '192.168.233.2'}], 'allowed_address_pairs': [], 'extra_dhcp_opts': [], 'security_groups': [], 'description': '', 'binding:vnic_type': 'normal', 'binding:profile': {}, 'binding:host_id': '', 'binding:vif_type': 'unbound', 'binding:vif_details': {}, 'port_security_enabled': False, 'tags': [], 'created_at': '2026-08-06T19:17:47Z', 'updated_at': '2026-08-06T19:17:47Z', 'revision_number': 2, 'tenant_id': 'a495af019b794d189644a032fa31891a', 'network': {'id': '03aafc6d-582f-47e4-bf7a-f122b5364f52', 'name': 'shared', 'tenant_id': 'a495af019b794d189644a032fa31891a', 'project_id': 'a495af019b794d189644a032fa31891a', 'admin_state_up': True, 'mtu': 1372, 'status': 'ACTIVE', 'subnets': ['371134b9-50a6-48ca-ac23-12633e123c6e'], 'standard_attr_id': 26, 'shared': True, 'availability_zone_hints': [], 'availability_zones': [], 'ipv4_address_scope': None, 'ipv6_address_scope': None, 'router:external': False, 'qinq': False, 'vlan_transparent': False, 'description': '', 'port_security_enabled': True, 'tags': [], 'created_at': '2026-08-06T19:17:47Z', 'updated_at': '2026-08-06T19:17:47Z', 'revision_number': 2, 'provider:network_type': 'geneve', 'provider:physical_network': None, 'provider:segmentation_id': 34179}}, resource_type=ports, if_exists=True) {{(pid=87596) do_commit /opt/stack/data/venv/lib/python3.12/site-packages/ovsdbapp/backend/ovs_idl/transaction.py:89}}
Aug 06 19:17:47.908851 np0000006692 devstack@neutron-api.service[87596]: DEBUG ovsdbapp.backend.ovs_idl.transaction [None req-8fc02d80-e255-428e-a284-ada1230967a0 None None] Running txn n=1 command(idx=1): AddDHCPOptionsCommand(_result=None, columns={'cidr': '192.168.233.0/24', 'options': {'server_id': '192.168.233.1', 'lease_time': '43200', 'mtu': '1372', 'router': '192.168.233.1', 'server_mac': 'fa:16:3e:6e:e2:1c', 'dns_server': '{127.0.0.53}', 'classless_static_route': '{169.254.169.254/32,192.168.233.2, 0.0.0.0/0,192.168.233.1}'}, 'external_ids': {'subnet_id': '371134b9-50a6-48ca-ac23-12633e123c6e', 'neutron:network_id': '03aafc6d-582f-47e4-bf7a-f122b5364f52', 'neutron:revision_number': '0'}}, may_exist=True, subnet_id=371134b9-50a6-48ca-ac23-12633e123c6e, port_id=None, new_insert=False) {{(pid=87596) do_commit /opt/stack/data/venv/lib/python3.12/site-packages/ovsdbapp/backend/ovs_idl/transaction.py:89}}
Aug 06 19:17:47.909177 np0000006692 devstack@neutron-api.service[87596]: DEBUG ovsdbapp.backend.ovs_idl.transaction [None req-8fc02d80-e255-428e-a284-ada1230967a0 None None] Running txn n=1 command(idx=2): SetLSwitchPortCommand(_result=None, lport=40a130e9-ef95-48e6-8157-b6733fb41a50, external_ids_update=None, columns={'external_ids': {'neutron:port_name': '', 'neutron:device_id': 'ovnmeta-03aafc6d-582f-47e4-bf7a-f122b5364f52', 'neutron:project_id': 'a495af019b794d189644a032fa31891a', 'neutron:cidrs': '192.168.233.2/24', 'neutron:device_owner': 'network:distributed', 'neutron:subnet_pool_addr_scope4': '', 'neutron:subnet_pool_addr_scope6': '', 'neutron:network_name': 'neutron-03aafc6d-582f-47e4-bf7a-f122b5364f52', 'neutron:security_group_ids': '', 'neutron:revision_number': '2', 'neutron:vnic_type': 'normal', 'neutron:port_capabilities': '', 'neutron:mtu': '1372'}, 'parent_name': [], 'options': {}, 'enabled': True, 'port_security': [], 'dhcpv4_options': [], 'dhcpv6_options': [], 'type': 'localport', 'addresses': ['fa:16:3e:b0:fc:5d 192.168.233.2'], 'ha_chassis_group': [], 'tag_request': []}, if_exists=False) {{(pid=87596) do_commit /opt/stack/data/venv/lib/python3.12/site-packages/ovsdbapp/backend/ovs_idl/transaction.py:89}}
Aug 06 19:17:47.909702 np0000006692 devstack@neutron-api.service[87596]: DEBUG ovsdbapp.backend.ovs_idl.transaction [None req-8fc02d80-e255-428e-a284-ada1230967a0 None None] Running txn n=1 command(idx=3): PgDelPortCommand(_result=None, port_group=neutron_pg_drop, lsp=['40a130e9-ef95-48e6-8157-b6733fb41a50'], if_exists=False) {{(pid=87596) do_commit /opt/stack/data/venv/lib/python3.12/site-packages/ovsdbapp/backend/ovs_idl/transaction.py:89}}
Aug 06 19:17:47.912515 np0000006692 devstack@neutron-api.service[87596]: DEBUG neutron.plugins.ml2.drivers.ovn.mech_driver.ovsdb.ovsdb_monitor [None req-8fc02d80-e255-428e-a284-ada1230967a0 None None] Hash Ring: Node 43f4bda8d56f537088f0a7c5ade09b98 (host: np0000006692) handling event "create" for row af57a72e-93a2-4bef-9a08-99615fc14bb5 (table: DHCP_Options) {{(pid=87596) notify /opt/stack/neutron/neutron/plugins/ml2/drivers/ovn/mech_driver/ovsdb/ovsdb_monitor.py:1099}}
Aug 06 19:17:47.915827 np0000006692 devstack@neutron-api.service[87595]: DEBUG neutron.plugins.ml2.drivers.ovn.mech_driver.ovsdb.ovsdb_monitor [None req-ed1b91c1-da46-400c-a358-987562d31b14 None None] Hash Ring: Node fee2ec06c6ce570e984ab0b29752210e (host: np0000006692) handling event "update" for row 869f3199-de94-4516-987b-c2e5ec2a28bf (table: Logical_Switch_Port) {{(pid=87595) notify /opt/stack/neutron/neutron/plugins/ml2/drivers/ovn/mech_driver/ovsdb/ovsdb_monitor.py:1099}}
Aug 06 19:17:47.916325 np0000006692 devstack@neutron-api.service[87596]: DEBUG neutron.plugins.ml2.drivers.ovn.mech_driver.ovsdb.ovsdb_monitor [None req-caf452a1-0198-4231-b989-176393dfacd2 None None] Hash Ring: Node 43f4bda8d56f537088f0a7c5ade09b98 (host: np0000006692) handling event "update" for row c83a4443-7f92-448f-80c6-81a47c5f8877 (table: Port_Binding) {{(pid=87596) notify /opt/stack/neutron/neutron/plugins/ml2/drivers/ovn/mech_driver/ovsdb/ovsdb_monitor.py:1099}}
Aug 06 19:17:47.936559 np0000006692 devstack@neutron-api.service[87596]: INFO neutron.db.ovn_revision_numbers_db [None req-50b446ae-3437-4c0e-820c-be1657d646fb admin admin] Successfully bumped revision number for resource 40a130e9-ef95-48e6-8157-b6733fb41a50 (type: ports) to 2
Aug 06 19:17:47.943840 np0000006692 devstack@neutron-api.service[87596]: DEBUG neutron.plugins.ml2.plugin [None req-50b446ae-3437-4c0e-820c-be1657d646fb admin admin] In _notify_port_updated(), no bound segment for port 40a130e9-ef95-48e6-8157-b6733fb41a50 on network 03aafc6d-582f-47e4-bf7a-f122b5364f52 {{(pid=87596) _notify_port_updated /opt/stack/neutron/neutron/plugins/ml2/plugin.py:1041}}
Aug 06 19:17:47.957111 np0000006692 devstack@neutron-api.service[87596]: INFO neutron.db.ovn_revision_numbers_db [None req-50b446ae-3437-4c0e-820c-be1657d646fb admin admin] Successfully bumped revision number for resource 371134b9-50a6-48ca-ac23-12633e123c6e (type: subnets) to 0
Aug 06 19:17:47.958224 np0000006692 devstack@neutron-api.service[87596]: DEBUG neutron.pecan_wsgi.hooks.policy_enforcement [None req-50b446ae-3437-4c0e-820c-be1657d646fb admin admin] Attributes excluded by policy engine: ['standard_attr_id', 'shared', 'network'] {{(pid=87596) _exclude_attributes_by_policy /opt/stack/neutron/neutron/pecan_wsgi/hooks/policy_enforcement.py:259}}
Aug 06 19:17:47.958509 np0000006692 devstack@neutron-api.service[87596]: DEBUG neutron_lib.callbacks.manager [None req-50b446ae-3437-4c0e-820c-be1657d646fb admin admin] Publish callbacks [] for subnet (None), before_response {{(pid=87596) _notify_loop /opt/stack/data/venv/lib/python3.12/site-packages/neutron_lib/callbacks/manager.py:184}}
Aug 06 19:17:47.966700 np0000006692 devstack@neutron-api.service[87596]: [pid: 87596|app: 0|req: 13/40] 10.4.3.191 () {68 vars in 1324 bytes} [Thu Aug 6 19:17:47 2026] POST /networking/v2.0/subnets => generated 665 bytes in 410 msecs (HTTP/1.1 201) 4 headers in 162 bytes (1 switches on core 0)
Aug 06 19:17:55.117770 np0000006692 devstack@neutron-api.service[87597]: DEBUG ovsdbapp.backend.ovs_idl.event [None req-0685b647-e818-413e-b387-5e2d9aa9e8ab None None] Matched UPDATE: ChassisOVNAgentWriteEvent(events=('create', 'update'), table='Chassis_Private', conditions=None, old_conditions=None), priority=20 to row=Chassis_Private(uuid=a8603bd5-9ce4-47cd-83fc-82482f940938, chassis=e3b49fea-25fc-4b6a-b478-83121eb10f1d, external_ids={'neutron:ovn-bridge': 'br-int', 'neutron:ovn-neutron-agent-id': '3bfb3bb7-53af-5b07-8c3a-7810f4957903', 'neutron:ovn-neutron-agent-sb-cfg': '2'}, name='31add700-a621-43e9-aeba-669331a8682a', nb_cfg=2, nb_cfg_timestamp=1786043867107) old=Chassis_Private(uuid=a8603bd5-9ce4-47cd-83fc-82482f940938, external_ids={'neutron:ovn-bridge': 'br-int', 'neutron:ovn-neutron-agent-id': '3bfb3bb7-53af-5b07-8c3a-7810f4957903', 'neutron:ovn-neutron-agent-sb-cfg': '1'}) {{(pid=87597) matches /opt/stack/data/venv/lib/python3.12/site-packages/ovsdbapp/backend/ovs_idl/event.py:55}}
Aug 06 19:17:55.119018 np0000006692 devstack@neutron-api.service[87595]: DEBUG ovsdbapp.backend.ovs_idl.event [None req-63d2299c-ef15-4c93-ba5a-417c68118e42 None None] Matched UPDATE: ChassisOVNAgentWriteEvent(events=('create', 'update'), table='Chassis_Private', conditions=None, old_conditions=None), priority=20 to row=Chassis_Private(uuid=a8603bd5-9ce4-47cd-83fc-82482f940938, chassis=e3b49fea-25fc-4b6a-b478-83121eb10f1d, external_ids={'neutron:ovn-bridge': 'br-int', 'neutron:ovn-neutron-agent-id': '3bfb3bb7-53af-5b07-8c3a-7810f4957903', 'neutron:ovn-neutron-agent-sb-cfg': '2'}, name='31add700-a621-43e9-aeba-669331a8682a', nb_cfg=2, nb_cfg_timestamp=1786043867107) old=Chassis_Private(uuid=a8603bd5-9ce4-47cd-83fc-82482f940938, external_ids={'neutron:ovn-bridge': 'br-int', 'neutron:ovn-neutron-agent-id': '3bfb3bb7-53af-5b07-8c3a-7810f4957903', 'neutron:ovn-neutron-agent-sb-cfg': '1'}) {{(pid=87595) matches /opt/stack/data/venv/lib/python3.12/site-packages/ovsdbapp/backend/ovs_idl/event.py:55}}
Aug 06 19:17:55.119331 np0000006692 devstack@neutron-api.service[87597]: DEBUG neutron.plugins.ml2.drivers.ovn.mech_driver.ovsdb.ovsdb_monitor [None req-0685b647-e818-413e-b387-5e2d9aa9e8ab None None] Hash Ring: Node 502d46b5bab550c78041670cebaeb0a1 (host: np0000006692) handling event "update" for row a8603bd5-9ce4-47cd-83fc-82482f940938 (table: Chassis_Private) {{(pid=87597) notify /opt/stack/neutron/neutron/plugins/ml2/drivers/ovn/mech_driver/ovsdb/ovsdb_monitor.py:1099}}
Aug 06 19:17:55.119403 np0000006692 devstack@neutron-api.service[87596]: DEBUG ovsdbapp.backend.ovs_idl.event [None req-caf452a1-0198-4231-b989-176393dfacd2 None None] Matched UPDATE: ChassisOVNAgentWriteEvent(events=('create', 'update'), table='Chassis_Private', conditions=None, old_conditions=None), priority=20 to row=Chassis_Private(uuid=a8603bd5-9ce4-47cd-83fc-82482f940938, chassis=e3b49fea-25fc-4b6a-b478-83121eb10f1d, external_ids={'neutron:ovn-bridge': 'br-int', 'neutron:ovn-neutron-agent-id': '3bfb3bb7-53af-5b07-8c3a-7810f4957903', 'neutron:ovn-neutron-agent-sb-cfg': '2'}, name='31add700-a621-43e9-aeba-669331a8682a', nb_cfg=2, nb_cfg_timestamp=1786043867107) old=Chassis_Private(uuid=a8603bd5-9ce4-47cd-83fc-82482f940938, external_ids={'neutron:ovn-bridge': 'br-int', 'neutron:ovn-neutron-agent-id': '3bfb3bb7-53af-5b07-8c3a-7810f4957903', 'neutron:ovn-neutron-agent-sb-cfg': '1'}) {{(pid=87596) matches /opt/stack/data/venv/lib/python3.12/site-packages/ovsdbapp/backend/ovs_idl/event.py:55}}
Aug 06 19:17:57.515293 np0000006692 devstack@neutron-api.service[87595]: DEBUG dbcounter [-] [87595] Writing DB stats neutron:UPDATE=1,neutron:SELECT=30,neutron:INSERT=1 {{(pid=87595) stat_writer /opt/stack/data/venv/lib/python3.12/site-packages/dbcounter.py:115}}
Aug 06 19:17:57.545126 np0000006692 devstack@neutron-api.service[87597]: DEBUG dbcounter [-] [87597] Writing DB stats neutron:UPDATE=1,neutron:SELECT=32 {{(pid=87597) stat_writer /opt/stack/data/venv/lib/python3.12/site-packages/dbcounter.py:115}}
Aug 06 19:17:57.963499 np0000006692 devstack@neutron-api.service[87596]: DEBUG dbcounter [-] [87596] Writing DB stats neutron:UPDATE=15,neutron:SELECT=370,neutron:INSERT=25,neutron:DELETE=4 {{(pid=87596) stat_writer /opt/stack/data/venv/lib/python3.12/site-packages/dbcounter.py:115}}
Aug 06 19:17:59.458423 np0000006692 devstack@neutron-api.service[87595]: DEBUG futurist.periodics [-] Submitting periodic callback 'neutron.plugins.ml2.drivers.ovn.mech_driver.ovsdb.maintenance.HashRingHealthCheckPeriodics.touch_hash_ring_node' {{(pid=87595) _process_scheduled /opt/stack/data/venv/lib/python3.12/site-packages/futurist/periodics.py:784}}
Aug 06 19:17:59.460294 np0000006692 devstack@neutron-api.service[87595]: DEBUG neutron.plugins.ml2.drivers.ovn.mech_driver.ovsdb.maintenance [-] Touching Hash Ring node "fee2ec06c6ce570e984ab0b29752210e" from periodic health check thread {{(pid=87595) touch_hash_ring_node /opt/stack/neutron/neutron/plugins/ml2/drivers/ovn/mech_driver/ovsdb/maintenance.py:1416}}
Aug 06 19:18:00.499334 np0000006692 devstack@neutron-api.service[87597]: DEBUG futurist.periodics [-] Submitting periodic callback 'neutron.plugins.ml2.drivers.ovn.mech_driver.ovsdb.maintenance.HashRingHealthCheckPeriodics.touch_hash_ring_node' {{(pid=87597) _process_scheduled /opt/stack/data/venv/lib/python3.12/site-packages/futurist/periodics.py:784}}
Aug 06 19:18:00.499802 np0000006692 devstack@neutron-api.service[87597]: DEBUG neutron.plugins.ml2.drivers.ovn.mech_driver.ovsdb.maintenance [-] Touching Hash Ring node "502d46b5bab550c78041670cebaeb0a1" from periodic health check thread {{(pid=87597) touch_hash_ring_node /opt/stack/neutron/neutron/plugins/ml2/drivers/ovn/mech_driver/ovsdb/maintenance.py:1416}}
Aug 06 19:18:00.517387 np0000006692 devstack@neutron-api.service[87596]: DEBUG futurist.periodics [-] Submitting periodic callback 'neutron.plugins.ml2.drivers.ovn.mech_driver.ovsdb.maintenance.HashRingHealthCheckPeriodics.touch_hash_ring_node' {{(pid=87596) _process_scheduled /opt/stack/data/venv/lib/python3.12/site-packages/futurist/periodics.py:784}}
Aug 06 19:18:00.518963 np0000006692 devstack@neutron-api.service[87596]: DEBUG neutron.plugins.ml2.drivers.ovn.mech_driver.ovsdb.maintenance [-] Touching Hash Ring node "43f4bda8d56f537088f0a7c5ade09b98" from periodic health check thread {{(pid=87596) touch_hash_ring_node /opt/stack/neutron/neutron/plugins/ml2/drivers/ovn/mech_driver/ovsdb/maintenance.py:1416}}
Aug 06 19:18:09.466354 np0000006692 devstack@neutron-api.service[87595]: DEBUG dbcounter [-] [87595] Writing DB stats neutron:UPDATE=1,neutron:SELECT=1 {{(pid=87595) stat_writer /opt/stack/data/venv/lib/python3.12/site-packages/dbcounter.py:115}}
Aug 06 19:18:10.507782 np0000006692 devstack@neutron-api.service[87597]: DEBUG dbcounter [-] [87597] Writing DB stats neutron:UPDATE=1,neutron:SELECT=1 {{(pid=87597) stat_writer /opt/stack/data/venv/lib/python3.12/site-packages/dbcounter.py:115}}
Aug 06 19:18:10.524697 np0000006692 devstack@neutron-api.service[87596]: DEBUG dbcounter [-] [87596] Writing DB stats neutron:UPDATE=1,neutron:SELECT=1 {{(pid=87596) stat_writer /opt/stack/data/venv/lib/python3.12/site-packages/dbcounter.py:115}}
Aug 06 19:18:14.459695 np0000006692 devstack@neutron-api.service[87595]: DEBUG futurist.periodics [-] Submitting periodic callback 'neutron.plugins.ml2.drivers.ovn.mech_driver.ovsdb.maintenance.HashRingHealthCheckPeriodics.touch_hash_ring_node' {{(pid=87595) _process_scheduled /opt/stack/data/venv/lib/python3.12/site-packages/futurist/periodics.py:784}}
Aug 06 19:18:14.460168 np0000006692 devstack@neutron-api.service[87595]: DEBUG neutron.plugins.ml2.drivers.ovn.mech_driver.ovsdb.maintenance [-] Touching Hash Ring node "fee2ec06c6ce570e984ab0b29752210e" from periodic health check thread {{(pid=87595) touch_hash_ring_node /opt/stack/neutron/neutron/plugins/ml2/drivers/ovn/mech_driver/ovsdb/maintenance.py:1416}}
Aug 06 19:18:15.499864 np0000006692 devstack@neutron-api.service[87597]: DEBUG futurist.periodics [-] Submitting periodic callback 'neutron.plugins.ml2.drivers.ovn.mech_driver.ovsdb.maintenance.HashRingHealthCheckPeriodics.touch_hash_ring_node' {{(pid=87597) _process_scheduled /opt/stack/data/venv/lib/python3.12/site-packages/futurist/periodics.py:784}}
Aug 06 19:18:15.500308 np0000006692 devstack@neutron-api.service[87597]: DEBUG neutron.plugins.ml2.drivers.ovn.mech_driver.ovsdb.maintenance [-] Touching Hash Ring node "502d46b5bab550c78041670cebaeb0a1" from periodic health check thread {{(pid=87597) touch_hash_ring_node /opt/stack/neutron/neutron/plugins/ml2/drivers/ovn/mech_driver/ovsdb/maintenance.py:1416}}
Aug 06 19:18:15.518268 np0000006692 devstack@neutron-api.service[87596]: DEBUG futurist.periodics [-] Submitting periodic callback 'neutron.plugins.ml2.drivers.ovn.mech_driver.ovsdb.maintenance.HashRingHealthCheckPeriodics.touch_hash_ring_node' {{(pid=87596) _process_scheduled /opt/stack/data/venv/lib/python3.12/site-packages/futurist/periodics.py:784}}
Aug 06 19:18:15.518740 np0000006692 devstack@neutron-api.service[87596]: DEBUG neutron.plugins.ml2.drivers.ovn.mech_driver.ovsdb.maintenance [-] Touching Hash Ring node "43f4bda8d56f537088f0a7c5ade09b98" from periodic health check thread {{(pid=87596) touch_hash_ring_node /opt/stack/neutron/neutron/plugins/ml2/drivers/ovn/mech_driver/ovsdb/maintenance.py:1416}}
Aug 06 19:18:17.661923 np0000006692 devstack@neutron-api.service[87595]: DEBUG neutron.api.wsgi [None req-eea28b17-9364-4d89-ac89-d06a52e719b0 tempest-verify_tempest_config-1087616725 tempest-verify_tempest_config-1087616725-project-member] https://10.4.3.191/networking/v2.0/extensions returned with HTTP 200 {{(pid=87595) __call__ /opt/stack/neutron/neutron/api/wsgi.py:540}}
Aug 06 19:18:17.662465 np0000006692 devstack@neutron-api.service[87595]: [pid: 87595|app: 0|req: 15/41] 10.4.3.191 () {66 vars in 1261 bytes} [Thu Aug 6 19:18:17 2026] GET /networking/v2.0/extensions => generated 16171 bytes in 3 msecs (HTTP/1.1 200) 4 headers in 159 bytes (1 switches on core 0)
Aug 06 19:18:18.422541 np0000006692 devstack@neutron-api.service[87597]: DEBUG neutron_lib.callbacks.manager [None req-0df90ca4-0311-48f6-9073-233c524eca28 admin admin] Publish callbacks [] for security_group (None), before_create {{(pid=87597) _notify_loop /opt/stack/data/venv/lib/python3.12/site-packages/neutron_lib/callbacks/manager.py:184}}
